[INFO] fetching crate kdvtree 0.8.0...
[INFO] testing kdvtree-0.8.0 against 1.75.0 for beta-1.76-1
[INFO] extracting crate kdvtree 0.8.0 into /workspace/builds/worker-4-tc1/source
[INFO] validating manifest of crates.io crate kdvtree 0.8.0 on toolchain 1.75.0
[INFO] running `Command { std: CARGO_HOME="/workspace/cargo-home" RUSTUP_HOME="/workspace/rustup-home" "/workspace/cargo-home/bin/cargo" "+1.75.0" "metadata" "--manifest-path" "Cargo.toml" "--no-deps", kill_on_drop: false }`
[INFO] started tweaking crates.io crate kdvtree 0.8.0
[INFO] finished tweaking crates.io crate kdvtree 0.8.0
[INFO] tweaked toml for crates.io crate kdvtree 0.8.0 written to /workspace/builds/worker-4-tc1/source/Cargo.toml
[INFO] running `Command { std: CARGO_HOME="/workspace/cargo-home" RUSTUP_HOME="/workspace/rustup-home" "/workspace/cargo-home/bin/cargo" "+1.75.0" "generate-lockfile" "--manifest-path" "Cargo.toml", kill_on_drop: false }`
[INFO] [stderr]     Updating crates.io index
[INFO] running `Command { std: CARGO_HOME="/workspace/cargo-home" RUSTUP_HOME="/workspace/rustup-home" "/workspace/cargo-home/bin/cargo" "+1.75.0" "fetch" "--manifest-path" "Cargo.toml", kill_on_drop: false }`
[INFO] running `Command { std: "docker" "create" "-v" "/var/lib/crater-agent-workspace/builds/worker-4-tc1/target:/opt/rustwide/target:rw,Z" "-v" "/var/lib/crater-agent-workspace/builds/worker-4-tc1/source:/opt/rustwide/workdir:ro,Z" "-v" "/var/lib/crater-agent-workspace/cargo-home:/opt/rustwide/cargo-home:ro,Z" "-v" "/var/lib/crater-agent-workspace/rustup-home:/opt/rustwide/rustup-home:ro,Z" "-e" "SOURCE_DIR=/opt/rustwide/workdir" "-e" "CARGO_TARGET_DIR=/opt/rustwide/target" "-e" "CARGO_HOME=/opt/rustwide/cargo-home" "-e" "RUSTUP_HOME=/opt/rustwide/rustup-home" "-w" "/opt/rustwide/workdir" "-m" "1610612736" "--user" "0:0" "--network" "none" "ghcr.io/rust-lang/crates-build-env/linux@sha256:2788e3201cd34a07e3172128adcd8b3090168a8e3bcc40d7c032b9dda1df7d1c" "/opt/rustwide/cargo-home/bin/cargo" "+1.75.0" "metadata" "--no-deps" "--format-version=1", kill_on_drop: false }`
[INFO] [stdout] 037df4decf508d86b396b3006a94498dbba27931b516a9f43f2f128cb51589c8
[INFO] running `Command { std: "docker" "start" "-a" "037df4decf508d86b396b3006a94498dbba27931b516a9f43f2f128cb51589c8", kill_on_drop: false }`
[INFO] running `Command { std: "docker" "inspect" "037df4decf508d86b396b3006a94498dbba27931b516a9f43f2f128cb51589c8", kill_on_drop: false }`
[INFO] running `Command { std: "docker" "rm" "-f" "037df4decf508d86b396b3006a94498dbba27931b516a9f43f2f128cb51589c8", kill_on_drop: false }`
[INFO] [stdout] 037df4decf508d86b396b3006a94498dbba27931b516a9f43f2f128cb51589c8
[INFO] running `Command { std: "docker" "create" "-v" "/var/lib/crater-agent-workspace/builds/worker-4-tc1/target:/opt/rustwide/target:rw,Z" "-v" "/var/lib/crater-agent-workspace/builds/worker-4-tc1/source:/opt/rustwide/workdir:ro,Z" "-v" "/var/lib/crater-agent-workspace/cargo-home:/opt/rustwide/cargo-home:ro,Z" "-v" "/var/lib/crater-agent-workspace/rustup-home:/opt/rustwide/rustup-home:ro,Z" "-e" "SOURCE_DIR=/opt/rustwide/workdir" "-e" "CARGO_TARGET_DIR=/opt/rustwide/target" "-e" "CARGO_INCREMENTAL=0" "-e" "RUST_BACKTRACE=full" "-e" "RUSTFLAGS=--cap-lints=warn" "-e" "RUSTDOCFLAGS=--cap-lints=warn" "-e" "CARGO_HOME=/opt/rustwide/cargo-home" "-e" "RUSTUP_HOME=/opt/rustwide/rustup-home" "-w" "/opt/rustwide/workdir" "-m" "1610612736" "--user" "0:0" "--network" "none" "ghcr.io/rust-lang/crates-build-env/linux@sha256:2788e3201cd34a07e3172128adcd8b3090168a8e3bcc40d7c032b9dda1df7d1c" "/opt/rustwide/cargo-home/bin/cargo" "+1.75.0" "build" "--frozen" "--message-format=json", kill_on_drop: false }`
[INFO] [stdout] ca2fb1012f32e847937f8b89e9f0ba3b38480fce4e56aca5cad7588af4d4180d
[INFO] running `Command { std: "docker" "start" "-a" "ca2fb1012f32e847937f8b89e9f0ba3b38480fce4e56aca5cad7588af4d4180d", kill_on_drop: false }`
[INFO] [stderr]    Compiling kdvtree v0.8.0 (/opt/rustwide/workdir)
[INFO] [stdout] warning: unnecessary parentheses around block return value
[INFO] [stdout]    --> src/lib.rs:492:25
[INFO] [stdout]     |
[INFO] [stdout] 492 |                         (self.cmp_p.cmp_points(axis, &needle_min, &shape_max) == Ordering::Greater ||
[INFO] [stdout]     |                         ^
[INFO] [stdout] 493 |                          self.cmp_p.cmp_points(axis, &needle_max, &shape_min) == Ordering::Less)
[INFO] [stdout]     |                                                                                                ^
[INFO] [stdout]     |
[INFO] [stdout]     = note: `#[warn(unused_parens)]` on by default
[INFO] [stdout] help: remove these parentheses
[INFO] [stdout]     |
[INFO] [stdout] 492 ~                         self.cmp_p.cmp_points(axis, &needle_min, &shape_max) == Ordering::Greater ||
[INFO] [stdout] 493 ~                          self.cmp_p.cmp_points(axis, &needle_max, &shape_min) == Ordering::Less
[INFO] [stdout]     |
[INFO] [stdout] 
[INFO] [stdout] 
[INFO] [stdout] warning: trait objects without an explicit `dyn` are deprecated
[INFO] [stdout]   --> src/lib.rs:40:63
[INFO] [stdout]    |
[INFO] [stdout] 40 | impl<A, P, F> GetCutPoint<A, P> for F where F: FnMut(&A, &mut Iterator<Item = P>) -> Option<P> {
[INFO] [stdout]    |                                                               ^^^^^^^^^^^^^^^^^^
[INFO] [stdout]    |
[INFO] [stdout]    = warning: this is accepted in the current edition (Rust 2015) but is a hard error in Rust 2021!
[INFO] [stdout]    = note: for more information, see <https://doc.rust-lang.org/nightly/edition-guide/rust-2021/warnings-promoted-to-error.html>
[INFO] [stdout]    = note: `#[warn(bare_trait_objects)]` on by default
[INFO] [stdout] help: use `dyn`
[INFO] [stdout]    |
[INFO] [stdout] 40 | impl<A, P, F> GetCutPoint<A, P> for F where F: FnMut(&A, &mut dyn Iterator<Item = P>) -> Option<P> {
[INFO] [stdout]    |                                                               +++
[INFO] [stdout] 
[INFO] [stdout] 
[INFO] [stdout] warning: call to `.clone()` on a reference in this situation does nothing
[INFO] [stdout]    --> src/lib.rs:511:71
[INFO] [stdout]     |
[INFO] [stdout] 511 | ...                   shape_fragment: shape_fragment.clone(),
[INFO] [stdout]     |                                                     ^^^^^^^^ help: remove this redundant call
[INFO] [stdout]     |
[INFO] [stdout]     = note: the type `ShapeFragment<BS>` does not implement `Clone`, so calling `clone` on `&ShapeFragment<BS>` copies the reference, which does not do anything and can be removed
[INFO] [stdout]     = note: `#[warn(noop_method_call)]` on by default
[INFO] [stdout] 
[INFO] [stdout] 
[INFO] [stdout] warning: 3 warnings emitted
[INFO] [stdout] 
[INFO] [stdout] 
[INFO] [stderr]     Finished dev [unoptimized + debuginfo] target(s) in 0.11s
[INFO] running `Command { std: "docker" "inspect" "ca2fb1012f32e847937f8b89e9f0ba3b38480fce4e56aca5cad7588af4d4180d", kill_on_drop: false }`
[INFO] running `Command { std: "docker" "rm" "-f" "ca2fb1012f32e847937f8b89e9f0ba3b38480fce4e56aca5cad7588af4d4180d", kill_on_drop: false }`
[INFO] [stdout] ca2fb1012f32e847937f8b89e9f0ba3b38480fce4e56aca5cad7588af4d4180d
[INFO] running `Command { std: "docker" "create" "-v" "/var/lib/crater-agent-workspace/builds/worker-4-tc1/target:/opt/rustwide/target:rw,Z" "-v" "/var/lib/crater-agent-workspace/builds/worker-4-tc1/source:/opt/rustwide/workdir:ro,Z" "-v" "/var/lib/crater-agent-workspace/cargo-home:/opt/rustwide/cargo-home:ro,Z" "-v" "/var/lib/crater-agent-workspace/rustup-home:/opt/rustwide/rustup-home:ro,Z" "-e" "SOURCE_DIR=/opt/rustwide/workdir" "-e" "CARGO_TARGET_DIR=/opt/rustwide/target" "-e" "CARGO_INCREMENTAL=0" "-e" "RUST_BACKTRACE=full" "-e" "RUSTFLAGS=--cap-lints=warn" "-e" "RUSTDOCFLAGS=--cap-lints=warn" "-e" "CARGO_HOME=/opt/rustwide/cargo-home" "-e" "RUSTUP_HOME=/opt/rustwide/rustup-home" "-w" "/opt/rustwide/workdir" "-m" "1610612736" "--user" "0:0" "--network" "none" "ghcr.io/rust-lang/crates-build-env/linux@sha256:2788e3201cd34a07e3172128adcd8b3090168a8e3bcc40d7c032b9dda1df7d1c" "/opt/rustwide/cargo-home/bin/cargo" "+1.75.0" "test" "--frozen" "--no-run" "--message-format=json", kill_on_drop: false }`
[INFO] [stdout] aa7b3d2beae4f8777ada70fcbfde6bff919ff303ff18df82fa479e7ae573eb5e
[INFO] running `Command { std: "docker" "start" "-a" "aa7b3d2beae4f8777ada70fcbfde6bff919ff303ff18df82fa479e7ae573eb5e", kill_on_drop: false }`
[INFO] [stdout] warning: unnecessary parentheses around block return value
[INFO] [stdout]    --> src/lib.rs:492:25
[INFO] [stdout]     |
[INFO] [stdout] 492 |                         (self.cmp_p.cmp_points(axis, &needle_min, &shape_max) == Ordering::Greater ||
[INFO] [stdout]     |                         ^
[INFO] [stdout] 493 |                          self.cmp_p.cmp_points(axis, &needle_max, &shape_min) == Ordering::Less)
[INFO] [stdout]     |                                                                                                ^
[INFO] [stdout]     |
[INFO] [stdout]     = note: `#[warn(unused_parens)]` on by default
[INFO] [stdout] help: remove these parentheses
[INFO] [stdout]     |
[INFO] [stdout] 492 ~                         self.cmp_p.cmp_points(axis, &needle_min, &shape_max) == Ordering::Greater ||
[INFO] [stdout] 493 ~                          self.cmp_p.cmp_points(axis, &needle_max, &shape_min) == Ordering::Less
[INFO] [stdout]     |
[INFO] [stdout] 
[INFO] [stdout] 
[INFO] [stdout] warning: trait objects without an explicit `dyn` are deprecated
[INFO] [stdout]   --> src/lib.rs:40:63
[INFO] [stdout]    |
[INFO] [stdout] 40 | impl<A, P, F> GetCutPoint<A, P> for F where F: FnMut(&A, &mut Iterator<Item = P>) -> Option<P> {
[INFO] [stdout]    |                                                               ^^^^^^^^^^^^^^^^^^
[INFO] [stdout]    |
[INFO] [stdout]    = warning: this is accepted in the current edition (Rust 2015) but is a hard error in Rust 2021!
[INFO] [stdout]    = note: for more information, see <https://doc.rust-lang.org/nightly/edition-guide/rust-2021/warnings-promoted-to-error.html>
[INFO] [stdout]    = note: `#[warn(bare_trait_objects)]` on by default
[INFO] [stdout] help: use `dyn`
[INFO] [stdout]    |
[INFO] [stdout] 40 | impl<A, P, F> GetCutPoint<A, P> for F where F: FnMut(&A, &mut dyn Iterator<Item = P>) -> Option<P> {
[INFO] [stdout]    |                                                               +++
[INFO] [stdout] 
[INFO] [stdout] 
[INFO] [stdout] warning: call to `.clone()` on a reference in this situation does nothing
[INFO] [stdout]    --> src/lib.rs:511:71
[INFO] [stdout]     |
[INFO] [stdout] 511 | ...                   shape_fragment: shape_fragment.clone(),
[INFO] [stdout]     |                                                     ^^^^^^^^ help: remove this redundant call
[INFO] [stdout]     |
[INFO] [stdout]     = note: the type `ShapeFragment<BS>` does not implement `Clone`, so calling `clone` on `&ShapeFragment<BS>` copies the reference, which does not do anything and can be removed
[INFO] [stdout]     = note: `#[warn(noop_method_call)]` on by default
[INFO] [stdout] 
[INFO] [stdout] 
[INFO] [stdout] warning: 3 warnings emitted
[INFO] [stdout] 
[INFO] [stdout] 
[INFO] [stderr]    Compiling rand v0.4.6
[INFO] [stderr]    Compiling kdvtree v0.8.0 (/opt/rustwide/workdir)
[INFO] [stdout] warning: unnecessary parentheses around block return value
[INFO] [stdout]    --> src/lib.rs:492:25
[INFO] [stdout]     |
[INFO] [stdout] 492 |                         (self.cmp_p.cmp_points(axis, &needle_min, &shape_max) == Ordering::Greater ||
[INFO] [stdout]     |                         ^
[INFO] [stdout] 493 |                          self.cmp_p.cmp_points(axis, &needle_max, &shape_min) == Ordering::Less)
[INFO] [stdout]     |                                                                                                ^
[INFO] [stdout]     |
[INFO] [stdout]     = note: `#[warn(unused_parens)]` on by default
[INFO] [stdout] help: remove these parentheses
[INFO] [stdout]     |
[INFO] [stdout] 492 ~                         self.cmp_p.cmp_points(axis, &needle_min, &shape_max) == Ordering::Greater ||
[INFO] [stdout] 493 ~                          self.cmp_p.cmp_points(axis, &needle_max, &shape_min) == Ordering::Less
[INFO] [stdout]     |
[INFO] [stdout] 
[INFO] [stdout] 
[INFO] [stdout] warning: trait objects without an explicit `dyn` are deprecated
[INFO] [stdout]   --> src/lib.rs:40:63
[INFO] [stdout]    |
[INFO] [stdout] 40 | impl<A, P, F> GetCutPoint<A, P> for F where F: FnMut(&A, &mut Iterator<Item = P>) -> Option<P> {
[INFO] [stdout]    |                                                               ^^^^^^^^^^^^^^^^^^
[INFO] [stdout]    |
[INFO] [stdout]    = warning: this is accepted in the current edition (Rust 2015) but is a hard error in Rust 2021!
[INFO] [stdout]    = note: for more information, see <https://doc.rust-lang.org/nightly/edition-guide/rust-2021/warnings-promoted-to-error.html>
[INFO] [stdout]    = note: `#[warn(bare_trait_objects)]` on by default
[INFO] [stdout] help: use `dyn`
[INFO] [stdout]    |
[INFO] [stdout] 40 | impl<A, P, F> GetCutPoint<A, P> for F where F: FnMut(&A, &mut dyn Iterator<Item = P>) -> Option<P> {
[INFO] [stdout]    |                                                               +++
[INFO] [stdout] 
[INFO] [stdout] 
[INFO] [stdout] warning: trait objects without an explicit `dyn` are deprecated
[INFO] [stdout]   --> src/tests.rs:36:48
[INFO] [stdout]    |
[INFO] [stdout] 36 | fn get_cut_point(cut_axis: &Axis, points: &mut Iterator<Item = Point2d>) -> Option<Point2d> {
[INFO] [stdout]    |                                                ^^^^^^^^^^^^^^^^^^^^^^^^
[INFO] [stdout]    |
[INFO] [stdout]    = warning: this is accepted in the current edition (Rust 2015) but is a hard error in Rust 2021!
[INFO] [stdout]    = note: for more information, see <https://doc.rust-lang.org/nightly/edition-guide/rust-2021/warnings-promoted-to-error.html>
[INFO] [stdout] help: use `dyn`
[INFO] [stdout]    |
[INFO] [stdout] 36 | fn get_cut_point(cut_axis: &Axis, points: &mut dyn Iterator<Item = Point2d>) -> Option<Point2d> {
[INFO] [stdout]    |                                                +++
[INFO] [stdout] 
[INFO] [stdout] 
[INFO] [stdout] warning: call to `.clone()` on a reference in this situation does nothing
[INFO] [stdout]    --> src/lib.rs:511:71
[INFO] [stdout]     |
[INFO] [stdout] 511 | ...                   shape_fragment: shape_fragment.clone(),
[INFO] [stdout]     |                                                     ^^^^^^^^ help: remove this redundant call
[INFO] [stdout]     |
[INFO] [stdout]     = note: the type `ShapeFragment<BS>` does not implement `Clone`, so calling `clone` on `&ShapeFragment<BS>` copies the reference, which does not do anything and can be removed
[INFO] [stdout]     = note: `#[warn(noop_method_call)]` on by default
[INFO] [stdout] 
[INFO] [stdout] 
[INFO] [stdout] warning: 4 warnings emitted
[INFO] [stdout] 
[INFO] [stdout] 
[INFO] [stderr]     Finished test [unoptimized + debuginfo] target(s) in 0.96s
[INFO] running `Command { std: "docker" "inspect" "aa7b3d2beae4f8777ada70fcbfde6bff919ff303ff18df82fa479e7ae573eb5e", kill_on_drop: false }`
[INFO] running `Command { std: "docker" "rm" "-f" "aa7b3d2beae4f8777ada70fcbfde6bff919ff303ff18df82fa479e7ae573eb5e", kill_on_drop: false }`
[INFO] [stdout] aa7b3d2beae4f8777ada70fcbfde6bff919ff303ff18df82fa479e7ae573eb5e
[INFO] running `Command { std: "docker" "create" "-v" "/var/lib/crater-agent-workspace/builds/worker-4-tc1/target:/opt/rustwide/target:rw,Z" "-v" "/var/lib/crater-agent-workspace/builds/worker-4-tc1/source:/opt/rustwide/workdir:ro,Z" "-v" "/var/lib/crater-agent-workspace/cargo-home:/opt/rustwide/cargo-home:ro,Z" "-v" "/var/lib/crater-agent-workspace/rustup-home:/opt/rustwide/rustup-home:ro,Z" "-e" "SOURCE_DIR=/opt/rustwide/workdir" "-e" "CARGO_TARGET_DIR=/opt/rustwide/target" "-e" "CARGO_INCREMENTAL=0" "-e" "RUST_BACKTRACE=full" "-e" "RUSTFLAGS=--cap-lints=warn" "-e" "RUSTDOCFLAGS=--cap-lints=warn" "-e" "CARGO_HOME=/opt/rustwide/cargo-home" "-e" "RUSTUP_HOME=/opt/rustwide/rustup-home" "-w" "/opt/rustwide/workdir" "-m" "1610612736" "--user" "0:0" "--network" "none" "ghcr.io/rust-lang/crates-build-env/linux@sha256:2788e3201cd34a07e3172128adcd8b3090168a8e3bcc40d7c032b9dda1df7d1c" "/opt/rustwide/cargo-home/bin/cargo" "+1.75.0" "test" "--frozen", kill_on_drop: false }`
[INFO] [stdout] 99e32d67aaa78ac3940db41ff373d3e3899bae22e405ad719d7b6c0380e9f37d
[INFO] running `Command { std: "docker" "start" "-a" "99e32d67aaa78ac3940db41ff373d3e3899bae22e405ad719d7b6c0380e9f37d", kill_on_drop: false }`
[INFO] [stderr] warning: unnecessary parentheses around block return value
[INFO] [stderr]    --> src/lib.rs:492:25
[INFO] [stderr]     |
[INFO] [stderr] 492 |                         (self.cmp_p.cmp_points(axis, &needle_min, &shape_max) == Ordering::Greater ||
[INFO] [stderr]     |                         ^
[INFO] [stderr] 493 |                          self.cmp_p.cmp_points(axis, &needle_max, &shape_min) == Ordering::Less)
[INFO] [stderr]     |                                                                                                ^
[INFO] [stderr]     |
[INFO] [stderr]     = note: `#[warn(unused_parens)]` on by default
[INFO] [stderr] help: remove these parentheses
[INFO] [stderr]     |
[INFO] [stderr] 492 ~                         self.cmp_p.cmp_points(axis, &needle_min, &shape_max) == Ordering::Greater ||
[INFO] [stderr] 493 ~                          self.cmp_p.cmp_points(axis, &needle_max, &shape_min) == Ordering::Less
[INFO] [stderr]     |
[INFO] [stderr] 
[INFO] [stderr] warning: trait objects without an explicit `dyn` are deprecated
[INFO] [stderr]   --> src/lib.rs:40:63
[INFO] [stderr]    |
[INFO] [stderr] 40 | impl<A, P, F> GetCutPoint<A, P> for F where F: FnMut(&A, &mut Iterator<Item = P>) -> Option<P> {
[INFO] [stderr]    |                                                               ^^^^^^^^^^^^^^^^^^
[INFO] [stderr]    |
[INFO] [stderr]    = warning: this is accepted in the current edition (Rust 2015) but is a hard error in Rust 2021!
[INFO] [stderr]    = note: for more information, see <https://doc.rust-lang.org/nightly/edition-guide/rust-2021/warnings-promoted-to-error.html>
[INFO] [stderr]    = note: `#[warn(bare_trait_objects)]` on by default
[INFO] [stderr] help: use `dyn`
[INFO] [stderr]    |
[INFO] [stderr] 40 | impl<A, P, F> GetCutPoint<A, P> for F where F: FnMut(&A, &mut dyn Iterator<Item = P>) -> Option<P> {
[INFO] [stderr]    |                                                               +++
[INFO] [stderr] 
[INFO] [stderr] warning: call to `.clone()` on a reference in this situation does nothing
[INFO] [stderr]    --> src/lib.rs:511:71
[INFO] [stderr]     |
[INFO] [stderr] 511 | ...                   shape_fragment: shape_fragment.clone(),
[INFO] [stderr]     |                                                     ^^^^^^^^ help: remove this redundant call
[INFO] [stderr]     |
[INFO] [stderr]     = note: the type `ShapeFragment<BS>` does not implement `Clone`, so calling `clone` on `&ShapeFragment<BS>` copies the reference, which does not do anything and can be removed
[INFO] [stderr]     = note: `#[warn(noop_method_call)]` on by default
[INFO] [stderr] 
[INFO] [stderr] warning: `kdvtree` (lib) generated 3 warnings (run `cargo fix --lib -p kdvtree` to apply 3 suggestions)
[INFO] [stderr] warning: trait objects without an explicit `dyn` are deprecated
[INFO] [stderr]   --> src/tests.rs:36:48
[INFO] [stderr]    |
[INFO] [stderr] 36 | fn get_cut_point(cut_axis: &Axis, points: &mut Iterator<Item = Point2d>) -> Option<Point2d> {
[INFO] [stderr]    |                                                ^^^^^^^^^^^^^^^^^^^^^^^^
[INFO] [stderr]    |
[INFO] [stderr]    = warning: this is accepted in the current edition (Rust 2015) but is a hard error in Rust 2021!
[INFO] [stderr]    = note: for more information, see <https://doc.rust-lang.org/nightly/edition-guide/rust-2021/warnings-promoted-to-error.html>
[INFO] [stderr] help: use `dyn`
[INFO] [stderr]    |
[INFO] [stderr] 36 | fn get_cut_point(cut_axis: &Axis, points: &mut dyn Iterator<Item = Point2d>) -> Option<Point2d> {
[INFO] [stderr]    |                                                +++
[INFO] [stderr] 
[INFO] [stderr] warning: `kdvtree` (lib test) generated 4 warnings (3 duplicates) (run `cargo fix --lib -p kdvtree --tests` to apply 1 suggestion)
[INFO] [stderr]     Finished test [unoptimized + debuginfo] target(s) in 0.00s
[INFO] [stderr]      Running unittests src/lib.rs (/opt/rustwide/target/debug/deps/kdvtree-5d58930db992cbcc)
[INFO] [stdout] 
[INFO] [stdout] running 5 tests
[INFO] [stdout] test tests::kdv_tree_basic ... ok
[INFO] [stdout] test tests::kdv_tree_triangle ... ok
[INFO] [stdout] test tests::kdv_tree_nearest ... ok
[INFO] [stdout] test tests::kdv_tree_nearest_check ... ok
[INFO] [stdout] test tests::kdv_tree_nearest_big_o ... ok
[INFO] [stdout] 
[INFO] [stdout] test result: ok. 5 passed; 0 failed; 0 ignored; 0 measured; 0 filtered out; finished in 1.73s
[INFO] [stdout] 
[INFO] [stderr]    Doc-tests kdvtree
[INFO] [stderr] warning: unnecessary parentheses around block return value
[INFO] [stderr]    --> src/lib.rs:492:25
[INFO] [stderr]     |
[INFO] [stderr] 492 |                         (self.cmp_p.cmp_points(axis, &needle_min, &shape_max) == Ordering::Greater ||
[INFO] [stderr]     |                         ^
[INFO] [stderr] 493 |                          self.cmp_p.cmp_points(axis, &needle_max, &shape_min) == Ordering::Less)
[INFO] [stderr]     |                                                                                                ^
[INFO] [stderr]     |
[INFO] [stderr]     = note: `#[warn(unused_parens)]` on by default
[INFO] [stderr] help: remove these parentheses
[INFO] [stderr]     |
[INFO] [stderr] 492 ~                         self.cmp_p.cmp_points(axis, &needle_min, &shape_max) == Ordering::Greater ||
[INFO] [stderr] 493 ~                          self.cmp_p.cmp_points(axis, &needle_max, &shape_min) == Ordering::Less
[INFO] [stderr]     |
[INFO] [stderr] 
[INFO] [stderr] warning: 1 warning emitted
[INFO] [stderr] 
[INFO] [stdout] 
[INFO] [stdout] running 0 tests
[INFO] [stdout] 
[INFO] [stdout] test result: ok. 0 passed; 0 failed; 0 ignored; 0 measured; 0 filtered out; finished in 0.00s
[INFO] [stdout] 
[INFO] running `Command { std: "docker" "inspect" "99e32d67aaa78ac3940db41ff373d3e3899bae22e405ad719d7b6c0380e9f37d", kill_on_drop: false }`
[INFO] running `Command { std: "docker" "rm" "-f" "99e32d67aaa78ac3940db41ff373d3e3899bae22e405ad719d7b6c0380e9f37d", kill_on_drop: false }`
[INFO] [stdout] 99e32d67aaa78ac3940db41ff373d3e3899bae22e405ad719d7b6c0380e9f37d
[INFO] testing kdvtree-0.8.0 against beta-2023-12-22 for beta-1.76-1
[INFO] extracting crate kdvtree 0.8.0 into /workspace/builds/worker-4-tc2/source
[INFO] validating manifest of crates.io crate kdvtree 0.8.0 on toolchain beta-2023-12-22
[INFO] running `Command { std: CARGO_HOME="/workspace/cargo-home" RUSTUP_HOME="/workspace/rustup-home" "/workspace/cargo-home/bin/cargo" "+beta-2023-12-22" "metadata" "--manifest-path" "Cargo.toml" "--no-deps", kill_on_drop: false }`
[INFO] started tweaking crates.io crate kdvtree 0.8.0
[INFO] finished tweaking crates.io crate kdvtree 0.8.0
[INFO] tweaked toml for crates.io crate kdvtree 0.8.0 written to /workspace/builds/worker-4-tc2/source/Cargo.toml
[INFO] running `Command { std: CARGO_HOME="/workspace/cargo-home" RUSTUP_HOME="/workspace/rustup-home" "/workspace/cargo-home/bin/cargo" "+beta-2023-12-22" "generate-lockfile" "--manifest-path" "Cargo.toml", kill_on_drop: false }`
[INFO] [stderr]     Updating crates.io index
[INFO] running `Command { std: CARGO_HOME="/workspace/cargo-home" RUSTUP_HOME="/workspace/rustup-home" "/workspace/cargo-home/bin/cargo" "+beta-2023-12-22" "fetch" "--manifest-path" "Cargo.toml", kill_on_drop: false }`
[INFO] running `Command { std: "docker" "create" "-v" "/var/lib/crater-agent-workspace/builds/worker-4-tc2/target:/opt/rustwide/target:rw,Z" "-v" "/var/lib/crater-agent-workspace/builds/worker-4-tc2/source:/opt/rustwide/workdir:ro,Z" "-v" "/var/lib/crater-agent-workspace/cargo-home:/opt/rustwide/cargo-home:ro,Z" "-v" "/var/lib/crater-agent-workspace/rustup-home:/opt/rustwide/rustup-home:ro,Z" "-e" "SOURCE_DIR=/opt/rustwide/workdir" "-e" "CARGO_TARGET_DIR=/opt/rustwide/target" "-e" "CARGO_HOME=/opt/rustwide/cargo-home" "-e" "RUSTUP_HOME=/opt/rustwide/rustup-home" "-w" "/opt/rustwide/workdir" "-m" "1610612736" "--user" "0:0" "--network" "none" "ghcr.io/rust-lang/crates-build-env/linux@sha256:2788e3201cd34a07e3172128adcd8b3090168a8e3bcc40d7c032b9dda1df7d1c" "/opt/rustwide/cargo-home/bin/cargo" "+beta-2023-12-22" "metadata" "--no-deps" "--format-version=1", kill_on_drop: false }`
[INFO] [stdout] ba2896b47c883ab8b00ab4f26fdb280adb3251a3da70c01a45e2dae5f6240516
[INFO] running `Command { std: "docker" "start" "-a" "ba2896b47c883ab8b00ab4f26fdb280adb3251a3da70c01a45e2dae5f6240516", kill_on_drop: false }`
[INFO] running `Command { std: "docker" "inspect" "ba2896b47c883ab8b00ab4f26fdb280adb3251a3da70c01a45e2dae5f6240516", kill_on_drop: false }`
[INFO] running `Command { std: "docker" "rm" "-f" "ba2896b47c883ab8b00ab4f26fdb280adb3251a3da70c01a45e2dae5f6240516", kill_on_drop: false }`
[INFO] [stdout] ba2896b47c883ab8b00ab4f26fdb280adb3251a3da70c01a45e2dae5f6240516
[INFO] running `Command { std: "docker" "create" "-v" "/var/lib/crater-agent-workspace/builds/worker-4-tc2/target:/opt/rustwide/target:rw,Z" "-v" "/var/lib/crater-agent-workspace/builds/worker-4-tc2/source:/opt/rustwide/workdir:ro,Z" "-v" "/var/lib/crater-agent-workspace/cargo-home:/opt/rustwide/cargo-home:ro,Z" "-v" "/var/lib/crater-agent-workspace/rustup-home:/opt/rustwide/rustup-home:ro,Z" "-e" "SOURCE_DIR=/opt/rustwide/workdir" "-e" "CARGO_TARGET_DIR=/opt/rustwide/target" "-e" "CARGO_INCREMENTAL=0" "-e" "RUST_BACKTRACE=full" "-e" "RUSTFLAGS=--cap-lints=warn" "-e" "RUSTDOCFLAGS=--cap-lints=warn" "-e" "CARGO_HOME=/opt/rustwide/cargo-home" "-e" "RUSTUP_HOME=/opt/rustwide/rustup-home" "-w" "/opt/rustwide/workdir" "-m" "1610612736" "--user" "0:0" "--network" "none" "ghcr.io/rust-lang/crates-build-env/linux@sha256:2788e3201cd34a07e3172128adcd8b3090168a8e3bcc40d7c032b9dda1df7d1c" "/opt/rustwide/cargo-home/bin/cargo" "+beta-2023-12-22" "build" "--frozen" "--message-format=json", kill_on_drop: false }`
[INFO] [stdout] e5a367818b8bbaf7c61c885067a50294a641bfebd11582871a35621ff3f6c1be
[INFO] running `Command { std: "docker" "start" "-a" "e5a367818b8bbaf7c61c885067a50294a641bfebd11582871a35621ff3f6c1be", kill_on_drop: false }`
[INFO] [stderr]    Compiling kdvtree v0.8.0 (/opt/rustwide/workdir)
[INFO] [stdout] warning: unnecessary parentheses around block return value
[INFO] [stdout]    --> src/lib.rs:492:25
[INFO] [stdout]     |
[INFO] [stdout] 492 |                         (self.cmp_p.cmp_points(axis, &needle_min, &shape_max) == Ordering::Greater ||
[INFO] [stdout]     |                         ^
[INFO] [stdout] 493 |                          self.cmp_p.cmp_points(axis, &needle_max, &shape_min) == Ordering::Less)
[INFO] [stdout]     |                                                                                                ^
[INFO] [stdout]     |
[INFO] [stdout]     = note: `#[warn(unused_parens)]` on by default
[INFO] [stdout] help: remove these parentheses
[INFO] [stdout]     |
[INFO] [stdout] 492 ~                         self.cmp_p.cmp_points(axis, &needle_min, &shape_max) == Ordering::Greater ||
[INFO] [stdout] 493 ~                          self.cmp_p.cmp_points(axis, &needle_max, &shape_min) == Ordering::Less
[INFO] [stdout]     |
[INFO] [stdout] 
[INFO] [stdout] 
[INFO] [stdout] warning: trait objects without an explicit `dyn` are deprecated
[INFO] [stdout]   --> src/lib.rs:40:63
[INFO] [stdout]    |
[INFO] [stdout] 40 | impl<A, P, F> GetCutPoint<A, P> for F where F: FnMut(&A, &mut Iterator<Item = P>) -> Option<P> {
[INFO] [stdout]    |                                                               ^^^^^^^^^^^^^^^^^^
[INFO] [stdout]    |
[INFO] [stdout]    = warning: this is accepted in the current edition (Rust 2015) but is a hard error in Rust 2021!
[INFO] [stdout]    = note: for more information, see <https://doc.rust-lang.org/nightly/edition-guide/rust-2021/warnings-promoted-to-error.html>
[INFO] [stdout]    = note: `#[warn(bare_trait_objects)]` on by default
[INFO] [stdout] help: use `dyn`
[INFO] [stdout]    |
[INFO] [stdout] 40 | impl<A, P, F> GetCutPoint<A, P> for F where F: FnMut(&A, &mut dyn Iterator<Item = P>) -> Option<P> {
[INFO] [stdout]    |                                                               +++
[INFO] [stdout] 
[INFO] [stdout] 
[INFO] [stdout] warning: call to `.clone()` on a reference in this situation does nothing
[INFO] [stdout]    --> src/lib.rs:511:71
[INFO] [stdout]     |
[INFO] [stdout] 511 | ...                   shape_fragment: shape_fragment.clone(),
[INFO] [stdout]     |                                                     ^^^^^^^^ help: remove this redundant call
[INFO] [stdout]     |
[INFO] [stdout]     = note: the type `ShapeFragment<BS>` does not implement `Clone`, so calling `clone` on `&ShapeFragment<BS>` copies the reference, which does not do anything and can be removed
[INFO] [stdout]     = note: `#[warn(noop_method_call)]` on by default
[INFO] [stdout] 
[INFO] [stdout] 
[INFO] [stdout] warning: 3 warnings emitted
[INFO] [stdout] 
[INFO] [stdout] 
[INFO] [stderr]     Finished dev [unoptimized + debuginfo] target(s) in 0.11s
[INFO] running `Command { std: "docker" "inspect" "e5a367818b8bbaf7c61c885067a50294a641bfebd11582871a35621ff3f6c1be", kill_on_drop: false }`
[INFO] running `Command { std: "docker" "rm" "-f" "e5a367818b8bbaf7c61c885067a50294a641bfebd11582871a35621ff3f6c1be", kill_on_drop: false }`
[INFO] [stdout] e5a367818b8bbaf7c61c885067a50294a641bfebd11582871a35621ff3f6c1be
[INFO] running `Command { std: "docker" "create" "-v" "/var/lib/crater-agent-workspace/builds/worker-4-tc2/target:/opt/rustwide/target:rw,Z" "-v" "/var/lib/crater-agent-workspace/builds/worker-4-tc2/source:/opt/rustwide/workdir:ro,Z" "-v" "/var/lib/crater-agent-workspace/cargo-home:/opt/rustwide/cargo-home:ro,Z" "-v" "/var/lib/crater-agent-workspace/rustup-home:/opt/rustwide/rustup-home:ro,Z" "-e" "SOURCE_DIR=/opt/rustwide/workdir" "-e" "CARGO_TARGET_DIR=/opt/rustwide/target" "-e" "CARGO_INCREMENTAL=0" "-e" "RUST_BACKTRACE=full" "-e" "RUSTFLAGS=--cap-lints=warn" "-e" "RUSTDOCFLAGS=--cap-lints=warn" "-e" "CARGO_HOME=/opt/rustwide/cargo-home" "-e" "RUSTUP_HOME=/opt/rustwide/rustup-home" "-w" "/opt/rustwide/workdir" "-m" "1610612736" "--user" "0:0" "--network" "none" "ghcr.io/rust-lang/crates-build-env/linux@sha256:2788e3201cd34a07e3172128adcd8b3090168a8e3bcc40d7c032b9dda1df7d1c" "/opt/rustwide/cargo-home/bin/cargo" "+beta-2023-12-22" "test" "--frozen" "--no-run" "--message-format=json", kill_on_drop: false }`
[INFO] [stdout] 776c1b224b5b66849117e9d6fbc66d91341a44bc9919d35432cfd138ebbc5d5a
[INFO] running `Command { std: "docker" "start" "-a" "776c1b224b5b66849117e9d6fbc66d91341a44bc9919d35432cfd138ebbc5d5a", kill_on_drop: false }`
[INFO] [stderr]    Compiling rand v0.4.6
[INFO] [stdout] warning: unnecessary parentheses around block return value
[INFO] [stdout]    --> src/lib.rs:492:25
[INFO] [stdout]     |
[INFO] [stdout] 492 |                         (self.cmp_p.cmp_points(axis, &needle_min, &shape_max) == Ordering::Greater ||
[INFO] [stdout]     |                         ^
[INFO] [stdout] 493 |                          self.cmp_p.cmp_points(axis, &needle_max, &shape_min) == Ordering::Less)
[INFO] [stdout]     |                                                                                                ^
[INFO] [stdout]     |
[INFO] [stdout]     = note: `#[warn(unused_parens)]` on by default
[INFO] [stdout] help: remove these parentheses
[INFO] [stdout]     |
[INFO] [stdout] 492 ~                         self.cmp_p.cmp_points(axis, &needle_min, &shape_max) == Ordering::Greater ||
[INFO] [stdout] 493 ~                          self.cmp_p.cmp_points(axis, &needle_max, &shape_min) == Ordering::Less
[INFO] [stdout]     |
[INFO] [stdout] 
[INFO] [stdout] 
[INFO] [stdout] warning: trait objects without an explicit `dyn` are deprecated
[INFO] [stdout]   --> src/lib.rs:40:63
[INFO] [stdout]    |
[INFO] [stdout] 40 | impl<A, P, F> GetCutPoint<A, P> for F where F: FnMut(&A, &mut Iterator<Item = P>) -> Option<P> {
[INFO] [stdout]    |                                                               ^^^^^^^^^^^^^^^^^^
[INFO] [stdout]    |
[INFO] [stdout]    = warning: this is accepted in the current edition (Rust 2015) but is a hard error in Rust 2021!
[INFO] [stdout]    = note: for more information, see <https://doc.rust-lang.org/nightly/edition-guide/rust-2021/warnings-promoted-to-error.html>
[INFO] [stdout]    = note: `#[warn(bare_trait_objects)]` on by default
[INFO] [stdout] help: use `dyn`
[INFO] [stdout]    |
[INFO] [stdout] 40 | impl<A, P, F> GetCutPoint<A, P> for F where F: FnMut(&A, &mut dyn Iterator<Item = P>) -> Option<P> {
[INFO] [stdout]    |                                                               +++
[INFO] [stdout] 
[INFO] [stdout] 
[INFO] [stdout] warning: call to `.clone()` on a reference in this situation does nothing
[INFO] [stdout]    --> src/lib.rs:511:71
[INFO] [stdout]     |
[INFO] [stdout] 511 | ...                   shape_fragment: shape_fragment.clone(),
[INFO] [stdout]     |                                                     ^^^^^^^^ help: remove this redundant call
[INFO] [stdout]     |
[INFO] [stdout]     = note: the type `ShapeFragment<BS>` does not implement `Clone`, so calling `clone` on `&ShapeFragment<BS>` copies the reference, which does not do anything and can be removed
[INFO] [stdout]     = note: `#[warn(noop_method_call)]` on by default
[INFO] [stdout] 
[INFO] [stdout] 
[INFO] [stdout] warning: 3 warnings emitted
[INFO] [stdout] 
[INFO] [stdout] 
[INFO] [stderr]    Compiling kdvtree v0.8.0 (/opt/rustwide/workdir)
[INFO] [stdout] warning: unnecessary parentheses around block return value
[INFO] [stdout]    --> src/lib.rs:492:25
[INFO] [stdout]     |
[INFO] [stdout] 492 |                         (self.cmp_p.cmp_points(axis, &needle_min, &shape_max) == Ordering::Greater ||
[INFO] [stdout]     |                         ^
[INFO] [stdout] 493 |                          self.cmp_p.cmp_points(axis, &needle_max, &shape_min) == Ordering::Less)
[INFO] [stdout]     |                                                                                                ^
[INFO] [stdout]     |
[INFO] [stdout]     = note: `#[warn(unused_parens)]` on by default
[INFO] [stdout] help: remove these parentheses
[INFO] [stdout]     |
[INFO] [stdout] 492 ~                         self.cmp_p.cmp_points(axis, &needle_min, &shape_max) == Ordering::Greater ||
[INFO] [stdout] 493 ~                          self.cmp_p.cmp_points(axis, &needle_max, &shape_min) == Ordering::Less
[INFO] [stdout]     |
[INFO] [stdout] 
[INFO] [stdout] 
[INFO] [stdout] warning: trait objects without an explicit `dyn` are deprecated
[INFO] [stdout]   --> src/lib.rs:40:63
[INFO] [stdout]    |
[INFO] [stdout] 40 | impl<A, P, F> GetCutPoint<A, P> for F where F: FnMut(&A, &mut Iterator<Item = P>) -> Option<P> {
[INFO] [stdout]    |                                                               ^^^^^^^^^^^^^^^^^^
[INFO] [stdout]    |
[INFO] [stdout]    = warning: this is accepted in the current edition (Rust 2015) but is a hard error in Rust 2021!
[INFO] [stdout]    = note: for more information, see <https://doc.rust-lang.org/nightly/edition-guide/rust-2021/warnings-promoted-to-error.html>
[INFO] [stdout]    = note: `#[warn(bare_trait_objects)]` on by default
[INFO] [stdout] help: use `dyn`
[INFO] [stdout]    |
[INFO] [stdout] 40 | impl<A, P, F> GetCutPoint<A, P> for F where F: FnMut(&A, &mut dyn Iterator<Item = P>) -> Option<P> {
[INFO] [stdout]    |                                                               +++
[INFO] [stdout] 
[INFO] [stdout] 
[INFO] [stdout] warning: trait objects without an explicit `dyn` are deprecated
[INFO] [stdout]   --> src/tests.rs:36:48
[INFO] [stdout]    |
[INFO] [stdout] 36 | fn get_cut_point(cut_axis: &Axis, points: &mut Iterator<Item = Point2d>) -> Option<Point2d> {
[INFO] [stdout]    |                                                ^^^^^^^^^^^^^^^^^^^^^^^^
[INFO] [stdout]    |
[INFO] [stdout]    = warning: this is accepted in the current edition (Rust 2015) but is a hard error in Rust 2021!
[INFO] [stdout]    = note: for more information, see <https://doc.rust-lang.org/nightly/edition-guide/rust-2021/warnings-promoted-to-error.html>
[INFO] [stdout] help: use `dyn`
[INFO] [stdout]    |
[INFO] [stdout] 36 | fn get_cut_point(cut_axis: &Axis, points: &mut dyn Iterator<Item = Point2d>) -> Option<Point2d> {
[INFO] [stdout]    |                                                +++
[INFO] [stdout] 
[INFO] [stdout] 
[INFO] [stdout] warning: call to `.clone()` on a reference in this situation does nothing
[INFO] [stdout]    --> src/lib.rs:511:71
[INFO] [stdout]     |
[INFO] [stdout] 511 | ...                   shape_fragment: shape_fragment.clone(),
[INFO] [stdout]     |                                                     ^^^^^^^^ help: remove this redundant call
[INFO] [stdout]     |
[INFO] [stdout]     = note: the type `ShapeFragment<BS>` does not implement `Clone`, so calling `clone` on `&ShapeFragment<BS>` copies the reference, which does not do anything and can be removed
[INFO] [stdout]     = note: `#[warn(noop_method_call)]` on by default
[INFO] [stdout] 
[INFO] [stdout] 
[INFO] [stdout] warning: 4 warnings emitted
[INFO] [stdout] 
[INFO] [stdout] 
[INFO] [stderr]     Finished test [unoptimized + debuginfo] target(s) in 0.95s
[INFO] running `Command { std: "docker" "inspect" "776c1b224b5b66849117e9d6fbc66d91341a44bc9919d35432cfd138ebbc5d5a", kill_on_drop: false }`
[INFO] running `Command { std: "docker" "rm" "-f" "776c1b224b5b66849117e9d6fbc66d91341a44bc9919d35432cfd138ebbc5d5a", kill_on_drop: false }`
[INFO] [stdout] 776c1b224b5b66849117e9d6fbc66d91341a44bc9919d35432cfd138ebbc5d5a
[INFO] running `Command { std: "docker" "create" "-v" "/var/lib/crater-agent-workspace/builds/worker-4-tc2/target:/opt/rustwide/target:rw,Z" "-v" "/var/lib/crater-agent-workspace/builds/worker-4-tc2/source:/opt/rustwide/workdir:ro,Z" "-v" "/var/lib/crater-agent-workspace/cargo-home:/opt/rustwide/cargo-home:ro,Z" "-v" "/var/lib/crater-agent-workspace/rustup-home:/opt/rustwide/rustup-home:ro,Z" "-e" "SOURCE_DIR=/opt/rustwide/workdir" "-e" "CARGO_TARGET_DIR=/opt/rustwide/target" "-e" "CARGO_INCREMENTAL=0" "-e" "RUST_BACKTRACE=full" "-e" "RUSTFLAGS=--cap-lints=warn" "-e" "RUSTDOCFLAGS=--cap-lints=warn" "-e" "CARGO_HOME=/opt/rustwide/cargo-home" "-e" "RUSTUP_HOME=/opt/rustwide/rustup-home" "-w" "/opt/rustwide/workdir" "-m" "1610612736" "--user" "0:0" "--network" "none" "ghcr.io/rust-lang/crates-build-env/linux@sha256:2788e3201cd34a07e3172128adcd8b3090168a8e3bcc40d7c032b9dda1df7d1c" "/opt/rustwide/cargo-home/bin/cargo" "+beta-2023-12-22" "test" "--frozen", kill_on_drop: false }`
[INFO] [stdout] 7b7eb46bb22c0c502ec8710ccca3783ea1312d169381d038b3509bda1bd301b4
[INFO] running `Command { std: "docker" "start" "-a" "7b7eb46bb22c0c502ec8710ccca3783ea1312d169381d038b3509bda1bd301b4", kill_on_drop: false }`
[INFO] [stderr] warning: unnecessary parentheses around block return value
[INFO] [stderr]    --> src/lib.rs:492:25
[INFO] [stderr]     |
[INFO] [stderr] 492 |                         (self.cmp_p.cmp_points(axis, &needle_min, &shape_max) == Ordering::Greater ||
[INFO] [stderr]     |                         ^
[INFO] [stderr] 493 |                          self.cmp_p.cmp_points(axis, &needle_max, &shape_min) == Ordering::Less)
[INFO] [stderr]     |                                                                                                ^
[INFO] [stderr]     |
[INFO] [stderr]     = note: `#[warn(unused_parens)]` on by default
[INFO] [stderr] help: remove these parentheses
[INFO] [stderr]     |
[INFO] [stderr] 492 ~                         self.cmp_p.cmp_points(axis, &needle_min, &shape_max) == Ordering::Greater ||
[INFO] [stderr] 493 ~                          self.cmp_p.cmp_points(axis, &needle_max, &shape_min) == Ordering::Less
[INFO] [stderr]     |
[INFO] [stderr] 
[INFO] [stderr] warning: trait objects without an explicit `dyn` are deprecated
[INFO] [stderr]   --> src/lib.rs:40:63
[INFO] [stderr]    |
[INFO] [stderr] 40 | impl<A, P, F> GetCutPoint<A, P> for F where F: FnMut(&A, &mut Iterator<Item = P>) -> Option<P> {
[INFO] [stderr]    |                                                               ^^^^^^^^^^^^^^^^^^
[INFO] [stderr]    |
[INFO] [stderr]    = warning: this is accepted in the current edition (Rust 2015) but is a hard error in Rust 2021!
[INFO] [stderr]    = note: for more information, see <https://doc.rust-lang.org/nightly/edition-guide/rust-2021/warnings-promoted-to-error.html>
[INFO] [stderr]    = note: `#[warn(bare_trait_objects)]` on by default
[INFO] [stderr] help: use `dyn`
[INFO] [stderr]    |
[INFO] [stderr] 40 | impl<A, P, F> GetCutPoint<A, P> for F where F: FnMut(&A, &mut dyn Iterator<Item = P>) -> Option<P> {
[INFO] [stderr]    |                                                               +++
[INFO] [stderr] 
[INFO] [stderr] warning: call to `.clone()` on a reference in this situation does nothing
[INFO] [stderr]    --> src/lib.rs:511:71
[INFO] [stderr]     |
[INFO] [stderr] 511 | ...                   shape_fragment: shape_fragment.clone(),
[INFO] [stderr]     |                                                     ^^^^^^^^ help: remove this redundant call
[INFO] [stderr]     |
[INFO] [stderr]     = note: the type `ShapeFragment<BS>` does not implement `Clone`, so calling `clone` on `&ShapeFragment<BS>` copies the reference, which does not do anything and can be removed
[INFO] [stderr]     = note: `#[warn(noop_method_call)]` on by default
[INFO] [stderr] 
[INFO] [stderr] warning: `kdvtree` (lib) generated 3 warnings (run `cargo fix --lib -p kdvtree` to apply 3 suggestions)
[INFO] [stderr] warning: trait objects without an explicit `dyn` are deprecated
[INFO] [stderr]   --> src/tests.rs:36:48
[INFO] [stderr]    |
[INFO] [stderr] 36 | fn get_cut_point(cut_axis: &Axis, points: &mut Iterator<Item = Point2d>) -> Option<Point2d> {
[INFO] [stderr]    |                                                ^^^^^^^^^^^^^^^^^^^^^^^^
[INFO] [stderr]    |
[INFO] [stderr]    = warning: this is accepted in the current edition (Rust 2015) but is a hard error in Rust 2021!
[INFO] [stderr]    = note: for more information, see <https://doc.rust-lang.org/nightly/edition-guide/rust-2021/warnings-promoted-to-error.html>
[INFO] [stderr] help: use `dyn`
[INFO] [stderr]    |
[INFO] [stderr] 36 | fn get_cut_point(cut_axis: &Axis, points: &mut dyn Iterator<Item = Point2d>) -> Option<Point2d> {
[INFO] [stderr]    |                                                +++
[INFO] [stderr] 
[INFO] [stderr] warning: `kdvtree` (lib test) generated 4 warnings (3 duplicates) (run `cargo fix --lib -p kdvtree --tests` to apply 1 suggestion)
[INFO] [stderr]     Finished test [unoptimized + debuginfo] target(s) in 0.01s
[INFO] [stderr]      Running unittests src/lib.rs (/opt/rustwide/target/debug/deps/kdvtree-9918143568815ba4)
[INFO] [stdout] 
[INFO] [stdout] running 5 tests
[INFO] [stdout] test tests::kdv_tree_basic ... ok
[INFO] [stdout] test tests::kdv_tree_nearest ... ok
[INFO] [stdout] test tests::kdv_tree_triangle ... ok
[INFO] [stdout] test tests::kdv_tree_nearest_check ... ok
[INFO] [stdout] test tests::kdv_tree_nearest_big_o ... FAILED
[INFO] [stdout] 
[INFO] [stdout] failures:
[INFO] [stdout] 
[INFO] [stdout] ---- tests::kdv_tree_nearest_big_o stdout ----
[INFO] [stdout] thread 'tests::kdv_tree_nearest_big_o' panicked at src/tests.rs:736:5:
[INFO] [stdout] assertion failed: stats_10k.0 * 10000 < stats_10k.2
[INFO] [stdout] stack backtrace:
[INFO] [stdout]    0:     0x5650065f7686 - std::backtrace_rs::backtrace::libunwind::trace::h261606ad26a499c1
[INFO] [stdout]                                at /rustc/0e09125c6c3c2fd70d7de961bcf0e51575235fad/library/std/src/../../backtrace/src/backtrace/libunwind.rs:104:5
[INFO] [stdout]    1:     0x5650065f7686 - std::backtrace_rs::backtrace::trace_unsynchronized::hd183f0625477fb28
[INFO] [stdout]                                at /rustc/0e09125c6c3c2fd70d7de961bcf0e51575235fad/library/std/src/../../backtrace/src/backtrace/mod.rs:66:5
[INFO] [stdout]    2:     0x5650065f7686 - std::sys_common::backtrace::_print_fmt::hd7f8fef21b4eda67
[INFO] [stdout]                                at /rustc/0e09125c6c3c2fd70d7de961bcf0e51575235fad/library/std/src/sys_common/backtrace.rs:68:5
[INFO] [stdout]    3:     0x5650065f7686 - <std::sys_common::backtrace::_print::DisplayBacktrace as core::fmt::Display>::fmt::h623d9b51f2f453f1
[INFO] [stdout]                                at /rustc/0e09125c6c3c2fd70d7de961bcf0e51575235fad/library/std/src/sys_common/backtrace.rs:44:22
[INFO] [stdout]    4:     0x565006620510 - core::fmt::rt::Argument::fmt::h9f417ac76a86f368
[INFO] [stdout]                                at /rustc/0e09125c6c3c2fd70d7de961bcf0e51575235fad/library/core/src/fmt/rt.rs:142:9
[INFO] [stdout]    5:     0x565006620510 - core::fmt::write::hc9b6faf4ac2aeff7
[INFO] [stdout]                                at /rustc/0e09125c6c3c2fd70d7de961bcf0e51575235fad/library/core/src/fmt/mod.rs:1120:17
[INFO] [stdout]    6:     0x5650065f50ef - std::io::Write::write_fmt::he04625a3a989fec3
[INFO] [stdout]                                at /rustc/0e09125c6c3c2fd70d7de961bcf0e51575235fad/library/std/src/io/mod.rs:1810:15
[INFO] [stdout]    7:     0x5650065f7464 - std::sys_common::backtrace::_print::hd5d66399c7df88a2
[INFO] [stdout]                                at /rustc/0e09125c6c3c2fd70d7de961bcf0e51575235fad/library/std/src/sys_common/backtrace.rs:47:5
[INFO] [stdout]    8:     0x5650065f7464 - std::sys_common::backtrace::print::he81ed2da642d37e5
[INFO] [stdout]                                at /rustc/0e09125c6c3c2fd70d7de961bcf0e51575235fad/library/std/src/sys_common/backtrace.rs:34:9
[INFO] [stdout]    9:     0x5650065f91d7 - std::panicking::default_hook::{{closure}}::h85773f4fa117163d
[INFO] [stdout]   10:     0x5650065f8ebd - std::panicking::default_hook::h6a1694a91d09b278
[INFO] [stdout]                                at /rustc/0e09125c6c3c2fd70d7de961bcf0e51575235fad/library/std/src/panicking.rs:289:9
[INFO] [stdout]   11:     0x5650065bb2d7 - <alloc::boxed::Box<F,A> as core::ops::function::Fn<Args>>::call::h616ac37fa3cd6c8f
[INFO] [stdout]                                at /rustc/0e09125c6c3c2fd70d7de961bcf0e51575235fad/library/alloc/src/boxed.rs:2029:9
[INFO] [stdout]   12:     0x5650065bb2d7 - test::test_main::{{closure}}::h00d84697cefdcbb6
[INFO] [stdout]                                at /rustc/0e09125c6c3c2fd70d7de961bcf0e51575235fad/library/test/src/lib.rs:138:21
[INFO] [stdout]   13:     0x5650065f97f6 - <alloc::boxed::Box<F,A> as core::ops::function::Fn<Args>>::call::hcb3fe3b9bb537ba8
[INFO] [stdout]                                at /rustc/0e09125c6c3c2fd70d7de961bcf0e51575235fad/library/alloc/src/boxed.rs:2029:9
[INFO] [stdout]   14:     0x5650065f97f6 - std::panicking::rust_panic_with_hook::h0a7ad96e90f7145b
[INFO] [stdout]                                at /rustc/0e09125c6c3c2fd70d7de961bcf0e51575235fad/library/std/src/panicking.rs:783:13
[INFO] [stdout]   15:     0x5650065f9509 - std::panicking::begin_panic_handler::{{closure}}::h7919090525c6485e
[INFO] [stdout]                                at /rustc/0e09125c6c3c2fd70d7de961bcf0e51575235fad/library/std/src/panicking.rs:649:13
[INFO] [stdout]   16:     0x5650065f7b86 - std::sys_common::backtrace::__rust_end_short_backtrace::hf3289479464f7dfe
[INFO] [stdout]                                at /rustc/0e09125c6c3c2fd70d7de961bcf0e51575235fad/library/std/src/sys_common/backtrace.rs:171:18
[INFO] [stdout]   17:     0x5650065f92a0 - rust_begin_unwind
[INFO] [stdout]                                at /rustc/0e09125c6c3c2fd70d7de961bcf0e51575235fad/library/std/src/panicking.rs:645:5
[INFO] [stdout]   18:     0x56500654fd55 - core::panicking::panic_fmt::hcc9f77c5c132af55
[INFO] [stdout]                                at /rustc/0e09125c6c3c2fd70d7de961bcf0e51575235fad/library/core/src/panicking.rs:72:14
[INFO] [stdout]   19:     0x56500654fe13 - core::panicking::panic::h5a1259c1164bd480
[INFO] [stdout]                                at /rustc/0e09125c6c3c2fd70d7de961bcf0e51575235fad/library/core/src/panicking.rs:144:5
[INFO] [stdout]   20:     0x5650065715cf - kdvtree::tests::kdv_tree_nearest_big_o::h7e3f158820407668
[INFO] [stdout]                                at /opt/rustwide/workdir/src/tests.rs:736:5
[INFO] [stdout]   21:     0x5650065713e7 - kdvtree::tests::kdv_tree_nearest_big_o::{{closure}}::h674cc8c13d4514aa
[INFO] [stdout]                                at /opt/rustwide/workdir/src/tests.rs:690:28
[INFO] [stdout]   22:     0x56500657c926 - core::ops::function::FnOnce::call_once::h79220018a7865b7a
[INFO] [stdout]                                at /rustc/0e09125c6c3c2fd70d7de961bcf0e51575235fad/library/core/src/ops/function.rs:250:5
[INFO] [stdout]   23:     0x5650065c0baf - core::ops::function::FnOnce::call_once::hd64d26f405258157
[INFO] [stdout]                                at /rustc/0e09125c6c3c2fd70d7de961bcf0e51575235fad/library/core/src/ops/function.rs:250:5
[INFO] [stdout]   24:     0x5650065c0baf - test::__rust_begin_short_backtrace::he21b0b7a6d731bf9
[INFO] [stdout]                                at /rustc/0e09125c6c3c2fd70d7de961bcf0e51575235fad/library/test/src/lib.rs:627:18
[INFO] [stdout]   25:     0x5650065bf931 - test::run_test_in_process::{{closure}}::hf5c73986d7bdfde2
[INFO] [stdout]                                at /rustc/0e09125c6c3c2fd70d7de961bcf0e51575235fad/library/test/src/lib.rs:650:60
[INFO] [stdout]   26:     0x5650065bf931 - <core::panic::unwind_safe::AssertUnwindSafe<F> as core::ops::function::FnOnce<()>>::call_once::h330011ad032aadc0
[INFO] [stdout]                                at /rustc/0e09125c6c3c2fd70d7de961bcf0e51575235fad/library/core/src/panic/unwind_safe.rs:272:9
[INFO] [stdout]   27:     0x5650065bf931 - std::panicking::try::do_call::he61b0a958b795a41
[INFO] [stdout]                                at /rustc/0e09125c6c3c2fd70d7de961bcf0e51575235fad/library/std/src/panicking.rs:552:40
[INFO] [stdout]   28:     0x5650065bf931 - std::panicking::try::h7309da130f906eb7
[INFO] [stdout]                                at /rustc/0e09125c6c3c2fd70d7de961bcf0e51575235fad/library/std/src/panicking.rs:516:19
[INFO] [stdout]   29:     0x5650065bf931 - std::panic::catch_unwind::hc5c3a06fdaf0a92a
[INFO] [stdout]                                at /rustc/0e09125c6c3c2fd70d7de961bcf0e51575235fad/library/std/src/panic.rs:142:14
[INFO] [stdout]   30:     0x5650065bf931 - test::run_test_in_process::h7e7b7c71c3324e0f
[INFO] [stdout]                                at /rustc/0e09125c6c3c2fd70d7de961bcf0e51575235fad/library/test/src/lib.rs:650:27
[INFO] [stdout]   31:     0x5650065bf931 - test::run_test::{{closure}}::h1f509f28f5cf20b1
[INFO] [stdout]                                at /rustc/0e09125c6c3c2fd70d7de961bcf0e51575235fad/library/test/src/lib.rs:573:43
[INFO] [stdout]   32:     0x565006586c66 - test::run_test::{{closure}}::h1754218abf443f6d
[INFO] [stdout]                                at /rustc/0e09125c6c3c2fd70d7de961bcf0e51575235fad/library/test/src/lib.rs:601:41
[INFO] [stdout]   33:     0x565006586c66 - std::sys_common::backtrace::__rust_begin_short_backtrace::h2ee174b9d5954948
[INFO] [stdout]                                at /rustc/0e09125c6c3c2fd70d7de961bcf0e51575235fad/library/std/src/sys_common/backtrace.rs:155:18
[INFO] [stdout]   34:     0x56500658bcc7 - std::thread::Builder::spawn_unchecked_::{{closure}}::{{closure}}::hf60bee9c1a17ef09
[INFO] [stdout]                                at /rustc/0e09125c6c3c2fd70d7de961bcf0e51575235fad/library/std/src/thread/mod.rs:529:17
[INFO] [stdout]   35:     0x56500658bcc7 - <core::panic::unwind_safe::AssertUnwindSafe<F> as core::ops::function::FnOnce<()>>::call_once::h33d0dddec5216160
[INFO] [stdout]                                at /rustc/0e09125c6c3c2fd70d7de961bcf0e51575235fad/library/core/src/panic/unwind_safe.rs:272:9
[INFO] [stdout]   36:     0x56500658bcc7 - std::panicking::try::do_call::h144b3048b546f835
[INFO] [stdout]                                at /rustc/0e09125c6c3c2fd70d7de961bcf0e51575235fad/library/std/src/panicking.rs:552:40
[INFO] [stdout]   37:     0x56500658bcc7 - std::panicking::try::h978244d04646189f
[INFO] [stdout]                                at /rustc/0e09125c6c3c2fd70d7de961bcf0e51575235fad/library/std/src/panicking.rs:516:19
[INFO] [stdout]   38:     0x56500658bcc7 - std::panic::catch_unwind::hdf436369d188fe86
[INFO] [stdout]                                at /rustc/0e09125c6c3c2fd70d7de961bcf0e51575235fad/library/std/src/panic.rs:142:14
[INFO] [stdout]   39:     0x56500658bcc7 - std::thread::Builder::spawn_unchecked_::{{closure}}::h87329cbdd33c79ec
[INFO] [stdout]                                at /rustc/0e09125c6c3c2fd70d7de961bcf0e51575235fad/library/std/src/thread/mod.rs:528:30
[INFO] [stdout]   40:     0x56500658bcc7 - core::ops::function::FnOnce::call_once{{vtable.shim}}::h401abbe67897d450
[INFO] [stdout]                                at /rustc/0e09125c6c3c2fd70d7de961bcf0e51575235fad/library/core/src/ops/function.rs:250:5
[INFO] [stdout]   41:     0x5650065fe2b5 - <alloc::boxed::Box<F,A> as core::ops::function::FnOnce<Args>>::call_once::h5d7c8f150ab9c84c
[INFO] [stdout]                                at /rustc/0e09125c6c3c2fd70d7de961bcf0e51575235fad/library/alloc/src/boxed.rs:2015:9
[INFO] [stdout]   42:     0x5650065fe2b5 - <alloc::boxed::Box<F,A> as core::ops::function::FnOnce<Args>>::call_once::h570d5b005c242c15
[INFO] [stdout]                                at /rustc/0e09125c6c3c2fd70d7de961bcf0e51575235fad/library/alloc/src/boxed.rs:2015:9
[INFO] [stdout]   43:     0x5650065fe2b5 - std::sys::unix::thread::Thread::new::thread_start::h36b0a20c0b2361ad
[INFO] [stdout]                                at /rustc/0e09125c6c3c2fd70d7de961bcf0e51575235fad/library/std/src/sys/unix/thread.rs:108:17
[INFO] [stdout]   44:     0x7f6f88e9bac3 - <unknown>
[INFO] [stdout]   45:     0x7f6f88f2cbf4 - __clone
[INFO] [stdout]   46:                0x0 - <unknown>
[INFO] [stdout] 
[INFO] [stdout] 
[INFO] [stdout] failures:
[INFO] [stdout]     tests::kdv_tree_nearest_big_o
[INFO] [stdout] 
[INFO] [stdout] test result: FAILED. 4 passed; 1 failed; 0 ignored; 0 measured; 0 filtered out; finished in 1.75s
[INFO] [stdout] 
[INFO] [stderr] error: test failed, to rerun pass `--lib`
[INFO] running `Command { std: "docker" "inspect" "7b7eb46bb22c0c502ec8710ccca3783ea1312d169381d038b3509bda1bd301b4", kill_on_drop: false }`
[INFO] running `Command { std: "docker" "rm" "-f" "7b7eb46bb22c0c502ec8710ccca3783ea1312d169381d038b3509bda1bd301b4", kill_on_drop: false }`
[INFO] [stdout] 7b7eb46bb22c0c502ec8710ccca3783ea1312d169381d038b3509bda1bd301b4
