[INFO] fetching crate indicatif 0.17.7...
[INFO] testing indicatif-0.17.7 against 1.75.0 for beta-1.76-1
[INFO] extracting crate indicatif 0.17.7 into /workspace/builds/worker-0-tc1/source
[INFO] validating manifest of crates.io crate indicatif 0.17.7 on toolchain 1.75.0
[INFO] running `Command { std: CARGO_HOME="/workspace/cargo-home" RUSTUP_HOME="/workspace/rustup-home" "/workspace/cargo-home/bin/cargo" "+1.75.0" "metadata" "--manifest-path" "Cargo.toml" "--no-deps", kill_on_drop: false }`
[INFO] started tweaking crates.io crate indicatif 0.17.7
[INFO] finished tweaking crates.io crate indicatif 0.17.7
[INFO] tweaked toml for crates.io crate indicatif 0.17.7 written to /workspace/builds/worker-0-tc1/source/Cargo.toml
[INFO] crate crates.io crate indicatif 0.17.7 already has a lockfile, it will not be regenerated
[INFO] running `Command { std: CARGO_HOME="/workspace/cargo-home" RUSTUP_HOME="/workspace/rustup-home" "/workspace/cargo-home/bin/cargo" "+1.75.0" "fetch" "--manifest-path" "Cargo.toml", kill_on_drop: false }`
[INFO] running `Command { std: "docker" "create" "-v" "/var/lib/crater-agent-workspace/builds/worker-0-tc1/target:/opt/rustwide/target:rw,Z" "-v" "/var/lib/crater-agent-workspace/builds/worker-0-tc1/source:/opt/rustwide/workdir:ro,Z" "-v" "/var/lib/crater-agent-workspace/cargo-home:/opt/rustwide/cargo-home:ro,Z" "-v" "/var/lib/crater-agent-workspace/rustup-home:/opt/rustwide/rustup-home:ro,Z" "-e" "SOURCE_DIR=/opt/rustwide/workdir" "-e" "CARGO_TARGET_DIR=/opt/rustwide/target" "-e" "CARGO_HOME=/opt/rustwide/cargo-home" "-e" "RUSTUP_HOME=/opt/rustwide/rustup-home" "-w" "/opt/rustwide/workdir" "-m" "1610612736" "--user" "0:0" "--network" "none" "ghcr.io/rust-lang/crates-build-env/linux@sha256:2788e3201cd34a07e3172128adcd8b3090168a8e3bcc40d7c032b9dda1df7d1c" "/opt/rustwide/cargo-home/bin/cargo" "+1.75.0" "metadata" "--no-deps" "--format-version=1", kill_on_drop: false }`
[INFO] [stdout] 42bfc4ef8830b34907b179e2ac61fecb2a89ad0c55e683a57b2567cdbee79758
[INFO] running `Command { std: "docker" "start" "-a" "42bfc4ef8830b34907b179e2ac61fecb2a89ad0c55e683a57b2567cdbee79758", kill_on_drop: false }`
[INFO] running `Command { std: "docker" "inspect" "42bfc4ef8830b34907b179e2ac61fecb2a89ad0c55e683a57b2567cdbee79758", kill_on_drop: false }`
[INFO] running `Command { std: "docker" "rm" "-f" "42bfc4ef8830b34907b179e2ac61fecb2a89ad0c55e683a57b2567cdbee79758", kill_on_drop: false }`
[INFO] [stdout] 42bfc4ef8830b34907b179e2ac61fecb2a89ad0c55e683a57b2567cdbee79758
[INFO] running `Command { std: "docker" "create" "-v" "/var/lib/crater-agent-workspace/builds/worker-0-tc1/target:/opt/rustwide/target:rw,Z" "-v" "/var/lib/crater-agent-workspace/builds/worker-0-tc1/source:/opt/rustwide/workdir:ro,Z" "-v" "/var/lib/crater-agent-workspace/cargo-home:/opt/rustwide/cargo-home:ro,Z" "-v" "/var/lib/crater-agent-workspace/rustup-home:/opt/rustwide/rustup-home:ro,Z" "-e" "SOURCE_DIR=/opt/rustwide/workdir" "-e" "CARGO_TARGET_DIR=/opt/rustwide/target" "-e" "CARGO_INCREMENTAL=0" "-e" "RUST_BACKTRACE=full" "-e" "RUSTFLAGS=--cap-lints=warn" "-e" "RUSTDOCFLAGS=--cap-lints=warn" "-e" "CARGO_HOME=/opt/rustwide/cargo-home" "-e" "RUSTUP_HOME=/opt/rustwide/rustup-home" "-w" "/opt/rustwide/workdir" "-m" "1610612736" "--user" "0:0" "--network" "none" "ghcr.io/rust-lang/crates-build-env/linux@sha256:2788e3201cd34a07e3172128adcd8b3090168a8e3bcc40d7c032b9dda1df7d1c" "/opt/rustwide/cargo-home/bin/cargo" "+1.75.0" "build" "--frozen" "--message-format=json", kill_on_drop: false }`
[INFO] [stdout] 8181a31e124d08fd3b0b593d27b38f21605b1fb451d21778644d7c8817f732d8
[INFO] running `Command { std: "docker" "start" "-a" "8181a31e124d08fd3b0b593d27b38f21605b1fb451d21778644d7c8817f732d8", kill_on_drop: false }`
[INFO] [stderr]    Compiling libc v0.2.147
[INFO] [stderr]    Compiling portable-atomic v1.4.2
[INFO] [stderr]    Compiling unicode-width v0.1.10
[INFO] [stderr]    Compiling lazy_static v1.4.0
[INFO] [stderr]    Compiling number_prefix v0.4.0
[INFO] [stderr]    Compiling console v0.15.7
[INFO] [stderr]    Compiling indicatif v0.17.7 (/opt/rustwide/workdir)
[INFO] [stderr]     Finished dev [unoptimized + debuginfo] target(s) in 1.58s
[INFO] running `Command { std: "docker" "inspect" "8181a31e124d08fd3b0b593d27b38f21605b1fb451d21778644d7c8817f732d8", kill_on_drop: false }`
[INFO] running `Command { std: "docker" "rm" "-f" "8181a31e124d08fd3b0b593d27b38f21605b1fb451d21778644d7c8817f732d8", kill_on_drop: false }`
[INFO] [stdout] 8181a31e124d08fd3b0b593d27b38f21605b1fb451d21778644d7c8817f732d8
[INFO] running `Command { std: "docker" "create" "-v" "/var/lib/crater-agent-workspace/builds/worker-0-tc1/target:/opt/rustwide/target:rw,Z" "-v" "/var/lib/crater-agent-workspace/builds/worker-0-tc1/source:/opt/rustwide/workdir:ro,Z" "-v" "/var/lib/crater-agent-workspace/cargo-home:/opt/rustwide/cargo-home:ro,Z" "-v" "/var/lib/crater-agent-workspace/rustup-home:/opt/rustwide/rustup-home:ro,Z" "-e" "SOURCE_DIR=/opt/rustwide/workdir" "-e" "CARGO_TARGET_DIR=/opt/rustwide/target" "-e" "CARGO_INCREMENTAL=0" "-e" "RUST_BACKTRACE=full" "-e" "RUSTFLAGS=--cap-lints=warn" "-e" "RUSTDOCFLAGS=--cap-lints=warn" "-e" "CARGO_HOME=/opt/rustwide/cargo-home" "-e" "RUSTUP_HOME=/opt/rustwide/rustup-home" "-w" "/opt/rustwide/workdir" "-m" "1610612736" "--user" "0:0" "--network" "none" "ghcr.io/rust-lang/crates-build-env/linux@sha256:2788e3201cd34a07e3172128adcd8b3090168a8e3bcc40d7c032b9dda1df7d1c" "/opt/rustwide/cargo-home/bin/cargo" "+1.75.0" "test" "--frozen" "--no-run" "--message-format=json", kill_on_drop: false }`
[INFO] [stdout] 20d0cfe8e3581c355d8973abb1faf09a064106515dd216db02788036b15d5ffd
[INFO] running `Command { std: "docker" "start" "-a" "20d0cfe8e3581c355d8973abb1faf09a064106515dd216db02788036b15d5ffd", kill_on_drop: false }`
[INFO] [stderr]    Compiling proc-macro2 v1.0.66
[INFO] [stderr]    Compiling autocfg v1.1.0
[INFO] [stderr]    Compiling unicode-ident v1.0.11
[INFO] [stderr]    Compiling futures-core v0.3.28
[INFO] [stderr]    Compiling rustix v0.38.4
[INFO] [stderr]    Compiling futures-task v0.3.28
[INFO] [stderr]    Compiling linux-raw-sys v0.4.5
[INFO] [stderr]    Compiling bitflags v2.3.3
[INFO] [stderr]    Compiling memchr v2.5.0
[INFO] [stderr]    Compiling futures-channel v0.3.28
[INFO] [stderr]    Compiling futures-util v0.3.28
[INFO] [stderr]    Compiling cfg-if v1.0.0
[INFO] [stderr]    Compiling pin-project-lite v0.2.10
[INFO] [stderr]    Compiling futures-sink v0.3.28
[INFO] [stderr]    Compiling utf8parse v0.2.1
[INFO] [stderr]    Compiling anstyle v1.0.1
[INFO] [stderr]    Compiling getrandom v0.2.10
[INFO] [stderr]    Compiling pin-utils v0.1.0
[INFO] [stderr]    Compiling anstyle-parse v0.2.1
[INFO] [stderr]    Compiling anstyle-query v1.0.0
[INFO] [stderr]    Compiling futures-io v0.3.28
[INFO] [stderr]    Compiling colorchoice v1.0.0
[INFO] [stderr]    Compiling heck v0.4.1
[INFO] [stderr]    Compiling rand_core v0.6.4
[INFO] [stderr]    Compiling ppv-lite86 v0.2.17
[INFO] [stderr]    Compiling clap_lex v0.5.0
[INFO] [stderr]    Compiling strsim v0.10.0
[INFO] [stderr]    Compiling once_cell v1.18.0
[INFO] [stderr]    Compiling yansi v0.5.1
[INFO] [stderr]    Compiling diff v0.1.13
[INFO] [stderr]    Compiling slab v0.4.8
[INFO] [stderr]    Compiling tokio v1.29.1
[INFO] [stderr]    Compiling pretty_assertions v1.4.0
[INFO] [stderr]    Compiling rand_chacha v0.3.1
[INFO] [stderr]    Compiling rand v0.8.5
[INFO] [stderr]    Compiling quote v1.0.32
[INFO] [stderr]    Compiling syn v2.0.28
[INFO] [stderr]    Compiling is-terminal v0.4.9
[INFO] [stderr]    Compiling anstream v0.3.2
[INFO] [stderr]    Compiling clap_builder v4.3.19
[INFO] [stderr]    Compiling futures-macro v0.3.28
[INFO] [stderr]    Compiling clap_derive v4.3.12
[INFO] [stderr]    Compiling clap v4.3.19
[INFO] [stderr]    Compiling futures-executor v0.3.28
[INFO] [stderr]    Compiling futures v0.3.28
[INFO] [stderr]    Compiling indicatif v0.17.7 (/opt/rustwide/workdir)
[INFO] [stderr]     Finished test [unoptimized + debuginfo] target(s) in 6.94s
[INFO] running `Command { std: "docker" "inspect" "20d0cfe8e3581c355d8973abb1faf09a064106515dd216db02788036b15d5ffd", kill_on_drop: false }`
[INFO] running `Command { std: "docker" "rm" "-f" "20d0cfe8e3581c355d8973abb1faf09a064106515dd216db02788036b15d5ffd", kill_on_drop: false }`
[INFO] [stdout] 20d0cfe8e3581c355d8973abb1faf09a064106515dd216db02788036b15d5ffd
[INFO] running `Command { std: "docker" "create" "-v" "/var/lib/crater-agent-workspace/builds/worker-0-tc1/target:/opt/rustwide/target:rw,Z" "-v" "/var/lib/crater-agent-workspace/builds/worker-0-tc1/source:/opt/rustwide/workdir:ro,Z" "-v" "/var/lib/crater-agent-workspace/cargo-home:/opt/rustwide/cargo-home:ro,Z" "-v" "/var/lib/crater-agent-workspace/rustup-home:/opt/rustwide/rustup-home:ro,Z" "-e" "SOURCE_DIR=/opt/rustwide/workdir" "-e" "CARGO_TARGET_DIR=/opt/rustwide/target" "-e" "CARGO_INCREMENTAL=0" "-e" "RUST_BACKTRACE=full" "-e" "RUSTFLAGS=--cap-lints=warn" "-e" "RUSTDOCFLAGS=--cap-lints=warn" "-e" "CARGO_HOME=/opt/rustwide/cargo-home" "-e" "RUSTUP_HOME=/opt/rustwide/rustup-home" "-w" "/opt/rustwide/workdir" "-m" "1610612736" "--user" "0:0" "--network" "none" "ghcr.io/rust-lang/crates-build-env/linux@sha256:2788e3201cd34a07e3172128adcd8b3090168a8e3bcc40d7c032b9dda1df7d1c" "/opt/rustwide/cargo-home/bin/cargo" "+1.75.0" "test" "--frozen", kill_on_drop: false }`
[INFO] [stdout] 08804e66152997aa24bde114b27351b2d8c4b4970d711c29eeb4443ed24335cb
[INFO] running `Command { std: "docker" "start" "-a" "08804e66152997aa24bde114b27351b2d8c4b4970d711c29eeb4443ed24335cb", kill_on_drop: false }`
[INFO] [stderr]     Finished test [unoptimized + debuginfo] target(s) in 0.04s
[INFO] [stderr]      Running unittests src/lib.rs (/opt/rustwide/target/debug/deps/indicatif-6f1a94f763cfd594)
[INFO] [stdout] 
[INFO] [stdout] running 45 tests
[INFO] [stdout] test format::tests::human_duration_less_than_one_and_a_half_unit ... ok
[INFO] [stdout] test draw_target::tests::multi_is_hidden ... ok
[INFO] [stdout] test format::tests::human_duration_alternate ... ok
[INFO] [stdout] test format::tests::human_count ... ok
[INFO] [stdout] test format::tests::human_duration_less_than_one_second ... ok
[INFO] [stdout] test format::tests::human_duration_less_than_two_and_a_half_units ... ok
[INFO] [stdout] test format::tests::human_duration_less_than_two_seconds ... ok
[INFO] [stdout] test format::tests::human_duration_one_and_a_half_unit ... ok
[INFO] [stdout] test format::tests::human_duration_one_unit ... ok
[INFO] [stdout] test format::tests::human_duration_three_units ... ok
[INFO] [stdout] test format::tests::human_duration_two_units ... ok
[INFO] [stdout] test format::tests::human_duration_two_and_a_half_units ... ok
[INFO] [stdout] test format::tests::human_float_count ... ok
[INFO] [stdout] test multi::tests::late_pb_drop ... ok
[INFO] [stdout] test iter::test::it_can_wrap_an_iterator ... ok
[INFO] [stdout] test multi::tests::mp_no_crash_double_add ... ok
[INFO] [stdout] test multi::tests::multi_progress_hidden ... ok
[INFO] [stdout] test multi::tests::multi_progress_insert_before ... ok
[INFO] [stdout] test multi::tests::multi_progress_insert_after ... ok
[INFO] [stdout] test multi::tests::multi_progress_multiple_remove ... ok
[INFO] [stdout] test multi::tests::multi_progress_insert_before_and_after ... ok
[INFO] [stdout] test progress_bar::tests::test_get_position ... ok
[INFO] [stdout] test progress_bar::tests::test_pbar_maxu64 ... ok
[INFO] [stdout] test progress_bar::tests::test_pbar_overflow ... ok
[INFO] [stdout] test progress_bar::tests::it_can_wrap_a_reader ... ok
[INFO] [stdout] test multi::tests::multi_progress_insert_from_back ... ok
[INFO] [stdout] test progress_bar::tests::test_pbar_zero ... ok
[INFO] [stdout] test progress_bar::tests::test_weak_pb ... ok
[INFO] [stdout] test progress_bar::tests::it_can_wrap_a_writer ... ok
[INFO] [stdout] test multi::tests::progress_bar_sync_send ... ok
[INFO] [stdout] test state::tests::test_duration_stuff ... ok
[INFO] [stdout] test state::tests::test_reset_eta ... ok
[INFO] [stdout] test state::tests::test_steps_per_second ... ok
[INFO] [stdout] test state::tests::test_estimator_rewind_position ... ok
[INFO] [stdout] test multi::tests::multi_progress_modifications ... ok
[INFO] [stdout] test state::tests::test_double_exponential_ave ... ok
[INFO] [stdout] test style::tests::test_expand_template ... ok
[INFO] [stdout] test state::tests::test_atomic_position_large_time_difference ... ok
[INFO] [stdout] test style::tests::test_expand_template_flags ... ok
[INFO] [stdout] test style::tests::multiline_handling ... ok
[INFO] [stdout] test style::tests::align_truncation ... ok
[INFO] [stdout] test style::tests::test_stateful_tracker ... ok
[INFO] [stdout] test style::tests::wide_element_style ... ok
[INFO] [stdout] test progress_bar::tests::ticker_thread_terminates_on_drop ... ok
[INFO] [stdout] test progress_bar::tests::ticker_thread_terminates_on_drop_2 ... ok
[INFO] [stdout] 
[INFO] [stdout] test result: ok. 45 passed; 0 failed; 0 ignored; 0 measured; 0 filtered out; finished in 0.50s
[INFO] [stdout] 
[INFO] [stderr]      Running tests/multi-autodrop.rs (/opt/rustwide/target/debug/deps/multi_autodrop-fb28667b8b7ce74e)
[INFO] [stdout] 
[INFO] [stdout] running 1 test
[INFO] [stdout] test main ... ok
[INFO] [stdout] 
[INFO] [stdout] test result: ok. 1 passed; 0 failed; 0 ignored; 0 measured; 0 filtered out; finished in 0.50s
[INFO] [stdout] 
[INFO] [stderr]      Running tests/render.rs (/opt/rustwide/target/debug/deps/render-a243408080490f32)
[INFO] [stdout] 
[INFO] [stdout] running 0 tests
[INFO] [stdout] 
[INFO] [stdout] test result: ok. 0 passed; 0 failed; 0 ignored; 0 measured; 0 filtered out; finished in 0.00s
[INFO] [stdout] 
[INFO] [stderr]    Doc-tests indicatif
[INFO] [stdout] 
[INFO] [stdout] running 13 tests
[INFO] [stdout] test src/lib.rs - (line 110) ... ignored
[INFO] [stdout] test src/lib.rs - (line 98) ... ignored
[INFO] [stdout] test src/multi.rs - multi::MultiProgressAlignment (line 485) ... ignored
[INFO] [stdout] test src/multi.rs - multi::MultiProgressAlignment (line 492) ... ignored
[INFO] [stdout] test src/progress_bar.rs - progress_bar::ProgressBar::wrap_write (line 448) - compile ... ok
[INFO] [stdout] test src/progress_bar.rs - progress_bar::ProgressBar::set_draw_target (line 371) - compile ... ok
[INFO] [stdout] test src/progress_bar.rs - progress_bar::ProgressBar::suspend (line 400) - compile ... ok
[INFO] [stdout] test src/progress_bar.rs - progress_bar::ProgressBar::wrap_iter (line 413) - compile ... ok
[INFO] [stdout] test src/progress_bar.rs - progress_bar::ProgressBar::wrap_read (line 427) - compile ... ok
[INFO] [stdout] test src/lib.rs - (line 48) ... ok
[INFO] [stdout] test src/lib.rs - (line 201) ... ok
[INFO] [stdout] test src/lib.rs - (line 77) ... ok
[INFO] [stdout] test src/lib.rs - (line 152) ... ok
[INFO] [stdout] 
[INFO] [stdout] test result: ok. 9 passed; 0 failed; 4 ignored; 0 measured; 0 filtered out; finished in 0.25s
[INFO] [stdout] 
[INFO] running `Command { std: "docker" "inspect" "08804e66152997aa24bde114b27351b2d8c4b4970d711c29eeb4443ed24335cb", kill_on_drop: false }`
[INFO] running `Command { std: "docker" "rm" "-f" "08804e66152997aa24bde114b27351b2d8c4b4970d711c29eeb4443ed24335cb", kill_on_drop: false }`
[INFO] [stdout] 08804e66152997aa24bde114b27351b2d8c4b4970d711c29eeb4443ed24335cb
[INFO] testing indicatif-0.17.7 against beta-2023-12-22 for beta-1.76-1
[INFO] extracting crate indicatif 0.17.7 into /workspace/builds/worker-0-tc2/source
[INFO] validating manifest of crates.io crate indicatif 0.17.7 on toolchain beta-2023-12-22
[INFO] running `Command { std: CARGO_HOME="/workspace/cargo-home" RUSTUP_HOME="/workspace/rustup-home" "/workspace/cargo-home/bin/cargo" "+beta-2023-12-22" "metadata" "--manifest-path" "Cargo.toml" "--no-deps", kill_on_drop: false }`
[INFO] started tweaking crates.io crate indicatif 0.17.7
[INFO] finished tweaking crates.io crate indicatif 0.17.7
[INFO] tweaked toml for crates.io crate indicatif 0.17.7 written to /workspace/builds/worker-0-tc2/source/Cargo.toml
[INFO] crate crates.io crate indicatif 0.17.7 already has a lockfile, it will not be regenerated
[INFO] running `Command { std: CARGO_HOME="/workspace/cargo-home" RUSTUP_HOME="/workspace/rustup-home" "/workspace/cargo-home/bin/cargo" "+beta-2023-12-22" "fetch" "--manifest-path" "Cargo.toml", kill_on_drop: false }`
[INFO] [stderr]     Blocking waiting for file lock on package cache
[INFO] running `Command { std: "docker" "create" "-v" "/var/lib/crater-agent-workspace/builds/worker-0-tc2/target:/opt/rustwide/target:rw,Z" "-v" "/var/lib/crater-agent-workspace/builds/worker-0-tc2/source:/opt/rustwide/workdir:ro,Z" "-v" "/var/lib/crater-agent-workspace/cargo-home:/opt/rustwide/cargo-home:ro,Z" "-v" "/var/lib/crater-agent-workspace/rustup-home:/opt/rustwide/rustup-home:ro,Z" "-e" "SOURCE_DIR=/opt/rustwide/workdir" "-e" "CARGO_TARGET_DIR=/opt/rustwide/target" "-e" "CARGO_HOME=/opt/rustwide/cargo-home" "-e" "RUSTUP_HOME=/opt/rustwide/rustup-home" "-w" "/opt/rustwide/workdir" "-m" "1610612736" "--user" "0:0" "--network" "none" "ghcr.io/rust-lang/crates-build-env/linux@sha256:2788e3201cd34a07e3172128adcd8b3090168a8e3bcc40d7c032b9dda1df7d1c" "/opt/rustwide/cargo-home/bin/cargo" "+beta-2023-12-22" "metadata" "--no-deps" "--format-version=1", kill_on_drop: false }`
[INFO] [stdout] 72f3dd492d4be41a11c6e8e041320e79bb6b371fa866dc63e0c4999ae50de94b
[INFO] running `Command { std: "docker" "start" "-a" "72f3dd492d4be41a11c6e8e041320e79bb6b371fa866dc63e0c4999ae50de94b", kill_on_drop: false }`
[INFO] running `Command { std: "docker" "inspect" "72f3dd492d4be41a11c6e8e041320e79bb6b371fa866dc63e0c4999ae50de94b", kill_on_drop: false }`
[INFO] running `Command { std: "docker" "rm" "-f" "72f3dd492d4be41a11c6e8e041320e79bb6b371fa866dc63e0c4999ae50de94b", kill_on_drop: false }`
[INFO] [stdout] 72f3dd492d4be41a11c6e8e041320e79bb6b371fa866dc63e0c4999ae50de94b
[INFO] running `Command { std: "docker" "create" "-v" "/var/lib/crater-agent-workspace/builds/worker-0-tc2/target:/opt/rustwide/target:rw,Z" "-v" "/var/lib/crater-agent-workspace/builds/worker-0-tc2/source:/opt/rustwide/workdir:ro,Z" "-v" "/var/lib/crater-agent-workspace/cargo-home:/opt/rustwide/cargo-home:ro,Z" "-v" "/var/lib/crater-agent-workspace/rustup-home:/opt/rustwide/rustup-home:ro,Z" "-e" "SOURCE_DIR=/opt/rustwide/workdir" "-e" "CARGO_TARGET_DIR=/opt/rustwide/target" "-e" "CARGO_INCREMENTAL=0" "-e" "RUST_BACKTRACE=full" "-e" "RUSTFLAGS=--cap-lints=warn" "-e" "RUSTDOCFLAGS=--cap-lints=warn" "-e" "CARGO_HOME=/opt/rustwide/cargo-home" "-e" "RUSTUP_HOME=/opt/rustwide/rustup-home" "-w" "/opt/rustwide/workdir" "-m" "1610612736" "--user" "0:0" "--network" "none" "ghcr.io/rust-lang/crates-build-env/linux@sha256:2788e3201cd34a07e3172128adcd8b3090168a8e3bcc40d7c032b9dda1df7d1c" "/opt/rustwide/cargo-home/bin/cargo" "+beta-2023-12-22" "build" "--frozen" "--message-format=json", kill_on_drop: false }`
[INFO] [stdout] e2af9d657d63c6707b2fee06cc503f193abe2ca80e9f85f650530c2ab98863e3
[INFO] running `Command { std: "docker" "start" "-a" "e2af9d657d63c6707b2fee06cc503f193abe2ca80e9f85f650530c2ab98863e3", kill_on_drop: false }`
[INFO] [stderr]    Compiling libc v0.2.147
[INFO] [stderr]    Compiling portable-atomic v1.4.2
[INFO] [stderr]    Compiling lazy_static v1.4.0
[INFO] [stderr]    Compiling unicode-width v0.1.10
[INFO] [stderr]    Compiling number_prefix v0.4.0
[INFO] [stderr]    Compiling console v0.15.7
[INFO] [stderr]    Compiling indicatif v0.17.7 (/opt/rustwide/workdir)
[INFO] [stderr]     Finished dev [unoptimized + debuginfo] target(s) in 2.08s
[INFO] running `Command { std: "docker" "inspect" "e2af9d657d63c6707b2fee06cc503f193abe2ca80e9f85f650530c2ab98863e3", kill_on_drop: false }`
[INFO] running `Command { std: "docker" "rm" "-f" "e2af9d657d63c6707b2fee06cc503f193abe2ca80e9f85f650530c2ab98863e3", kill_on_drop: false }`
[INFO] [stdout] e2af9d657d63c6707b2fee06cc503f193abe2ca80e9f85f650530c2ab98863e3
[INFO] running `Command { std: "docker" "create" "-v" "/var/lib/crater-agent-workspace/builds/worker-0-tc2/target:/opt/rustwide/target:rw,Z" "-v" "/var/lib/crater-agent-workspace/builds/worker-0-tc2/source:/opt/rustwide/workdir:ro,Z" "-v" "/var/lib/crater-agent-workspace/cargo-home:/opt/rustwide/cargo-home:ro,Z" "-v" "/var/lib/crater-agent-workspace/rustup-home:/opt/rustwide/rustup-home:ro,Z" "-e" "SOURCE_DIR=/opt/rustwide/workdir" "-e" "CARGO_TARGET_DIR=/opt/rustwide/target" "-e" "CARGO_INCREMENTAL=0" "-e" "RUST_BACKTRACE=full" "-e" "RUSTFLAGS=--cap-lints=warn" "-e" "RUSTDOCFLAGS=--cap-lints=warn" "-e" "CARGO_HOME=/opt/rustwide/cargo-home" "-e" "RUSTUP_HOME=/opt/rustwide/rustup-home" "-w" "/opt/rustwide/workdir" "-m" "1610612736" "--user" "0:0" "--network" "none" "ghcr.io/rust-lang/crates-build-env/linux@sha256:2788e3201cd34a07e3172128adcd8b3090168a8e3bcc40d7c032b9dda1df7d1c" "/opt/rustwide/cargo-home/bin/cargo" "+beta-2023-12-22" "test" "--frozen" "--no-run" "--message-format=json", kill_on_drop: false }`
[INFO] [stdout] 2b992bffda0800cb339c53aa1c14819f2ade45332692e289ee08b4d94d7f9a6f
[INFO] running `Command { std: "docker" "start" "-a" "2b992bffda0800cb339c53aa1c14819f2ade45332692e289ee08b4d94d7f9a6f", kill_on_drop: false }`
[INFO] [stderr]    Compiling proc-macro2 v1.0.66
[INFO] [stderr]    Compiling unicode-ident v1.0.11
[INFO] [stderr]    Compiling autocfg v1.1.0
[INFO] [stderr]    Compiling rustix v0.38.4
[INFO] [stderr]    Compiling futures-core v0.3.28
[INFO] [stderr]    Compiling linux-raw-sys v0.4.5
[INFO] [stderr]    Compiling futures-task v0.3.28
[INFO] [stderr]    Compiling bitflags v2.3.3
[INFO] [stderr]    Compiling memchr v2.5.0
[INFO] [stderr]    Compiling futures-channel v0.3.28
[INFO] [stderr]    Compiling futures-sink v0.3.28
[INFO] [stderr]    Compiling futures-util v0.3.28
[INFO] [stderr]    Compiling cfg-if v1.0.0
[INFO] [stderr]    Compiling utf8parse v0.2.1
[INFO] [stderr]    Compiling pin-project-lite v0.2.10
[INFO] [stderr]    Compiling pin-utils v0.1.0
[INFO] [stderr]    Compiling getrandom v0.2.10
[INFO] [stderr]    Compiling colorchoice v1.0.0
[INFO] [stderr]    Compiling futures-io v0.3.28
[INFO] [stderr]    Compiling anstyle-query v1.0.0
[INFO] [stderr]    Compiling anstyle-parse v0.2.1
[INFO] [stderr]    Compiling anstyle v1.0.1
[INFO] [stderr]    Compiling ppv-lite86 v0.2.17
[INFO] [stderr]    Compiling heck v0.4.1
[INFO] [stderr]    Compiling rand_core v0.6.4
[INFO] [stderr]    Compiling clap_lex v0.5.0
[INFO] [stderr]    Compiling strsim v0.10.0
[INFO] [stderr]    Compiling once_cell v1.18.0
[INFO] [stderr]    Compiling diff v0.1.13
[INFO] [stderr]    Compiling slab v0.4.8
[INFO] [stderr]    Compiling tokio v1.29.1
[INFO] [stderr]    Compiling yansi v0.5.1
[INFO] [stderr]    Compiling pretty_assertions v1.4.0
[INFO] [stderr]    Compiling rand_chacha v0.3.1
[INFO] [stderr]    Compiling rand v0.8.5
[INFO] [stderr]    Compiling quote v1.0.32
[INFO] [stderr]    Compiling syn v2.0.28
[INFO] [stderr]    Compiling is-terminal v0.4.9
[INFO] [stderr]    Compiling anstream v0.3.2
[INFO] [stderr]    Compiling clap_builder v4.3.19
[INFO] [stderr]    Compiling futures-macro v0.3.28
[INFO] [stderr]    Compiling clap_derive v4.3.12
[INFO] [stderr]    Compiling clap v4.3.19
[INFO] [stderr]    Compiling futures-executor v0.3.28
[INFO] [stderr]    Compiling futures v0.3.28
[INFO] [stderr]    Compiling indicatif v0.17.7 (/opt/rustwide/workdir)
[INFO] [stderr]     Finished test [unoptimized + debuginfo] target(s) in 8.15s
[INFO] running `Command { std: "docker" "inspect" "2b992bffda0800cb339c53aa1c14819f2ade45332692e289ee08b4d94d7f9a6f", kill_on_drop: false }`
[INFO] running `Command { std: "docker" "rm" "-f" "2b992bffda0800cb339c53aa1c14819f2ade45332692e289ee08b4d94d7f9a6f", kill_on_drop: false }`
[INFO] [stdout] 2b992bffda0800cb339c53aa1c14819f2ade45332692e289ee08b4d94d7f9a6f
[INFO] running `Command { std: "docker" "create" "-v" "/var/lib/crater-agent-workspace/builds/worker-0-tc2/target:/opt/rustwide/target:rw,Z" "-v" "/var/lib/crater-agent-workspace/builds/worker-0-tc2/source:/opt/rustwide/workdir:ro,Z" "-v" "/var/lib/crater-agent-workspace/cargo-home:/opt/rustwide/cargo-home:ro,Z" "-v" "/var/lib/crater-agent-workspace/rustup-home:/opt/rustwide/rustup-home:ro,Z" "-e" "SOURCE_DIR=/opt/rustwide/workdir" "-e" "CARGO_TARGET_DIR=/opt/rustwide/target" "-e" "CARGO_INCREMENTAL=0" "-e" "RUST_BACKTRACE=full" "-e" "RUSTFLAGS=--cap-lints=warn" "-e" "RUSTDOCFLAGS=--cap-lints=warn" "-e" "CARGO_HOME=/opt/rustwide/cargo-home" "-e" "RUSTUP_HOME=/opt/rustwide/rustup-home" "-w" "/opt/rustwide/workdir" "-m" "1610612736" "--user" "0:0" "--network" "none" "ghcr.io/rust-lang/crates-build-env/linux@sha256:2788e3201cd34a07e3172128adcd8b3090168a8e3bcc40d7c032b9dda1df7d1c" "/opt/rustwide/cargo-home/bin/cargo" "+beta-2023-12-22" "test" "--frozen", kill_on_drop: false }`
[INFO] [stdout] 081748e95f27f1bb9ffd16a8ff04897a94c15d4333231ac7c1c5441cccd64f6f
[INFO] running `Command { std: "docker" "start" "-a" "081748e95f27f1bb9ffd16a8ff04897a94c15d4333231ac7c1c5441cccd64f6f", kill_on_drop: false }`
[INFO] [stderr]     Finished test [unoptimized + debuginfo] target(s) in 0.05s
[INFO] [stderr]      Running unittests src/lib.rs (/opt/rustwide/target/debug/deps/indicatif-761ef0e800f2dfcb)
[INFO] [stdout] 
[INFO] [stdout] running 45 tests
[INFO] [stdout] test draw_target::tests::multi_is_hidden ... ok
[INFO] [stdout] test format::tests::human_count ... ok
[INFO] [stdout] test format::tests::human_duration_less_than_one_and_a_half_unit ... ok
[INFO] [stdout] test format::tests::human_duration_less_than_one_second ... ok
[INFO] [stdout] test format::tests::human_duration_alternate ... ok
[INFO] [stdout] test format::tests::human_duration_less_than_two_seconds ... ok
[INFO] [stdout] test format::tests::human_duration_less_than_two_and_a_half_units ... ok
[INFO] [stdout] test format::tests::human_duration_one_and_a_half_unit ... ok
[INFO] [stdout] test format::tests::human_duration_one_unit ... ok
[INFO] [stdout] test format::tests::human_duration_three_units ... ok
[INFO] [stdout] test format::tests::human_duration_two_and_a_half_units ... ok
[INFO] [stdout] test format::tests::human_duration_two_units ... ok
[INFO] [stdout] test format::tests::human_float_count ... ok
[INFO] [stdout] test multi::tests::late_pb_drop ... ok
[INFO] [stdout] test iter::test::it_can_wrap_an_iterator ... ok
[INFO] [stdout] test multi::tests::mp_no_crash_double_add ... ok
[INFO] [stdout] test multi::tests::multi_progress_insert_after ... ok
[INFO] [stdout] test multi::tests::multi_progress_hidden ... ok
[INFO] [stdout] test multi::tests::multi_progress_insert_before ... ok
[INFO] [stdout] test multi::tests::multi_progress_insert_from_back ... ok
[INFO] [stdout] test multi::tests::multi_progress_multiple_remove ... ok
[INFO] [stdout] test multi::tests::multi_progress_modifications ... ok
[INFO] [stdout] test multi::tests::multi_progress_insert_before_and_after ... ok
[INFO] [stdout] test multi::tests::progress_bar_sync_send ... ok
[INFO] [stdout] test progress_bar::tests::it_can_wrap_a_reader ... ok
[INFO] [stdout] test progress_bar::tests::test_pbar_maxu64 ... ok
[INFO] [stdout] test progress_bar::tests::test_pbar_overflow ... ok
[INFO] [stdout] test progress_bar::tests::it_can_wrap_a_writer ... ok
[INFO] [stdout] test progress_bar::tests::test_weak_pb ... ok
[INFO] [stdout] test progress_bar::tests::test_get_position ... ok
[INFO] [stdout] test progress_bar::tests::test_pbar_zero ... ok
[INFO] [stdout] test state::tests::test_atomic_position_large_time_difference ... ok
[INFO] [stdout] test state::tests::test_double_exponential_ave ... ok
[INFO] [stdout] test state::tests::test_estimator_rewind_position ... ok
[INFO] [stdout] test state::tests::test_reset_eta ... ok
[INFO] [stdout] test state::tests::test_duration_stuff ... ok
[INFO] [stdout] test state::tests::test_steps_per_second ... ok
[INFO] [stdout] test style::tests::multiline_handling ... ok
[INFO] [stdout] test style::tests::align_truncation ... ok
[INFO] [stdout] test style::tests::test_expand_template ... ok
[INFO] [stdout] test style::tests::test_stateful_tracker ... ok
[INFO] [stdout] test style::tests::test_expand_template_flags ... ok
[INFO] [stdout] test style::tests::wide_element_style ... FAILED
[INFO] [stdout] test progress_bar::tests::ticker_thread_terminates_on_drop ... ok
[INFO] [stdout] test progress_bar::tests::ticker_thread_terminates_on_drop_2 ... ok
[INFO] [stdout] 
[INFO] [stdout] failures:
[INFO] [stdout] 
[INFO] [stdout] ---- style::tests::wide_element_style stdout ----
[INFO] [stdout] thread 'style::tests::wide_element_style' panicked at src/style.rs:938:9:
[INFO] [stdout] assertion `left == right` failed
[INFO] [stdout]   left: "====>---"
[INFO] [stdout]  right: "\u{1b}[31m\u{1b}[44m====>\u{1b}[32m\u{1b}[46m---\u{1b}[0m\u{1b}[0m"
[INFO] [stdout] stack backtrace:
[INFO] [stdout]    0:     0x564b0de46546 - std::backtrace_rs::backtrace::libunwind::trace::h261606ad26a499c1
[INFO] [stdout]                                at /rustc/0e09125c6c3c2fd70d7de961bcf0e51575235fad/library/std/src/../../backtrace/src/backtrace/libunwind.rs:104:5
[INFO] [stdout]    1:     0x564b0de46546 - std::backtrace_rs::backtrace::trace_unsynchronized::hd183f0625477fb28
[INFO] [stdout]                                at /rustc/0e09125c6c3c2fd70d7de961bcf0e51575235fad/library/std/src/../../backtrace/src/backtrace/mod.rs:66:5
[INFO] [stdout]    2:     0x564b0de46546 - std::sys_common::backtrace::_print_fmt::hd7f8fef21b4eda67
[INFO] [stdout]                                at /rustc/0e09125c6c3c2fd70d7de961bcf0e51575235fad/library/std/src/sys_common/backtrace.rs:68:5
[INFO] [stdout]    3:     0x564b0de46546 - <std::sys_common::backtrace::_print::DisplayBacktrace as core::fmt::Display>::fmt::h623d9b51f2f453f1
[INFO] [stdout]                                at /rustc/0e09125c6c3c2fd70d7de961bcf0e51575235fad/library/std/src/sys_common/backtrace.rs:44:22
[INFO] [stdout]    4:     0x564b0de70200 - core::fmt::rt::Argument::fmt::h9f417ac76a86f368
[INFO] [stdout]                                at /rustc/0e09125c6c3c2fd70d7de961bcf0e51575235fad/library/core/src/fmt/rt.rs:142:9
[INFO] [stdout]    5:     0x564b0de70200 - core::fmt::write::hc9b6faf4ac2aeff7
[INFO] [stdout]                                at /rustc/0e09125c6c3c2fd70d7de961bcf0e51575235fad/library/core/src/fmt/mod.rs:1120:17
[INFO] [stdout]    6:     0x564b0de43e7f - std::io::Write::write_fmt::he04625a3a989fec3
[INFO] [stdout]                                at /rustc/0e09125c6c3c2fd70d7de961bcf0e51575235fad/library/std/src/io/mod.rs:1810:15
[INFO] [stdout]    7:     0x564b0de46324 - std::sys_common::backtrace::_print::hd5d66399c7df88a2
[INFO] [stdout]                                at /rustc/0e09125c6c3c2fd70d7de961bcf0e51575235fad/library/std/src/sys_common/backtrace.rs:47:5
[INFO] [stdout]    8:     0x564b0de46324 - std::sys_common::backtrace::print::he81ed2da642d37e5
[INFO] [stdout]                                at /rustc/0e09125c6c3c2fd70d7de961bcf0e51575235fad/library/std/src/sys_common/backtrace.rs:34:9
[INFO] [stdout]    9:     0x564b0de48097 - std::panicking::default_hook::{{closure}}::h85773f4fa117163d
[INFO] [stdout]   10:     0x564b0de47d7d - std::panicking::default_hook::h6a1694a91d09b278
[INFO] [stdout]                                at /rustc/0e09125c6c3c2fd70d7de961bcf0e51575235fad/library/std/src/panicking.rs:289:9
[INFO] [stdout]   11:     0x564b0ddfec47 - <alloc::boxed::Box<F,A> as core::ops::function::Fn<Args>>::call::h616ac37fa3cd6c8f
[INFO] [stdout]                                at /rustc/0e09125c6c3c2fd70d7de961bcf0e51575235fad/library/alloc/src/boxed.rs:2029:9
[INFO] [stdout]   12:     0x564b0ddfec47 - test::test_main::{{closure}}::h00d84697cefdcbb6
[INFO] [stdout]                                at /rustc/0e09125c6c3c2fd70d7de961bcf0e51575235fad/library/test/src/lib.rs:138:21
[INFO] [stdout]   13:     0x564b0de486b6 - <alloc::boxed::Box<F,A> as core::ops::function::Fn<Args>>::call::hcb3fe3b9bb537ba8
[INFO] [stdout]                                at /rustc/0e09125c6c3c2fd70d7de961bcf0e51575235fad/library/alloc/src/boxed.rs:2029:9
[INFO] [stdout]   14:     0x564b0de486b6 - std::panicking::rust_panic_with_hook::h0a7ad96e90f7145b
[INFO] [stdout]                                at /rustc/0e09125c6c3c2fd70d7de961bcf0e51575235fad/library/std/src/panicking.rs:783:13
[INFO] [stdout]   15:     0x564b0de48402 - std::panicking::begin_panic_handler::{{closure}}::h7919090525c6485e
[INFO] [stdout]                                at /rustc/0e09125c6c3c2fd70d7de961bcf0e51575235fad/library/std/src/panicking.rs:657:13
[INFO] [stdout]   16:     0x564b0de46a46 - std::sys_common::backtrace::__rust_end_short_backtrace::hf3289479464f7dfe
[INFO] [stdout]                                at /rustc/0e09125c6c3c2fd70d7de961bcf0e51575235fad/library/std/src/sys_common/backtrace.rs:171:18
[INFO] [stdout]   17:     0x564b0de48160 - rust_begin_unwind
[INFO] [stdout]                                at /rustc/0e09125c6c3c2fd70d7de961bcf0e51575235fad/library/std/src/panicking.rs:645:5
[INFO] [stdout]   18:     0x564b0dd6dd55 - core::panicking::panic_fmt::hcc9f77c5c132af55
[INFO] [stdout]                                at /rustc/0e09125c6c3c2fd70d7de961bcf0e51575235fad/library/core/src/panicking.rs:72:14
[INFO] [stdout]   19:     0x564b0dd6e18b - core::panicking::assert_failed_inner::h9f13e27dd63c3a08
[INFO] [stdout]                                at /rustc/0e09125c6c3c2fd70d7de961bcf0e51575235fad/library/core/src/panicking.rs:342:17
[INFO] [stdout]   20:     0x564b0dd97e12 - core::panicking::assert_failed::h5fb0ecc7f81447b5
[INFO] [stdout]                                at /rustc/0e09125c6c3c2fd70d7de961bcf0e51575235fad/library/core/src/panicking.rs:297:5
[INFO] [stdout]   21:     0x564b0ddc1fce - indicatif::style::tests::wide_element_style::h401e61479d8b0284
[INFO] [stdout]                                at /opt/rustwide/workdir/src/style.rs:938:9
[INFO] [stdout]   22:     0x564b0ddc1ba7 - indicatif::style::tests::wide_element_style::{{closure}}::h701208b8b4269f3d
[INFO] [stdout]                                at /opt/rustwide/workdir/src/style.rs:918:28
[INFO] [stdout]   23:     0x564b0ddc4d06 - core::ops::function::FnOnce::call_once::h9f19b59059e992c6
[INFO] [stdout]                                at /rustc/0e09125c6c3c2fd70d7de961bcf0e51575235fad/library/core/src/ops/function.rs:250:5
[INFO] [stdout]   24:     0x564b0de0451f - core::ops::function::FnOnce::call_once::hd64d26f405258157
[INFO] [stdout]                                at /rustc/0e09125c6c3c2fd70d7de961bcf0e51575235fad/library/core/src/ops/function.rs:250:5
[INFO] [stdout]   25:     0x564b0de0451f - test::__rust_begin_short_backtrace::he21b0b7a6d731bf9
[INFO] [stdout]                                at /rustc/0e09125c6c3c2fd70d7de961bcf0e51575235fad/library/test/src/lib.rs:627:18
[INFO] [stdout]   26:     0x564b0de032a1 - test::run_test_in_process::{{closure}}::hf5c73986d7bdfde2
[INFO] [stdout]                                at /rustc/0e09125c6c3c2fd70d7de961bcf0e51575235fad/library/test/src/lib.rs:650:60
[INFO] [stdout]   27:     0x564b0de032a1 - <core::panic::unwind_safe::AssertUnwindSafe<F> as core::ops::function::FnOnce<()>>::call_once::h330011ad032aadc0
[INFO] [stdout]                                at /rustc/0e09125c6c3c2fd70d7de961bcf0e51575235fad/library/core/src/panic/unwind_safe.rs:272:9
[INFO] [stdout]   28:     0x564b0de032a1 - std::panicking::try::do_call::he61b0a958b795a41
[INFO] [stdout]                                at /rustc/0e09125c6c3c2fd70d7de961bcf0e51575235fad/library/std/src/panicking.rs:552:40
[INFO] [stdout]   29:     0x564b0de032a1 - std::panicking::try::h7309da130f906eb7
[INFO] [stdout]                                at /rustc/0e09125c6c3c2fd70d7de961bcf0e51575235fad/library/std/src/panicking.rs:516:19
[INFO] [stdout]   30:     0x564b0de032a1 - std::panic::catch_unwind::hc5c3a06fdaf0a92a
[INFO] [stdout]                                at /rustc/0e09125c6c3c2fd70d7de961bcf0e51575235fad/library/std/src/panic.rs:142:14
[INFO] [stdout]   31:     0x564b0de032a1 - test::run_test_in_process::h7e7b7c71c3324e0f
[INFO] [stdout]                                at /rustc/0e09125c6c3c2fd70d7de961bcf0e51575235fad/library/test/src/lib.rs:650:27
[INFO] [stdout]   32:     0x564b0de032a1 - test::run_test::{{closure}}::h1f509f28f5cf20b1
[INFO] [stdout]                                at /rustc/0e09125c6c3c2fd70d7de961bcf0e51575235fad/library/test/src/lib.rs:573:43
[INFO] [stdout]   33:     0x564b0ddca5d6 - test::run_test::{{closure}}::h1754218abf443f6d
[INFO] [stdout]                                at /rustc/0e09125c6c3c2fd70d7de961bcf0e51575235fad/library/test/src/lib.rs:601:41
[INFO] [stdout]   34:     0x564b0ddca5d6 - std::sys_common::backtrace::__rust_begin_short_backtrace::h2ee174b9d5954948
[INFO] [stdout]                                at /rustc/0e09125c6c3c2fd70d7de961bcf0e51575235fad/library/std/src/sys_common/backtrace.rs:155:18
[INFO] [stdout]   35:     0x564b0ddcf637 - std::thread::Builder::spawn_unchecked_::{{closure}}::{{closure}}::hf60bee9c1a17ef09
[INFO] [stdout]                                at /rustc/0e09125c6c3c2fd70d7de961bcf0e51575235fad/library/std/src/thread/mod.rs:529:17
[INFO] [stdout]   36:     0x564b0ddcf637 - <core::panic::unwind_safe::AssertUnwindSafe<F> as core::ops::function::FnOnce<()>>::call_once::h33d0dddec5216160
[INFO] [stdout]                                at /rustc/0e09125c6c3c2fd70d7de961bcf0e51575235fad/library/core/src/panic/unwind_safe.rs:272:9
[INFO] [stdout]   37:     0x564b0ddcf637 - std::panicking::try::do_call::h144b3048b546f835
[INFO] [stdout]                                at /rustc/0e09125c6c3c2fd70d7de961bcf0e51575235fad/library/std/src/panicking.rs:552:40
[INFO] [stdout]   38:     0x564b0ddcf637 - std::panicking::try::h978244d04646189f
[INFO] [stdout]                                at /rustc/0e09125c6c3c2fd70d7de961bcf0e51575235fad/library/std/src/panicking.rs:516:19
[INFO] [stdout]   39:     0x564b0ddcf637 - std::panic::catch_unwind::hdf436369d188fe86
[INFO] [stdout]                                at /rustc/0e09125c6c3c2fd70d7de961bcf0e51575235fad/library/std/src/panic.rs:142:14
[INFO] [stdout]   40:     0x564b0ddcf637 - std::thread::Builder::spawn_unchecked_::{{closure}}::h87329cbdd33c79ec
[INFO] [stdout]                                at /rustc/0e09125c6c3c2fd70d7de961bcf0e51575235fad/library/std/src/thread/mod.rs:528:30
[INFO] [stdout]   41:     0x564b0ddcf637 - core::ops::function::FnOnce::call_once{{vtable.shim}}::h401abbe67897d450
[INFO] [stdout]                                at /rustc/0e09125c6c3c2fd70d7de961bcf0e51575235fad/library/core/src/ops/function.rs:250:5
[INFO] [stdout]   42:     0x564b0de4d165 - <alloc::boxed::Box<F,A> as core::ops::function::FnOnce<Args>>::call_once::h5d7c8f150ab9c84c
[INFO] [stdout]                                at /rustc/0e09125c6c3c2fd70d7de961bcf0e51575235fad/library/alloc/src/boxed.rs:2015:9
[INFO] [stdout]   43:     0x564b0de4d165 - <alloc::boxed::Box<F,A> as core::ops::function::FnOnce<Args>>::call_once::h570d5b005c242c15
[INFO] [stdout]                                at /rustc/0e09125c6c3c2fd70d7de961bcf0e51575235fad/library/alloc/src/boxed.rs:2015:9
[INFO] [stdout]   44:     0x564b0de4d165 - std::sys::unix::thread::Thread::new::thread_start::h36b0a20c0b2361ad
[INFO] [stdout]                                at /rustc/0e09125c6c3c2fd70d7de961bcf0e51575235fad/library/std/src/sys/unix/thread.rs:108:17
[INFO] [stdout]   45:     0x7f19ed2b3ac3 - <unknown>
[INFO] [stdout]   46:     0x7f19ed344bf4 - __clone
[INFO] [stdout]   47:                0x0 - <unknown>
[INFO] [stdout] 
[INFO] [stdout] 
[INFO] [stdout] failures:
[INFO] [stdout]     style::tests::wide_element_style
[INFO] [stdout] 
[INFO] [stdout] test result: FAILED. 44 passed; 1 failed; 0 ignored; 0 measured; 0 filtered out; finished in 0.50s
[INFO] [stdout] 
[INFO] [stderr] error: test failed, to rerun pass `--lib`
[INFO] running `Command { std: "docker" "inspect" "081748e95f27f1bb9ffd16a8ff04897a94c15d4333231ac7c1c5441cccd64f6f", kill_on_drop: false }`
[INFO] running `Command { std: "docker" "rm" "-f" "081748e95f27f1bb9ffd16a8ff04897a94c15d4333231ac7c1c5441cccd64f6f", kill_on_drop: false }`
[INFO] [stdout] 081748e95f27f1bb9ffd16a8ff04897a94c15d4333231ac7c1c5441cccd64f6f
