[INFO] fetching crate git-tcrdd 0.1.0-beta.8...
[INFO] testing git-tcrdd-0.1.0-beta.8 against 1.75.0 for beta-1.76-1
[INFO] extracting crate git-tcrdd 0.1.0-beta.8 into /workspace/builds/worker-7-tc1/source
[INFO] validating manifest of crates.io crate git-tcrdd 0.1.0-beta.8 on toolchain 1.75.0
[INFO] running `Command { std: CARGO_HOME="/workspace/cargo-home" RUSTUP_HOME="/workspace/rustup-home" "/workspace/cargo-home/bin/cargo" "+1.75.0" "metadata" "--manifest-path" "Cargo.toml" "--no-deps", kill_on_drop: false }`
[INFO] started tweaking crates.io crate git-tcrdd 0.1.0-beta.8
[INFO] finished tweaking crates.io crate git-tcrdd 0.1.0-beta.8
[INFO] tweaked toml for crates.io crate git-tcrdd 0.1.0-beta.8 written to /workspace/builds/worker-7-tc1/source/Cargo.toml
[INFO] crate crates.io crate git-tcrdd 0.1.0-beta.8 already has a lockfile, it will not be regenerated
[INFO] running `Command { std: CARGO_HOME="/workspace/cargo-home" RUSTUP_HOME="/workspace/rustup-home" "/workspace/cargo-home/bin/cargo" "+1.75.0" "fetch" "--manifest-path" "Cargo.toml", kill_on_drop: false }`
[INFO] [stderr]     Updating crates.io index
[INFO] [stderr]  Downloading crates ...
[INFO] [stderr]   Downloaded proc-macro-error-attr v0.4.11
[INFO] [stderr]   Downloaded predicates-core v1.0.0
[INFO] [stderr]   Downloaded speculate v0.1.2
[INFO] [stderr]   Downloaded yansi v0.5.0
[INFO] [stderr]   Downloaded predicates-tree v1.0.0
[INFO] [stderr]   Downloaded assert_cmd v0.12.0
[INFO] [stderr]   Downloaded proc-macro-error v0.4.11
[INFO] [stderr]   Downloaded test-case v0.3.3
[INFO] [stderr]   Downloaded regex v1.3.5
[INFO] [stderr]   Downloaded spectral v0.6.0
[INFO] [stderr]   Downloaded pretty_env_logger v0.3.1
[INFO] [stderr]   Downloaded serde_json v1.0.48
[INFO] [stderr]   Downloaded escargot v0.5.0
[INFO] [stderr]   Downloaded predicates v1.0.4
[INFO] running `Command { std: "docker" "create" "-v" "/var/lib/crater-agent-workspace/builds/worker-7-tc1/target:/opt/rustwide/target:rw,Z" "-v" "/var/lib/crater-agent-workspace/builds/worker-7-tc1/source:/opt/rustwide/workdir:ro,Z" "-v" "/var/lib/crater-agent-workspace/cargo-home:/opt/rustwide/cargo-home:ro,Z" "-v" "/var/lib/crater-agent-workspace/rustup-home:/opt/rustwide/rustup-home:ro,Z" "-e" "SOURCE_DIR=/opt/rustwide/workdir" "-e" "CARGO_TARGET_DIR=/opt/rustwide/target" "-e" "CARGO_HOME=/opt/rustwide/cargo-home" "-e" "RUSTUP_HOME=/opt/rustwide/rustup-home" "-w" "/opt/rustwide/workdir" "-m" "1610612736" "--user" "0:0" "--network" "none" "ghcr.io/rust-lang/crates-build-env/linux@sha256:2788e3201cd34a07e3172128adcd8b3090168a8e3bcc40d7c032b9dda1df7d1c" "/opt/rustwide/cargo-home/bin/cargo" "+1.75.0" "metadata" "--no-deps" "--format-version=1", kill_on_drop: false }`
[INFO] [stdout] a0352d43d80f12fa3490fc86d9d7a9dee5a0c65d1417eea498323c08c9d5fb6e
[INFO] running `Command { std: "docker" "start" "-a" "a0352d43d80f12fa3490fc86d9d7a9dee5a0c65d1417eea498323c08c9d5fb6e", kill_on_drop: false }`
[INFO] running `Command { std: "docker" "inspect" "a0352d43d80f12fa3490fc86d9d7a9dee5a0c65d1417eea498323c08c9d5fb6e", kill_on_drop: false }`
[INFO] running `Command { std: "docker" "rm" "-f" "a0352d43d80f12fa3490fc86d9d7a9dee5a0c65d1417eea498323c08c9d5fb6e", kill_on_drop: false }`
[INFO] [stdout] a0352d43d80f12fa3490fc86d9d7a9dee5a0c65d1417eea498323c08c9d5fb6e
[INFO] running `Command { std: "docker" "create" "-v" "/var/lib/crater-agent-workspace/builds/worker-7-tc1/target:/opt/rustwide/target:rw,Z" "-v" "/var/lib/crater-agent-workspace/builds/worker-7-tc1/source:/opt/rustwide/workdir:ro,Z" "-v" "/var/lib/crater-agent-workspace/cargo-home:/opt/rustwide/cargo-home:ro,Z" "-v" "/var/lib/crater-agent-workspace/rustup-home:/opt/rustwide/rustup-home:ro,Z" "-e" "SOURCE_DIR=/opt/rustwide/workdir" "-e" "CARGO_TARGET_DIR=/opt/rustwide/target" "-e" "CARGO_INCREMENTAL=0" "-e" "RUST_BACKTRACE=full" "-e" "RUSTFLAGS=--cap-lints=warn" "-e" "RUSTDOCFLAGS=--cap-lints=warn" "-e" "CARGO_HOME=/opt/rustwide/cargo-home" "-e" "RUSTUP_HOME=/opt/rustwide/rustup-home" "-w" "/opt/rustwide/workdir" "-m" "1610612736" "--user" "0:0" "--network" "none" "ghcr.io/rust-lang/crates-build-env/linux@sha256:2788e3201cd34a07e3172128adcd8b3090168a8e3bcc40d7c032b9dda1df7d1c" "/opt/rustwide/cargo-home/bin/cargo" "+1.75.0" "build" "--frozen" "--message-format=json", kill_on_drop: false }`
[INFO] [stdout] 134a5647807e982c0e353909fe09097300942f167b9b61d72dec9d04accd4990
[INFO] running `Command { std: "docker" "start" "-a" "134a5647807e982c0e353909fe09097300942f167b9b61d72dec9d04accd4990", kill_on_drop: false }`
[INFO] [stderr]    Compiling proc-macro2 v1.0.9
[INFO] [stderr]    Compiling libc v0.2.68
[INFO] [stderr]    Compiling autocfg v1.0.0
[INFO] [stderr]    Compiling unicode-xid v0.2.0
[INFO] [stderr]    Compiling version_check v0.9.1
[INFO] [stderr]    Compiling syn v1.0.17
[INFO] [stderr]    Compiling memchr v2.3.3
[INFO] [stderr]    Compiling lazy_static v1.4.0
[INFO] [stderr]    Compiling bitflags v1.2.1
[INFO] [stderr]    Compiling log v0.4.8
[INFO] [stderr]    Compiling regex-syntax v0.6.17
[INFO] [stderr]    Compiling quick-error v1.2.3
[INFO] [stderr]    Compiling unicode-segmentation v1.6.0
[INFO] [stderr]    Compiling unicode-width v0.1.7
[INFO] [stderr]    Compiling cfg-if v0.1.10
[INFO] [stderr]    Compiling vec_map v0.8.1
[INFO] [stderr]    Compiling termcolor v1.1.0
[INFO] [stderr]    Compiling thread_local v1.0.1
[INFO] [stderr]    Compiling textwrap v0.11.0
[INFO] [stderr]    Compiling humantime v1.3.0
[INFO] [stderr]    Compiling strsim v0.8.0
[INFO] [stderr]    Compiling ansi_term v0.11.0
[INFO] [stderr]    Compiling yansi v0.5.0
[INFO] [stderr]    Compiling proc-macro-error-attr v0.4.11
[INFO] [stderr]    Compiling proc-macro-error v0.4.11
[INFO] [stderr]    Compiling shlex v0.1.1
[INFO] [stderr]    Compiling aho-corasick v0.7.10
[INFO] [stderr]    Compiling heck v0.3.1
[INFO] [stderr]    Compiling num-traits v0.2.11
[INFO] [stderr]    Compiling num-integer v0.1.42
[INFO] [stderr]    Compiling quote v1.0.3
[INFO] [stderr]    Compiling atty v0.2.14
[INFO] [stderr]    Compiling time v0.1.42
[INFO] [stderr]    Compiling clap v2.33.0
[INFO] [stderr]    Compiling regex v1.3.5
[INFO] [stderr]    Compiling chrono v0.4.11
[INFO] [stderr]    Compiling env_logger v0.6.2
[INFO] [stderr]    Compiling pretty_env_logger v0.3.1
[INFO] [stderr]    Compiling syn-mid v0.5.0
[INFO] [stderr]    Compiling structopt-derive v0.4.5
[INFO] [stderr]    Compiling structopt v0.3.12
[INFO] [stderr]    Compiling git-tcrdd v0.1.0-beta.8 (/opt/rustwide/workdir)
[INFO] [stderr]     Finished dev [unoptimized + debuginfo] target(s) in 14.94s
[INFO] running `Command { std: "docker" "inspect" "134a5647807e982c0e353909fe09097300942f167b9b61d72dec9d04accd4990", kill_on_drop: false }`
[INFO] running `Command { std: "docker" "rm" "-f" "134a5647807e982c0e353909fe09097300942f167b9b61d72dec9d04accd4990", kill_on_drop: false }`
[INFO] [stdout] 134a5647807e982c0e353909fe09097300942f167b9b61d72dec9d04accd4990
[INFO] running `Command { std: "docker" "create" "-v" "/var/lib/crater-agent-workspace/builds/worker-7-tc1/target:/opt/rustwide/target:rw,Z" "-v" "/var/lib/crater-agent-workspace/builds/worker-7-tc1/source:/opt/rustwide/workdir:ro,Z" "-v" "/var/lib/crater-agent-workspace/cargo-home:/opt/rustwide/cargo-home:ro,Z" "-v" "/var/lib/crater-agent-workspace/rustup-home:/opt/rustwide/rustup-home:ro,Z" "-e" "SOURCE_DIR=/opt/rustwide/workdir" "-e" "CARGO_TARGET_DIR=/opt/rustwide/target" "-e" "CARGO_INCREMENTAL=0" "-e" "RUST_BACKTRACE=full" "-e" "RUSTFLAGS=--cap-lints=warn" "-e" "RUSTDOCFLAGS=--cap-lints=warn" "-e" "CARGO_HOME=/opt/rustwide/cargo-home" "-e" "RUSTUP_HOME=/opt/rustwide/rustup-home" "-w" "/opt/rustwide/workdir" "-m" "1610612736" "--user" "0:0" "--network" "none" "ghcr.io/rust-lang/crates-build-env/linux@sha256:2788e3201cd34a07e3172128adcd8b3090168a8e3bcc40d7c032b9dda1df7d1c" "/opt/rustwide/cargo-home/bin/cargo" "+1.75.0" "test" "--frozen" "--no-run" "--message-format=json", kill_on_drop: false }`
[INFO] [stdout] 5b500975268d2926a42f4c89f1e190e939e5dd2471c0ce5c83cdd01362ea10c9
[INFO] running `Command { std: "docker" "start" "-a" "5b500975268d2926a42f4c89f1e190e939e5dd2471c0ce5c83cdd01362ea10c9", kill_on_drop: false }`
[INFO] [stderr]    Compiling getrandom v0.1.14
[INFO] [stderr]    Compiling proc-macro2 v0.4.30
[INFO] [stderr]    Compiling serde v1.0.105
[INFO] [stderr]    Compiling rustc-serialize v0.3.24
[INFO] [stderr]    Compiling ryu v1.0.3
[INFO] [stderr]    Compiling rand v0.4.6
[INFO] [stderr]    Compiling num-iter v0.1.40
[INFO] [stderr]    Compiling unicode-xid v0.1.0
[INFO] [stderr]    Compiling itoa v0.4.5
[INFO] [stderr]    Compiling serde_derive v1.0.105
[INFO] [stderr]    Compiling predicates-core v1.0.0
[INFO] [stderr]    Compiling doc-comment v0.3.3
[INFO] [stderr]    Compiling escargot v0.5.0
[INFO] [stderr]    Compiling ppv-lite86 v0.2.6
[INFO] [stderr]    Compiling test-case v0.3.3
[INFO] [stderr]    Compiling treeline v0.1.0
[INFO] [stderr]    Compiling difference v2.0.0
[INFO] [stderr]    Compiling predicates-tree v1.0.0
[INFO] [stderr]    Compiling remove_dir_all v0.5.2
[INFO] [stderr]    Compiling predicates v1.0.4
[INFO] [stderr]    Compiling rand_core v0.5.1
[INFO] [stderr]    Compiling rand_chacha v0.2.2
[INFO] [stderr]    Compiling quote v0.6.13
[INFO] [stderr]    Compiling rand v0.7.3
[INFO] [stderr]    Compiling syn v0.14.9
[INFO] [stderr]    Compiling tempfile v3.1.0
[INFO] [stderr]    Compiling num-bigint v0.1.44
[INFO] [stderr]    Compiling num-complex v0.1.43
[INFO] [stderr]    Compiling num-rational v0.1.42
[INFO] [stderr]    Compiling num v0.1.42
[INFO] [stderr]    Compiling spectral v0.6.0
[INFO] [stderr]    Compiling speculate v0.1.2
[INFO] [stderr]    Compiling serde_json v1.0.48
[INFO] [stderr]    Compiling assert_cmd v0.12.0
[INFO] [stderr]    Compiling git-tcrdd v0.1.0-beta.8 (/opt/rustwide/workdir)
[INFO] [stdout] warning: unused import: `smoke_assertion::*`
[INFO] [stdout]   --> tests/fixture/mod.rs:11:9
[INFO] [stdout]    |
[INFO] [stdout] 11 | pub use smoke_assertion::*;
[INFO] [stdout]    |         ^^^^^^^^^^^^^^^^^^
[INFO] [stdout]    |
[INFO] [stdout]    = note: `#[warn(unused_imports)]` on by default
[INFO] [stdout] 
[INFO] [stdout] 
[INFO] [stdout] warning: unused import: `smoke_assertion::*`
[INFO] [stdout]   --> tests/fixture/mod.rs:11:9
[INFO] [stdout]    |
[INFO] [stdout] 11 | pub use smoke_assertion::*;
[INFO] [stdout]    |         ^^^^^^^^^^^^^^^^^^
[INFO] [stdout]    |
[INFO] [stdout]    = note: `#[warn(unused_imports)]` on by default
[INFO] [stdout] 
[INFO] [stdout] 
[INFO] [stdout] warning: unused import: `smoke_assertion::*`
[INFO] [stdout]   --> tests/fixture/mod.rs:11:9
[INFO] [stdout]    |
[INFO] [stdout] 11 | pub use smoke_assertion::*;
[INFO] [stdout]    |         ^^^^^^^^^^^^^^^^^^
[INFO] [stdout]    |
[INFO] [stdout]    = note: `#[warn(unused_imports)]` on by default
[INFO] [stdout] 
[INFO] [stdout] 
[INFO] [stdout] warning: unused import: `smoke_assertion::*`
[INFO] [stdout]   --> tests/fixture/mod.rs:11:9
[INFO] [stdout]    |
[INFO] [stdout] 11 | pub use smoke_assertion::*;
[INFO] [stdout]    |         ^^^^^^^^^^^^^^^^^^
[INFO] [stdout]    |
[INFO] [stdout]    = note: `#[warn(unused_imports)]` on by default
[INFO] [stdout] 
[INFO] [stdout] 
[INFO] [stdout] warning: unused import: `smoke_assertion::*`
[INFO] [stdout]   --> tests/fixture/mod.rs:11:9
[INFO] [stdout]    |
[INFO] [stdout] 11 | pub use smoke_assertion::*;
[INFO] [stdout]    |         ^^^^^^^^^^^^^^^^^^
[INFO] [stdout]    |
[INFO] [stdout]    = note: `#[warn(unused_imports)]` on by default
[INFO] [stdout] 
[INFO] [stdout] 
[INFO] [stdout] warning: unused import: `smoke_assertion::*`
[INFO] [stdout]   --> tests/fixture/mod.rs:11:9
[INFO] [stdout]    |
[INFO] [stdout] 11 | pub use smoke_assertion::*;
[INFO] [stdout]    |         ^^^^^^^^^^^^^^^^^^
[INFO] [stdout]    |
[INFO] [stdout]    = note: `#[warn(unused_imports)]` on by default
[INFO] [stdout] 
[INFO] [stdout] 
[INFO] [stdout] warning: unused import: `smoke_assertion::*`
[INFO] [stdout]   --> tests/fixture/mod.rs:11:9
[INFO] [stdout]    |
[INFO] [stdout] 11 | pub use smoke_assertion::*;
[INFO] [stdout]    |         ^^^^^^^^^^^^^^^^^^
[INFO] [stdout]    |
[INFO] [stdout]    = note: `#[warn(unused_imports)]` on by default
[INFO] [stdout] 
[INFO] [stdout] 
[INFO] [stdout] warning: constant `THIRD_CONTENT` is never used
[INFO] [stdout]   --> tests/fixture/test_repository.rs:10:11
[INFO] [stdout]    |
[INFO] [stdout] 10 | pub const THIRD_CONTENT: &str = "third content";
[INFO] [stdout]    |           ^^^^^^^^^^^^^
[INFO] [stdout]    |
[INFO] [stdout]    = note: `#[warn(dead_code)]` on by default
[INFO] [stdout] 
[INFO] [stdout] 
[INFO] [stdout] warning: methods `changes_reverted_in_the_working_file`, `has_new_commit`, `head_is_same_as`, `head_is_different_from`, `head_is_failing_ref`, and `head_is_not_failing_ref` are never used
[INFO] [stdout]    --> tests/fixture/test_repository.rs:92:9
[INFO] [stdout]     |
[INFO] [stdout] 17  | impl TestRepository {
[INFO] [stdout]     | ------------------- methods in this implementation
[INFO] [stdout] ...
[INFO] [stdout] 92  |     pub fn changes_reverted_in_the_working_file(&self) -> bool {
[INFO] [stdout]     |            ^^^^^^^^^^^^^^^^^^^^^^^^^^^^^^^^^^^^
[INFO] [stdout] ...
[INFO] [stdout] 155 |     pub fn has_new_commit(&self) -> bool {
[INFO] [stdout]     |            ^^^^^^^^^^^^^^
[INFO] [stdout] ...
[INFO] [stdout] 159 |     fn head_is_same_as(&self, commit_hash_other: io::Result<String>) -> bool {
[INFO] [stdout]     |        ^^^^^^^^^^^^^^^
[INFO] [stdout] ...
[INFO] [stdout] 168 |     pub fn head_is_different_from(&self, commit_hash_other: io::Result<String>) -> bool {
[INFO] [stdout]     |            ^^^^^^^^^^^^^^^^^^^^^^
[INFO] [stdout] ...
[INFO] [stdout] 172 |     pub fn head_is_failing_ref(&self) -> bool {
[INFO] [stdout]     |            ^^^^^^^^^^^^^^^^^^^
[INFO] [stdout] ...
[INFO] [stdout] 178 |     pub fn head_is_not_failing_ref(&self) -> bool {
[INFO] [stdout]     |            ^^^^^^^^^^^^^^^^^^^^^^^
[INFO] [stdout] 
[INFO] [stdout] 
[INFO] [stdout] warning: function `before_each` is never used
[INFO] [stdout]  --> tests/fixture/smoke_assertion.rs:5:8
[INFO] [stdout]   |
[INFO] [stdout] 5 | pub fn before_each() {
[INFO] [stdout]   |        ^^^^^^^^^^^
[INFO] [stdout] 
[INFO] [stdout] 
[INFO] [stdout] warning: function `assert_smoke_in_output_contains` is never used
[INFO] [stdout]  --> tests/fixture/smoke_assertion.rs:9:4
[INFO] [stdout]   |
[INFO] [stdout] 9 | fn assert_smoke_in_output_contains(output: &Output, subject: &str) {
[INFO] [stdout]   |    ^^^^^^^^^^^^^^^^^^^^^^^^^^^^^^^
[INFO] [stdout] 
[INFO] [stdout] 
[INFO] [stdout] warning: function `assert_smoke_committed` is never used
[INFO] [stdout]   --> tests/fixture/smoke_assertion.rs:14:8
[INFO] [stdout]    |
[INFO] [stdout] 14 | pub fn assert_smoke_committed(output: &Output) {
[INFO] [stdout]    |        ^^^^^^^^^^^^^^^^^^^^^^
[INFO] [stdout] 
[INFO] [stdout] 
[INFO] [stdout] warning: function `assert_smoke_reverted` is never used
[INFO] [stdout]   --> tests/fixture/smoke_assertion.rs:18:8
[INFO] [stdout]    |
[INFO] [stdout] 18 | pub fn assert_smoke_reverted(output: &Output) {
[INFO] [stdout]    |        ^^^^^^^^^^^^^^^^^^^^^
[INFO] [stdout] 
[INFO] [stdout] 
[INFO] [stdout] warning: constant `THIRD_CONTENT` is never used
[INFO] [stdout]   --> tests/fixture/test_repository.rs:10:11
[INFO] [stdout]    |
[INFO] [stdout] 10 | pub const THIRD_CONTENT: &str = "third content";
[INFO] [stdout]    |           ^^^^^^^^^^^^^
[INFO] [stdout]    |
[INFO] [stdout]    = note: `#[warn(dead_code)]` on by default
[INFO] [stdout] 
[INFO] [stdout] 
[INFO] [stdout] warning: methods `changes_reverted_in_the_working_file`, `is_dirty`, `head_is_same_as`, `head_is_different_from`, `head_is_failing_ref`, and `head_is_not_failing_ref` are never used
[INFO] [stdout]    --> tests/fixture/test_repository.rs:92:9
[INFO] [stdout]     |
[INFO] [stdout] 17  | impl TestRepository {
[INFO] [stdout]     | ------------------- methods in this implementation
[INFO] [stdout] ...
[INFO] [stdout] 92  |     pub fn changes_reverted_in_the_working_file(&self) -> bool {
[INFO] [stdout]     |            ^^^^^^^^^^^^^^^^^^^^^^^^^^^^^^^^^^^^
[INFO] [stdout] ...
[INFO] [stdout] 129 |     pub fn is_dirty(&self) -> bool {
[INFO] [stdout]     |            ^^^^^^^^
[INFO] [stdout] ...
[INFO] [stdout] 159 |     fn head_is_same_as(&self, commit_hash_other: io::Result<String>) -> bool {
[INFO] [stdout]     |        ^^^^^^^^^^^^^^^
[INFO] [stdout] ...
[INFO] [stdout] 168 |     pub fn head_is_different_from(&self, commit_hash_other: io::Result<String>) -> bool {
[INFO] [stdout]     |            ^^^^^^^^^^^^^^^^^^^^^^
[INFO] [stdout] ...
[INFO] [stdout] 172 |     pub fn head_is_failing_ref(&self) -> bool {
[INFO] [stdout]     |            ^^^^^^^^^^^^^^^^^^^
[INFO] [stdout] ...
[INFO] [stdout] 178 |     pub fn head_is_not_failing_ref(&self) -> bool {
[INFO] [stdout]     |            ^^^^^^^^^^^^^^^^^^^^^^^
[INFO] [stdout] 
[INFO] [stdout] 
[INFO] [stdout] warning: function `execute_cli_with` is never used
[INFO] [stdout]  --> tests/fixture/execute_cli.rs:9:8
[INFO] [stdout]   |
[INFO] [stdout] 9 | pub fn execute_cli_with(args: &[&str]) -> Assert {
[INFO] [stdout]   |        ^^^^^^^^^^^^^^^^
[INFO] [stdout]   |
[INFO] [stdout]   = note: `#[warn(dead_code)]` on by default
[INFO] [stdout] 
[INFO] [stdout] 
[INFO] [stdout] warning: constant `THIRD_CONTENT` is never used
[INFO] [stdout]   --> tests/fixture/test_repository.rs:10:11
[INFO] [stdout]    |
[INFO] [stdout] 10 | pub const THIRD_CONTENT: &str = "third content";
[INFO] [stdout]    |           ^^^^^^^^^^^^^
[INFO] [stdout] 
[INFO] [stdout] 
[INFO] [stdout] warning: function `before_each` is never used
[INFO] [stdout]  --> tests/fixture/smoke_assertion.rs:5:8
[INFO] [stdout]   |
[INFO] [stdout] 5 | pub fn before_each() {
[INFO] [stdout]   |        ^^^^^^^^^^^
[INFO] [stdout] 
[INFO] [stdout] 
[INFO] [stdout] warning: methods `changes_reverted_in_the_working_file`, `head_is_same_as`, `head_is_different_from`, `head_is_failing_ref`, and `head_is_not_failing_ref` are never used
[INFO] [stdout]    --> tests/fixture/test_repository.rs:92:9
[INFO] [stdout]     |
[INFO] [stdout] 17  | impl TestRepository {
[INFO] [stdout]     | ------------------- methods in this implementation
[INFO] [stdout] ...
[INFO] [stdout] 92  |     pub fn changes_reverted_in_the_working_file(&self) -> bool {
[INFO] [stdout]     |            ^^^^^^^^^^^^^^^^^^^^^^^^^^^^^^^^^^^^
[INFO] [stdout] ...
[INFO] [stdout] 159 |     fn head_is_same_as(&self, commit_hash_other: io::Result<String>) -> bool {
[INFO] [stdout]     |        ^^^^^^^^^^^^^^^
[INFO] [stdout] ...
[INFO] [stdout] 168 |     pub fn head_is_different_from(&self, commit_hash_other: io::Result<String>) -> bool {
[INFO] [stdout]     |            ^^^^^^^^^^^^^^^^^^^^^^
[INFO] [stdout] ...
[INFO] [stdout] 172 |     pub fn head_is_failing_ref(&self) -> bool {
[INFO] [stdout]     |            ^^^^^^^^^^^^^^^^^^^
[INFO] [stdout] ...
[INFO] [stdout] 178 |     pub fn head_is_not_failing_ref(&self) -> bool {
[INFO] [stdout]     |            ^^^^^^^^^^^^^^^^^^^^^^^
[INFO] [stdout] 
[INFO] [stdout] 
[INFO] [stdout] warning: function `assert_smoke_in_output_contains` is never used
[INFO] [stdout]  --> tests/fixture/smoke_assertion.rs:9:4
[INFO] [stdout]   |
[INFO] [stdout] 9 | fn assert_smoke_in_output_contains(output: &Output, subject: &str) {
[INFO] [stdout]   |    ^^^^^^^^^^^^^^^^^^^^^^^^^^^^^^^
[INFO] [stdout] 
[INFO] [stdout] 
[INFO] [stdout] warning: function `before_each` is never used
[INFO] [stdout]  --> tests/fixture/smoke_assertion.rs:5:8
[INFO] [stdout]   |
[INFO] [stdout] 5 | pub fn before_each() {
[INFO] [stdout]   |        ^^^^^^^^^^^
[INFO] [stdout] 
[INFO] [stdout] 
[INFO] [stdout] warning: function `assert_smoke_in_output_contains` is never used
[INFO] [stdout]  --> tests/fixture/smoke_assertion.rs:9:4
[INFO] [stdout]   |
[INFO] [stdout] 9 | fn assert_smoke_in_output_contains(output: &Output, subject: &str) {
[INFO] [stdout]   |    ^^^^^^^^^^^^^^^^^^^^^^^^^^^^^^^
[INFO] [stdout] 
[INFO] [stdout] 
[INFO] [stdout] warning: function `assert_smoke_committed` is never used
[INFO] [stdout]   --> tests/fixture/smoke_assertion.rs:14:8
[INFO] [stdout]    |
[INFO] [stdout] 14 | pub fn assert_smoke_committed(output: &Output) {
[INFO] [stdout]    |        ^^^^^^^^^^^^^^^^^^^^^^
[INFO] [stdout] 
[INFO] [stdout] 
[INFO] [stdout] warning: function `assert_smoke_reverted` is never used
[INFO] [stdout]   --> tests/fixture/smoke_assertion.rs:18:8
[INFO] [stdout]    |
[INFO] [stdout] 18 | pub fn assert_smoke_reverted(output: &Output) {
[INFO] [stdout]    |        ^^^^^^^^^^^^^^^^^^^^^
[INFO] [stdout] 
[INFO] [stdout] 
[INFO] [stdout] warning: function `assert_smoke_committed` is never used
[INFO] [stdout]   --> tests/fixture/smoke_assertion.rs:14:8
[INFO] [stdout]    |
[INFO] [stdout] 14 | pub fn assert_smoke_committed(output: &Output) {
[INFO] [stdout]    |        ^^^^^^^^^^^^^^^^^^^^^^
[INFO] [stdout] 
[INFO] [stdout] 
[INFO] [stdout] warning: function `assert_smoke_reverted` is never used
[INFO] [stdout]   --> tests/fixture/smoke_assertion.rs:18:8
[INFO] [stdout]    |
[INFO] [stdout] 18 | pub fn assert_smoke_reverted(output: &Output) {
[INFO] [stdout]    |        ^^^^^^^^^^^^^^^^^^^^^
[INFO] [stdout] 
[INFO] [stdout] 
[INFO] [stdout] warning: constant `THIRD_CONTENT` is never used
[INFO] [stdout]   --> tests/fixture/test_repository.rs:10:11
[INFO] [stdout]    |
[INFO] [stdout] 10 | pub const THIRD_CONTENT: &str = "third content";
[INFO] [stdout]    |           ^^^^^^^^^^^^^
[INFO] [stdout]    |
[INFO] [stdout]    = note: `#[warn(dead_code)]` on by default
[INFO] [stdout] 
[INFO] [stdout] 
[INFO] [stdout] warning: methods `is_dirty` and `head_is_different_from` are never used
[INFO] [stdout]    --> tests/fixture/test_repository.rs:129:9
[INFO] [stdout]     |
[INFO] [stdout] 17  | impl TestRepository {
[INFO] [stdout]     | ------------------- methods in this implementation
[INFO] [stdout] ...
[INFO] [stdout] 129 |     pub fn is_dirty(&self) -> bool {
[INFO] [stdout]     |            ^^^^^^^^
[INFO] [stdout] ...
[INFO] [stdout] 168 |     pub fn head_is_different_from(&self, commit_hash_other: io::Result<String>) -> bool {
[INFO] [stdout]     |            ^^^^^^^^^^^^^^^^^^^^^^
[INFO] [stdout] 
[INFO] [stdout] 
[INFO] [stdout] warning: function `before_each` is never used
[INFO] [stdout]  --> tests/fixture/smoke_assertion.rs:5:8
[INFO] [stdout]   |
[INFO] [stdout] 5 | pub fn before_each() {
[INFO] [stdout]   |        ^^^^^^^^^^^
[INFO] [stdout] 
[INFO] [stdout] 
[INFO] [stdout] warning: constant `THIRD_CONTENT` is never used
[INFO] [stdout]   --> tests/fixture/test_repository.rs:10:11
[INFO] [stdout]    |
[INFO] [stdout] 10 | pub const THIRD_CONTENT: &str = "third content";
[INFO] [stdout]    |           ^^^^^^^^^^^^^
[INFO] [stdout]    |
[INFO] [stdout]    = note: `#[warn(dead_code)]` on by default
[INFO] [stdout] 
[INFO] [stdout] 
[INFO] [stdout] warning: methods `changes_reverted_in_the_working_file`, `has_new_commit`, `head_is_same_as`, `head_is_different_from`, `head_is_failing_ref`, and `head_is_not_failing_ref` are never used
[INFO] [stdout]    --> tests/fixture/test_repository.rs:92:9
[INFO] [stdout]     |
[INFO] [stdout] 17  | impl TestRepository {
[INFO] [stdout]     | ------------------- methods in this implementation
[INFO] [stdout] ...
[INFO] [stdout] 92  |     pub fn changes_reverted_in_the_working_file(&self) -> bool {
[INFO] [stdout]     |            ^^^^^^^^^^^^^^^^^^^^^^^^^^^^^^^^^^^^
[INFO] [stdout] ...
[INFO] [stdout] 155 |     pub fn has_new_commit(&self) -> bool {
[INFO] [stdout]     |            ^^^^^^^^^^^^^^
[INFO] [stdout] ...
[INFO] [stdout] 159 |     fn head_is_same_as(&self, commit_hash_other: io::Result<String>) -> bool {
[INFO] [stdout]     |        ^^^^^^^^^^^^^^^
[INFO] [stdout] ...
[INFO] [stdout] 168 |     pub fn head_is_different_from(&self, commit_hash_other: io::Result<String>) -> bool {
[INFO] [stdout]     |            ^^^^^^^^^^^^^^^^^^^^^^
[INFO] [stdout] ...
[INFO] [stdout] 172 |     pub fn head_is_failing_ref(&self) -> bool {
[INFO] [stdout]     |            ^^^^^^^^^^^^^^^^^^^
[INFO] [stdout] ...
[INFO] [stdout] 178 |     pub fn head_is_not_failing_ref(&self) -> bool {
[INFO] [stdout]     |            ^^^^^^^^^^^^^^^^^^^^^^^
[INFO] [stdout] 
[INFO] [stdout] 
[INFO] [stdout] warning: function `before_each` is never used
[INFO] [stdout]  --> tests/fixture/smoke_assertion.rs:5:8
[INFO] [stdout]   |
[INFO] [stdout] 5 | pub fn before_each() {
[INFO] [stdout]   |        ^^^^^^^^^^^
[INFO] [stdout] 
[INFO] [stdout] 
[INFO] [stdout] warning: function `assert_smoke_reverted` is never used
[INFO] [stdout]   --> tests/fixture/smoke_assertion.rs:18:8
[INFO] [stdout]    |
[INFO] [stdout] 18 | pub fn assert_smoke_reverted(output: &Output) {
[INFO] [stdout]    |        ^^^^^^^^^^^^^^^^^^^^^
[INFO] [stdout] 
[INFO] [stdout] 
[INFO] [stdout] warning: methods `is_dirty` and `head_is_not_failing_ref` are never used
[INFO] [stdout]    --> tests/fixture/test_repository.rs:129:9
[INFO] [stdout]     |
[INFO] [stdout] 17  | impl TestRepository {
[INFO] [stdout]     | ------------------- methods in this implementation
[INFO] [stdout] ...
[INFO] [stdout] 129 |     pub fn is_dirty(&self) -> bool {
[INFO] [stdout]     |            ^^^^^^^^
[INFO] [stdout] ...
[INFO] [stdout] 178 |     pub fn head_is_not_failing_ref(&self) -> bool {
[INFO] [stdout]     |            ^^^^^^^^^^^^^^^^^^^^^^^
[INFO] [stdout]     |
[INFO] [stdout]     = note: `#[warn(dead_code)]` on by default
[INFO] [stdout] 
[INFO] [stdout] 
[INFO] [stdout] warning: function `before_each` is never used
[INFO] [stdout]  --> tests/fixture/smoke_assertion.rs:5:8
[INFO] [stdout]   |
[INFO] [stdout] 5 | pub fn before_each() {
[INFO] [stdout]   |        ^^^^^^^^^^^
[INFO] [stdout] 
[INFO] [stdout] 
[INFO] [stdout] warning: constant `THIRD_CONTENT` is never used
[INFO] [stdout]   --> tests/fixture/test_repository.rs:10:11
[INFO] [stdout]    |
[INFO] [stdout] 10 | pub const THIRD_CONTENT: &str = "third content";
[INFO] [stdout]    |           ^^^^^^^^^^^^^
[INFO] [stdout]    |
[INFO] [stdout]    = note: `#[warn(dead_code)]` on by default
[INFO] [stdout] 
[INFO] [stdout] 
[INFO] [stdout] warning: methods `changes_reverted_in_the_working_file`, `is_dirty`, `head_is_same_as`, `head_is_different_from`, `head_is_failing_ref`, and `head_is_not_failing_ref` are never used
[INFO] [stdout]    --> tests/fixture/test_repository.rs:92:9
[INFO] [stdout]     |
[INFO] [stdout] 17  | impl TestRepository {
[INFO] [stdout]     | ------------------- methods in this implementation
[INFO] [stdout] ...
[INFO] [stdout] 92  |     pub fn changes_reverted_in_the_working_file(&self) -> bool {
[INFO] [stdout]     |            ^^^^^^^^^^^^^^^^^^^^^^^^^^^^^^^^^^^^
[INFO] [stdout] ...
[INFO] [stdout] 129 |     pub fn is_dirty(&self) -> bool {
[INFO] [stdout]     |            ^^^^^^^^
[INFO] [stdout] ...
[INFO] [stdout] 159 |     fn head_is_same_as(&self, commit_hash_other: io::Result<String>) -> bool {
[INFO] [stdout]     |        ^^^^^^^^^^^^^^^
[INFO] [stdout] ...
[INFO] [stdout] 168 |     pub fn head_is_different_from(&self, commit_hash_other: io::Result<String>) -> bool {
[INFO] [stdout]     |            ^^^^^^^^^^^^^^^^^^^^^^
[INFO] [stdout] ...
[INFO] [stdout] 172 |     pub fn head_is_failing_ref(&self) -> bool {
[INFO] [stdout]     |            ^^^^^^^^^^^^^^^^^^^
[INFO] [stdout] ...
[INFO] [stdout] 178 |     pub fn head_is_not_failing_ref(&self) -> bool {
[INFO] [stdout]     |            ^^^^^^^^^^^^^^^^^^^^^^^
[INFO] [stdout] 
[INFO] [stdout] 
[INFO] [stdout] warning: function `before_each` is never used
[INFO] [stdout]  --> tests/fixture/smoke_assertion.rs:5:8
[INFO] [stdout]   |
[INFO] [stdout] 5 | pub fn before_each() {
[INFO] [stdout]   |        ^^^^^^^^^^^
[INFO] [stdout] 
[INFO] [stdout] 
[INFO] [stdout] warning: function `assert_smoke_in_output_contains` is never used
[INFO] [stdout]  --> tests/fixture/smoke_assertion.rs:9:4
[INFO] [stdout]   |
[INFO] [stdout] 9 | fn assert_smoke_in_output_contains(output: &Output, subject: &str) {
[INFO] [stdout]   |    ^^^^^^^^^^^^^^^^^^^^^^^^^^^^^^^
[INFO] [stdout] 
[INFO] [stdout] 
[INFO] [stdout] warning: function `assert_smoke_committed` is never used
[INFO] [stdout]   --> tests/fixture/smoke_assertion.rs:14:8
[INFO] [stdout]    |
[INFO] [stdout] 14 | pub fn assert_smoke_committed(output: &Output) {
[INFO] [stdout]    |        ^^^^^^^^^^^^^^^^^^^^^^
[INFO] [stdout] 
[INFO] [stdout] 
[INFO] [stdout] warning: function `assert_smoke_reverted` is never used
[INFO] [stdout]   --> tests/fixture/smoke_assertion.rs:18:8
[INFO] [stdout]    |
[INFO] [stdout] 18 | pub fn assert_smoke_reverted(output: &Output) {
[INFO] [stdout]    |        ^^^^^^^^^^^^^^^^^^^^^
[INFO] [stdout] 
[INFO] [stdout] 
[INFO] [stdout] warning: 7 warnings emitted
[INFO] [stdout] 
[INFO] [stdout] 
[INFO] [stdout] warning: 8 warnings emitted
[INFO] [stdout] 
[INFO] [stdout] 
[INFO] [stdout] warning: 7 warnings emitted
[INFO] [stdout] 
[INFO] [stdout] 
[INFO] [stdout] warning: 3 warnings emitted
[INFO] [stdout] 
[INFO] [stdout] 
[INFO] [stdout] warning: 7 warnings emitted
[INFO] [stdout] 
[INFO] [stdout] 
[INFO] [stdout] warning: 5 warnings emitted
[INFO] [stdout] 
[INFO] [stdout] 
[INFO] [stdout] warning: 4 warnings emitted
[INFO] [stdout] 
[INFO] [stdout] 
[INFO] [stderr]     Finished test [unoptimized + debuginfo] target(s) in 14.61s
[INFO] [stderr] warning: the following packages contain code that will be rejected by a future version of Rust: rustc-serialize v0.3.24, syn v0.14.9
[INFO] [stderr] note: to see what the problems were, use the option `--future-incompat-report`, or run `cargo report future-incompatibilities --id 1`
[INFO] running `Command { std: "docker" "inspect" "5b500975268d2926a42f4c89f1e190e939e5dd2471c0ce5c83cdd01362ea10c9", kill_on_drop: false }`
[INFO] running `Command { std: "docker" "rm" "-f" "5b500975268d2926a42f4c89f1e190e939e5dd2471c0ce5c83cdd01362ea10c9", kill_on_drop: false }`
[INFO] [stdout] 5b500975268d2926a42f4c89f1e190e939e5dd2471c0ce5c83cdd01362ea10c9
[INFO] running `Command { std: "docker" "create" "-v" "/var/lib/crater-agent-workspace/builds/worker-7-tc1/target:/opt/rustwide/target:rw,Z" "-v" "/var/lib/crater-agent-workspace/builds/worker-7-tc1/source:/opt/rustwide/workdir:ro,Z" "-v" "/var/lib/crater-agent-workspace/cargo-home:/opt/rustwide/cargo-home:ro,Z" "-v" "/var/lib/crater-agent-workspace/rustup-home:/opt/rustwide/rustup-home:ro,Z" "-e" "SOURCE_DIR=/opt/rustwide/workdir" "-e" "CARGO_TARGET_DIR=/opt/rustwide/target" "-e" "CARGO_INCREMENTAL=0" "-e" "RUST_BACKTRACE=full" "-e" "RUSTFLAGS=--cap-lints=warn" "-e" "RUSTDOCFLAGS=--cap-lints=warn" "-e" "CARGO_HOME=/opt/rustwide/cargo-home" "-e" "RUSTUP_HOME=/opt/rustwide/rustup-home" "-w" "/opt/rustwide/workdir" "-m" "1610612736" "--user" "0:0" "--network" "none" "ghcr.io/rust-lang/crates-build-env/linux@sha256:2788e3201cd34a07e3172128adcd8b3090168a8e3bcc40d7c032b9dda1df7d1c" "/opt/rustwide/cargo-home/bin/cargo" "+1.75.0" "test" "--frozen", kill_on_drop: false }`
[INFO] [stdout] 21c4caea2f6f9ce9db94200aeb84b23f734ad05a9ab5d813a0f976a9a941b37f
[INFO] running `Command { std: "docker" "start" "-a" "21c4caea2f6f9ce9db94200aeb84b23f734ad05a9ab5d813a0f976a9a941b37f", kill_on_drop: false }`
[INFO] [stderr] warning: unused import: `smoke_assertion::*`
[INFO] [stderr]   --> tests/fixture/mod.rs:11:9
[INFO] [stderr]    |
[INFO] [stderr] 11 | pub use smoke_assertion::*;
[INFO] [stderr]    |         ^^^^^^^^^^^^^^^^^^
[INFO] [stderr]    |
[INFO] [stderr]    = note: `#[warn(unused_imports)]` on by default
[INFO] [stderr] 
[INFO] [stderr] warning: methods `is_dirty` and `head_is_not_failing_ref` are never used
[INFO] [stderr]    --> tests/fixture/test_repository.rs:129:9
[INFO] [stderr]     |
[INFO] [stderr] 17  | impl TestRepository {
[INFO] [stderr]     | ------------------- methods in this implementation
[INFO] [stderr] ...
[INFO] [stderr] 129 |     pub fn is_dirty(&self) -> bool {
[INFO] [stderr]     |            ^^^^^^^^
[INFO] [stderr] ...
[INFO] [stderr] 178 |     pub fn head_is_not_failing_ref(&self) -> bool {
[INFO] [stderr]     |            ^^^^^^^^^^^^^^^^^^^^^^^
[INFO] [stderr]     |
[INFO] [stderr]     = note: `#[warn(dead_code)]` on by default
[INFO] [stderr] 
[INFO] [stderr] warning: function `before_each` is never used
[INFO] [stderr]  --> tests/fixture/smoke_assertion.rs:5:8
[INFO] [stderr]   |
[INFO] [stderr] 5 | pub fn before_each() {
[INFO] [stderr]   |        ^^^^^^^^^^^
[INFO] [stderr] 
[INFO] [stderr] warning: function `execute_cli_with` is never used
[INFO] [stderr]  --> tests/fixture/execute_cli.rs:9:8
[INFO] [stderr]   |
[INFO] [stderr] 9 | pub fn execute_cli_with(args: &[&str]) -> Assert {
[INFO] [stderr]   |        ^^^^^^^^^^^^^^^^
[INFO] [stderr]   |
[INFO] [stderr]   = note: `#[warn(dead_code)]` on by default
[INFO] [stderr] 
[INFO] [stderr] warning: constant `THIRD_CONTENT` is never used
[INFO] [stderr]   --> tests/fixture/test_repository.rs:10:11
[INFO] [stderr]    |
[INFO] [stderr] 10 | pub const THIRD_CONTENT: &str = "third content";
[INFO] [stderr]    |           ^^^^^^^^^^^^^
[INFO] [stderr] 
[INFO] [stderr] warning: methods `changes_reverted_in_the_working_file`, `head_is_same_as`, `head_is_different_from`, `head_is_failing_ref`, and `head_is_not_failing_ref` are never used
[INFO] [stderr]    --> tests/fixture/test_repository.rs:92:9
[INFO] [stderr]     |
[INFO] [stderr] 17  | impl TestRepository {
[INFO] [stderr]     | ------------------- methods in this implementation
[INFO] [stderr] ...
[INFO] [stderr] 92  |     pub fn changes_reverted_in_the_working_file(&self) -> bool {
[INFO] [stderr]     |            ^^^^^^^^^^^^^^^^^^^^^^^^^^^^^^^^^^^^
[INFO] [stderr] ...
[INFO] [stderr] 159 |     fn head_is_same_as(&self, commit_hash_other: io::Result<String>) -> bool {
[INFO] [stderr]     |        ^^^^^^^^^^^^^^^
[INFO] [stderr] ...
[INFO] [stderr] 168 |     pub fn head_is_different_from(&self, commit_hash_other: io::Result<String>) -> bool {
[INFO] [stderr]     |            ^^^^^^^^^^^^^^^^^^^^^^
[INFO] [stderr] ...
[INFO] [stderr] 172 |     pub fn head_is_failing_ref(&self) -> bool {
[INFO] [stderr]     |            ^^^^^^^^^^^^^^^^^^^
[INFO] [stderr] ...
[INFO] [stderr] 178 |     pub fn head_is_not_failing_ref(&self) -> bool {
[INFO] [stderr]     |            ^^^^^^^^^^^^^^^^^^^^^^^
[INFO] [stderr] 
[INFO] [stderr] warning: function `assert_smoke_in_output_contains` is never used
[INFO] [stderr]  --> tests/fixture/smoke_assertion.rs:9:4
[INFO] [stderr]   |
[INFO] [stderr] 9 | fn assert_smoke_in_output_contains(output: &Output, subject: &str) {
[INFO] [stderr]   |    ^^^^^^^^^^^^^^^^^^^^^^^^^^^^^^^
[INFO] [stderr] 
[INFO] [stderr] warning: function `assert_smoke_committed` is never used
[INFO] [stderr]   --> tests/fixture/smoke_assertion.rs:14:8
[INFO] [stderr]    |
[INFO] [stderr] 14 | pub fn assert_smoke_committed(output: &Output) {
[INFO] [stderr]    |        ^^^^^^^^^^^^^^^^^^^^^^
[INFO] [stderr] 
[INFO] [stderr] warning: function `assert_smoke_reverted` is never used
[INFO] [stderr]   --> tests/fixture/smoke_assertion.rs:18:8
[INFO] [stderr]    |
[INFO] [stderr] 18 | pub fn assert_smoke_reverted(output: &Output) {
[INFO] [stderr]    |        ^^^^^^^^^^^^^^^^^^^^^
[INFO] [stderr] 
[INFO] [stderr] warning: constant `THIRD_CONTENT` is never used
[INFO] [stderr]   --> tests/fixture/test_repository.rs:10:11
[INFO] [stderr]    |
[INFO] [stderr] 10 | pub const THIRD_CONTENT: &str = "third content";
[INFO] [stderr]    |           ^^^^^^^^^^^^^
[INFO] [stderr]    |
[INFO] [stderr]    = note: `#[warn(dead_code)]` on by default
[INFO] [stderr] 
[INFO] [stderr] warning: methods `changes_reverted_in_the_working_file`, `has_new_commit`, `head_is_same_as`, `head_is_different_from`, `head_is_failing_ref`, and `head_is_not_failing_ref` are never used
[INFO] [stderr]    --> tests/fixture/test_repository.rs:92:9
[INFO] [stderr]     |
[INFO] [stderr] 17  | impl TestRepository {
[INFO] [stderr]     | ------------------- methods in this implementation
[INFO] [stderr] ...
[INFO] [stderr] 92  |     pub fn changes_reverted_in_the_working_file(&self) -> bool {
[INFO] [stderr]     |            ^^^^^^^^^^^^^^^^^^^^^^^^^^^^^^^^^^^^
[INFO] [stderr] ...
[INFO] [stderr] 155 |     pub fn has_new_commit(&self) -> bool {
[INFO] [stderr]     |            ^^^^^^^^^^^^^^
[INFO] [stderr] ...
[INFO] [stderr] 159 |     fn head_is_same_as(&self, commit_hash_other: io::Result<String>) -> bool {
[INFO] [stderr]     |        ^^^^^^^^^^^^^^^
[INFO] [stderr] ...
[INFO] [stderr] 168 |     pub fn head_is_different_from(&self, commit_hash_other: io::Result<String>) -> bool {
[INFO] [stderr]     |            ^^^^^^^^^^^^^^^^^^^^^^
[INFO] [stderr] ...
[INFO] [stderr] 172 |     pub fn head_is_failing_ref(&self) -> bool {
[INFO] [stderr]     |            ^^^^^^^^^^^^^^^^^^^
[INFO] [stderr] ...
[INFO] [stderr] 178 |     pub fn head_is_not_failing_ref(&self) -> bool {
[INFO] [stderr]     |            ^^^^^^^^^^^^^^^^^^^^^^^
[INFO] [stderr] 
[INFO] [stderr] warning: methods `changes_reverted_in_the_working_file`, `is_dirty`, `head_is_same_as`, `head_is_different_from`, `head_is_failing_ref`, and `head_is_not_failing_ref` are never used
[INFO] [stderr]    --> tests/fixture/test_repository.rs:92:9
[INFO] [stderr]     |
[INFO] [stderr] 17  | impl TestRepository {
[INFO] [stderr]     | ------------------- methods in this implementation
[INFO] [stderr] ...
[INFO] [stderr] 92  |     pub fn changes_reverted_in_the_working_file(&self) -> bool {
[INFO] [stderr]     |            ^^^^^^^^^^^^^^^^^^^^^^^^^^^^^^^^^^^^
[INFO] [stderr] ...
[INFO] [stderr] 129 |     pub fn is_dirty(&self) -> bool {
[INFO] [stderr]     |            ^^^^^^^^
[INFO] [stderr] ...
[INFO] [stderr] 159 |     fn head_is_same_as(&self, commit_hash_other: io::Result<String>) -> bool {
[INFO] [stderr]     |        ^^^^^^^^^^^^^^^
[INFO] [stderr] ...
[INFO] [stderr] 168 |     pub fn head_is_different_from(&self, commit_hash_other: io::Result<String>) -> bool {
[INFO] [stderr]     |            ^^^^^^^^^^^^^^^^^^^^^^
[INFO] [stderr] ...
[INFO] [stderr] 172 |     pub fn head_is_failing_ref(&self) -> bool {
[INFO] [stderr]     |            ^^^^^^^^^^^^^^^^^^^
[INFO] [stderr] ...
[INFO] [stderr] 178 |     pub fn head_is_not_failing_ref(&self) -> bool {
[INFO] [stderr]     |            ^^^^^^^^^^^^^^^^^^^^^^^
[INFO] [stderr] 
[INFO] [stderr] warning: methods `is_dirty` and `head_is_different_from` are never used
[INFO] [stderr]    --> tests/fixture/test_repository.rs:129:9
[INFO] [stderr]     |
[INFO] [stderr] 17  | impl TestRepository {
[INFO] [stderr]     | ------------------- methods in this implementation
[INFO] [stderr] ...
[INFO] [stderr] 129 |     pub fn is_dirty(&self) -> bool {
[INFO] [stderr]     |            ^^^^^^^^
[INFO] [stderr] ...
[INFO] [stderr] 168 |     pub fn head_is_different_from(&self, commit_hash_other: io::Result<String>) -> bool {
[INFO] [stderr]     |            ^^^^^^^^^^^^^^^^^^^^^^
[INFO] [stderr] 
[INFO] [stderr] warning: `git-tcrdd` (test "when_gambling_that_the_tests_fail") generated 3 warnings (run `cargo fix --test "when_gambling_that_the_tests_fail"` to apply 1 suggestion)
[INFO] [stderr] warning: `git-tcrdd` (test "test_command_is_required") generated 8 warnings (2 duplicates)
[INFO] [stderr] warning: `git-tcrdd` (test "flags") generated 7 warnings (5 duplicates)
[INFO] [stderr] warning: `git-tcrdd` (test "test_command_can_be_complex") generated 7 warnings (6 duplicates)
[INFO] [stderr] warning: `git-tcrdd` (test "when_gambling_that_the_tests_pass") generated 4 warnings (3 duplicates)
[INFO] [stderr] warning: `git-tcrdd` (test "repository_path_can_be_elsewhere") generated 7 warnings (7 duplicates)
[INFO] [stderr] warning: `git-tcrdd` (test "dry_run") generated 5 warnings (5 duplicates)
[INFO] [stderr]     Finished test [unoptimized + debuginfo] target(s) in 0.11s
[INFO] [stderr] warning: the following packages contain code that will be rejected by a future version of Rust: rustc-serialize v0.3.24, syn v0.14.9
[INFO] [stderr] note: to see what the problems were, use the option `--future-incompat-report`, or run `cargo report future-incompatibilities --id 1`
[INFO] [stderr]      Running unittests src/main.rs (/opt/rustwide/target/debug/deps/git_tcrdd-6cb9a677962f610a)
[INFO] [stdout] 
[INFO] [stdout] running 4 tests
[INFO] [stdout] test speculate_0::trc::test_should_revert_when_command_exited_with_a_zero_code ... ok
[INFO] [stdout] test speculate_0::tcr::test_should_commit_when_command_exited_with_a_zero_code ... ok
[INFO] [stdout] test speculate_0::tcr::test_should_revert_when_command_exited_with_a_non_zero_code ... ok
[INFO] [stdout] test speculate_0::trc::test_should_commit_when_command_exited_with_a_non_zero_code ... ok
[INFO] [stdout] 
[INFO] [stdout] test result: ok. 4 passed; 0 failed; 0 ignored; 0 measured; 0 filtered out; finished in 0.01s
[INFO] [stdout] 
[INFO] [stderr]      Running tests/dry_run.rs (/opt/rustwide/target/debug/deps/dry_run-2d724e0847023837)
[INFO] [stdout] 
[INFO] [stdout] running 2 tests
[INFO] [stdout] test dry_run::_n ... FAILED
[INFO] [stdout] test dry_run::_dry_run ... FAILED
[INFO] [stdout] 
[INFO] [stdout] failures:
[INFO] [stdout] 
[INFO] [stdout] ---- dry_run::_n stdout ----
[INFO] [stdout] thread 'dry_run::_n' panicked at tests/fixture/test_repository.rs:45:9:
[INFO] [stdout] Can't execute `git commit --message 'initial commit' --allow-empty` in /tmp/.tmptZgDv4
[INFO] [stdout] stack backtrace:
[INFO] [stdout]    0:     0x5618ef9ffbbc - std::backtrace_rs::backtrace::libunwind::trace::ha637c64ce894333a
[INFO] [stdout]                                at /rustc/82e1608dfa6e0b5569232559e3d385fea5a93112/library/std/src/../../backtrace/src/backtrace/libunwind.rs:104:5
[INFO] [stdout]    1:     0x5618ef9ffbbc - std::backtrace_rs::backtrace::trace_unsynchronized::h47f62dea28e0c88d
[INFO] [stdout]                                at /rustc/82e1608dfa6e0b5569232559e3d385fea5a93112/library/std/src/../../backtrace/src/backtrace/mod.rs:66:5
[INFO] [stdout]    2:     0x5618ef9ffbbc - std::sys_common::backtrace::_print_fmt::h9eef0abe20ede486
[INFO] [stdout]                                at /rustc/82e1608dfa6e0b5569232559e3d385fea5a93112/library/std/src/sys_common/backtrace.rs:67:5
[INFO] [stdout]    3:     0x5618ef9ffbbc - <std::sys_common::backtrace::_print::DisplayBacktrace as core::fmt::Display>::fmt::hed7f999df88cc644
[INFO] [stdout]                                at /rustc/82e1608dfa6e0b5569232559e3d385fea5a93112/library/std/src/sys_common/backtrace.rs:44:22
[INFO] [stdout]    4:     0x5618efa2b020 - core::fmt::rt::Argument::fmt::h1539a9308b8d058d
[INFO] [stdout]                                at /rustc/82e1608dfa6e0b5569232559e3d385fea5a93112/library/core/src/fmt/rt.rs:142:9
[INFO] [stdout]    5:     0x5618efa2b020 - core::fmt::write::h3a39390d8560d9c9
[INFO] [stdout]                                at /rustc/82e1608dfa6e0b5569232559e3d385fea5a93112/library/core/src/fmt/mod.rs:1120:17
[INFO] [stdout]    6:     0x5618ef9fca7f - std::io::Write::write_fmt::h040b369f3a0f9cbc
[INFO] [stdout]                                at /rustc/82e1608dfa6e0b5569232559e3d385fea5a93112/library/std/src/io/mod.rs:1762:15
[INFO] [stdout]    7:     0x5618ef9ff9a4 - std::sys_common::backtrace::_print::h894006fb5c6f3d45
[INFO] [stdout]                                at /rustc/82e1608dfa6e0b5569232559e3d385fea5a93112/library/std/src/sys_common/backtrace.rs:47:5
[INFO] [stdout]    8:     0x5618ef9ff9a4 - std::sys_common::backtrace::print::h23a2d212c6fff936
[INFO] [stdout]                                at /rustc/82e1608dfa6e0b5569232559e3d385fea5a93112/library/std/src/sys_common/backtrace.rs:34:9
[INFO] [stdout]    9:     0x5618efa016e7 - std::panicking::default_hook::{{closure}}::h8a1d2ee00185001a
[INFO] [stdout]   10:     0x5618efa013d3 - std::panicking::default_hook::h6038f2eba384e475
[INFO] [stdout]                                at /rustc/82e1608dfa6e0b5569232559e3d385fea5a93112/library/std/src/panicking.rs:289:9
[INFO] [stdout]   11:     0x5618ef97caa7 - <alloc::boxed::Box<F,A> as core::ops::function::Fn<Args>>::call::h0ad024c9bdc6d768
[INFO] [stdout]                                at /rustc/82e1608dfa6e0b5569232559e3d385fea5a93112/library/alloc/src/boxed.rs:2021:9
[INFO] [stdout]   12:     0x5618ef97caa7 - test::test_main::{{closure}}::h7500b54257359db6
[INFO] [stdout]                                at /rustc/82e1608dfa6e0b5569232559e3d385fea5a93112/library/test/src/lib.rs:138:21
[INFO] [stdout]   13:     0x5618efa01cf8 - <alloc::boxed::Box<F,A> as core::ops::function::Fn<Args>>::call::h1f8f335eaa9cfaee
[INFO] [stdout]                                at /rustc/82e1608dfa6e0b5569232559e3d385fea5a93112/library/alloc/src/boxed.rs:2021:9
[INFO] [stdout]   14:     0x5618efa01cf8 - std::panicking::rust_panic_with_hook::h2b5517d590cab22e
[INFO] [stdout]                                at /rustc/82e1608dfa6e0b5569232559e3d385fea5a93112/library/std/src/panicking.rs:783:13
[INFO] [stdout]   15:     0x5618efa01a4e - std::panicking::begin_panic_handler::{{closure}}::h233112c06e0ef43e
[INFO] [stdout]                                at /rustc/82e1608dfa6e0b5569232559e3d385fea5a93112/library/std/src/panicking.rs:657:13
[INFO] [stdout]   16:     0x5618efa00086 - std::sys_common::backtrace::__rust_end_short_backtrace::h6e893f24d7ebbff8
[INFO] [stdout]                                at /rustc/82e1608dfa6e0b5569232559e3d385fea5a93112/library/std/src/sys_common/backtrace.rs:170:18
[INFO] [stdout]   17:     0x5618efa017b2 - rust_begin_unwind
[INFO] [stdout]                                at /rustc/82e1608dfa6e0b5569232559e3d385fea5a93112/library/std/src/panicking.rs:645:5
[INFO] [stdout]   18:     0x5618ef7db595 - core::panicking::panic_fmt::hbf0e066aabfa482c
[INFO] [stdout]                                at /rustc/82e1608dfa6e0b5569232559e3d385fea5a93112/library/core/src/panicking.rs:72:14
[INFO] [stdout]   19:     0x5618ef7e2183 - dry_run::fixture::test_repository::TestRepository::execute_subcommand::h37ffc5fff2569579
[INFO] [stdout]                                at /opt/rustwide/workdir/tests/fixture/test_repository.rs:45:3
[INFO] [stdout]   20:     0x5618ef7e21fa - dry_run::fixture::test_repository::TestRepository::init::ha7264135c64446e6
[INFO] [stdout]                                at /opt/rustwide/workdir/tests/fixture/test_repository.rs:58:3
[INFO] [stdout]   21:     0x5618ef7e188a - dry_run::fixture::test_repository::TestRepository::init_dirty::h3d46063630111812
[INFO] [stdout]                                at /opt/rustwide/workdir/tests/fixture/test_repository.rs:21:3
[INFO] [stdout]   22:     0x5618ef7e378d - dry_run::dry_run::dry_run::h093f8dacd9316c45
[INFO] [stdout]                                at /opt/rustwide/workdir/tests/dry_run.rs:17:19
[INFO] [stdout]   23:     0x5618ef7e3bd2 - dry_run::dry_run::_n::h1ef3ccf02c4625b0
[INFO] [stdout]                                at /opt/rustwide/workdir/tests/dry_run.rs:11:1
[INFO] [stdout]   24:     0x5618ef7e3ba7 - dry_run::dry_run::_n::{{closure}}::h032edeb9cb4e414c
[INFO] [stdout]                                at /opt/rustwide/workdir/tests/dry_run.rs:11:26
[INFO] [stdout]   25:     0x5618ef7dd036 - core::ops::function::FnOnce::call_once::h4a2cd3ac77ac38f2
[INFO] [stdout]                                at /rustc/82e1608dfa6e0b5569232559e3d385fea5a93112/library/core/src/ops/function.rs:250:5
[INFO] [stdout]   26:     0x5618ef9820ff - core::ops::function::FnOnce::call_once::h2b5d431d5046312d
[INFO] [stdout]                                at /rustc/82e1608dfa6e0b5569232559e3d385fea5a93112/library/core/src/ops/function.rs:250:5
[INFO] [stdout]   27:     0x5618ef9820ff - test::__rust_begin_short_backtrace::h7714669af176e207
[INFO] [stdout]                                at /rustc/82e1608dfa6e0b5569232559e3d385fea5a93112/library/test/src/lib.rs:628:18
[INFO] [stdout]   28:     0x5618ef981115 - test::run_test_in_process::{{closure}}::h85218797dcbcec12
[INFO] [stdout]                                at /rustc/82e1608dfa6e0b5569232559e3d385fea5a93112/library/test/src/lib.rs:651:60
[INFO] [stdout]   29:     0x5618ef981115 - <core::panic::unwind_safe::AssertUnwindSafe<F> as core::ops::function::FnOnce<()>>::call_once::h76c106ea31c14d7b
[INFO] [stdout]                                at /rustc/82e1608dfa6e0b5569232559e3d385fea5a93112/library/core/src/panic/unwind_safe.rs:272:9
[INFO] [stdout]   30:     0x5618ef981115 - std::panicking::try::do_call::h3bd5d0f6620ee946
[INFO] [stdout]                                at /rustc/82e1608dfa6e0b5569232559e3d385fea5a93112/library/std/src/panicking.rs:552:40
[INFO] [stdout]   31:     0x5618ef981115 - std::panicking::try::h232e535e4744fe31
[INFO] [stdout]                                at /rustc/82e1608dfa6e0b5569232559e3d385fea5a93112/library/std/src/panicking.rs:516:19
[INFO] [stdout]   32:     0x5618ef981115 - std::panic::catch_unwind::h3ce3bd6ca8dbac68
[INFO] [stdout]                                at /rustc/82e1608dfa6e0b5569232559e3d385fea5a93112/library/std/src/panic.rs:142:14
[INFO] [stdout]   33:     0x5618ef981115 - test::run_test_in_process::hc97b257c9621286a
[INFO] [stdout]                                at /rustc/82e1608dfa6e0b5569232559e3d385fea5a93112/library/test/src/lib.rs:651:27
[INFO] [stdout]   34:     0x5618ef981115 - test::run_test::{{closure}}::h2aa798823a438d38
[INFO] [stdout]                                at /rustc/82e1608dfa6e0b5569232559e3d385fea5a93112/library/test/src/lib.rs:574:43
[INFO] [stdout]   35:     0x5618ef9493d6 - test::run_test::{{closure}}::h87d231c78fb59832
[INFO] [stdout]                                at /rustc/82e1608dfa6e0b5569232559e3d385fea5a93112/library/test/src/lib.rs:602:41
[INFO] [stdout]   36:     0x5618ef9493d6 - std::sys_common::backtrace::__rust_begin_short_backtrace::he6df152596625789
[INFO] [stdout]                                at /rustc/82e1608dfa6e0b5569232559e3d385fea5a93112/library/std/src/sys_common/backtrace.rs:154:18
[INFO] [stdout]   37:     0x5618ef94e487 - std::thread::Builder::spawn_unchecked_::{{closure}}::{{closure}}::ha94be15d1e0acf36
[INFO] [stdout]                                at /rustc/82e1608dfa6e0b5569232559e3d385fea5a93112/library/std/src/thread/mod.rs:529:17
[INFO] [stdout]   38:     0x5618ef94e487 - <core::panic::unwind_safe::AssertUnwindSafe<F> as core::ops::function::FnOnce<()>>::call_once::h9dc6bd6372f16606
[INFO] [stdout]                                at /rustc/82e1608dfa6e0b5569232559e3d385fea5a93112/library/core/src/panic/unwind_safe.rs:272:9
[INFO] [stdout]   39:     0x5618ef94e487 - std::panicking::try::do_call::h9057517f80303cd4
[INFO] [stdout]                                at /rustc/82e1608dfa6e0b5569232559e3d385fea5a93112/library/std/src/panicking.rs:552:40
[INFO] [stdout]   40:     0x5618ef94e487 - std::panicking::try::he3a30b11ee45340c
[INFO] [stdout]                                at /rustc/82e1608dfa6e0b5569232559e3d385fea5a93112/library/std/src/panicking.rs:516:19
[INFO] [stdout]   41:     0x5618ef94e487 - std::panic::catch_unwind::h410458cfd3528b8b
[INFO] [stdout]                                at /rustc/82e1608dfa6e0b5569232559e3d385fea5a93112/library/std/src/panic.rs:142:14
[INFO] [stdout]   42:     0x5618ef94e487 - std::thread::Builder::spawn_unchecked_::{{closure}}::h72ac3bdb567b737b
[INFO] [stdout]                                at /rustc/82e1608dfa6e0b5569232559e3d385fea5a93112/library/std/src/thread/mod.rs:528:30
[INFO] [stdout]   43:     0x5618ef94e487 - core::ops::function::FnOnce::call_once{{vtable.shim}}::h38f34da3654a8344
[INFO] [stdout]                                at /rustc/82e1608dfa6e0b5569232559e3d385fea5a93112/library/core/src/ops/function.rs:250:5
[INFO] [stdout]   44:     0x5618efa07b65 - <alloc::boxed::Box<F,A> as core::ops::function::FnOnce<Args>>::call_once::hc7eafaff61e32df9
[INFO] [stdout]                                at /rustc/82e1608dfa6e0b5569232559e3d385fea5a93112/library/alloc/src/boxed.rs:2007:9
[INFO] [stdout]   45:     0x5618efa07b65 - <alloc::boxed::Box<F,A> as core::ops::function::FnOnce<Args>>::call_once::h6ba4a5de48dd2304
[INFO] [stdout]                                at /rustc/82e1608dfa6e0b5569232559e3d385fea5a93112/library/alloc/src/boxed.rs:2007:9
[INFO] [stdout]   46:     0x5618efa07b65 - std::sys::unix::thread::Thread::new::thread_start::he469335aef763e45
[INFO] [stdout]                                at /rustc/82e1608dfa6e0b5569232559e3d385fea5a93112/library/std/src/sys/unix/thread.rs:108:17
[INFO] [stdout]   47:     0x7f9c7be1eac3 - <unknown>
[INFO] [stdout]   48:     0x7f9c7beafbf4 - __clone
[INFO] [stdout]   49:                0x0 - <unknown>
[INFO] [stdout] 
[INFO] [stdout] ---- dry_run::_dry_run stdout ----
[INFO] [stdout] thread 'dry_run::_dry_run' panicked at tests/fixture/test_repository.rs:45:9:
[INFO] [stdout] Can't execute `git commit --message 'initial commit' --allow-empty` in /tmp/.tmpmEtwpM
[INFO] [stdout] stack backtrace:
[INFO] [stdout]    0:     0x5618ef9ffbbc - std::backtrace_rs::backtrace::libunwind::trace::ha637c64ce894333a
[INFO] [stdout]                                at /rustc/82e1608dfa6e0b5569232559e3d385fea5a93112/library/std/src/../../backtrace/src/backtrace/libunwind.rs:104:5
[INFO] [stdout]    1:     0x5618ef9ffbbc - std::backtrace_rs::backtrace::trace_unsynchronized::h47f62dea28e0c88d
[INFO] [stdout]                                at /rustc/82e1608dfa6e0b5569232559e3d385fea5a93112/library/std/src/../../backtrace/src/backtrace/mod.rs:66:5
[INFO] [stdout]    2:     0x5618ef9ffbbc - std::sys_common::backtrace::_print_fmt::h9eef0abe20ede486
[INFO] [stdout]                                at /rustc/82e1608dfa6e0b5569232559e3d385fea5a93112/library/std/src/sys_common/backtrace.rs:67:5
[INFO] [stdout]    3:     0x5618ef9ffbbc - <std::sys_common::backtrace::_print::DisplayBacktrace as core::fmt::Display>::fmt::hed7f999df88cc644
[INFO] [stdout]                                at /rustc/82e1608dfa6e0b5569232559e3d385fea5a93112/library/std/src/sys_common/backtrace.rs:44:22
[INFO] [stdout]    4:     0x5618efa2b020 - core::fmt::rt::Argument::fmt::h1539a9308b8d058d
[INFO] [stdout]                                at /rustc/82e1608dfa6e0b5569232559e3d385fea5a93112/library/core/src/fmt/rt.rs:142:9
[INFO] [stdout]    5:     0x5618efa2b020 - core::fmt::write::h3a39390d8560d9c9
[INFO] [stdout]                                at /rustc/82e1608dfa6e0b5569232559e3d385fea5a93112/library/core/src/fmt/mod.rs:1120:17
[INFO] [stdout]    6:     0x5618ef9fca7f - std::io::Write::write_fmt::h040b369f3a0f9cbc
[INFO] [stdout]                                at /rustc/82e1608dfa6e0b5569232559e3d385fea5a93112/library/std/src/io/mod.rs:1762:15
[INFO] [stdout]    7:     0x5618ef9ff9a4 - std::sys_common::backtrace::_print::h894006fb5c6f3d45
[INFO] [stdout]                                at /rustc/82e1608dfa6e0b5569232559e3d385fea5a93112/library/std/src/sys_common/backtrace.rs:47:5
[INFO] [stdout]    8:     0x5618ef9ff9a4 - std::sys_common::backtrace::print::h23a2d212c6fff936
[INFO] [stdout]                                at /rustc/82e1608dfa6e0b5569232559e3d385fea5a93112/library/std/src/sys_common/backtrace.rs:34:9
[INFO] [stdout]    9:     0x5618efa016e7 - std::panicking::default_hook::{{closure}}::h8a1d2ee00185001a
[INFO] [stdout]   10:     0x5618efa013d3 - std::panicking::default_hook::h6038f2eba384e475
[INFO] [stdout]                                at /rustc/82e1608dfa6e0b5569232559e3d385fea5a93112/library/std/src/panicking.rs:289:9
[INFO] [stdout]   11:     0x5618ef97caa7 - <alloc::boxed::Box<F,A> as core::ops::function::Fn<Args>>::call::h0ad024c9bdc6d768
[INFO] [stdout]                                at /rustc/82e1608dfa6e0b5569232559e3d385fea5a93112/library/alloc/src/boxed.rs:2021:9
[INFO] [stdout]   12:     0x5618ef97caa7 - test::test_main::{{closure}}::h7500b54257359db6
[INFO] [stdout]                                at /rustc/82e1608dfa6e0b5569232559e3d385fea5a93112/library/test/src/lib.rs:138:21
[INFO] [stdout]   13:     0x5618efa01cf8 - <alloc::boxed::Box<F,A> as core::ops::function::Fn<Args>>::call::h1f8f335eaa9cfaee
[INFO] [stdout]                                at /rustc/82e1608dfa6e0b5569232559e3d385fea5a93112/library/alloc/src/boxed.rs:2021:9
[INFO] [stdout]   14:     0x5618efa01cf8 - std::panicking::rust_panic_with_hook::h2b5517d590cab22e
[INFO] [stdout]                                at /rustc/82e1608dfa6e0b5569232559e3d385fea5a93112/library/std/src/panicking.rs:783:13
[INFO] [stdout]   15:     0x5618efa01a4e - std::panicking::begin_panic_handler::{{closure}}::h233112c06e0ef43e
[INFO] [stdout]                                at /rustc/82e1608dfa6e0b5569232559e3d385fea5a93112/library/std/src/panicking.rs:657:13
[INFO] [stdout]   16:     0x5618efa00086 - std::sys_common::backtrace::__rust_end_short_backtrace::h6e893f24d7ebbff8
[INFO] [stdout]                                at /rustc/82e1608dfa6e0b5569232559e3d385fea5a93112/library/std/src/sys_common/backtrace.rs:170:18
[INFO] [stdout]   17:     0x5618efa017b2 - rust_begin_unwind
[INFO] [stdout]                                at /rustc/82e1608dfa6e0b5569232559e3d385fea5a93112/library/std/src/panicking.rs:645:5
[INFO] [stdout]   18:     0x5618ef7db595 - core::panicking::panic_fmt::hbf0e066aabfa482c
[INFO] [stdout]                                at /rustc/82e1608dfa6e0b5569232559e3d385fea5a93112/library/core/src/panicking.rs:72:14
[INFO] [stdout]   19:     0x5618ef7e2183 - dry_run::fixture::test_repository::TestRepository::execute_subcommand::h37ffc5fff2569579
[INFO] [stdout]                                at /opt/rustwide/workdir/tests/fixture/test_repository.rs:45:3
[INFO] [stdout]   20:     0x5618ef7e21fa - dry_run::fixture::test_repository::TestRepository::init::ha7264135c64446e6
[INFO] [stdout]                                at /opt/rustwide/workdir/tests/fixture/test_repository.rs:58:3
[INFO] [stdout]   21:     0x5618ef7e188a - dry_run::fixture::test_repository::TestRepository::init_dirty::h3d46063630111812
[INFO] [stdout]                                at /opt/rustwide/workdir/tests/fixture/test_repository.rs:21:3
[INFO] [stdout]   22:     0x5618ef7e378d - dry_run::dry_run::dry_run::h093f8dacd9316c45
[INFO] [stdout]                                at /opt/rustwide/workdir/tests/dry_run.rs:17:19
[INFO] [stdout]   23:     0x5618ef7e3b72 - dry_run::dry_run::_dry_run::h3bfeafe7ec0b4650
[INFO] [stdout]                                at /opt/rustwide/workdir/tests/dry_run.rs:11:1
[INFO] [stdout]   24:     0x5618ef7e3b47 - dry_run::dry_run::_dry_run::{{closure}}::h5993759b12ae8fbf
[INFO] [stdout]                                at /opt/rustwide/workdir/tests/dry_run.rs:11:26
[INFO] [stdout]   25:     0x5618ef7dcff6 - core::ops::function::FnOnce::call_once::h1d1f34fa3d83cc27
[INFO] [stdout]                                at /rustc/82e1608dfa6e0b5569232559e3d385fea5a93112/library/core/src/ops/function.rs:250:5
[INFO] [stdout]   26:     0x5618ef9820ff - core::ops::function::FnOnce::call_once::h2b5d431d5046312d
[INFO] [stdout]                                at /rustc/82e1608dfa6e0b5569232559e3d385fea5a93112/library/core/src/ops/function.rs:250:5
[INFO] [stdout]   27:     0x5618ef9820ff - test::__rust_begin_short_backtrace::h7714669af176e207
[INFO] [stdout]                                at /rustc/82e1608dfa6e0b5569232559e3d385fea5a93112/library/test/src/lib.rs:628:18
[INFO] [stdout]   28:     0x5618ef981115 - test::run_test_in_process::{{closure}}::h85218797dcbcec12
[INFO] [stdout]                                at /rustc/82e1608dfa6e0b5569232559e3d385fea5a93112/library/test/src/lib.rs:651:60
[INFO] [stdout]   29:     0x5618ef981115 - <core::panic::unwind_safe::AssertUnwindSafe<F> as core::ops::function::FnOnce<()>>::call_once::h76c106ea31c14d7b
[INFO] [stdout]                                at /rustc/82e1608dfa6e0b5569232559e3d385fea5a93112/library/core/src/panic/unwind_safe.rs:272:9
[INFO] [stdout]   30:     0x5618ef981115 - std::panicking::try::do_call::h3bd5d0f6620ee946
[INFO] [stdout]                                at /rustc/82e1608dfa6e0b5569232559e3d385fea5a93112/library/std/src/panicking.rs:552:40
[INFO] [stdout]   31:     0x5618ef981115 - std::panicking::try::h232e535e4744fe31
[INFO] [stdout]                                at /rustc/82e1608dfa6e0b5569232559e3d385fea5a93112/library/std/src/panicking.rs:516:19
[INFO] [stdout]   32:     0x5618ef981115 - std::panic::catch_unwind::h3ce3bd6ca8dbac68
[INFO] [stdout]                                at /rustc/82e1608dfa6e0b5569232559e3d385fea5a93112/library/std/src/panic.rs:142:14
[INFO] [stdout]   33:     0x5618ef981115 - test::run_test_in_process::hc97b257c9621286a
[INFO] [stdout]                                at /rustc/82e1608dfa6e0b5569232559e3d385fea5a93112/library/test/src/lib.rs:651:27
[INFO] [stdout]   34:     0x5618ef981115 - test::run_test::{{closure}}::h2aa798823a438d38
[INFO] [stdout]                                at /rustc/82e1608dfa6e0b5569232559e3d385fea5a93112/library/test/src/lib.rs:574:43
[INFO] [stdout]   35:     0x5618ef9493d6 - test::run_test::{{closure}}::h87d231c78fb59832
[INFO] [stdout]                                at /rustc/82e1608dfa6e0b5569232559e3d385fea5a93112/library/test/src/lib.rs:602:41
[INFO] [stdout]   36:     0x5618ef9493d6 - std::sys_common::backtrace::__rust_begin_short_backtrace::he6df152596625789
[INFO] [stdout]                                at /rustc/82e1608dfa6e0b5569232559e3d385fea5a93112/library/std/src/sys_common/backtrace.rs:154:18
[INFO] [stdout]   37:     0x5618ef94e487 - std::thread::Builder::spawn_unchecked_::{{closure}}::{{closure}}::ha94be15d1e0acf36
[INFO] [stdout]                                at /rustc/82e1608dfa6e0b5569232559e3d385fea5a93112/library/std/src/thread/mod.rs:529:17
[INFO] [stdout]   38:     0x5618ef94e487 - <core::panic::unwind_safe::AssertUnwindSafe<F> as core::ops::function::FnOnce<()>>::call_once::h9dc6bd6372f16606
[INFO] [stdout]                                at /rustc/82e1608dfa6e0b5569232559e3d385fea5a93112/library/core/src/panic/unwind_safe.rs:272:9
[INFO] [stdout]   39:     0x5618ef94e487 - std::panicking::try::do_call::h9057517f80303cd4
[INFO] [stdout]                                at /rustc/82e1608dfa6e0b5569232559e3d385fea5a93112/library/std/src/panicking.rs:552:40
[INFO] [stdout]   40:     0x5618ef94e487 - std::panicking::try::he3a30b11ee45340c
[INFO] [stdout]                                at /rustc/82e1608dfa6e0b5569232559e3d385fea5a93112/library/std/src/panicking.rs:516:19
[INFO] [stdout]   41:     0x5618ef94e487 - std::panic::catch_unwind::h410458cfd3528b8b
[INFO] [stdout]                                at /rustc/82e1608dfa6e0b5569232559e3d385fea5a93112/library/std/src/panic.rs:142:14
[INFO] [stdout]   42:     0x5618ef94e487 - std::thread::Builder::spawn_unchecked_::{{closure}}::h72ac3bdb567b737b
[INFO] [stdout]                                at /rustc/82e1608dfa6e0b5569232559e3d385fea5a93112/library/std/src/thread/mod.rs:528:30
[INFO] [stdout]   43:     0x5618ef94e487 - core::ops::function::FnOnce::call_once{{vtable.shim}}::h38f34da3654a8344
[INFO] [stdout]                                at /rustc/82e1608dfa6e0b5569232559e3d385fea5a93112/library/core/src/ops/function.rs:250:5
[INFO] [stdout]   44:     0x5618efa07b65 - <alloc::boxed::Box<F,A> as core::ops::function::FnOnce<Args>>::call_once::hc7eafaff61e32df9
[INFO] [stdout]                                at /rustc/82e1608dfa6e0b5569232559e3d385fea5a93112/library/alloc/src/boxed.rs:2007:9
[INFO] [stdout]   45:     0x5618efa07b65 - <alloc::boxed::Box<F,A> as core::ops::function::FnOnce<Args>>::call_once::h6ba4a5de48dd2304
[INFO] [stdout]                                at /rustc/82e1608dfa6e0b5569232559e3d385fea5a93112/library/alloc/src/boxed.rs:2007:9
[INFO] [stdout]   46:     0x5618efa07b65 - std::sys::unix::thread::Thread::new::thread_start::he469335aef763e45
[INFO] [stdout]                                at /rustc/82e1608dfa6e0b5569232559e3d385fea5a93112/library/std/src/sys/unix/thread.rs:108:17
[INFO] [stdout]   47:     0x7f9c7be1eac3 - <unknown>
[INFO] [stdout]   48:     0x7f9c7beafbf4 - __clone
[INFO] [stdout]   49:                0x0 - <unknown>
[INFO] [stdout] 
[INFO] [stdout] 
[INFO] [stdout] failures:
[INFO] [stdout]     dry_run::_dry_run
[INFO] [stdout]     dry_run::_n
[INFO] [stdout] 
[INFO] [stdout] test result: FAILED. 0 passed; 2 failed; 0 ignored; 0 measured; 0 filtered out; finished in 0.07s
[INFO] [stdout] 
[INFO] [stderr] error: test failed, to rerun pass `--test dry_run`
[INFO] running `Command { std: "docker" "inspect" "21c4caea2f6f9ce9db94200aeb84b23f734ad05a9ab5d813a0f976a9a941b37f", kill_on_drop: false }`
[INFO] running `Command { std: "docker" "rm" "-f" "21c4caea2f6f9ce9db94200aeb84b23f734ad05a9ab5d813a0f976a9a941b37f", kill_on_drop: false }`
[INFO] [stdout] 21c4caea2f6f9ce9db94200aeb84b23f734ad05a9ab5d813a0f976a9a941b37f
[INFO] testing git-tcrdd-0.1.0-beta.8 against beta-2023-12-22 for beta-1.76-1
[INFO] extracting crate git-tcrdd 0.1.0-beta.8 into /workspace/builds/worker-7-tc2/source
[INFO] validating manifest of crates.io crate git-tcrdd 0.1.0-beta.8 on toolchain beta-2023-12-22
[INFO] running `Command { std: CARGO_HOME="/workspace/cargo-home" RUSTUP_HOME="/workspace/rustup-home" "/workspace/cargo-home/bin/cargo" "+beta-2023-12-22" "metadata" "--manifest-path" "Cargo.toml" "--no-deps", kill_on_drop: false }`
[INFO] started tweaking crates.io crate git-tcrdd 0.1.0-beta.8
[INFO] finished tweaking crates.io crate git-tcrdd 0.1.0-beta.8
[INFO] tweaked toml for crates.io crate git-tcrdd 0.1.0-beta.8 written to /workspace/builds/worker-7-tc2/source/Cargo.toml
[INFO] crate crates.io crate git-tcrdd 0.1.0-beta.8 already has a lockfile, it will not be regenerated
[INFO] running `Command { std: CARGO_HOME="/workspace/cargo-home" RUSTUP_HOME="/workspace/rustup-home" "/workspace/cargo-home/bin/cargo" "+beta-2023-12-22" "fetch" "--manifest-path" "Cargo.toml", kill_on_drop: false }`
[INFO] running `Command { std: "docker" "create" "-v" "/var/lib/crater-agent-workspace/builds/worker-7-tc2/target:/opt/rustwide/target:rw,Z" "-v" "/var/lib/crater-agent-workspace/builds/worker-7-tc2/source:/opt/rustwide/workdir:ro,Z" "-v" "/var/lib/crater-agent-workspace/cargo-home:/opt/rustwide/cargo-home:ro,Z" "-v" "/var/lib/crater-agent-workspace/rustup-home:/opt/rustwide/rustup-home:ro,Z" "-e" "SOURCE_DIR=/opt/rustwide/workdir" "-e" "CARGO_TARGET_DIR=/opt/rustwide/target" "-e" "CARGO_HOME=/opt/rustwide/cargo-home" "-e" "RUSTUP_HOME=/opt/rustwide/rustup-home" "-w" "/opt/rustwide/workdir" "-m" "1610612736" "--user" "0:0" "--network" "none" "ghcr.io/rust-lang/crates-build-env/linux@sha256:2788e3201cd34a07e3172128adcd8b3090168a8e3bcc40d7c032b9dda1df7d1c" "/opt/rustwide/cargo-home/bin/cargo" "+beta-2023-12-22" "metadata" "--no-deps" "--format-version=1", kill_on_drop: false }`
[INFO] [stdout] 357c670447291b5c890e333255f25124b55d506d863cfc44e9c86a82c32264c4
[INFO] running `Command { std: "docker" "start" "-a" "357c670447291b5c890e333255f25124b55d506d863cfc44e9c86a82c32264c4", kill_on_drop: false }`
[INFO] running `Command { std: "docker" "inspect" "357c670447291b5c890e333255f25124b55d506d863cfc44e9c86a82c32264c4", kill_on_drop: false }`
[INFO] running `Command { std: "docker" "rm" "-f" "357c670447291b5c890e333255f25124b55d506d863cfc44e9c86a82c32264c4", kill_on_drop: false }`
[INFO] [stdout] 357c670447291b5c890e333255f25124b55d506d863cfc44e9c86a82c32264c4
[INFO] running `Command { std: "docker" "create" "-v" "/var/lib/crater-agent-workspace/builds/worker-7-tc2/target:/opt/rustwide/target:rw,Z" "-v" "/var/lib/crater-agent-workspace/builds/worker-7-tc2/source:/opt/rustwide/workdir:ro,Z" "-v" "/var/lib/crater-agent-workspace/cargo-home:/opt/rustwide/cargo-home:ro,Z" "-v" "/var/lib/crater-agent-workspace/rustup-home:/opt/rustwide/rustup-home:ro,Z" "-e" "SOURCE_DIR=/opt/rustwide/workdir" "-e" "CARGO_TARGET_DIR=/opt/rustwide/target" "-e" "CARGO_INCREMENTAL=0" "-e" "RUST_BACKTRACE=full" "-e" "RUSTFLAGS=--cap-lints=warn" "-e" "RUSTDOCFLAGS=--cap-lints=warn" "-e" "CARGO_HOME=/opt/rustwide/cargo-home" "-e" "RUSTUP_HOME=/opt/rustwide/rustup-home" "-w" "/opt/rustwide/workdir" "-m" "1610612736" "--user" "0:0" "--network" "none" "ghcr.io/rust-lang/crates-build-env/linux@sha256:2788e3201cd34a07e3172128adcd8b3090168a8e3bcc40d7c032b9dda1df7d1c" "/opt/rustwide/cargo-home/bin/cargo" "+beta-2023-12-22" "build" "--frozen" "--message-format=json", kill_on_drop: false }`
[INFO] [stdout] 5b2f3995a230eaf43e51e01951e2fef8c521dc8799e588bc2907cf55a9f8416f
[INFO] running `Command { std: "docker" "start" "-a" "5b2f3995a230eaf43e51e01951e2fef8c521dc8799e588bc2907cf55a9f8416f", kill_on_drop: false }`
[INFO] [stderr]    Compiling libc v0.2.68
[INFO] [stderr]    Compiling proc-macro2 v1.0.9
[INFO] [stderr]    Compiling version_check v0.9.1
[INFO] [stderr]    Compiling autocfg v1.0.0
[INFO] [stderr]    Compiling unicode-xid v0.2.0
[INFO] [stderr]    Compiling syn v1.0.17
[INFO] [stderr]    Compiling memchr v2.3.3
[INFO] [stderr]    Compiling lazy_static v1.4.0
[INFO] [stderr]    Compiling bitflags v1.2.1
[INFO] [stderr]    Compiling log v0.4.8
[INFO] [stderr]    Compiling unicode-segmentation v1.6.0
[INFO] [stderr]    Compiling regex-syntax v0.6.17
[INFO] [stderr]    Compiling unicode-width v0.1.7
[INFO] [stderr]    Compiling quick-error v1.2.3
[INFO] [stderr]    Compiling cfg-if v0.1.10
[INFO] [stderr]    Compiling ansi_term v0.11.0
[INFO] [stderr]    Compiling thread_local v1.0.1
[INFO] [stderr]    Compiling humantime v1.3.0
[INFO] [stderr]    Compiling textwrap v0.11.0
[INFO] [stderr]    Compiling strsim v0.8.0
[INFO] [stderr]    Compiling termcolor v1.1.0
[INFO] [stderr]    Compiling num-traits v0.2.11
[INFO] [stderr]    Compiling num-integer v0.1.42
[INFO] [stderr]    Compiling vec_map v0.8.1
[INFO] [stderr]    Compiling shlex v0.1.1
[INFO] [stderr]    Compiling heck v0.3.1
[INFO] [stderr]    Compiling proc-macro-error-attr v0.4.11
[INFO] [stderr]    Compiling proc-macro-error v0.4.11
[INFO] [stderr]    Compiling yansi v0.5.0
[INFO] [stderr]    Compiling aho-corasick v0.7.10
[INFO] [stderr]    Compiling quote v1.0.3
[INFO] [stderr]    Compiling atty v0.2.14
[INFO] [stderr]    Compiling time v0.1.42
[INFO] [stderr]    Compiling clap v2.33.0
[INFO] [stderr]    Compiling chrono v0.4.11
[INFO] [stderr]    Compiling regex v1.3.5
[INFO] [stderr]    Compiling env_logger v0.6.2
[INFO] [stderr]    Compiling pretty_env_logger v0.3.1
[INFO] [stderr]    Compiling syn-mid v0.5.0
[INFO] [stderr]    Compiling structopt-derive v0.4.5
[INFO] [stderr]    Compiling structopt v0.3.12
[INFO] [stderr]    Compiling git-tcrdd v0.1.0-beta.8 (/opt/rustwide/workdir)
[INFO] [stderr]     Finished dev [unoptimized + debuginfo] target(s) in 11.12s
[INFO] running `Command { std: "docker" "inspect" "5b2f3995a230eaf43e51e01951e2fef8c521dc8799e588bc2907cf55a9f8416f", kill_on_drop: false }`
[INFO] running `Command { std: "docker" "rm" "-f" "5b2f3995a230eaf43e51e01951e2fef8c521dc8799e588bc2907cf55a9f8416f", kill_on_drop: false }`
[INFO] [stdout] 5b2f3995a230eaf43e51e01951e2fef8c521dc8799e588bc2907cf55a9f8416f
[INFO] running `Command { std: "docker" "create" "-v" "/var/lib/crater-agent-workspace/builds/worker-7-tc2/target:/opt/rustwide/target:rw,Z" "-v" "/var/lib/crater-agent-workspace/builds/worker-7-tc2/source:/opt/rustwide/workdir:ro,Z" "-v" "/var/lib/crater-agent-workspace/cargo-home:/opt/rustwide/cargo-home:ro,Z" "-v" "/var/lib/crater-agent-workspace/rustup-home:/opt/rustwide/rustup-home:ro,Z" "-e" "SOURCE_DIR=/opt/rustwide/workdir" "-e" "CARGO_TARGET_DIR=/opt/rustwide/target" "-e" "CARGO_INCREMENTAL=0" "-e" "RUST_BACKTRACE=full" "-e" "RUSTFLAGS=--cap-lints=warn" "-e" "RUSTDOCFLAGS=--cap-lints=warn" "-e" "CARGO_HOME=/opt/rustwide/cargo-home" "-e" "RUSTUP_HOME=/opt/rustwide/rustup-home" "-w" "/opt/rustwide/workdir" "-m" "1610612736" "--user" "0:0" "--network" "none" "ghcr.io/rust-lang/crates-build-env/linux@sha256:2788e3201cd34a07e3172128adcd8b3090168a8e3bcc40d7c032b9dda1df7d1c" "/opt/rustwide/cargo-home/bin/cargo" "+beta-2023-12-22" "test" "--frozen" "--no-run" "--message-format=json", kill_on_drop: false }`
[INFO] [stdout] 08f590b9cfa6778faadd54822ee68e9989976de8ea9a30d821ad46a8705d6ee6
[INFO] running `Command { std: "docker" "start" "-a" "08f590b9cfa6778faadd54822ee68e9989976de8ea9a30d821ad46a8705d6ee6", kill_on_drop: false }`
[INFO] [stderr]    Compiling getrandom v0.1.14
[INFO] [stderr]    Compiling rustc-serialize v0.3.24
[INFO] [stderr]    Compiling proc-macro2 v0.4.30
[INFO] [stderr]    Compiling serde v1.0.105
[INFO] [stderr]    Compiling ryu v1.0.3
[INFO] [stderr]    Compiling rand v0.4.6
[INFO] [stderr]    Compiling num-iter v0.1.40
[INFO] [stderr]    Compiling unicode-xid v0.1.0
[INFO] [stderr]    Compiling itoa v0.4.5
[INFO] [stderr]    Compiling serde_derive v1.0.105
[INFO] [stderr]    Compiling doc-comment v0.3.3
[INFO] [stderr]    Compiling ppv-lite86 v0.2.6
[INFO] [stderr]    Compiling escargot v0.5.0
[INFO] [stderr]    Compiling predicates-core v1.0.0
[INFO] [stderr]    Compiling test-case v0.3.3
[INFO] [stderr]    Compiling difference v2.0.0
[INFO] [stderr]    Compiling treeline v0.1.0
[INFO] [stderr]    Compiling remove_dir_all v0.5.2
[INFO] [stderr]    Compiling predicates-tree v1.0.0
[INFO] [stderr]    Compiling predicates v1.0.4
[INFO] [stdout] error[E0310]: the parameter type `T` may not live long enough
[INFO] [stdout]     --> /opt/rustwide/cargo-home/registry/src/index.crates.io-6f17d22bba15001f/rustc-serialize-0.3.24/src/serialize.rs:1155:5
[INFO] [stdout]      |
[INFO] [stdout] 1155 |     fn decode<D: Decoder>(d: &mut D) -> Result<Cow<'static, T>, D::Error> {
[INFO] [stdout]      |     ^^^^^^^^^^^^^^^^^^^^^^^^^^^^^^^^^^^^^^^^^^^^^^^^^^^^^^^^^^^^^^^^^^^^^
[INFO] [stdout]      |     |
[INFO] [stdout]      |     the parameter type `T` must be valid for the static lifetime...
[INFO] [stdout]      |     ...so that the type `T` will meet its required lifetime bounds...
[INFO] [stdout]      |
[INFO] [stdout] note: ...that is required by this bound
[INFO] [stdout]     --> /rustc/0e09125c6c3c2fd70d7de961bcf0e51575235fad/library/alloc/src/borrow.rs:180:30
[INFO] [stdout] help: consider adding an explicit lifetime bound
[INFO] [stdout]      |
[INFO] [stdout] 1151 | impl<'a, T: ?Sized + 'static> Decodable for Cow<'a, T>
[INFO] [stdout]      |                    +++++++++
[INFO] [stdout] 
[INFO] [stdout] 
[INFO] [stderr]    Compiling rand_core v0.5.1
[INFO] [stderr]    Compiling rand_chacha v0.2.2
[INFO] [stderr]    Compiling quote v0.6.13
[INFO] [stderr]    Compiling rand v0.7.3
[INFO] [stderr]    Compiling syn v0.14.9
[INFO] [stdout] error: aborting due to 1 previous error
[INFO] [stdout] 
[INFO] [stdout] 
[INFO] [stdout] For more information about this error, try `rustc --explain E0310`.
[INFO] [stdout] 
[INFO] [stderr] error: could not compile `rustc-serialize` (lib) due to 2 previous errors
[INFO] [stderr] warning: build failed, waiting for other jobs to finish...
[INFO] running `Command { std: "docker" "inspect" "08f590b9cfa6778faadd54822ee68e9989976de8ea9a30d821ad46a8705d6ee6", kill_on_drop: false }`
[INFO] running `Command { std: "docker" "rm" "-f" "08f590b9cfa6778faadd54822ee68e9989976de8ea9a30d821ad46a8705d6ee6", kill_on_drop: false }`
[INFO] [stdout] 08f590b9cfa6778faadd54822ee68e9989976de8ea9a30d821ad46a8705d6ee6
