[INFO] fetching crate fluent-asserter 0.1.9...
[INFO] testing fluent-asserter-0.1.9 against 1.75.0 for beta-1.76-1
[INFO] extracting crate fluent-asserter 0.1.9 into /workspace/builds/worker-0-tc1/source
[INFO] validating manifest of crates.io crate fluent-asserter 0.1.9 on toolchain 1.75.0
[INFO] running `Command { std: CARGO_HOME="/workspace/cargo-home" RUSTUP_HOME="/workspace/rustup-home" "/workspace/cargo-home/bin/cargo" "+1.75.0" "metadata" "--manifest-path" "Cargo.toml" "--no-deps", kill_on_drop: false }`
[INFO] started tweaking crates.io crate fluent-asserter 0.1.9
[INFO] finished tweaking crates.io crate fluent-asserter 0.1.9
[INFO] tweaked toml for crates.io crate fluent-asserter 0.1.9 written to /workspace/builds/worker-0-tc1/source/Cargo.toml
[INFO] running `Command { std: CARGO_HOME="/workspace/cargo-home" RUSTUP_HOME="/workspace/rustup-home" "/workspace/cargo-home/bin/cargo" "+1.75.0" "generate-lockfile" "--manifest-path" "Cargo.toml", kill_on_drop: false }`
[INFO] [stderr]     Updating crates.io index
[INFO] running `Command { std: CARGO_HOME="/workspace/cargo-home" RUSTUP_HOME="/workspace/rustup-home" "/workspace/cargo-home/bin/cargo" "+1.75.0" "fetch" "--manifest-path" "Cargo.toml", kill_on_drop: false }`
[INFO] running `Command { std: "docker" "create" "-v" "/var/lib/crater-agent-workspace/builds/worker-0-tc1/target:/opt/rustwide/target:rw,Z" "-v" "/var/lib/crater-agent-workspace/builds/worker-0-tc1/source:/opt/rustwide/workdir:ro,Z" "-v" "/var/lib/crater-agent-workspace/cargo-home:/opt/rustwide/cargo-home:ro,Z" "-v" "/var/lib/crater-agent-workspace/rustup-home:/opt/rustwide/rustup-home:ro,Z" "-e" "SOURCE_DIR=/opt/rustwide/workdir" "-e" "CARGO_TARGET_DIR=/opt/rustwide/target" "-e" "CARGO_HOME=/opt/rustwide/cargo-home" "-e" "RUSTUP_HOME=/opt/rustwide/rustup-home" "-w" "/opt/rustwide/workdir" "-m" "1610612736" "--user" "0:0" "--network" "none" "ghcr.io/rust-lang/crates-build-env/linux@sha256:2788e3201cd34a07e3172128adcd8b3090168a8e3bcc40d7c032b9dda1df7d1c" "/opt/rustwide/cargo-home/bin/cargo" "+1.75.0" "metadata" "--no-deps" "--format-version=1", kill_on_drop: false }`
[INFO] [stdout] 1ae3b7db6bef87c87219219e03b41be7e2c1f3e3897bd48f750947bc8e2b5c6b
[INFO] running `Command { std: "docker" "start" "-a" "1ae3b7db6bef87c87219219e03b41be7e2c1f3e3897bd48f750947bc8e2b5c6b", kill_on_drop: false }`
[INFO] running `Command { std: "docker" "inspect" "1ae3b7db6bef87c87219219e03b41be7e2c1f3e3897bd48f750947bc8e2b5c6b", kill_on_drop: false }`
[INFO] running `Command { std: "docker" "rm" "-f" "1ae3b7db6bef87c87219219e03b41be7e2c1f3e3897bd48f750947bc8e2b5c6b", kill_on_drop: false }`
[INFO] [stdout] 1ae3b7db6bef87c87219219e03b41be7e2c1f3e3897bd48f750947bc8e2b5c6b
[INFO] running `Command { std: "docker" "create" "-v" "/var/lib/crater-agent-workspace/builds/worker-0-tc1/target:/opt/rustwide/target:rw,Z" "-v" "/var/lib/crater-agent-workspace/builds/worker-0-tc1/source:/opt/rustwide/workdir:ro,Z" "-v" "/var/lib/crater-agent-workspace/cargo-home:/opt/rustwide/cargo-home:ro,Z" "-v" "/var/lib/crater-agent-workspace/rustup-home:/opt/rustwide/rustup-home:ro,Z" "-e" "SOURCE_DIR=/opt/rustwide/workdir" "-e" "CARGO_TARGET_DIR=/opt/rustwide/target" "-e" "CARGO_INCREMENTAL=0" "-e" "RUST_BACKTRACE=full" "-e" "RUSTFLAGS=--cap-lints=warn" "-e" "RUSTDOCFLAGS=--cap-lints=warn" "-e" "CARGO_HOME=/opt/rustwide/cargo-home" "-e" "RUSTUP_HOME=/opt/rustwide/rustup-home" "-w" "/opt/rustwide/workdir" "-m" "1610612736" "--user" "0:0" "--network" "none" "ghcr.io/rust-lang/crates-build-env/linux@sha256:2788e3201cd34a07e3172128adcd8b3090168a8e3bcc40d7c032b9dda1df7d1c" "/opt/rustwide/cargo-home/bin/cargo" "+1.75.0" "build" "--frozen" "--message-format=json", kill_on_drop: false }`
[INFO] [stdout] 02e8c0fc383eec95872667075870fe7414777b320dc9d94233b4872f69667622
[INFO] running `Command { std: "docker" "start" "-a" "02e8c0fc383eec95872667075870fe7414777b320dc9d94233b4872f69667622", kill_on_drop: false }`
[INFO] [stderr]    Compiling num-traits v0.2.17
[INFO] [stderr]    Compiling num-integer v0.1.45
[INFO] [stderr]    Compiling num-bigint v0.4.4
[INFO] [stderr]    Compiling num-rational v0.4.1
[INFO] [stderr]    Compiling num-iter v0.1.43
[INFO] [stderr]    Compiling num-complex v0.4.4
[INFO] [stderr]    Compiling num v0.4.1
[INFO] [stderr]    Compiling fluent-asserter v0.1.9 (/opt/rustwide/workdir)
[INFO] [stderr]     Finished dev [unoptimized + debuginfo] target(s) in 2.62s
[INFO] running `Command { std: "docker" "inspect" "02e8c0fc383eec95872667075870fe7414777b320dc9d94233b4872f69667622", kill_on_drop: false }`
[INFO] running `Command { std: "docker" "rm" "-f" "02e8c0fc383eec95872667075870fe7414777b320dc9d94233b4872f69667622", kill_on_drop: false }`
[INFO] [stdout] 02e8c0fc383eec95872667075870fe7414777b320dc9d94233b4872f69667622
[INFO] running `Command { std: "docker" "create" "-v" "/var/lib/crater-agent-workspace/builds/worker-0-tc1/target:/opt/rustwide/target:rw,Z" "-v" "/var/lib/crater-agent-workspace/builds/worker-0-tc1/source:/opt/rustwide/workdir:ro,Z" "-v" "/var/lib/crater-agent-workspace/cargo-home:/opt/rustwide/cargo-home:ro,Z" "-v" "/var/lib/crater-agent-workspace/rustup-home:/opt/rustwide/rustup-home:ro,Z" "-e" "SOURCE_DIR=/opt/rustwide/workdir" "-e" "CARGO_TARGET_DIR=/opt/rustwide/target" "-e" "CARGO_INCREMENTAL=0" "-e" "RUST_BACKTRACE=full" "-e" "RUSTFLAGS=--cap-lints=warn" "-e" "RUSTDOCFLAGS=--cap-lints=warn" "-e" "CARGO_HOME=/opt/rustwide/cargo-home" "-e" "RUSTUP_HOME=/opt/rustwide/rustup-home" "-w" "/opt/rustwide/workdir" "-m" "1610612736" "--user" "0:0" "--network" "none" "ghcr.io/rust-lang/crates-build-env/linux@sha256:2788e3201cd34a07e3172128adcd8b3090168a8e3bcc40d7c032b9dda1df7d1c" "/opt/rustwide/cargo-home/bin/cargo" "+1.75.0" "test" "--frozen" "--no-run" "--message-format=json", kill_on_drop: false }`
[INFO] [stdout] e9fbc3572fcb48961b267e9f0a05327793bdbcde711c694acd3a7dc25e7b0bb0
[INFO] running `Command { std: "docker" "start" "-a" "e9fbc3572fcb48961b267e9f0a05327793bdbcde711c694acd3a7dc25e7b0bb0", kill_on_drop: false }`
[INFO] [stderr]    Compiling fluent-asserter v0.1.9 (/opt/rustwide/workdir)
[INFO] [stderr]     Finished test [unoptimized + debuginfo] target(s) in 1.04s
[INFO] running `Command { std: "docker" "inspect" "e9fbc3572fcb48961b267e9f0a05327793bdbcde711c694acd3a7dc25e7b0bb0", kill_on_drop: false }`
[INFO] running `Command { std: "docker" "rm" "-f" "e9fbc3572fcb48961b267e9f0a05327793bdbcde711c694acd3a7dc25e7b0bb0", kill_on_drop: false }`
[INFO] [stdout] e9fbc3572fcb48961b267e9f0a05327793bdbcde711c694acd3a7dc25e7b0bb0
[INFO] running `Command { std: "docker" "create" "-v" "/var/lib/crater-agent-workspace/builds/worker-0-tc1/target:/opt/rustwide/target:rw,Z" "-v" "/var/lib/crater-agent-workspace/builds/worker-0-tc1/source:/opt/rustwide/workdir:ro,Z" "-v" "/var/lib/crater-agent-workspace/cargo-home:/opt/rustwide/cargo-home:ro,Z" "-v" "/var/lib/crater-agent-workspace/rustup-home:/opt/rustwide/rustup-home:ro,Z" "-e" "SOURCE_DIR=/opt/rustwide/workdir" "-e" "CARGO_TARGET_DIR=/opt/rustwide/target" "-e" "CARGO_INCREMENTAL=0" "-e" "RUST_BACKTRACE=full" "-e" "RUSTFLAGS=--cap-lints=warn" "-e" "RUSTDOCFLAGS=--cap-lints=warn" "-e" "CARGO_HOME=/opt/rustwide/cargo-home" "-e" "RUSTUP_HOME=/opt/rustwide/rustup-home" "-w" "/opt/rustwide/workdir" "-m" "1610612736" "--user" "0:0" "--network" "none" "ghcr.io/rust-lang/crates-build-env/linux@sha256:2788e3201cd34a07e3172128adcd8b3090168a8e3bcc40d7c032b9dda1df7d1c" "/opt/rustwide/cargo-home/bin/cargo" "+1.75.0" "test" "--frozen", kill_on_drop: false }`
[INFO] [stdout] b8fcbd78c504e09d835575af7104fbf7302496d215f032dadbe0d7f6309e53bd
[INFO] running `Command { std: "docker" "start" "-a" "b8fcbd78c504e09d835575af7104fbf7302496d215f032dadbe0d7f6309e53bd", kill_on_drop: false }`
[INFO] [stderr]     Finished test [unoptimized + debuginfo] target(s) in 0.01s
[INFO] [stderr]      Running unittests src/lib.rs (/opt/rustwide/target/debug/deps/fluent_asserter-92b8cfb4043cb9ab)
[INFO] [stdout] 
[INFO] [stdout] running 0 tests
[INFO] [stdout] 
[INFO] [stdout] test result: ok. 0 passed; 0 failed; 0 ignored; 0 measured; 0 filtered out; finished in 0.00s
[INFO] [stdout] 
[INFO] [stderr]      Running tests/lib/main.rs (/opt/rustwide/target/debug/deps/lib-64ee1206a93b3d93)
[INFO] [stdout] 
[INFO] [stdout] running 68 tests
[INFO] [stdout] test boolean_asserter_tests::boolean_asserter_tests::test_is_true ... ok
[INFO] [stdout] test boolean_asserter_tests::boolean_asserter_tests::test_is_equal_to ... ok
[INFO] [stdout] test hashmap_asserter_tests::hashmap_asserter_tests::test_contains_key ... ok
[INFO] [stdout] test boolean_asserter_tests::boolean_asserter_tests::test_error_message ... ok
[INFO] [stdout] test hashmap_asserter_tests::hashmap_asserter_tests::test_contains_key_error_handling ... ok
[INFO] [stdout] test boolean_asserter_tests::boolean_asserter_tests::test_is_false ... ok
[INFO] [stdout] test hashmap_asserter_tests::hashmap_asserter_tests::test_does_not_contain_key ... ok
[INFO] [stdout] test hashmap_asserter_tests::hashmap_asserter_tests::test_contains_key_with_value ... ok
[INFO] [stdout] test hashmap_asserter_tests::hashmap_asserter_tests::test_is_empty ... ok
[INFO] [stdout] test hashmap_asserter_tests::hashmap_asserter_tests::test_has_length ... ok
[INFO] [stdout] test hashmap_asserter_tests::hashmap_asserter_tests::test_is_not_empty ... ok
[INFO] [stdout] test iterator_asserter_tests::iterator_asserter_tests::test_contains ... ok
[INFO] [stdout] test iterator_asserter_tests::iterator_asserter_tests::test_contains_any ... ok
[INFO] [stdout] test iterator_asserter_tests::iterator_asserter_tests::test_does_not_contain_any ... ok
[INFO] [stdout] test iterator_asserter_tests::iterator_asserter_tests::test_has_count ... ok
[INFO] [stdout] test iterator_asserter_tests::iterator_asserter_tests::test_is_empty ... ok
[INFO] [stdout] test iterator_asserter_tests::iterator_asserter_tests::test_is_equal_respectively_with_simple_single_type ... ok
[INFO] [stdout] test iterator_asserter_tests::iterator_asserter_tests::test_is_equal_to ... ok
[INFO] [stdout] test iterator_asserter_tests::iterator_asserter_tests::test_satisfies_respectively_with_complex_multiple_types ... ok
[INFO] [stdout] test iterator_asserter_tests::iterator_asserter_tests::test_is_not_empty ... ok
[INFO] [stdout] test iterator_asserter_tests::iterator_asserter_tests::test_satisfies_respectively_with_for_multiple_items_by_using_helper_macro ... ok
[INFO] [stdout] test iterator_asserter_tests::iterator_asserter_tests::test_satisfies_respectively_with_complex_single_type ... ok
[INFO] [stdout] test iterator_asserter_tests::iterator_asserter_tests::test_satisfies_respectively_with_for_multiple_simple_types_by_using_helper_macro ... ok
[INFO] [stdout] test iterator_asserter_tests::iterator_asserter_tests::test_that_satisfies_respectively_fails ... ok
[INFO] [stdout] test iterator_asserter_tests::iterator_asserter_tests::test_that_satisfies_respectively_fails_when_different_size_if_asserters_specified ... ok
[INFO] [stdout] test number_approx_asserter_tests::number_approx_asserter_tests::test_is_equal_to_approximately_for_unsigned ... ok
[INFO] [stdout] test number_asserter_tests::number_asserter_tests::test_is_greater_than ... ok
[INFO] [stdout] test number_approx_asserter_tests::number_approx_asserter_tests::test_is_equal_to_approximately_for_signed ... ok
[INFO] [stdout] test number_asserter_tests::number_asserter_tests::test_is_greater_than_or_equal_to ... ok
[INFO] [stdout] test number_asserter_tests::number_asserter_tests::test_is_not_in_range ... ok
[INFO] [stdout] test option_asserter_tests::test_option_asserter::test_is_none_with_none ... ok
[INFO] [stdout] test number_asserter_tests::number_asserter_tests::test_is_in_range ... ok
[INFO] [stdout] test option_asserter_tests::test_option_asserter::test_is_none_with_some ... ok
[INFO] [stdout] test option_asserter_tests::test_option_asserter::test_is_some_with_none ... ok
[INFO] [stdout] test number_asserter_tests::number_asserter_tests::test_is_smaller_than_or_equal_to ... ok
[INFO] [stdout] test number_asserter_tests::number_asserter_tests::test_that_error_message_contains_inline_value ... ok
[INFO] [stdout] test number_asserter_tests::number_asserter_tests::test_is_smaller_than ... ok
[INFO] [stdout] test number_asserter_tests::number_asserter_tests::test_that_error_message_contains_variable_name ... ok
[INFO] [stdout] test number_approx_asserter_tests::number_approx_asserter_tests::test_is_equal_to_approximately_for_f32 ... ok
[INFO] [stdout] test number_approx_asserter_tests::number_approx_asserter_tests::test_is_equal_to_approximately_for_f64 ... ok
[INFO] [stdout] test option_asserter_tests::test_option_asserter::test_is_some_with_some ... ok
[INFO] [stdout] test panic_asserter_tests::panic_asserter_tests::test_assert_that_does_not_panics ... ok
[INFO] [stdout] test panic_asserter_tests::panic_asserter_tests::test_panics_with_message ... ok
[INFO] [stdout] test panic_asserter_tests::panic_asserter_tests::test_assert_that_panics ... ok
[INFO] [stdout] test panic_asserter_tests::panic_asserter_tests::test_panics_when_panic_assertion_fails - should panic ... ok
[INFO] [stdout] test panic_asserter_tests::panic_asserter_tests::test_that_code_panics_whereas_not - should panic ... ok
[INFO] [stdout] test option_asserter_tests::test_option_asserter::test_is_some_without_value ... ok
[INFO] [stdout] test panic_asserter_tests::panic_asserter_tests::test_that_panic_contains_message_whereas_not - should panic ... ok
[INFO] [stdout] test panic_asserter_tests::panic_asserter_tests::test_that_panic_contains_panic_message ... ok
[INFO] [stdout] test panic_asserter_tests::panic_asserter_tests::test_that_provider_closure_panics ... ok
[INFO] [stdout] test result_asserter_tests::test_option_asserter::test_is_error ... ok
[INFO] [stdout] test result_asserter_tests::test_option_asserter::test_is_error_with_value ... ok
[INFO] [stdout] test result_asserter_tests::test_option_asserter::test_is_error_with_value_for_ok_result ... ok
[INFO] [stdout] test string_asserter_tests::string_asserter_tests::test_string_is_empty ... ok
[INFO] [stdout] test string_asserter_tests::string_asserter_tests::test_contains_all ... ok
[INFO] [stdout] test string_asserter_tests::string_asserter_tests::test_contains_any ... ok
[INFO] [stdout] test result_asserter_tests::test_option_asserter::test_is_ok_with_value ... ok
[INFO] [stdout] test string_asserter_tests::string_asserter_tests::test_string_starts_with ... ok
[INFO] [stdout] test result_asserter_tests::test_option_asserter::test_is_ok_with_value_for_error ... ok
[INFO] [stdout] test string_asserter_tests::string_asserter_tests::test_has_length ... ok
[INFO] [stdout] test string_asserter_tests::string_asserter_tests::test_that_error_message_contains_inline_value ... ok
[INFO] [stdout] test string_asserter_tests::string_asserter_tests::test_string_contains ... ok
[INFO] [stdout] test string_asserter_tests::string_asserter_tests::test_string_ends_with ... ok
[INFO] [stdout] test result_asserter_tests::test_option_asserter::test_is_ok ... ok
[INFO] [stdout] test string_asserter_tests::string_asserter_tests::test_string_is_not_empty ... ok
[INFO] [stdout] test string_asserter_tests::string_asserter_tests::test_is_equal_to_for_str ... ok
[INFO] [stdout] test string_asserter_tests::string_asserter_tests::test_that_error_message_contains_variable_name ... ok
[INFO] [stdout] test string_asserter_tests::string_asserter_tests::test_is_equal_to_for_string ... ok
[INFO] [stdout] 
[INFO] [stdout] test result: ok. 68 passed; 0 failed; 0 ignored; 0 measured; 0 filtered out; finished in 0.03s
[INFO] [stdout] 
[INFO] [stderr]    Doc-tests fluent-asserter
[INFO] [stdout] 
[INFO] [stdout] running 14 tests
[INFO] [stdout] test src/lib.rs - (line 77) ... ok
[INFO] [stdout] test src/lib.rs - (line 39) ... ok
[INFO] [stdout] test src/lib.rs - (line 23) ... ok
[INFO] [stdout] test src/lib.rs - (line 15) ... ok
[INFO] [stdout] test src/lib.rs - (line 64) ... ok
[INFO] [stdout] test src/iterator_asserter.rs - iterator_asserter::IteratorSatisfiesAssertion::satisfies_respectively (line 28) ... ok
[INFO] [stdout] test src/lib.rs - (line 143) ... ok
[INFO] [stdout] test src/lib.rs - (line 173) ... ok
[INFO] [stdout] test src/lib.rs - (line 157) ... ok
[INFO] [stdout] test src/lib.rs - (line 126) ... ok
[INFO] [stdout] test src/lib.rs - (line 91) ... ok
[INFO] [stdout] test src/lib.rs - assert_that (line 210) ... ok
[INFO] [stdout] test src/lib.rs - (line 54) ... ok
[INFO] [stdout] test src/lib.rs - assert_that_code (line 229) ... ok
[INFO] [stdout] 
[INFO] [stdout] test result: ok. 14 passed; 0 failed; 0 ignored; 0 measured; 0 filtered out; finished in 0.44s
[INFO] [stdout] 
[INFO] running `Command { std: "docker" "inspect" "b8fcbd78c504e09d835575af7104fbf7302496d215f032dadbe0d7f6309e53bd", kill_on_drop: false }`
[INFO] running `Command { std: "docker" "rm" "-f" "b8fcbd78c504e09d835575af7104fbf7302496d215f032dadbe0d7f6309e53bd", kill_on_drop: false }`
[INFO] [stdout] b8fcbd78c504e09d835575af7104fbf7302496d215f032dadbe0d7f6309e53bd
[INFO] testing fluent-asserter-0.1.9 against beta-2023-12-22 for beta-1.76-1
[INFO] extracting crate fluent-asserter 0.1.9 into /workspace/builds/worker-0-tc2/source
[INFO] validating manifest of crates.io crate fluent-asserter 0.1.9 on toolchain beta-2023-12-22
[INFO] running `Command { std: CARGO_HOME="/workspace/cargo-home" RUSTUP_HOME="/workspace/rustup-home" "/workspace/cargo-home/bin/cargo" "+beta-2023-12-22" "metadata" "--manifest-path" "Cargo.toml" "--no-deps", kill_on_drop: false }`
[INFO] started tweaking crates.io crate fluent-asserter 0.1.9
[INFO] finished tweaking crates.io crate fluent-asserter 0.1.9
[INFO] tweaked toml for crates.io crate fluent-asserter 0.1.9 written to /workspace/builds/worker-0-tc2/source/Cargo.toml
[INFO] running `Command { std: CARGO_HOME="/workspace/cargo-home" RUSTUP_HOME="/workspace/rustup-home" "/workspace/cargo-home/bin/cargo" "+beta-2023-12-22" "generate-lockfile" "--manifest-path" "Cargo.toml", kill_on_drop: false }`
[INFO] [stderr]     Updating crates.io index
[INFO] running `Command { std: CARGO_HOME="/workspace/cargo-home" RUSTUP_HOME="/workspace/rustup-home" "/workspace/cargo-home/bin/cargo" "+beta-2023-12-22" "fetch" "--manifest-path" "Cargo.toml", kill_on_drop: false }`
[INFO] running `Command { std: "docker" "create" "-v" "/var/lib/crater-agent-workspace/builds/worker-0-tc2/target:/opt/rustwide/target:rw,Z" "-v" "/var/lib/crater-agent-workspace/builds/worker-0-tc2/source:/opt/rustwide/workdir:ro,Z" "-v" "/var/lib/crater-agent-workspace/cargo-home:/opt/rustwide/cargo-home:ro,Z" "-v" "/var/lib/crater-agent-workspace/rustup-home:/opt/rustwide/rustup-home:ro,Z" "-e" "SOURCE_DIR=/opt/rustwide/workdir" "-e" "CARGO_TARGET_DIR=/opt/rustwide/target" "-e" "CARGO_HOME=/opt/rustwide/cargo-home" "-e" "RUSTUP_HOME=/opt/rustwide/rustup-home" "-w" "/opt/rustwide/workdir" "-m" "1610612736" "--user" "0:0" "--network" "none" "ghcr.io/rust-lang/crates-build-env/linux@sha256:2788e3201cd34a07e3172128adcd8b3090168a8e3bcc40d7c032b9dda1df7d1c" "/opt/rustwide/cargo-home/bin/cargo" "+beta-2023-12-22" "metadata" "--no-deps" "--format-version=1", kill_on_drop: false }`
[INFO] [stdout] 1f501f059d46a6de316846098c1892b75dcdcf6e5fd55a3e3b79d0a3b8f020b6
[INFO] running `Command { std: "docker" "start" "-a" "1f501f059d46a6de316846098c1892b75dcdcf6e5fd55a3e3b79d0a3b8f020b6", kill_on_drop: false }`
[INFO] running `Command { std: "docker" "inspect" "1f501f059d46a6de316846098c1892b75dcdcf6e5fd55a3e3b79d0a3b8f020b6", kill_on_drop: false }`
[INFO] running `Command { std: "docker" "rm" "-f" "1f501f059d46a6de316846098c1892b75dcdcf6e5fd55a3e3b79d0a3b8f020b6", kill_on_drop: false }`
[INFO] [stdout] 1f501f059d46a6de316846098c1892b75dcdcf6e5fd55a3e3b79d0a3b8f020b6
[INFO] running `Command { std: "docker" "create" "-v" "/var/lib/crater-agent-workspace/builds/worker-0-tc2/target:/opt/rustwide/target:rw,Z" "-v" "/var/lib/crater-agent-workspace/builds/worker-0-tc2/source:/opt/rustwide/workdir:ro,Z" "-v" "/var/lib/crater-agent-workspace/cargo-home:/opt/rustwide/cargo-home:ro,Z" "-v" "/var/lib/crater-agent-workspace/rustup-home:/opt/rustwide/rustup-home:ro,Z" "-e" "SOURCE_DIR=/opt/rustwide/workdir" "-e" "CARGO_TARGET_DIR=/opt/rustwide/target" "-e" "CARGO_INCREMENTAL=0" "-e" "RUST_BACKTRACE=full" "-e" "RUSTFLAGS=--cap-lints=warn" "-e" "RUSTDOCFLAGS=--cap-lints=warn" "-e" "CARGO_HOME=/opt/rustwide/cargo-home" "-e" "RUSTUP_HOME=/opt/rustwide/rustup-home" "-w" "/opt/rustwide/workdir" "-m" "1610612736" "--user" "0:0" "--network" "none" "ghcr.io/rust-lang/crates-build-env/linux@sha256:2788e3201cd34a07e3172128adcd8b3090168a8e3bcc40d7c032b9dda1df7d1c" "/opt/rustwide/cargo-home/bin/cargo" "+beta-2023-12-22" "build" "--frozen" "--message-format=json", kill_on_drop: false }`
[INFO] [stdout] 046c98ee0c5cc39519430f6ceee2617b257ddfe92a6317c4bc5ab3805c1db239
[INFO] running `Command { std: "docker" "start" "-a" "046c98ee0c5cc39519430f6ceee2617b257ddfe92a6317c4bc5ab3805c1db239", kill_on_drop: false }`
[INFO] [stderr]    Compiling num-traits v0.2.17
[INFO] [stderr]    Compiling num-integer v0.1.45
[INFO] [stderr]    Compiling num-bigint v0.4.4
[INFO] [stderr]    Compiling num-rational v0.4.1
[INFO] [stderr]    Compiling num-iter v0.1.43
[INFO] [stderr]    Compiling num-complex v0.4.4
[INFO] [stderr]    Compiling num v0.4.1
[INFO] [stderr]    Compiling fluent-asserter v0.1.9 (/opt/rustwide/workdir)
[INFO] [stderr]     Finished dev [unoptimized + debuginfo] target(s) in 2.44s
[INFO] running `Command { std: "docker" "inspect" "046c98ee0c5cc39519430f6ceee2617b257ddfe92a6317c4bc5ab3805c1db239", kill_on_drop: false }`
[INFO] running `Command { std: "docker" "rm" "-f" "046c98ee0c5cc39519430f6ceee2617b257ddfe92a6317c4bc5ab3805c1db239", kill_on_drop: false }`
[INFO] [stdout] 046c98ee0c5cc39519430f6ceee2617b257ddfe92a6317c4bc5ab3805c1db239
[INFO] running `Command { std: "docker" "create" "-v" "/var/lib/crater-agent-workspace/builds/worker-0-tc2/target:/opt/rustwide/target:rw,Z" "-v" "/var/lib/crater-agent-workspace/builds/worker-0-tc2/source:/opt/rustwide/workdir:ro,Z" "-v" "/var/lib/crater-agent-workspace/cargo-home:/opt/rustwide/cargo-home:ro,Z" "-v" "/var/lib/crater-agent-workspace/rustup-home:/opt/rustwide/rustup-home:ro,Z" "-e" "SOURCE_DIR=/opt/rustwide/workdir" "-e" "CARGO_TARGET_DIR=/opt/rustwide/target" "-e" "CARGO_INCREMENTAL=0" "-e" "RUST_BACKTRACE=full" "-e" "RUSTFLAGS=--cap-lints=warn" "-e" "RUSTDOCFLAGS=--cap-lints=warn" "-e" "CARGO_HOME=/opt/rustwide/cargo-home" "-e" "RUSTUP_HOME=/opt/rustwide/rustup-home" "-w" "/opt/rustwide/workdir" "-m" "1610612736" "--user" "0:0" "--network" "none" "ghcr.io/rust-lang/crates-build-env/linux@sha256:2788e3201cd34a07e3172128adcd8b3090168a8e3bcc40d7c032b9dda1df7d1c" "/opt/rustwide/cargo-home/bin/cargo" "+beta-2023-12-22" "test" "--frozen" "--no-run" "--message-format=json", kill_on_drop: false }`
[INFO] [stdout] b85c7bfdefb1a0a05b8c480a9ea91d6fda166a8a541b068d81c571c902e9d570
[INFO] running `Command { std: "docker" "start" "-a" "b85c7bfdefb1a0a05b8c480a9ea91d6fda166a8a541b068d81c571c902e9d570", kill_on_drop: false }`
[INFO] [stderr]    Compiling fluent-asserter v0.1.9 (/opt/rustwide/workdir)
[INFO] [stderr]     Finished test [unoptimized + debuginfo] target(s) in 0.71s
[INFO] running `Command { std: "docker" "inspect" "b85c7bfdefb1a0a05b8c480a9ea91d6fda166a8a541b068d81c571c902e9d570", kill_on_drop: false }`
[INFO] running `Command { std: "docker" "rm" "-f" "b85c7bfdefb1a0a05b8c480a9ea91d6fda166a8a541b068d81c571c902e9d570", kill_on_drop: false }`
[INFO] [stdout] b85c7bfdefb1a0a05b8c480a9ea91d6fda166a8a541b068d81c571c902e9d570
[INFO] running `Command { std: "docker" "create" "-v" "/var/lib/crater-agent-workspace/builds/worker-0-tc2/target:/opt/rustwide/target:rw,Z" "-v" "/var/lib/crater-agent-workspace/builds/worker-0-tc2/source:/opt/rustwide/workdir:ro,Z" "-v" "/var/lib/crater-agent-workspace/cargo-home:/opt/rustwide/cargo-home:ro,Z" "-v" "/var/lib/crater-agent-workspace/rustup-home:/opt/rustwide/rustup-home:ro,Z" "-e" "SOURCE_DIR=/opt/rustwide/workdir" "-e" "CARGO_TARGET_DIR=/opt/rustwide/target" "-e" "CARGO_INCREMENTAL=0" "-e" "RUST_BACKTRACE=full" "-e" "RUSTFLAGS=--cap-lints=warn" "-e" "RUSTDOCFLAGS=--cap-lints=warn" "-e" "CARGO_HOME=/opt/rustwide/cargo-home" "-e" "RUSTUP_HOME=/opt/rustwide/rustup-home" "-w" "/opt/rustwide/workdir" "-m" "1610612736" "--user" "0:0" "--network" "none" "ghcr.io/rust-lang/crates-build-env/linux@sha256:2788e3201cd34a07e3172128adcd8b3090168a8e3bcc40d7c032b9dda1df7d1c" "/opt/rustwide/cargo-home/bin/cargo" "+beta-2023-12-22" "test" "--frozen", kill_on_drop: false }`
[INFO] [stdout] 1d08a86b630b13d6609f979a659f32979702d17cdcd91ef20c9f9707e1d4c3ff
[INFO] running `Command { std: "docker" "start" "-a" "1d08a86b630b13d6609f979a659f32979702d17cdcd91ef20c9f9707e1d4c3ff", kill_on_drop: false }`
[INFO] [stderr]     Finished test [unoptimized + debuginfo] target(s) in 0.01s
[INFO] [stderr]      Running unittests src/lib.rs (/opt/rustwide/target/debug/deps/fluent_asserter-196eb07ebdb13e66)
[INFO] [stdout] 
[INFO] [stdout] running 0 tests
[INFO] [stdout] 
[INFO] [stdout] test result: ok. 0 passed; 0 failed; 0 ignored; 0 measured; 0 filtered out; finished in 0.00s
[INFO] [stdout] 
[INFO] [stderr]      Running tests/lib/main.rs (/opt/rustwide/target/debug/deps/lib-8cec1844b663f609)
[INFO] [stdout] 
[INFO] [stdout] running 68 tests
[INFO] [stdout] test boolean_asserter_tests::boolean_asserter_tests::test_error_message ... ok
[INFO] [stdout] test boolean_asserter_tests::boolean_asserter_tests::test_is_false ... ok
[INFO] [stdout] test boolean_asserter_tests::boolean_asserter_tests::test_is_equal_to ... ok
[INFO] [stdout] test hashmap_asserter_tests::hashmap_asserter_tests::test_contains_key ... ok
[INFO] [stdout] test boolean_asserter_tests::boolean_asserter_tests::test_is_true ... ok
[INFO] [stdout] test hashmap_asserter_tests::hashmap_asserter_tests::test_contains_key_with_value ... ok
[INFO] [stdout] test hashmap_asserter_tests::hashmap_asserter_tests::test_contains_key_error_handling ... ok
[INFO] [stdout] test hashmap_asserter_tests::hashmap_asserter_tests::test_does_not_contain_key ... ok
[INFO] [stdout] test hashmap_asserter_tests::hashmap_asserter_tests::test_has_length ... ok
[INFO] [stdout] test hashmap_asserter_tests::hashmap_asserter_tests::test_is_empty ... ok
[INFO] [stdout] test hashmap_asserter_tests::hashmap_asserter_tests::test_is_not_empty ... ok
[INFO] [stdout] test iterator_asserter_tests::iterator_asserter_tests::test_contains ... ok
[INFO] [stdout] test iterator_asserter_tests::iterator_asserter_tests::test_contains_any ... ok
[INFO] [stdout] test iterator_asserter_tests::iterator_asserter_tests::test_does_not_contain_any ... ok
[INFO] [stdout] test iterator_asserter_tests::iterator_asserter_tests::test_has_count ... ok
[INFO] [stdout] test iterator_asserter_tests::iterator_asserter_tests::test_is_empty ... ok
[INFO] [stdout] test iterator_asserter_tests::iterator_asserter_tests::test_is_equal_respectively_with_simple_single_type ... ok
[INFO] [stdout] test iterator_asserter_tests::iterator_asserter_tests::test_is_equal_to ... ok
[INFO] [stdout] test iterator_asserter_tests::iterator_asserter_tests::test_is_not_empty ... ok
[INFO] [stdout] test iterator_asserter_tests::iterator_asserter_tests::test_satisfies_respectively_with_complex_multiple_types ... ok
[INFO] [stdout] test iterator_asserter_tests::iterator_asserter_tests::test_satisfies_respectively_with_complex_single_type ... ok
[INFO] [stdout] test iterator_asserter_tests::iterator_asserter_tests::test_satisfies_respectively_with_for_multiple_items_by_using_helper_macro ... ok
[INFO] [stdout] test iterator_asserter_tests::iterator_asserter_tests::test_satisfies_respectively_with_for_multiple_simple_types_by_using_helper_macro ... ok
[INFO] [stdout] test iterator_asserter_tests::iterator_asserter_tests::test_that_satisfies_respectively_fails ... ok
[INFO] [stdout] test iterator_asserter_tests::iterator_asserter_tests::test_that_satisfies_respectively_fails_when_different_size_if_asserters_specified ... ok
[INFO] [stdout] test number_approx_asserter_tests::number_approx_asserter_tests::test_is_equal_to_approximately_for_signed ... ok
[INFO] [stdout] test number_approx_asserter_tests::number_approx_asserter_tests::test_is_equal_to_approximately_for_f64 ... ok
[INFO] [stdout] test number_asserter_tests::number_asserter_tests::test_is_greater_than ... ok
[INFO] [stdout] test number_asserter_tests::number_asserter_tests::test_is_greater_than_or_equal_to ... ok
[INFO] [stdout] test number_approx_asserter_tests::number_approx_asserter_tests::test_is_equal_to_approximately_for_f32 ... ok
[INFO] [stdout] test number_approx_asserter_tests::number_approx_asserter_tests::test_is_equal_to_approximately_for_unsigned ... ok
[INFO] [stdout] test number_asserter_tests::number_asserter_tests::test_is_in_range ... ok
[INFO] [stdout] test number_asserter_tests::number_asserter_tests::test_is_not_in_range ... ok
[INFO] [stdout] test number_asserter_tests::number_asserter_tests::test_that_error_message_contains_inline_value ... ok
[INFO] [stdout] test number_asserter_tests::number_asserter_tests::test_is_smaller_than_or_equal_to ... ok
[INFO] [stdout] test number_asserter_tests::number_asserter_tests::test_is_smaller_than ... ok
[INFO] [stdout] test option_asserter_tests::test_option_asserter::test_is_none_with_none ... ok
[INFO] [stdout] test number_asserter_tests::number_asserter_tests::test_that_error_message_contains_variable_name ... ok
[INFO] [stdout] test option_asserter_tests::test_option_asserter::test_is_none_with_some ... ok
[INFO] [stdout] test option_asserter_tests::test_option_asserter::test_is_some_with_some ... ok
[INFO] [stdout] test option_asserter_tests::test_option_asserter::test_is_some_without_value ... FAILED
[INFO] [stdout] test panic_asserter_tests::panic_asserter_tests::test_assert_that_does_not_panics ... ok
[INFO] [stdout] test panic_asserter_tests::panic_asserter_tests::test_panics_with_message ... ok
[INFO] [stdout] test panic_asserter_tests::panic_asserter_tests::test_that_code_panics_whereas_not - should panic ... ok
[INFO] [stdout] test panic_asserter_tests::panic_asserter_tests::test_assert_that_panics ... ok
[INFO] [stdout] test option_asserter_tests::test_option_asserter::test_is_some_with_none ... ok
[INFO] [stdout] test panic_asserter_tests::panic_asserter_tests::test_that_panic_contains_message_whereas_not - should panic ... ok
[INFO] [stdout] test panic_asserter_tests::panic_asserter_tests::test_panics_when_panic_assertion_fails - should panic ... ok
[INFO] [stdout] test panic_asserter_tests::panic_asserter_tests::test_that_panic_contains_panic_message ... ok
[INFO] [stdout] test result_asserter_tests::test_option_asserter::test_is_error_with_value ... ok
[INFO] [stdout] test result_asserter_tests::test_option_asserter::test_is_error_with_value_for_ok_result ... ok
[INFO] [stdout] test panic_asserter_tests::panic_asserter_tests::test_that_provider_closure_panics ... ok
[INFO] [stdout] test string_asserter_tests::string_asserter_tests::test_string_is_not_empty ... ok
[INFO] [stdout] test result_asserter_tests::test_option_asserter::test_is_ok_with_value ... ok
[INFO] [stdout] test result_asserter_tests::test_option_asserter::test_is_ok_with_value_for_error ... ok
[INFO] [stdout] test result_asserter_tests::test_option_asserter::test_is_ok ... ok
[INFO] [stdout] test result_asserter_tests::test_option_asserter::test_is_error ... ok
[INFO] [stdout] test string_asserter_tests::string_asserter_tests::test_contains_all ... ok
[INFO] [stdout] test string_asserter_tests::string_asserter_tests::test_contains_any ... ok
[INFO] [stdout] test string_asserter_tests::string_asserter_tests::test_has_length ... ok
[INFO] [stdout] test string_asserter_tests::string_asserter_tests::test_is_equal_to_for_string ... ok
[INFO] [stdout] test string_asserter_tests::string_asserter_tests::test_string_ends_with ... ok
[INFO] [stdout] test string_asserter_tests::string_asserter_tests::test_string_starts_with ... ok
[INFO] [stdout] test string_asserter_tests::string_asserter_tests::test_that_error_message_contains_inline_value ... ok
[INFO] [stdout] test string_asserter_tests::string_asserter_tests::test_string_is_empty ... ok
[INFO] [stdout] test string_asserter_tests::string_asserter_tests::test_that_error_message_contains_variable_name ... ok
[INFO] [stdout] test string_asserter_tests::string_asserter_tests::test_is_equal_to_for_str ... ok
[INFO] [stdout] test string_asserter_tests::string_asserter_tests::test_string_contains ... ok
[INFO] [stdout] 
[INFO] [stdout] failures:
[INFO] [stdout] 
[INFO] [stdout] ---- option_asserter_tests::test_option_asserter::test_is_some_without_value stdout ----
[INFO] [stdout] thread 'option_asserter_tests::test_option_asserter::test_is_some_without_value' panicked at src/panic_asserter.rs:26:13:
[INFO] [stdout] Expected a panic message 'Expected 'option' to be Some(_), but found None', but found ''
[INFO] [stdout] stack backtrace:
[INFO] [stdout]    0:     0x55709f9a31f6 - std::backtrace_rs::backtrace::libunwind::trace::h261606ad26a499c1
[INFO] [stdout]                                at /rustc/0e09125c6c3c2fd70d7de961bcf0e51575235fad/library/std/src/../../backtrace/src/backtrace/libunwind.rs:104:5
[INFO] [stdout]    1:     0x55709f9a31f6 - std::backtrace_rs::backtrace::trace_unsynchronized::hd183f0625477fb28
[INFO] [stdout]                                at /rustc/0e09125c6c3c2fd70d7de961bcf0e51575235fad/library/std/src/../../backtrace/src/backtrace/mod.rs:66:5
[INFO] [stdout]    2:     0x55709f9a31f6 - std::sys_common::backtrace::_print_fmt::hd7f8fef21b4eda67
[INFO] [stdout]                                at /rustc/0e09125c6c3c2fd70d7de961bcf0e51575235fad/library/std/src/sys_common/backtrace.rs:68:5
[INFO] [stdout]    3:     0x55709f9a31f6 - <std::sys_common::backtrace::_print::DisplayBacktrace as core::fmt::Display>::fmt::h623d9b51f2f453f1
[INFO] [stdout]                                at /rustc/0e09125c6c3c2fd70d7de961bcf0e51575235fad/library/std/src/sys_common/backtrace.rs:44:22
[INFO] [stdout]    4:     0x55709f9cd650 - core::fmt::rt::Argument::fmt::h9f417ac76a86f368
[INFO] [stdout]                                at /rustc/0e09125c6c3c2fd70d7de961bcf0e51575235fad/library/core/src/fmt/rt.rs:142:9
[INFO] [stdout]    5:     0x55709f9cd650 - core::fmt::write::hc9b6faf4ac2aeff7
[INFO] [stdout]                                at /rustc/0e09125c6c3c2fd70d7de961bcf0e51575235fad/library/core/src/fmt/mod.rs:1120:17
[INFO] [stdout]    6:     0x55709f9a0c5f - std::io::Write::write_fmt::he04625a3a989fec3
[INFO] [stdout]                                at /rustc/0e09125c6c3c2fd70d7de961bcf0e51575235fad/library/std/src/io/mod.rs:1810:15
[INFO] [stdout]    7:     0x55709f9a2fd4 - std::sys_common::backtrace::_print::hd5d66399c7df88a2
[INFO] [stdout]                                at /rustc/0e09125c6c3c2fd70d7de961bcf0e51575235fad/library/std/src/sys_common/backtrace.rs:47:5
[INFO] [stdout]    8:     0x55709f9a2fd4 - std::sys_common::backtrace::print::he81ed2da642d37e5
[INFO] [stdout]                                at /rustc/0e09125c6c3c2fd70d7de961bcf0e51575235fad/library/std/src/sys_common/backtrace.rs:34:9
[INFO] [stdout]    9:     0x55709f9a4d47 - std::panicking::default_hook::{{closure}}::h85773f4fa117163d
[INFO] [stdout]   10:     0x55709f9a4a2d - std::panicking::default_hook::h6a1694a91d09b278
[INFO] [stdout]                                at /rustc/0e09125c6c3c2fd70d7de961bcf0e51575235fad/library/std/src/panicking.rs:289:9
[INFO] [stdout]   11:     0x55709f966d17 - <alloc::boxed::Box<F,A> as core::ops::function::Fn<Args>>::call::h616ac37fa3cd6c8f
[INFO] [stdout]                                at /rustc/0e09125c6c3c2fd70d7de961bcf0e51575235fad/library/alloc/src/boxed.rs:2029:9
[INFO] [stdout]   12:     0x55709f966d17 - test::test_main::{{closure}}::h00d84697cefdcbb6
[INFO] [stdout]                                at /rustc/0e09125c6c3c2fd70d7de961bcf0e51575235fad/library/test/src/lib.rs:138:21
[INFO] [stdout]   13:     0x55709f9a5366 - <alloc::boxed::Box<F,A> as core::ops::function::Fn<Args>>::call::hcb3fe3b9bb537ba8
[INFO] [stdout]                                at /rustc/0e09125c6c3c2fd70d7de961bcf0e51575235fad/library/alloc/src/boxed.rs:2029:9
[INFO] [stdout]   14:     0x55709f9a5366 - std::panicking::rust_panic_with_hook::h0a7ad96e90f7145b
[INFO] [stdout]                                at /rustc/0e09125c6c3c2fd70d7de961bcf0e51575235fad/library/std/src/panicking.rs:783:13
[INFO] [stdout]   15:     0x55709f9a50b2 - std::panicking::begin_panic_handler::{{closure}}::h7919090525c6485e
[INFO] [stdout]                                at /rustc/0e09125c6c3c2fd70d7de961bcf0e51575235fad/library/std/src/panicking.rs:657:13
[INFO] [stdout]   16:     0x55709f9a36f6 - std::sys_common::backtrace::__rust_end_short_backtrace::hf3289479464f7dfe
[INFO] [stdout]                                at /rustc/0e09125c6c3c2fd70d7de961bcf0e51575235fad/library/std/src/sys_common/backtrace.rs:171:18
[INFO] [stdout]   17:     0x55709f9a4e10 - rust_begin_unwind
[INFO] [stdout]                                at /rustc/0e09125c6c3c2fd70d7de961bcf0e51575235fad/library/std/src/panicking.rs:645:5
[INFO] [stdout]   18:     0x55709f8f0cd5 - core::panicking::panic_fmt::hcc9f77c5c132af55
[INFO] [stdout]                                at /rustc/0e09125c6c3c2fd70d7de961bcf0e51575235fad/library/core/src/panicking.rs:72:14
[INFO] [stdout]   19:     0x55709f97a5bb - fluent_asserter::panic_asserter::PanicAssertions::with_message::hc7cced2a3c49edab
[INFO] [stdout]                                at /opt/rustwide/workdir/src/panic_asserter.rs:26:13
[INFO] [stdout]   20:     0x55709f928161 - lib::option_asserter_tests::test_option_asserter::test_is_some_without_value::h99261d79cd8dd314
[INFO] [stdout]                                at /opt/rustwide/workdir/tests/lib/option_asserter_tests.rs:15:9
[INFO] [stdout]   21:     0x55709f928087 - lib::option_asserter_tests::test_option_asserter::test_is_some_without_value::{{closure}}::ha91f44e0ae525941
[INFO] [stdout]                                at /opt/rustwide/workdir/tests/lib/option_asserter_tests.rs:9:36
[INFO] [stdout]   22:     0x55709f91ed46 - core::ops::function::FnOnce::call_once::h738a6e7a5f96bc9d
[INFO] [stdout]                                at /rustc/0e09125c6c3c2fd70d7de961bcf0e51575235fad/library/core/src/ops/function.rs:250:5
[INFO] [stdout]   23:     0x55709f96c5ef - core::ops::function::FnOnce::call_once::hd64d26f405258157
[INFO] [stdout]                                at /rustc/0e09125c6c3c2fd70d7de961bcf0e51575235fad/library/core/src/ops/function.rs:250:5
[INFO] [stdout]   24:     0x55709f96c5ef - test::__rust_begin_short_backtrace::he21b0b7a6d731bf9
[INFO] [stdout]                                at /rustc/0e09125c6c3c2fd70d7de961bcf0e51575235fad/library/test/src/lib.rs:627:18
[INFO] [stdout]   25:     0x55709f96b371 - test::run_test_in_process::{{closure}}::hf5c73986d7bdfde2
[INFO] [stdout]                                at /rustc/0e09125c6c3c2fd70d7de961bcf0e51575235fad/library/test/src/lib.rs:650:60
[INFO] [stdout]   26:     0x55709f96b371 - <core::panic::unwind_safe::AssertUnwindSafe<F> as core::ops::function::FnOnce<()>>::call_once::h330011ad032aadc0
[INFO] [stdout]                                at /rustc/0e09125c6c3c2fd70d7de961bcf0e51575235fad/library/core/src/panic/unwind_safe.rs:272:9
[INFO] [stdout]   27:     0x55709f96b371 - std::panicking::try::do_call::he61b0a958b795a41
[INFO] [stdout]                                at /rustc/0e09125c6c3c2fd70d7de961bcf0e51575235fad/library/std/src/panicking.rs:552:40
[INFO] [stdout]   28:     0x55709f96b371 - std::panicking::try::h7309da130f906eb7
[INFO] [stdout]                                at /rustc/0e09125c6c3c2fd70d7de961bcf0e51575235fad/library/std/src/panicking.rs:516:19
[INFO] [stdout]   29:     0x55709f96b371 - std::panic::catch_unwind::hc5c3a06fdaf0a92a
[INFO] [stdout]                                at /rustc/0e09125c6c3c2fd70d7de961bcf0e51575235fad/library/std/src/panic.rs:142:14
[INFO] [stdout]   30:     0x55709f96b371 - test::run_test_in_process::h7e7b7c71c3324e0f
[INFO] [stdout]                                at /rustc/0e09125c6c3c2fd70d7de961bcf0e51575235fad/library/test/src/lib.rs:650:27
[INFO] [stdout]   31:     0x55709f96b371 - test::run_test::{{closure}}::h1f509f28f5cf20b1
[INFO] [stdout]                                at /rustc/0e09125c6c3c2fd70d7de961bcf0e51575235fad/library/test/src/lib.rs:573:43
[INFO] [stdout]   32:     0x55709f9326a6 - test::run_test::{{closure}}::h1754218abf443f6d
[INFO] [stdout]                                at /rustc/0e09125c6c3c2fd70d7de961bcf0e51575235fad/library/test/src/lib.rs:601:41
[INFO] [stdout]   33:     0x55709f9326a6 - std::sys_common::backtrace::__rust_begin_short_backtrace::h2ee174b9d5954948
[INFO] [stdout]                                at /rustc/0e09125c6c3c2fd70d7de961bcf0e51575235fad/library/std/src/sys_common/backtrace.rs:155:18
[INFO] [stdout]   34:     0x55709f937707 - std::thread::Builder::spawn_unchecked_::{{closure}}::{{closure}}::hf60bee9c1a17ef09
[INFO] [stdout]                                at /rustc/0e09125c6c3c2fd70d7de961bcf0e51575235fad/library/std/src/thread/mod.rs:529:17
[INFO] [stdout]   35:     0x55709f937707 - <core::panic::unwind_safe::AssertUnwindSafe<F> as core::ops::function::FnOnce<()>>::call_once::h33d0dddec5216160
[INFO] [stdout]                                at /rustc/0e09125c6c3c2fd70d7de961bcf0e51575235fad/library/core/src/panic/unwind_safe.rs:272:9
[INFO] [stdout]   36:     0x55709f937707 - std::panicking::try::do_call::h144b3048b546f835
[INFO] [stdout]                                at /rustc/0e09125c6c3c2fd70d7de961bcf0e51575235fad/library/std/src/panicking.rs:552:40
[INFO] [stdout]   37:     0x55709f937707 - std::panicking::try::h978244d04646189f
[INFO] [stdout]                                at /rustc/0e09125c6c3c2fd70d7de961bcf0e51575235fad/library/std/src/panicking.rs:516:19
[INFO] [stdout]   38:     0x55709f937707 - std::panic::catch_unwind::hdf436369d188fe86
[INFO] [stdout]                                at /rustc/0e09125c6c3c2fd70d7de961bcf0e51575235fad/library/std/src/panic.rs:142:14
[INFO] [stdout]   39:     0x55709f937707 - std::thread::Builder::spawn_unchecked_::{{closure}}::h87329cbdd33c79ec
[INFO] [stdout]                                at /rustc/0e09125c6c3c2fd70d7de961bcf0e51575235fad/library/std/src/thread/mod.rs:528:30
[INFO] [stdout]   40:     0x55709f937707 - core::ops::function::FnOnce::call_once{{vtable.shim}}::h401abbe67897d450
[INFO] [stdout]                                at /rustc/0e09125c6c3c2fd70d7de961bcf0e51575235fad/library/core/src/ops/function.rs:250:5
[INFO] [stdout]   41:     0x55709f9a9e15 - <alloc::boxed::Box<F,A> as core::ops::function::FnOnce<Args>>::call_once::h5d7c8f150ab9c84c
[INFO] [stdout]                                at /rustc/0e09125c6c3c2fd70d7de961bcf0e51575235fad/library/alloc/src/boxed.rs:2015:9
[INFO] [stdout]   42:     0x55709f9a9e15 - <alloc::boxed::Box<F,A> as core::ops::function::FnOnce<Args>>::call_once::h570d5b005c242c15
[INFO] [stdout]                                at /rustc/0e09125c6c3c2fd70d7de961bcf0e51575235fad/library/alloc/src/boxed.rs:2015:9
[INFO] [stdout]   43:     0x55709f9a9e15 - std::sys::unix::thread::Thread::new::thread_start::h36b0a20c0b2361ad
[INFO] [stdout]                                at /rustc/0e09125c6c3c2fd70d7de961bcf0e51575235fad/library/std/src/sys/unix/thread.rs:108:17
[INFO] [stdout]   44:     0x7f0efa453ac3 - <unknown>
[INFO] [stdout]   45:     0x7f0efa4e4bf4 - __clone
[INFO] [stdout]   46:                0x0 - <unknown>
[INFO] [stdout] 
[INFO] [stdout] 
[INFO] [stdout] failures:
[INFO] [stdout]     option_asserter_tests::test_option_asserter::test_is_some_without_value
[INFO] [stdout] 
[INFO] [stdout] test result: FAILED. 67 passed; 1 failed; 0 ignored; 0 measured; 0 filtered out; finished in 0.02s
[INFO] [stdout] 
[INFO] [stderr] error: test failed, to rerun pass `--test lib`
[INFO] running `Command { std: "docker" "inspect" "1d08a86b630b13d6609f979a659f32979702d17cdcd91ef20c9f9707e1d4c3ff", kill_on_drop: false }`
[INFO] running `Command { std: "docker" "rm" "-f" "1d08a86b630b13d6609f979a659f32979702d17cdcd91ef20c9f9707e1d4c3ff", kill_on_drop: false }`
[INFO] [stdout] 1d08a86b630b13d6609f979a659f32979702d17cdcd91ef20c9f9707e1d4c3ff
