[INFO] fetching crate dlarm 0.3.0...
[INFO] testing dlarm-0.3.0 against 1.75.0 for beta-1.76-1
[INFO] extracting crate dlarm 0.3.0 into /workspace/builds/worker-7-tc1/source
[INFO] validating manifest of crates.io crate dlarm 0.3.0 on toolchain 1.75.0
[INFO] running `Command { std: CARGO_HOME="/workspace/cargo-home" RUSTUP_HOME="/workspace/rustup-home" "/workspace/cargo-home/bin/cargo" "+1.75.0" "metadata" "--manifest-path" "Cargo.toml" "--no-deps", kill_on_drop: false }`
[INFO] started tweaking crates.io crate dlarm 0.3.0
[INFO] finished tweaking crates.io crate dlarm 0.3.0
[INFO] tweaked toml for crates.io crate dlarm 0.3.0 written to /workspace/builds/worker-7-tc1/source/Cargo.toml
[INFO] running `Command { std: CARGO_HOME="/workspace/cargo-home" RUSTUP_HOME="/workspace/rustup-home" "/workspace/cargo-home/bin/cargo" "+1.75.0" "generate-lockfile" "--manifest-path" "Cargo.toml", kill_on_drop: false }`
[INFO] [stderr]     Updating crates.io index
[INFO] running `Command { std: CARGO_HOME="/workspace/cargo-home" RUSTUP_HOME="/workspace/rustup-home" "/workspace/cargo-home/bin/cargo" "+1.75.0" "fetch" "--manifest-path" "Cargo.toml", kill_on_drop: false }`
[INFO] [stderr]  Downloading crates ...
[INFO] [stderr]   Downloaded escargot v0.3.1
[INFO] [stderr]   Downloaded predicates v1.0.8
[INFO] [stderr]   Downloaded assert_cmd v0.10.2
[INFO] [stderr]   Downloaded man v0.2.0
[INFO] running `Command { std: "docker" "create" "-v" "/var/lib/crater-agent-workspace/builds/worker-7-tc1/target:/opt/rustwide/target:rw,Z" "-v" "/var/lib/crater-agent-workspace/builds/worker-7-tc1/source:/opt/rustwide/workdir:ro,Z" "-v" "/var/lib/crater-agent-workspace/cargo-home:/opt/rustwide/cargo-home:ro,Z" "-v" "/var/lib/crater-agent-workspace/rustup-home:/opt/rustwide/rustup-home:ro,Z" "-e" "SOURCE_DIR=/opt/rustwide/workdir" "-e" "CARGO_TARGET_DIR=/opt/rustwide/target" "-e" "CARGO_HOME=/opt/rustwide/cargo-home" "-e" "RUSTUP_HOME=/opt/rustwide/rustup-home" "-w" "/opt/rustwide/workdir" "-m" "1610612736" "--user" "0:0" "--network" "none" "ghcr.io/rust-lang/crates-build-env/linux@sha256:2788e3201cd34a07e3172128adcd8b3090168a8e3bcc40d7c032b9dda1df7d1c" "/opt/rustwide/cargo-home/bin/cargo" "+1.75.0" "metadata" "--no-deps" "--format-version=1", kill_on_drop: false }`
[INFO] [stdout] 9f4d932c8c91420fe9d9fd08692cb14c66659c3b034ca813a31c17e062b30ff8
[INFO] running `Command { std: "docker" "start" "-a" "9f4d932c8c91420fe9d9fd08692cb14c66659c3b034ca813a31c17e062b30ff8", kill_on_drop: false }`
[INFO] running `Command { std: "docker" "inspect" "9f4d932c8c91420fe9d9fd08692cb14c66659c3b034ca813a31c17e062b30ff8", kill_on_drop: false }`
[INFO] running `Command { std: "docker" "rm" "-f" "9f4d932c8c91420fe9d9fd08692cb14c66659c3b034ca813a31c17e062b30ff8", kill_on_drop: false }`
[INFO] [stdout] 9f4d932c8c91420fe9d9fd08692cb14c66659c3b034ca813a31c17e062b30ff8
[INFO] running `Command { std: "docker" "create" "-v" "/var/lib/crater-agent-workspace/builds/worker-7-tc1/target:/opt/rustwide/target:rw,Z" "-v" "/var/lib/crater-agent-workspace/builds/worker-7-tc1/source:/opt/rustwide/workdir:ro,Z" "-v" "/var/lib/crater-agent-workspace/cargo-home:/opt/rustwide/cargo-home:ro,Z" "-v" "/var/lib/crater-agent-workspace/rustup-home:/opt/rustwide/rustup-home:ro,Z" "-e" "SOURCE_DIR=/opt/rustwide/workdir" "-e" "CARGO_TARGET_DIR=/opt/rustwide/target" "-e" "CARGO_INCREMENTAL=0" "-e" "RUST_BACKTRACE=full" "-e" "RUSTFLAGS=--cap-lints=warn" "-e" "RUSTDOCFLAGS=--cap-lints=warn" "-e" "CARGO_HOME=/opt/rustwide/cargo-home" "-e" "RUSTUP_HOME=/opt/rustwide/rustup-home" "-w" "/opt/rustwide/workdir" "-m" "1610612736" "--user" "0:0" "--network" "none" "ghcr.io/rust-lang/crates-build-env/linux@sha256:2788e3201cd34a07e3172128adcd8b3090168a8e3bcc40d7c032b9dda1df7d1c" "/opt/rustwide/cargo-home/bin/cargo" "+1.75.0" "build" "--frozen" "--message-format=json", kill_on_drop: false }`
[INFO] [stdout] 44a5cdfb382fbe587ed2a0f0adad04324b3100a2a34b53c082ee89384fc14633
[INFO] running `Command { std: "docker" "start" "-a" "44a5cdfb382fbe587ed2a0f0adad04324b3100a2a34b53c082ee89384fc14633", kill_on_drop: false }`
[INFO] [stderr]    Compiling syn v2.0.48
[INFO] [stderr]    Compiling rustix v0.38.28
[INFO] [stderr]    Compiling linux-raw-sys v0.4.12
[INFO] [stderr]    Compiling escargot v0.3.1
[INFO] [stderr]    Compiling predicates-core v1.0.6
[INFO] [stderr]    Compiling difference v2.0.0
[INFO] [stderr]    Compiling termtree v0.4.1
[INFO] [stderr]    Compiling float-cmp v0.8.0
[INFO] [stderr]    Compiling unicode-width v0.1.11
[INFO] [stderr]    Compiling normalize-line-endings v0.3.0
[INFO] [stderr]    Compiling ansi_term v0.12.1
[INFO] [stderr]    Compiling roff v0.1.0
[INFO] [stderr]    Compiling vec_map v0.8.2
[INFO] [stderr]    Compiling strsim v0.8.0
[INFO] [stderr]    Compiling atty v0.2.14
[INFO] [stderr]    Compiling quick-error v1.2.3
[INFO] [stderr]    Compiling dirs v1.0.5
[INFO] [stderr]    Compiling textwrap v0.11.0
[INFO] [stderr]    Compiling predicates-tree v1.0.9
[INFO] [stderr]    Compiling humantime v1.3.0
[INFO] [stderr]    Compiling predicates v1.0.8
[INFO] [stderr]    Compiling man v0.2.0
[INFO] [stderr]    Compiling clap v2.34.0
[INFO] [stderr]    Compiling is-terminal v0.4.10
[INFO] [stderr]    Compiling colored v1.9.4
[INFO] [stderr]    Compiling serde_derive v1.0.194
[INFO] [stderr]    Compiling serde v1.0.194
[INFO] [stderr]    Compiling serde_json v1.0.111
[INFO] [stderr]    Compiling assert_cmd v0.10.2
[INFO] [stderr]    Compiling dlarm v0.3.0 (/opt/rustwide/workdir)
[INFO] [stdout] warning: use of deprecated associated function `chrono::Local::today`: use `Local::now()` instead
[INFO] [stdout]   --> src/settings.rs:57:28
[INFO] [stdout]    |
[INFO] [stdout] 57 |         let local = Local::today().and_time(time).unwrap();
[INFO] [stdout]    |                            ^^^^^
[INFO] [stdout]    |
[INFO] [stdout]    = note: `#[warn(deprecated)]` on by default
[INFO] [stdout] 
[INFO] [stdout] 
[INFO] [stdout] warning: use of deprecated associated function `chrono::NaiveDateTime::from_timestamp`: use `from_timestamp_opt()` instead
[INFO] [stdout]   --> src/settings.rs:77:35
[INFO] [stdout]    |
[INFO] [stdout] 77 |         let time = NaiveDateTime::from_timestamp(time.parse().unwrap(), 0);
[INFO] [stdout]    |                                   ^^^^^^^^^^^^^^
[INFO] [stdout] 
[INFO] [stdout] 
[INFO] [stdout] warning: use of deprecated associated function `chrono::Local::today`: use `Local::now()` instead
[INFO] [stdout]   --> src/settings.rs:82:47
[INFO] [stdout]    |
[INFO] [stdout] 82 |         let timezone_offset_in_hours = Local::today().offset().fix().utc_minus_local() / (60 * 60);
[INFO] [stdout]    |                                               ^^^^^
[INFO] [stdout] 
[INFO] [stdout] 
[INFO] [stdout] warning: use of deprecated associated function `chrono::NaiveTime::from_hms`: use `from_hms_opt()` instead
[INFO] [stdout]    --> src/settings.rs:131:16
[INFO] [stdout]     |
[INFO] [stdout] 131 |     NaiveTime::from_hms(time.hour(), time.minute(), time.second())
[INFO] [stdout]     |                ^^^^^^^^
[INFO] [stdout] 
[INFO] [stdout] 
[INFO] [stdout] warning: unused borrow that must be used
[INFO] [stdout]   --> src/data_file.rs:11:9
[INFO] [stdout]    |
[INFO] [stdout] 11 |         &file_path.push(filename);
[INFO] [stdout]    |         ^^^^^^^^^^^^^^^^^^^^^^^^^ the borrow produces a value
[INFO] [stdout]    |
[INFO] [stdout]    = note: `#[warn(unused_must_use)]` on by default
[INFO] [stdout] help: use `let _ = ...` to ignore the resulting value
[INFO] [stdout]    |
[INFO] [stdout] 11 |         let _ = &file_path.push(filename);
[INFO] [stdout]    |         +++++++
[INFO] [stdout] 
[INFO] [stdout] 
[INFO] [stdout] warning: 5 warnings emitted
[INFO] [stdout] 
[INFO] [stdout] 
[INFO] [stderr]     Finished dev [unoptimized + debuginfo] target(s) in 10.01s
[INFO] running `Command { std: "docker" "inspect" "44a5cdfb382fbe587ed2a0f0adad04324b3100a2a34b53c082ee89384fc14633", kill_on_drop: false }`
[INFO] running `Command { std: "docker" "rm" "-f" "44a5cdfb382fbe587ed2a0f0adad04324b3100a2a34b53c082ee89384fc14633", kill_on_drop: false }`
[INFO] [stdout] 44a5cdfb382fbe587ed2a0f0adad04324b3100a2a34b53c082ee89384fc14633
[INFO] running `Command { std: "docker" "create" "-v" "/var/lib/crater-agent-workspace/builds/worker-7-tc1/target:/opt/rustwide/target:rw,Z" "-v" "/var/lib/crater-agent-workspace/builds/worker-7-tc1/source:/opt/rustwide/workdir:ro,Z" "-v" "/var/lib/crater-agent-workspace/cargo-home:/opt/rustwide/cargo-home:ro,Z" "-v" "/var/lib/crater-agent-workspace/rustup-home:/opt/rustwide/rustup-home:ro,Z" "-e" "SOURCE_DIR=/opt/rustwide/workdir" "-e" "CARGO_TARGET_DIR=/opt/rustwide/target" "-e" "CARGO_INCREMENTAL=0" "-e" "RUST_BACKTRACE=full" "-e" "RUSTFLAGS=--cap-lints=warn" "-e" "RUSTDOCFLAGS=--cap-lints=warn" "-e" "CARGO_HOME=/opt/rustwide/cargo-home" "-e" "RUSTUP_HOME=/opt/rustwide/rustup-home" "-w" "/opt/rustwide/workdir" "-m" "1610612736" "--user" "0:0" "--network" "none" "ghcr.io/rust-lang/crates-build-env/linux@sha256:2788e3201cd34a07e3172128adcd8b3090168a8e3bcc40d7c032b9dda1df7d1c" "/opt/rustwide/cargo-home/bin/cargo" "+1.75.0" "test" "--frozen" "--no-run" "--message-format=json", kill_on_drop: false }`
[INFO] [stdout] 0f25cecdbc65562b57dfc7acb14c31ff197f0511eed6322bd32fa4720f0e1a68
[INFO] running `Command { std: "docker" "start" "-a" "0f25cecdbc65562b57dfc7acb14c31ff197f0511eed6322bd32fa4720f0e1a68", kill_on_drop: false }`
[INFO] [stderr]    Compiling dlarm v0.3.0 (/opt/rustwide/workdir)
[INFO] [stdout] warning: use of deprecated associated function `chrono::Local::today`: use `Local::now()` instead
[INFO] [stdout]   --> src/settings.rs:57:28
[INFO] [stdout]    |
[INFO] [stdout] 57 |         let local = Local::today().and_time(time).unwrap();
[INFO] [stdout]    |                            ^^^^^
[INFO] [stdout]    |
[INFO] [stdout]    = note: `#[warn(deprecated)]` on by default
[INFO] [stdout] 
[INFO] [stdout] 
[INFO] [stdout] warning: use of deprecated associated function `chrono::NaiveDateTime::from_timestamp`: use `from_timestamp_opt()` instead
[INFO] [stdout]   --> src/settings.rs:77:35
[INFO] [stdout]    |
[INFO] [stdout] 77 |         let time = NaiveDateTime::from_timestamp(time.parse().unwrap(), 0);
[INFO] [stdout]    |                                   ^^^^^^^^^^^^^^
[INFO] [stdout] 
[INFO] [stdout] 
[INFO] [stdout] warning: use of deprecated associated function `chrono::Local::today`: use `Local::now()` instead
[INFO] [stdout]   --> src/settings.rs:82:47
[INFO] [stdout]    |
[INFO] [stdout] 82 |         let timezone_offset_in_hours = Local::today().offset().fix().utc_minus_local() / (60 * 60);
[INFO] [stdout]    |                                               ^^^^^
[INFO] [stdout] 
[INFO] [stdout] 
[INFO] [stdout] warning: use of deprecated associated function `chrono::NaiveTime::from_hms`: use `from_hms_opt()` instead
[INFO] [stdout]    --> src/settings.rs:131:16
[INFO] [stdout]     |
[INFO] [stdout] 131 |     NaiveTime::from_hms(time.hour(), time.minute(), time.second())
[INFO] [stdout]     |                ^^^^^^^^
[INFO] [stdout] 
[INFO] [stdout] 
[INFO] [stdout] warning: unused borrow that must be used
[INFO] [stdout]   --> src/data_file.rs:11:9
[INFO] [stdout]    |
[INFO] [stdout] 11 |         &file_path.push(filename);
[INFO] [stdout]    |         ^^^^^^^^^^^^^^^^^^^^^^^^^ the borrow produces a value
[INFO] [stdout]    |
[INFO] [stdout]    = note: `#[warn(unused_must_use)]` on by default
[INFO] [stdout] help: use `let _ = ...` to ignore the resulting value
[INFO] [stdout]    |
[INFO] [stdout] 11 |         let _ = &file_path.push(filename);
[INFO] [stdout]    |         +++++++
[INFO] [stdout] 
[INFO] [stdout] 
[INFO] [stdout] warning: 5 warnings emitted
[INFO] [stdout] 
[INFO] [stdout] 
[INFO] [stderr]     Finished test [unoptimized + debuginfo] target(s) in 0.82s
[INFO] running `Command { std: "docker" "inspect" "0f25cecdbc65562b57dfc7acb14c31ff197f0511eed6322bd32fa4720f0e1a68", kill_on_drop: false }`
[INFO] running `Command { std: "docker" "rm" "-f" "0f25cecdbc65562b57dfc7acb14c31ff197f0511eed6322bd32fa4720f0e1a68", kill_on_drop: false }`
[INFO] [stdout] 0f25cecdbc65562b57dfc7acb14c31ff197f0511eed6322bd32fa4720f0e1a68
[INFO] running `Command { std: "docker" "create" "-v" "/var/lib/crater-agent-workspace/builds/worker-7-tc1/target:/opt/rustwide/target:rw,Z" "-v" "/var/lib/crater-agent-workspace/builds/worker-7-tc1/source:/opt/rustwide/workdir:ro,Z" "-v" "/var/lib/crater-agent-workspace/cargo-home:/opt/rustwide/cargo-home:ro,Z" "-v" "/var/lib/crater-agent-workspace/rustup-home:/opt/rustwide/rustup-home:ro,Z" "-e" "SOURCE_DIR=/opt/rustwide/workdir" "-e" "CARGO_TARGET_DIR=/opt/rustwide/target" "-e" "CARGO_INCREMENTAL=0" "-e" "RUST_BACKTRACE=full" "-e" "RUSTFLAGS=--cap-lints=warn" "-e" "RUSTDOCFLAGS=--cap-lints=warn" "-e" "CARGO_HOME=/opt/rustwide/cargo-home" "-e" "RUSTUP_HOME=/opt/rustwide/rustup-home" "-w" "/opt/rustwide/workdir" "-m" "1610612736" "--user" "0:0" "--network" "none" "ghcr.io/rust-lang/crates-build-env/linux@sha256:2788e3201cd34a07e3172128adcd8b3090168a8e3bcc40d7c032b9dda1df7d1c" "/opt/rustwide/cargo-home/bin/cargo" "+1.75.0" "test" "--frozen", kill_on_drop: false }`
[INFO] [stdout] 96cd210282846ad4d6580a226d079efbe1aa197ba2c7f8fcb5ea94c0191a64a1
[INFO] running `Command { std: "docker" "start" "-a" "96cd210282846ad4d6580a226d079efbe1aa197ba2c7f8fcb5ea94c0191a64a1", kill_on_drop: false }`
[INFO] [stderr] warning: use of deprecated associated function `chrono::Local::today`: use `Local::now()` instead
[INFO] [stderr]   --> src/settings.rs:57:28
[INFO] [stderr]    |
[INFO] [stderr] 57 |         let local = Local::today().and_time(time).unwrap();
[INFO] [stderr]    |                            ^^^^^
[INFO] [stderr]    |
[INFO] [stderr]    = note: `#[warn(deprecated)]` on by default
[INFO] [stderr] 
[INFO] [stderr] warning: use of deprecated associated function `chrono::NaiveDateTime::from_timestamp`: use `from_timestamp_opt()` instead
[INFO] [stderr]   --> src/settings.rs:77:35
[INFO] [stderr]    |
[INFO] [stderr] 77 |         let time = NaiveDateTime::from_timestamp(time.parse().unwrap(), 0);
[INFO] [stderr]    |                                   ^^^^^^^^^^^^^^
[INFO] [stderr] 
[INFO] [stderr] warning: use of deprecated associated function `chrono::Local::today`: use `Local::now()` instead
[INFO] [stderr]   --> src/settings.rs:82:47
[INFO] [stderr]    |
[INFO] [stderr] 82 |         let timezone_offset_in_hours = Local::today().offset().fix().utc_minus_local() / (60 * 60);
[INFO] [stderr]    |                                               ^^^^^
[INFO] [stderr] 
[INFO] [stderr] warning: use of deprecated associated function `chrono::NaiveTime::from_hms`: use `from_hms_opt()` instead
[INFO] [stderr]    --> src/settings.rs:131:16
[INFO] [stderr]     |
[INFO] [stderr] 131 |     NaiveTime::from_hms(time.hour(), time.minute(), time.second())
[INFO] [stderr]     |                ^^^^^^^^
[INFO] [stderr] 
[INFO] [stderr] warning: unused borrow that must be used
[INFO] [stderr]   --> src/data_file.rs:11:9
[INFO] [stderr]    |
[INFO] [stderr] 11 |         &file_path.push(filename);
[INFO] [stderr]    |         ^^^^^^^^^^^^^^^^^^^^^^^^^ the borrow produces a value
[INFO] [stderr]    |
[INFO] [stderr]    = note: `#[warn(unused_must_use)]` on by default
[INFO] [stderr] help: use `let _ = ...` to ignore the resulting value
[INFO] [stderr]    |
[INFO] [stderr] 11 |         let _ = &file_path.push(filename);
[INFO] [stderr]    |         +++++++
[INFO] [stderr] 
[INFO] [stderr] warning: `dlarm` (bin "dlarm" test) generated 5 warnings
[INFO] [stderr]     Finished test [unoptimized + debuginfo] target(s) in 0.04s
[INFO] [stderr]      Running unittests src/main.rs (/opt/rustwide/target/debug/deps/dlarm-4d2b21002684ecc6)
[INFO] [stdout] 
[INFO] [stdout] running 5 tests
[INFO] [stdout] test tests::it_should_snooze_the_alarm ... ok
[INFO] [stdout] test tests::it_turns_off_the_alarm ... ok
[INFO] [stdout] test tests::it_guesses_the_period_when_setting_the_alarm ... ok
[INFO] [stdout] test tests::it_sets_the_alarm ... ok
[INFO] [stdout] test tests::it_should_snooze_the_alarm_for_custom_time ... ok
[INFO] [stdout] 
[INFO] [stdout] test result: ok. 5 passed; 0 failed; 0 ignored; 0 measured; 0 filtered out; finished in 11.00s
[INFO] [stdout] 
[INFO] running `Command { std: "docker" "inspect" "96cd210282846ad4d6580a226d079efbe1aa197ba2c7f8fcb5ea94c0191a64a1", kill_on_drop: false }`
[INFO] running `Command { std: "docker" "rm" "-f" "96cd210282846ad4d6580a226d079efbe1aa197ba2c7f8fcb5ea94c0191a64a1", kill_on_drop: false }`
[INFO] [stdout] 96cd210282846ad4d6580a226d079efbe1aa197ba2c7f8fcb5ea94c0191a64a1
[INFO] testing dlarm-0.3.0 against beta-2023-12-22 for beta-1.76-1
[INFO] extracting crate dlarm 0.3.0 into /workspace/builds/worker-7-tc2/source
[INFO] validating manifest of crates.io crate dlarm 0.3.0 on toolchain beta-2023-12-22
[INFO] running `Command { std: CARGO_HOME="/workspace/cargo-home" RUSTUP_HOME="/workspace/rustup-home" "/workspace/cargo-home/bin/cargo" "+beta-2023-12-22" "metadata" "--manifest-path" "Cargo.toml" "--no-deps", kill_on_drop: false }`
[INFO] started tweaking crates.io crate dlarm 0.3.0
[INFO] finished tweaking crates.io crate dlarm 0.3.0
[INFO] tweaked toml for crates.io crate dlarm 0.3.0 written to /workspace/builds/worker-7-tc2/source/Cargo.toml
[INFO] running `Command { std: CARGO_HOME="/workspace/cargo-home" RUSTUP_HOME="/workspace/rustup-home" "/workspace/cargo-home/bin/cargo" "+beta-2023-12-22" "generate-lockfile" "--manifest-path" "Cargo.toml", kill_on_drop: false }`
[INFO] [stderr]     Updating crates.io index
[INFO] running `Command { std: CARGO_HOME="/workspace/cargo-home" RUSTUP_HOME="/workspace/rustup-home" "/workspace/cargo-home/bin/cargo" "+beta-2023-12-22" "fetch" "--manifest-path" "Cargo.toml", kill_on_drop: false }`
[INFO] running `Command { std: "docker" "create" "-v" "/var/lib/crater-agent-workspace/builds/worker-7-tc2/target:/opt/rustwide/target:rw,Z" "-v" "/var/lib/crater-agent-workspace/builds/worker-7-tc2/source:/opt/rustwide/workdir:ro,Z" "-v" "/var/lib/crater-agent-workspace/cargo-home:/opt/rustwide/cargo-home:ro,Z" "-v" "/var/lib/crater-agent-workspace/rustup-home:/opt/rustwide/rustup-home:ro,Z" "-e" "SOURCE_DIR=/opt/rustwide/workdir" "-e" "CARGO_TARGET_DIR=/opt/rustwide/target" "-e" "CARGO_HOME=/opt/rustwide/cargo-home" "-e" "RUSTUP_HOME=/opt/rustwide/rustup-home" "-w" "/opt/rustwide/workdir" "-m" "1610612736" "--user" "0:0" "--network" "none" "ghcr.io/rust-lang/crates-build-env/linux@sha256:2788e3201cd34a07e3172128adcd8b3090168a8e3bcc40d7c032b9dda1df7d1c" "/opt/rustwide/cargo-home/bin/cargo" "+beta-2023-12-22" "metadata" "--no-deps" "--format-version=1", kill_on_drop: false }`
[INFO] [stdout] c7615c8041cbfc94263d42b9ee92af795f888b5b855f12e3ef3bf1d4a0713a71
[INFO] running `Command { std: "docker" "start" "-a" "c7615c8041cbfc94263d42b9ee92af795f888b5b855f12e3ef3bf1d4a0713a71", kill_on_drop: false }`
[INFO] running `Command { std: "docker" "inspect" "c7615c8041cbfc94263d42b9ee92af795f888b5b855f12e3ef3bf1d4a0713a71", kill_on_drop: false }`
[INFO] running `Command { std: "docker" "rm" "-f" "c7615c8041cbfc94263d42b9ee92af795f888b5b855f12e3ef3bf1d4a0713a71", kill_on_drop: false }`
[INFO] [stdout] c7615c8041cbfc94263d42b9ee92af795f888b5b855f12e3ef3bf1d4a0713a71
[INFO] running `Command { std: "docker" "create" "-v" "/var/lib/crater-agent-workspace/builds/worker-7-tc2/target:/opt/rustwide/target:rw,Z" "-v" "/var/lib/crater-agent-workspace/builds/worker-7-tc2/source:/opt/rustwide/workdir:ro,Z" "-v" "/var/lib/crater-agent-workspace/cargo-home:/opt/rustwide/cargo-home:ro,Z" "-v" "/var/lib/crater-agent-workspace/rustup-home:/opt/rustwide/rustup-home:ro,Z" "-e" "SOURCE_DIR=/opt/rustwide/workdir" "-e" "CARGO_TARGET_DIR=/opt/rustwide/target" "-e" "CARGO_INCREMENTAL=0" "-e" "RUST_BACKTRACE=full" "-e" "RUSTFLAGS=--cap-lints=warn" "-e" "RUSTDOCFLAGS=--cap-lints=warn" "-e" "CARGO_HOME=/opt/rustwide/cargo-home" "-e" "RUSTUP_HOME=/opt/rustwide/rustup-home" "-w" "/opt/rustwide/workdir" "-m" "1610612736" "--user" "0:0" "--network" "none" "ghcr.io/rust-lang/crates-build-env/linux@sha256:2788e3201cd34a07e3172128adcd8b3090168a8e3bcc40d7c032b9dda1df7d1c" "/opt/rustwide/cargo-home/bin/cargo" "+beta-2023-12-22" "build" "--frozen" "--message-format=json", kill_on_drop: false }`
[INFO] [stdout] 8c6ef93c3cbc3fb4f9ed1d1f1dd6b14be680022bf6b7f8aa6fdf1e21195ae40c
[INFO] running `Command { std: "docker" "start" "-a" "8c6ef93c3cbc3fb4f9ed1d1f1dd6b14be680022bf6b7f8aa6fdf1e21195ae40c", kill_on_drop: false }`
[INFO] [stderr]    Compiling rustix v0.38.28
[INFO] [stderr]    Compiling linux-raw-sys v0.4.12
[INFO] [stderr]    Compiling predicates-core v1.0.6
[INFO] [stderr]    Compiling escargot v0.3.1
[INFO] [stderr]    Compiling normalize-line-endings v0.3.0
[INFO] [stderr]    Compiling unicode-width v0.1.11
[INFO] [stderr]    Compiling difference v2.0.0
[INFO] [stderr]    Compiling termtree v0.4.1
[INFO] [stderr]    Compiling roff v0.1.0
[INFO] [stderr]    Compiling ansi_term v0.12.1
[INFO] [stderr]    Compiling syn v2.0.48
[INFO] [stderr]    Compiling vec_map v0.8.2
[INFO] [stderr]    Compiling float-cmp v0.8.0
[INFO] [stderr]    Compiling atty v0.2.14
[INFO] [stderr]    Compiling quick-error v1.2.3
[INFO] [stderr]    Compiling strsim v0.8.0
[INFO] [stderr]    Compiling textwrap v0.11.0
[INFO] [stderr]    Compiling humantime v1.3.0
[INFO] [stderr]    Compiling dirs v1.0.5
[INFO] [stderr]    Compiling man v0.2.0
[INFO] [stderr]    Compiling predicates v1.0.8
[INFO] [stderr]    Compiling predicates-tree v1.0.9
[INFO] [stderr]    Compiling clap v2.34.0
[INFO] [stderr]    Compiling is-terminal v0.4.10
[INFO] [stderr]    Compiling colored v1.9.4
[INFO] [stderr]    Compiling serde_derive v1.0.194
[INFO] [stderr]    Compiling serde v1.0.194
[INFO] [stderr]    Compiling serde_json v1.0.111
[INFO] [stderr]    Compiling assert_cmd v0.10.2
[INFO] [stderr]    Compiling dlarm v0.3.0 (/opt/rustwide/workdir)
[INFO] [stdout] warning: use of deprecated associated function `chrono::Local::today`: use `Local::now()` instead
[INFO] [stdout]   --> src/settings.rs:57:28
[INFO] [stdout]    |
[INFO] [stdout] 57 |         let local = Local::today().and_time(time).unwrap();
[INFO] [stdout]    |                            ^^^^^
[INFO] [stdout]    |
[INFO] [stdout]    = note: `#[warn(deprecated)]` on by default
[INFO] [stdout] 
[INFO] [stdout] 
[INFO] [stdout] warning: use of deprecated associated function `chrono::NaiveDateTime::from_timestamp`: use `from_timestamp_opt()` instead
[INFO] [stdout]   --> src/settings.rs:77:35
[INFO] [stdout]    |
[INFO] [stdout] 77 |         let time = NaiveDateTime::from_timestamp(time.parse().unwrap(), 0);
[INFO] [stdout]    |                                   ^^^^^^^^^^^^^^
[INFO] [stdout] 
[INFO] [stdout] 
[INFO] [stdout] warning: use of deprecated associated function `chrono::Local::today`: use `Local::now()` instead
[INFO] [stdout]   --> src/settings.rs:82:47
[INFO] [stdout]    |
[INFO] [stdout] 82 |         let timezone_offset_in_hours = Local::today().offset().fix().utc_minus_local() / (60 * 60);
[INFO] [stdout]    |                                               ^^^^^
[INFO] [stdout] 
[INFO] [stdout] 
[INFO] [stdout] warning: use of deprecated associated function `chrono::NaiveTime::from_hms`: use `from_hms_opt()` instead
[INFO] [stdout]    --> src/settings.rs:131:16
[INFO] [stdout]     |
[INFO] [stdout] 131 |     NaiveTime::from_hms(time.hour(), time.minute(), time.second())
[INFO] [stdout]     |                ^^^^^^^^
[INFO] [stdout] 
[INFO] [stdout] 
[INFO] [stdout] warning: unused borrow that must be used
[INFO] [stdout]   --> src/data_file.rs:11:9
[INFO] [stdout]    |
[INFO] [stdout] 11 |         &file_path.push(filename);
[INFO] [stdout]    |         ^^^^^^^^^^^^^^^^^^^^^^^^^ the borrow produces a value
[INFO] [stdout]    |
[INFO] [stdout]    = note: `#[warn(unused_must_use)]` on by default
[INFO] [stdout] help: use `let _ = ...` to ignore the resulting value
[INFO] [stdout]    |
[INFO] [stdout] 11 |         let _ = &file_path.push(filename);
[INFO] [stdout]    |         +++++++
[INFO] [stdout] 
[INFO] [stdout] 
[INFO] [stdout] warning: 5 warnings emitted
[INFO] [stdout] 
[INFO] [stdout] 
[INFO] [stderr]     Finished dev [unoptimized + debuginfo] target(s) in 9.17s
[INFO] running `Command { std: "docker" "inspect" "8c6ef93c3cbc3fb4f9ed1d1f1dd6b14be680022bf6b7f8aa6fdf1e21195ae40c", kill_on_drop: false }`
[INFO] running `Command { std: "docker" "rm" "-f" "8c6ef93c3cbc3fb4f9ed1d1f1dd6b14be680022bf6b7f8aa6fdf1e21195ae40c", kill_on_drop: false }`
[INFO] [stdout] 8c6ef93c3cbc3fb4f9ed1d1f1dd6b14be680022bf6b7f8aa6fdf1e21195ae40c
[INFO] running `Command { std: "docker" "create" "-v" "/var/lib/crater-agent-workspace/builds/worker-7-tc2/target:/opt/rustwide/target:rw,Z" "-v" "/var/lib/crater-agent-workspace/builds/worker-7-tc2/source:/opt/rustwide/workdir:ro,Z" "-v" "/var/lib/crater-agent-workspace/cargo-home:/opt/rustwide/cargo-home:ro,Z" "-v" "/var/lib/crater-agent-workspace/rustup-home:/opt/rustwide/rustup-home:ro,Z" "-e" "SOURCE_DIR=/opt/rustwide/workdir" "-e" "CARGO_TARGET_DIR=/opt/rustwide/target" "-e" "CARGO_INCREMENTAL=0" "-e" "RUST_BACKTRACE=full" "-e" "RUSTFLAGS=--cap-lints=warn" "-e" "RUSTDOCFLAGS=--cap-lints=warn" "-e" "CARGO_HOME=/opt/rustwide/cargo-home" "-e" "RUSTUP_HOME=/opt/rustwide/rustup-home" "-w" "/opt/rustwide/workdir" "-m" "1610612736" "--user" "0:0" "--network" "none" "ghcr.io/rust-lang/crates-build-env/linux@sha256:2788e3201cd34a07e3172128adcd8b3090168a8e3bcc40d7c032b9dda1df7d1c" "/opt/rustwide/cargo-home/bin/cargo" "+beta-2023-12-22" "test" "--frozen" "--no-run" "--message-format=json", kill_on_drop: false }`
[INFO] [stdout] b1d51a814a074f996ef533dbc7988096aef48427f715742d3a9c473f87b49b55
[INFO] running `Command { std: "docker" "start" "-a" "b1d51a814a074f996ef533dbc7988096aef48427f715742d3a9c473f87b49b55", kill_on_drop: false }`
[INFO] [stderr]    Compiling dlarm v0.3.0 (/opt/rustwide/workdir)
[INFO] [stdout] warning: use of deprecated associated function `chrono::Local::today`: use `Local::now()` instead
[INFO] [stdout]   --> src/settings.rs:57:28
[INFO] [stdout]    |
[INFO] [stdout] 57 |         let local = Local::today().and_time(time).unwrap();
[INFO] [stdout]    |                            ^^^^^
[INFO] [stdout]    |
[INFO] [stdout]    = note: `#[warn(deprecated)]` on by default
[INFO] [stdout] 
[INFO] [stdout] 
[INFO] [stdout] warning: use of deprecated associated function `chrono::NaiveDateTime::from_timestamp`: use `from_timestamp_opt()` instead
[INFO] [stdout]   --> src/settings.rs:77:35
[INFO] [stdout]    |
[INFO] [stdout] 77 |         let time = NaiveDateTime::from_timestamp(time.parse().unwrap(), 0);
[INFO] [stdout]    |                                   ^^^^^^^^^^^^^^
[INFO] [stdout] 
[INFO] [stdout] 
[INFO] [stdout] warning: use of deprecated associated function `chrono::Local::today`: use `Local::now()` instead
[INFO] [stdout]   --> src/settings.rs:82:47
[INFO] [stdout]    |
[INFO] [stdout] 82 |         let timezone_offset_in_hours = Local::today().offset().fix().utc_minus_local() / (60 * 60);
[INFO] [stdout]    |                                               ^^^^^
[INFO] [stdout] 
[INFO] [stdout] 
[INFO] [stdout] warning: use of deprecated associated function `chrono::NaiveTime::from_hms`: use `from_hms_opt()` instead
[INFO] [stdout]    --> src/settings.rs:131:16
[INFO] [stdout]     |
[INFO] [stdout] 131 |     NaiveTime::from_hms(time.hour(), time.minute(), time.second())
[INFO] [stdout]     |                ^^^^^^^^
[INFO] [stdout] 
[INFO] [stdout] 
[INFO] [stdout] warning: unused borrow that must be used
[INFO] [stdout]   --> src/data_file.rs:11:9
[INFO] [stdout]    |
[INFO] [stdout] 11 |         &file_path.push(filename);
[INFO] [stdout]    |         ^^^^^^^^^^^^^^^^^^^^^^^^^ the borrow produces a value
[INFO] [stdout]    |
[INFO] [stdout]    = note: `#[warn(unused_must_use)]` on by default
[INFO] [stdout] help: use `let _ = ...` to ignore the resulting value
[INFO] [stdout]    |
[INFO] [stdout] 11 |         let _ = &file_path.push(filename);
[INFO] [stdout]    |         +++++++
[INFO] [stdout] 
[INFO] [stdout] 
[INFO] [stdout] warning: 5 warnings emitted
[INFO] [stdout] 
[INFO] [stdout] 
[INFO] [stderr]     Finished test [unoptimized + debuginfo] target(s) in 0.96s
[INFO] running `Command { std: "docker" "inspect" "b1d51a814a074f996ef533dbc7988096aef48427f715742d3a9c473f87b49b55", kill_on_drop: false }`
[INFO] running `Command { std: "docker" "rm" "-f" "b1d51a814a074f996ef533dbc7988096aef48427f715742d3a9c473f87b49b55", kill_on_drop: false }`
[INFO] [stdout] b1d51a814a074f996ef533dbc7988096aef48427f715742d3a9c473f87b49b55
[INFO] running `Command { std: "docker" "create" "-v" "/var/lib/crater-agent-workspace/builds/worker-7-tc2/target:/opt/rustwide/target:rw,Z" "-v" "/var/lib/crater-agent-workspace/builds/worker-7-tc2/source:/opt/rustwide/workdir:ro,Z" "-v" "/var/lib/crater-agent-workspace/cargo-home:/opt/rustwide/cargo-home:ro,Z" "-v" "/var/lib/crater-agent-workspace/rustup-home:/opt/rustwide/rustup-home:ro,Z" "-e" "SOURCE_DIR=/opt/rustwide/workdir" "-e" "CARGO_TARGET_DIR=/opt/rustwide/target" "-e" "CARGO_INCREMENTAL=0" "-e" "RUST_BACKTRACE=full" "-e" "RUSTFLAGS=--cap-lints=warn" "-e" "RUSTDOCFLAGS=--cap-lints=warn" "-e" "CARGO_HOME=/opt/rustwide/cargo-home" "-e" "RUSTUP_HOME=/opt/rustwide/rustup-home" "-w" "/opt/rustwide/workdir" "-m" "1610612736" "--user" "0:0" "--network" "none" "ghcr.io/rust-lang/crates-build-env/linux@sha256:2788e3201cd34a07e3172128adcd8b3090168a8e3bcc40d7c032b9dda1df7d1c" "/opt/rustwide/cargo-home/bin/cargo" "+beta-2023-12-22" "test" "--frozen", kill_on_drop: false }`
[INFO] [stdout] 65c4646ab38c11680e6c8ad3d2ca23b8c537c732c94f369482676c2f860c58fc
[INFO] running `Command { std: "docker" "start" "-a" "65c4646ab38c11680e6c8ad3d2ca23b8c537c732c94f369482676c2f860c58fc", kill_on_drop: false }`
[INFO] [stderr] warning: use of deprecated associated function `chrono::Local::today`: use `Local::now()` instead
[INFO] [stderr]   --> src/settings.rs:57:28
[INFO] [stderr]    |
[INFO] [stderr] 57 |         let local = Local::today().and_time(time).unwrap();
[INFO] [stderr]    |                            ^^^^^
[INFO] [stderr]    |
[INFO] [stderr]    = note: `#[warn(deprecated)]` on by default
[INFO] [stderr] 
[INFO] [stderr] warning: use of deprecated associated function `chrono::NaiveDateTime::from_timestamp`: use `from_timestamp_opt()` instead
[INFO] [stderr]   --> src/settings.rs:77:35
[INFO] [stderr]    |
[INFO] [stderr] 77 |         let time = NaiveDateTime::from_timestamp(time.parse().unwrap(), 0);
[INFO] [stderr]    |                                   ^^^^^^^^^^^^^^
[INFO] [stderr] 
[INFO] [stderr] warning: use of deprecated associated function `chrono::Local::today`: use `Local::now()` instead
[INFO] [stderr]   --> src/settings.rs:82:47
[INFO] [stderr]    |
[INFO] [stderr] 82 |         let timezone_offset_in_hours = Local::today().offset().fix().utc_minus_local() / (60 * 60);
[INFO] [stderr]    |                                               ^^^^^
[INFO] [stderr] 
[INFO] [stderr] warning: use of deprecated associated function `chrono::NaiveTime::from_hms`: use `from_hms_opt()` instead
[INFO] [stderr]    --> src/settings.rs:131:16
[INFO] [stderr]     |
[INFO] [stderr] 131 |     NaiveTime::from_hms(time.hour(), time.minute(), time.second())
[INFO] [stderr]     |                ^^^^^^^^
[INFO] [stderr] 
[INFO] [stderr] warning: unused borrow that must be used
[INFO] [stderr]   --> src/data_file.rs:11:9
[INFO] [stderr]    |
[INFO] [stderr] 11 |         &file_path.push(filename);
[INFO] [stderr]    |         ^^^^^^^^^^^^^^^^^^^^^^^^^ the borrow produces a value
[INFO] [stderr]    |
[INFO] [stderr]    = note: `#[warn(unused_must_use)]` on by default
[INFO] [stderr] help: use `let _ = ...` to ignore the resulting value
[INFO] [stderr]    |
[INFO] [stderr] 11 |         let _ = &file_path.push(filename);
[INFO] [stderr]    |         +++++++
[INFO] [stderr] 
[INFO] [stderr] warning: `dlarm` (bin "dlarm" test) generated 5 warnings
[INFO] [stderr]     Finished test [unoptimized + debuginfo] target(s) in 0.04s
[INFO] [stderr]      Running unittests src/main.rs (/opt/rustwide/target/debug/deps/dlarm-146d42f5aa637d93)
[INFO] [stdout] 
[INFO] [stdout] running 5 tests
[INFO] [stdout] test tests::it_should_snooze_the_alarm_for_custom_time ... FAILED
[INFO] [stdout] test tests::it_turns_off_the_alarm ... ok
[INFO] [stdout] test tests::it_should_snooze_the_alarm ... ok
[INFO] [stdout] test tests::it_sets_the_alarm ... ok
[INFO] [stdout] test tests::it_guesses_the_period_when_setting_the_alarm ... ok
[INFO] [stdout] 
[INFO] [stdout] failures:
[INFO] [stdout] 
[INFO] [stdout] ---- tests::it_should_snooze_the_alarm_for_custom_time stdout ----
[INFO] [stdout] thread 'tests::it_should_snooze_the_alarm_for_custom_time' panicked at /opt/rustwide/cargo-home/registry/src/index.crates.io-6f17d22bba15001f/assert_cmd-0.10.2/src/assert.rs:154:13:
[INFO] [stdout] Unexpected failure.
[INFO] [stdout] code-5
[INFO] [stdout] stderr=```No alarm is set.  Please set an alarm before snoozing it.
[INFO] [stdout] ```
[INFO] [stdout] command=`"/opt/rustwide/target/x86_64-unknown-linux-gnu/debug/dlarm" "-z" "12"`
[INFO] [stdout] code=5
[INFO] [stdout] stdout=``````
[INFO] [stdout] stderr=```No alarm is set.  Please set an alarm before snoozing it.
[INFO] [stdout] ```
[INFO] [stdout] 
[INFO] [stdout] stack backtrace:
[INFO] [stdout]    0:     0x55ff4c0ac7a6 - std::backtrace_rs::backtrace::libunwind::trace::h261606ad26a499c1
[INFO] [stdout]                                at /rustc/0e09125c6c3c2fd70d7de961bcf0e51575235fad/library/std/src/../../backtrace/src/backtrace/libunwind.rs:104:5
[INFO] [stdout]    1:     0x55ff4c0ac7a6 - std::backtrace_rs::backtrace::trace_unsynchronized::hd183f0625477fb28
[INFO] [stdout]                                at /rustc/0e09125c6c3c2fd70d7de961bcf0e51575235fad/library/std/src/../../backtrace/src/backtrace/mod.rs:66:5
[INFO] [stdout]    2:     0x55ff4c0ac7a6 - std::sys_common::backtrace::_print_fmt::hd7f8fef21b4eda67
[INFO] [stdout]                                at /rustc/0e09125c6c3c2fd70d7de961bcf0e51575235fad/library/std/src/sys_common/backtrace.rs:68:5
[INFO] [stdout]    3:     0x55ff4c0ac7a6 - <std::sys_common::backtrace::_print::DisplayBacktrace as core::fmt::Display>::fmt::h623d9b51f2f453f1
[INFO] [stdout]                                at /rustc/0e09125c6c3c2fd70d7de961bcf0e51575235fad/library/std/src/sys_common/backtrace.rs:44:22
[INFO] [stdout]    4:     0x55ff4c0d6a70 - core::fmt::rt::Argument::fmt::h9f417ac76a86f368
[INFO] [stdout]                                at /rustc/0e09125c6c3c2fd70d7de961bcf0e51575235fad/library/core/src/fmt/rt.rs:142:9
[INFO] [stdout]    5:     0x55ff4c0d6a70 - core::fmt::write::hc9b6faf4ac2aeff7
[INFO] [stdout]                                at /rustc/0e09125c6c3c2fd70d7de961bcf0e51575235fad/library/core/src/fmt/mod.rs:1120:17
[INFO] [stdout]    6:     0x55ff4c0aa03f - std::io::Write::write_fmt::he04625a3a989fec3
[INFO] [stdout]                                at /rustc/0e09125c6c3c2fd70d7de961bcf0e51575235fad/library/std/src/io/mod.rs:1810:15
[INFO] [stdout]    7:     0x55ff4c0ac584 - std::sys_common::backtrace::_print::hd5d66399c7df88a2
[INFO] [stdout]                                at /rustc/0e09125c6c3c2fd70d7de961bcf0e51575235fad/library/std/src/sys_common/backtrace.rs:47:5
[INFO] [stdout]    8:     0x55ff4c0ac584 - std::sys_common::backtrace::print::he81ed2da642d37e5
[INFO] [stdout]                                at /rustc/0e09125c6c3c2fd70d7de961bcf0e51575235fad/library/std/src/sys_common/backtrace.rs:34:9
[INFO] [stdout]    9:     0x55ff4c0ae377 - std::panicking::default_hook::{{closure}}::h85773f4fa117163d
[INFO] [stdout]   10:     0x55ff4c0ae05d - std::panicking::default_hook::h6a1694a91d09b278
[INFO] [stdout]                                at /rustc/0e09125c6c3c2fd70d7de961bcf0e51575235fad/library/std/src/panicking.rs:289:9
[INFO] [stdout]   11:     0x55ff4bfebf27 - <alloc::boxed::Box<F,A> as core::ops::function::Fn<Args>>::call::h616ac37fa3cd6c8f
[INFO] [stdout]                                at /rustc/0e09125c6c3c2fd70d7de961bcf0e51575235fad/library/alloc/src/boxed.rs:2029:9
[INFO] [stdout]   12:     0x55ff4bfebf27 - test::test_main::{{closure}}::h00d84697cefdcbb6
[INFO] [stdout]                                at /rustc/0e09125c6c3c2fd70d7de961bcf0e51575235fad/library/test/src/lib.rs:138:21
[INFO] [stdout]   13:     0x55ff4c0ae996 - <alloc::boxed::Box<F,A> as core::ops::function::Fn<Args>>::call::hcb3fe3b9bb537ba8
[INFO] [stdout]                                at /rustc/0e09125c6c3c2fd70d7de961bcf0e51575235fad/library/alloc/src/boxed.rs:2029:9
[INFO] [stdout]   14:     0x55ff4c0ae996 - std::panicking::rust_panic_with_hook::h0a7ad96e90f7145b
[INFO] [stdout]                                at /rustc/0e09125c6c3c2fd70d7de961bcf0e51575235fad/library/std/src/panicking.rs:783:13
[INFO] [stdout]   15:     0x55ff4c0ae6e2 - std::panicking::begin_panic_handler::{{closure}}::h7919090525c6485e
[INFO] [stdout]                                at /rustc/0e09125c6c3c2fd70d7de961bcf0e51575235fad/library/std/src/panicking.rs:657:13
[INFO] [stdout]   16:     0x55ff4c0acca6 - std::sys_common::backtrace::__rust_end_short_backtrace::hf3289479464f7dfe
[INFO] [stdout]                                at /rustc/0e09125c6c3c2fd70d7de961bcf0e51575235fad/library/std/src/sys_common/backtrace.rs:171:18
[INFO] [stdout]   17:     0x55ff4c0ae440 - rust_begin_unwind
[INFO] [stdout]                                at /rustc/0e09125c6c3c2fd70d7de961bcf0e51575235fad/library/std/src/panicking.rs:645:5
[INFO] [stdout]   18:     0x55ff4bfb2f05 - core::panicking::panic_fmt::hcc9f77c5c132af55
[INFO] [stdout]                                at /rustc/0e09125c6c3c2fd70d7de961bcf0e51575235fad/library/core/src/panicking.rs:72:14
[INFO] [stdout]   19:     0x55ff4bff7d43 - assert_cmd::assert::Assert::success::h22582719950998b3
[INFO] [stdout]                                at /opt/rustwide/cargo-home/registry/src/index.crates.io-6f17d22bba15001f/assert_cmd-0.10.2/src/assert.rs:154:13
[INFO] [stdout]   20:     0x55ff4bfb7202 - dlarm::tests::it_should_snooze_the_alarm_for_custom_time::h60030ab01e729f83
[INFO] [stdout]                                at /opt/rustwide/workdir/src/main.rs:164:9
[INFO] [stdout]   21:     0x55ff4bfb70f7 - dlarm::tests::it_should_snooze_the_alarm_for_custom_time::{{closure}}::h29e9cbb56ce3763e
[INFO] [stdout]                                at /opt/rustwide/workdir/src/main.rs:162:52
[INFO] [stdout]   22:     0x55ff4bfb4596 - core::ops::function::FnOnce::call_once::h4839402fb454813c
[INFO] [stdout]                                at /rustc/0e09125c6c3c2fd70d7de961bcf0e51575235fad/library/core/src/ops/function.rs:250:5
[INFO] [stdout]   23:     0x55ff4bff17ff - core::ops::function::FnOnce::call_once::hd64d26f405258157
[INFO] [stdout]                                at /rustc/0e09125c6c3c2fd70d7de961bcf0e51575235fad/library/core/src/ops/function.rs:250:5
[INFO] [stdout]   24:     0x55ff4bff17ff - test::__rust_begin_short_backtrace::he21b0b7a6d731bf9
[INFO] [stdout]                                at /rustc/0e09125c6c3c2fd70d7de961bcf0e51575235fad/library/test/src/lib.rs:627:18
[INFO] [stdout]   25:     0x55ff4bff0581 - test::run_test_in_process::{{closure}}::hf5c73986d7bdfde2
[INFO] [stdout]                                at /rustc/0e09125c6c3c2fd70d7de961bcf0e51575235fad/library/test/src/lib.rs:650:60
[INFO] [stdout]   26:     0x55ff4bff0581 - <core::panic::unwind_safe::AssertUnwindSafe<F> as core::ops::function::FnOnce<()>>::call_once::h330011ad032aadc0
[INFO] [stdout]                                at /rustc/0e09125c6c3c2fd70d7de961bcf0e51575235fad/library/core/src/panic/unwind_safe.rs:272:9
[INFO] [stdout]   27:     0x55ff4bff0581 - std::panicking::try::do_call::he61b0a958b795a41
[INFO] [stdout]                                at /rustc/0e09125c6c3c2fd70d7de961bcf0e51575235fad/library/std/src/panicking.rs:552:40
[INFO] [stdout]   28:     0x55ff4bff0581 - std::panicking::try::h7309da130f906eb7
[INFO] [stdout]                                at /rustc/0e09125c6c3c2fd70d7de961bcf0e51575235fad/library/std/src/panicking.rs:516:19
[INFO] [stdout]   29:     0x55ff4bff0581 - std::panic::catch_unwind::hc5c3a06fdaf0a92a
[INFO] [stdout]                                at /rustc/0e09125c6c3c2fd70d7de961bcf0e51575235fad/library/std/src/panic.rs:142:14
[INFO] [stdout]   30:     0x55ff4bff0581 - test::run_test_in_process::h7e7b7c71c3324e0f
[INFO] [stdout]                                at /rustc/0e09125c6c3c2fd70d7de961bcf0e51575235fad/library/test/src/lib.rs:650:27
[INFO] [stdout]   31:     0x55ff4bff0581 - test::run_test::{{closure}}::h1f509f28f5cf20b1
[INFO] [stdout]                                at /rustc/0e09125c6c3c2fd70d7de961bcf0e51575235fad/library/test/src/lib.rs:573:43
[INFO] [stdout]   32:     0x55ff4bfb78b6 - test::run_test::{{closure}}::h1754218abf443f6d
[INFO] [stdout]                                at /rustc/0e09125c6c3c2fd70d7de961bcf0e51575235fad/library/test/src/lib.rs:601:41
[INFO] [stdout]   33:     0x55ff4bfb78b6 - std::sys_common::backtrace::__rust_begin_short_backtrace::h2ee174b9d5954948
[INFO] [stdout]                                at /rustc/0e09125c6c3c2fd70d7de961bcf0e51575235fad/library/std/src/sys_common/backtrace.rs:155:18
[INFO] [stdout]   34:     0x55ff4bfbc917 - std::thread::Builder::spawn_unchecked_::{{closure}}::{{closure}}::hf60bee9c1a17ef09
[INFO] [stdout]                                at /rustc/0e09125c6c3c2fd70d7de961bcf0e51575235fad/library/std/src/thread/mod.rs:529:17
[INFO] [stdout]   35:     0x55ff4bfbc917 - <core::panic::unwind_safe::AssertUnwindSafe<F> as core::ops::function::FnOnce<()>>::call_once::h33d0dddec5216160
[INFO] [stdout]                                at /rustc/0e09125c6c3c2fd70d7de961bcf0e51575235fad/library/core/src/panic/unwind_safe.rs:272:9
[INFO] [stdout]   36:     0x55ff4bfbc917 - std::panicking::try::do_call::h144b3048b546f835
[INFO] [stdout]                                at /rustc/0e09125c6c3c2fd70d7de961bcf0e51575235fad/library/std/src/panicking.rs:552:40
[INFO] [stdout]   37:     0x55ff4bfbc917 - std::panicking::try::h978244d04646189f
[INFO] [stdout]                                at /rustc/0e09125c6c3c2fd70d7de961bcf0e51575235fad/library/std/src/panicking.rs:516:19
[INFO] [stdout]   38:     0x55ff4bfbc917 - std::panic::catch_unwind::hdf436369d188fe86
[INFO] [stdout]                                at /rustc/0e09125c6c3c2fd70d7de961bcf0e51575235fad/library/std/src/panic.rs:142:14
[INFO] [stdout]   39:     0x55ff4bfbc917 - std::thread::Builder::spawn_unchecked_::{{closure}}::h87329cbdd33c79ec
[INFO] [stdout]                                at /rustc/0e09125c6c3c2fd70d7de961bcf0e51575235fad/library/std/src/thread/mod.rs:528:30
[INFO] [stdout]   40:     0x55ff4bfbc917 - core::ops::function::FnOnce::call_once{{vtable.shim}}::h401abbe67897d450
[INFO] [stdout]                                at /rustc/0e09125c6c3c2fd70d7de961bcf0e51575235fad/library/core/src/ops/function.rs:250:5
[INFO] [stdout]   41:     0x55ff4c0b4085 - <alloc::boxed::Box<F,A> as core::ops::function::FnOnce<Args>>::call_once::h5d7c8f150ab9c84c
[INFO] [stdout]                                at /rustc/0e09125c6c3c2fd70d7de961bcf0e51575235fad/library/alloc/src/boxed.rs:2015:9
[INFO] [stdout]   42:     0x55ff4c0b4085 - <alloc::boxed::Box<F,A> as core::ops::function::FnOnce<Args>>::call_once::h570d5b005c242c15
[INFO] [stdout]                                at /rustc/0e09125c6c3c2fd70d7de961bcf0e51575235fad/library/alloc/src/boxed.rs:2015:9
[INFO] [stdout]   43:     0x55ff4c0b4085 - std::sys::unix::thread::Thread::new::thread_start::h36b0a20c0b2361ad
[INFO] [stdout]                                at /rustc/0e09125c6c3c2fd70d7de961bcf0e51575235fad/library/std/src/sys/unix/thread.rs:108:17
[INFO] [stdout]   44:     0x7f4c9584bac3 - <unknown>
[INFO] [stdout]   45:     0x7f4c958dcbf4 - __clone
[INFO] [stdout]   46:                0x0 - <unknown>
[INFO] [stdout] 
[INFO] [stdout] 
[INFO] [stdout] failures:
[INFO] [stdout]     tests::it_should_snooze_the_alarm_for_custom_time
[INFO] [stdout] 
[INFO] [stdout] test result: FAILED. 4 passed; 1 failed; 0 ignored; 0 measured; 0 filtered out; finished in 10.20s
[INFO] [stdout] 
[INFO] [stderr] error: test failed, to rerun pass `--bin dlarm`
[INFO] running `Command { std: "docker" "inspect" "65c4646ab38c11680e6c8ad3d2ca23b8c537c732c94f369482676c2f860c58fc", kill_on_drop: false }`
[INFO] running `Command { std: "docker" "rm" "-f" "65c4646ab38c11680e6c8ad3d2ca23b8c537c732c94f369482676c2f860c58fc", kill_on_drop: false }`
[INFO] [stdout] 65c4646ab38c11680e6c8ad3d2ca23b8c537c732c94f369482676c2f860c58fc
