[INFO] fetching crate custom_debug_derive 0.5.1...
[INFO] testing custom_debug_derive-0.5.1 against 1.75.0 for beta-1.76-1
[INFO] extracting crate custom_debug_derive 0.5.1 into /workspace/builds/worker-1-tc1/source
[INFO] validating manifest of crates.io crate custom_debug_derive 0.5.1 on toolchain 1.75.0
[INFO] running `Command { std: CARGO_HOME="/workspace/cargo-home" RUSTUP_HOME="/workspace/rustup-home" "/workspace/cargo-home/bin/cargo" "+1.75.0" "metadata" "--manifest-path" "Cargo.toml" "--no-deps", kill_on_drop: false }`
[INFO] started tweaking crates.io crate custom_debug_derive 0.5.1
[INFO] finished tweaking crates.io crate custom_debug_derive 0.5.1
[INFO] tweaked toml for crates.io crate custom_debug_derive 0.5.1 written to /workspace/builds/worker-1-tc1/source/Cargo.toml
[INFO] running `Command { std: CARGO_HOME="/workspace/cargo-home" RUSTUP_HOME="/workspace/rustup-home" "/workspace/cargo-home/bin/cargo" "+1.75.0" "generate-lockfile" "--manifest-path" "Cargo.toml", kill_on_drop: false }`
[INFO] [stderr]     Updating crates.io index
[INFO] running `Command { std: CARGO_HOME="/workspace/cargo-home" RUSTUP_HOME="/workspace/rustup-home" "/workspace/cargo-home/bin/cargo" "+1.75.0" "fetch" "--manifest-path" "Cargo.toml", kill_on_drop: false }`
[INFO] running `Command { std: "docker" "create" "-v" "/var/lib/crater-agent-workspace/builds/worker-1-tc1/target:/opt/rustwide/target:rw,Z" "-v" "/var/lib/crater-agent-workspace/builds/worker-1-tc1/source:/opt/rustwide/workdir:ro,Z" "-v" "/var/lib/crater-agent-workspace/cargo-home:/opt/rustwide/cargo-home:ro,Z" "-v" "/var/lib/crater-agent-workspace/rustup-home:/opt/rustwide/rustup-home:ro,Z" "-e" "SOURCE_DIR=/opt/rustwide/workdir" "-e" "CARGO_TARGET_DIR=/opt/rustwide/target" "-e" "CARGO_HOME=/opt/rustwide/cargo-home" "-e" "RUSTUP_HOME=/opt/rustwide/rustup-home" "-w" "/opt/rustwide/workdir" "-m" "1610612736" "--user" "0:0" "--network" "none" "ghcr.io/rust-lang/crates-build-env/linux@sha256:2788e3201cd34a07e3172128adcd8b3090168a8e3bcc40d7c032b9dda1df7d1c" "/opt/rustwide/cargo-home/bin/cargo" "+1.75.0" "metadata" "--no-deps" "--format-version=1", kill_on_drop: false }`
[INFO] [stdout] 9b08555fc8afa0ef3982d481d6dfd1651adea0b512b4d6bf351ea6c31907ca34
[INFO] running `Command { std: "docker" "start" "-a" "9b08555fc8afa0ef3982d481d6dfd1651adea0b512b4d6bf351ea6c31907ca34", kill_on_drop: false }`
[INFO] running `Command { std: "docker" "inspect" "9b08555fc8afa0ef3982d481d6dfd1651adea0b512b4d6bf351ea6c31907ca34", kill_on_drop: false }`
[INFO] running `Command { std: "docker" "rm" "-f" "9b08555fc8afa0ef3982d481d6dfd1651adea0b512b4d6bf351ea6c31907ca34", kill_on_drop: false }`
[INFO] [stdout] 9b08555fc8afa0ef3982d481d6dfd1651adea0b512b4d6bf351ea6c31907ca34
[INFO] running `Command { std: "docker" "create" "-v" "/var/lib/crater-agent-workspace/builds/worker-1-tc1/target:/opt/rustwide/target:rw,Z" "-v" "/var/lib/crater-agent-workspace/builds/worker-1-tc1/source:/opt/rustwide/workdir:ro,Z" "-v" "/var/lib/crater-agent-workspace/cargo-home:/opt/rustwide/cargo-home:ro,Z" "-v" "/var/lib/crater-agent-workspace/rustup-home:/opt/rustwide/rustup-home:ro,Z" "-e" "SOURCE_DIR=/opt/rustwide/workdir" "-e" "CARGO_TARGET_DIR=/opt/rustwide/target" "-e" "CARGO_INCREMENTAL=0" "-e" "RUST_BACKTRACE=full" "-e" "RUSTFLAGS=--cap-lints=warn" "-e" "RUSTDOCFLAGS=--cap-lints=warn" "-e" "CARGO_HOME=/opt/rustwide/cargo-home" "-e" "RUSTUP_HOME=/opt/rustwide/rustup-home" "-w" "/opt/rustwide/workdir" "-m" "1610612736" "--user" "0:0" "--network" "none" "ghcr.io/rust-lang/crates-build-env/linux@sha256:2788e3201cd34a07e3172128adcd8b3090168a8e3bcc40d7c032b9dda1df7d1c" "/opt/rustwide/cargo-home/bin/cargo" "+1.75.0" "build" "--frozen" "--message-format=json", kill_on_drop: false }`
[INFO] [stdout] 1f5ccb1f5ddc2d48ead166e0cde9029598422ccc85a41c1becd9043de113b941
[INFO] running `Command { std: "docker" "start" "-a" "1f5ccb1f5ddc2d48ead166e0cde9029598422ccc85a41c1becd9043de113b941", kill_on_drop: false }`
[INFO] [stderr]    Compiling unicode-ident v1.0.12
[INFO] [stderr]    Compiling syn v1.0.109
[INFO] [stderr]    Compiling unicode-xid v0.2.4
[INFO] [stderr]    Compiling proc-macro2 v1.0.75
[INFO] [stderr]    Compiling quote v1.0.35
[INFO] [stderr]    Compiling synstructure v0.12.6
[INFO] [stderr]    Compiling custom_debug_derive v0.5.1 (/opt/rustwide/workdir)
[INFO] [stderr]     Finished dev [unoptimized + debuginfo] target(s) in 5.49s
[INFO] running `Command { std: "docker" "inspect" "1f5ccb1f5ddc2d48ead166e0cde9029598422ccc85a41c1becd9043de113b941", kill_on_drop: false }`
[INFO] running `Command { std: "docker" "rm" "-f" "1f5ccb1f5ddc2d48ead166e0cde9029598422ccc85a41c1becd9043de113b941", kill_on_drop: false }`
[INFO] [stdout] 1f5ccb1f5ddc2d48ead166e0cde9029598422ccc85a41c1becd9043de113b941
[INFO] running `Command { std: "docker" "create" "-v" "/var/lib/crater-agent-workspace/builds/worker-1-tc1/target:/opt/rustwide/target:rw,Z" "-v" "/var/lib/crater-agent-workspace/builds/worker-1-tc1/source:/opt/rustwide/workdir:ro,Z" "-v" "/var/lib/crater-agent-workspace/cargo-home:/opt/rustwide/cargo-home:ro,Z" "-v" "/var/lib/crater-agent-workspace/rustup-home:/opt/rustwide/rustup-home:ro,Z" "-e" "SOURCE_DIR=/opt/rustwide/workdir" "-e" "CARGO_TARGET_DIR=/opt/rustwide/target" "-e" "CARGO_INCREMENTAL=0" "-e" "RUST_BACKTRACE=full" "-e" "RUSTFLAGS=--cap-lints=warn" "-e" "RUSTDOCFLAGS=--cap-lints=warn" "-e" "CARGO_HOME=/opt/rustwide/cargo-home" "-e" "RUSTUP_HOME=/opt/rustwide/rustup-home" "-w" "/opt/rustwide/workdir" "-m" "1610612736" "--user" "0:0" "--network" "none" "ghcr.io/rust-lang/crates-build-env/linux@sha256:2788e3201cd34a07e3172128adcd8b3090168a8e3bcc40d7c032b9dda1df7d1c" "/opt/rustwide/cargo-home/bin/cargo" "+1.75.0" "test" "--frozen" "--no-run" "--message-format=json", kill_on_drop: false }`
[INFO] [stdout] 74bf57bcd2a2c46da9d7deff576a299e79f3714244985a3b02bc26d2c22bb6b3
[INFO] running `Command { std: "docker" "start" "-a" "74bf57bcd2a2c46da9d7deff576a299e79f3714244985a3b02bc26d2c22bb6b3", kill_on_drop: false }`
[INFO] [stderr]    Compiling custom_debug_derive v0.5.1 (/opt/rustwide/workdir)
[INFO] [stdout] warning: unnecessary trailing semicolon
[INFO] [stdout]    --> src/tests.rs:197:6
[INFO] [stdout]     |
[INFO] [stdout] 197 |     };
[INFO] [stdout]     |      ^ help: remove this semicolon
[INFO] [stdout]     |
[INFO] [stdout]     = note: `#[warn(redundant_semicolons)]` on by default
[INFO] [stdout] 
[INFO] [stdout] 
[INFO] [stdout] warning: unnecessary trailing semicolon
[INFO] [stdout]    --> src/tests.rs:249:6
[INFO] [stdout]     |
[INFO] [stdout] 249 |     };
[INFO] [stdout]     |      ^ help: remove this semicolon
[INFO] [stdout] 
[INFO] [stdout] 
[INFO] [stdout] warning: 2 warnings emitted
[INFO] [stdout] 
[INFO] [stdout] 
[INFO] [stderr]     Finished test [unoptimized + debuginfo] target(s) in 1.12s
[INFO] running `Command { std: "docker" "inspect" "74bf57bcd2a2c46da9d7deff576a299e79f3714244985a3b02bc26d2c22bb6b3", kill_on_drop: false }`
[INFO] running `Command { std: "docker" "rm" "-f" "74bf57bcd2a2c46da9d7deff576a299e79f3714244985a3b02bc26d2c22bb6b3", kill_on_drop: false }`
[INFO] [stdout] 74bf57bcd2a2c46da9d7deff576a299e79f3714244985a3b02bc26d2c22bb6b3
[INFO] running `Command { std: "docker" "create" "-v" "/var/lib/crater-agent-workspace/builds/worker-1-tc1/target:/opt/rustwide/target:rw,Z" "-v" "/var/lib/crater-agent-workspace/builds/worker-1-tc1/source:/opt/rustwide/workdir:ro,Z" "-v" "/var/lib/crater-agent-workspace/cargo-home:/opt/rustwide/cargo-home:ro,Z" "-v" "/var/lib/crater-agent-workspace/rustup-home:/opt/rustwide/rustup-home:ro,Z" "-e" "SOURCE_DIR=/opt/rustwide/workdir" "-e" "CARGO_TARGET_DIR=/opt/rustwide/target" "-e" "CARGO_INCREMENTAL=0" "-e" "RUST_BACKTRACE=full" "-e" "RUSTFLAGS=--cap-lints=warn" "-e" "RUSTDOCFLAGS=--cap-lints=warn" "-e" "CARGO_HOME=/opt/rustwide/cargo-home" "-e" "RUSTUP_HOME=/opt/rustwide/rustup-home" "-w" "/opt/rustwide/workdir" "-m" "1610612736" "--user" "0:0" "--network" "none" "ghcr.io/rust-lang/crates-build-env/linux@sha256:2788e3201cd34a07e3172128adcd8b3090168a8e3bcc40d7c032b9dda1df7d1c" "/opt/rustwide/cargo-home/bin/cargo" "+1.75.0" "test" "--frozen", kill_on_drop: false }`
[INFO] [stdout] a4aacf832cb56404c0c8cdb9cfab30dc9caec079e5353b72913c217660870ef5
[INFO] running `Command { std: "docker" "start" "-a" "a4aacf832cb56404c0c8cdb9cfab30dc9caec079e5353b72913c217660870ef5", kill_on_drop: false }`
[INFO] [stderr] warning: unnecessary trailing semicolon
[INFO] [stderr]    --> src/tests.rs:197:6
[INFO] [stderr]     |
[INFO] [stderr] 197 |     };
[INFO] [stderr]     |      ^ help: remove this semicolon
[INFO] [stderr]     |
[INFO] [stderr]     = note: `#[warn(redundant_semicolons)]` on by default
[INFO] [stderr] 
[INFO] [stderr] warning: unnecessary trailing semicolon
[INFO] [stderr]    --> src/tests.rs:249:6
[INFO] [stderr]     |
[INFO] [stderr] 249 |     };
[INFO] [stderr]     |      ^ help: remove this semicolon
[INFO] [stderr] 
[INFO] [stderr] warning: `custom_debug_derive` (lib test) generated 2 warnings
[INFO] [stderr]     Finished test [unoptimized + debuginfo] target(s) in 0.02s
[INFO] [stderr]      Running unittests src/lib.rs (/opt/rustwide/target/debug/deps/custom_debug_derive-4c637f10d557353e)
[INFO] [stdout] 
[INFO] [stdout] running 7 tests
[INFO] [stdout] test tests::test_enum ... ok
[INFO] [stdout] test tests::test_bounds_on_skipped ... ok
[INFO] [stdout] test tests::test_skip ... ok
[INFO] [stdout] test tests::test_with ... ok
[INFO] [stdout] test tests::test_format ... ok
[INFO] [stdout] test tests::test_bounds_on_fields_only ... ok
[INFO] [stdout] test tests::test_default_struct ... ok
[INFO] [stdout] 
[INFO] [stdout] test result: ok. 7 passed; 0 failed; 0 ignored; 0 measured; 0 filtered out; finished in 0.02s
[INFO] [stdout] 
[INFO] [stderr]    Doc-tests custom_debug_derive
[INFO] [stdout] 
[INFO] [stdout] running 0 tests
[INFO] [stdout] 
[INFO] [stdout] test result: ok. 0 passed; 0 failed; 0 ignored; 0 measured; 0 filtered out; finished in 0.00s
[INFO] [stdout] 
[INFO] running `Command { std: "docker" "inspect" "a4aacf832cb56404c0c8cdb9cfab30dc9caec079e5353b72913c217660870ef5", kill_on_drop: false }`
[INFO] running `Command { std: "docker" "rm" "-f" "a4aacf832cb56404c0c8cdb9cfab30dc9caec079e5353b72913c217660870ef5", kill_on_drop: false }`
[INFO] [stdout] a4aacf832cb56404c0c8cdb9cfab30dc9caec079e5353b72913c217660870ef5
[INFO] testing custom_debug_derive-0.5.1 against beta-2023-12-22 for beta-1.76-1
[INFO] extracting crate custom_debug_derive 0.5.1 into /workspace/builds/worker-1-tc2/source
[INFO] validating manifest of crates.io crate custom_debug_derive 0.5.1 on toolchain beta-2023-12-22
[INFO] running `Command { std: CARGO_HOME="/workspace/cargo-home" RUSTUP_HOME="/workspace/rustup-home" "/workspace/cargo-home/bin/cargo" "+beta-2023-12-22" "metadata" "--manifest-path" "Cargo.toml" "--no-deps", kill_on_drop: false }`
[INFO] started tweaking crates.io crate custom_debug_derive 0.5.1
[INFO] finished tweaking crates.io crate custom_debug_derive 0.5.1
[INFO] tweaked toml for crates.io crate custom_debug_derive 0.5.1 written to /workspace/builds/worker-1-tc2/source/Cargo.toml
[INFO] running `Command { std: CARGO_HOME="/workspace/cargo-home" RUSTUP_HOME="/workspace/rustup-home" "/workspace/cargo-home/bin/cargo" "+beta-2023-12-22" "generate-lockfile" "--manifest-path" "Cargo.toml", kill_on_drop: false }`
[INFO] [stderr]     Updating crates.io index
[INFO] running `Command { std: CARGO_HOME="/workspace/cargo-home" RUSTUP_HOME="/workspace/rustup-home" "/workspace/cargo-home/bin/cargo" "+beta-2023-12-22" "fetch" "--manifest-path" "Cargo.toml", kill_on_drop: false }`
[INFO] running `Command { std: "docker" "create" "-v" "/var/lib/crater-agent-workspace/builds/worker-1-tc2/target:/opt/rustwide/target:rw,Z" "-v" "/var/lib/crater-agent-workspace/builds/worker-1-tc2/source:/opt/rustwide/workdir:ro,Z" "-v" "/var/lib/crater-agent-workspace/cargo-home:/opt/rustwide/cargo-home:ro,Z" "-v" "/var/lib/crater-agent-workspace/rustup-home:/opt/rustwide/rustup-home:ro,Z" "-e" "SOURCE_DIR=/opt/rustwide/workdir" "-e" "CARGO_TARGET_DIR=/opt/rustwide/target" "-e" "CARGO_HOME=/opt/rustwide/cargo-home" "-e" "RUSTUP_HOME=/opt/rustwide/rustup-home" "-w" "/opt/rustwide/workdir" "-m" "1610612736" "--user" "0:0" "--network" "none" "ghcr.io/rust-lang/crates-build-env/linux@sha256:2788e3201cd34a07e3172128adcd8b3090168a8e3bcc40d7c032b9dda1df7d1c" "/opt/rustwide/cargo-home/bin/cargo" "+beta-2023-12-22" "metadata" "--no-deps" "--format-version=1", kill_on_drop: false }`
[INFO] [stdout] ac637eb4e2bdee972958cc039ea8e17cc3d9430710b6fd5ab8d453af2a4c176c
[INFO] running `Command { std: "docker" "start" "-a" "ac637eb4e2bdee972958cc039ea8e17cc3d9430710b6fd5ab8d453af2a4c176c", kill_on_drop: false }`
[INFO] running `Command { std: "docker" "inspect" "ac637eb4e2bdee972958cc039ea8e17cc3d9430710b6fd5ab8d453af2a4c176c", kill_on_drop: false }`
[INFO] running `Command { std: "docker" "rm" "-f" "ac637eb4e2bdee972958cc039ea8e17cc3d9430710b6fd5ab8d453af2a4c176c", kill_on_drop: false }`
[INFO] [stdout] ac637eb4e2bdee972958cc039ea8e17cc3d9430710b6fd5ab8d453af2a4c176c
[INFO] running `Command { std: "docker" "create" "-v" "/var/lib/crater-agent-workspace/builds/worker-1-tc2/target:/opt/rustwide/target:rw,Z" "-v" "/var/lib/crater-agent-workspace/builds/worker-1-tc2/source:/opt/rustwide/workdir:ro,Z" "-v" "/var/lib/crater-agent-workspace/cargo-home:/opt/rustwide/cargo-home:ro,Z" "-v" "/var/lib/crater-agent-workspace/rustup-home:/opt/rustwide/rustup-home:ro,Z" "-e" "SOURCE_DIR=/opt/rustwide/workdir" "-e" "CARGO_TARGET_DIR=/opt/rustwide/target" "-e" "CARGO_INCREMENTAL=0" "-e" "RUST_BACKTRACE=full" "-e" "RUSTFLAGS=--cap-lints=warn" "-e" "RUSTDOCFLAGS=--cap-lints=warn" "-e" "CARGO_HOME=/opt/rustwide/cargo-home" "-e" "RUSTUP_HOME=/opt/rustwide/rustup-home" "-w" "/opt/rustwide/workdir" "-m" "1610612736" "--user" "0:0" "--network" "none" "ghcr.io/rust-lang/crates-build-env/linux@sha256:2788e3201cd34a07e3172128adcd8b3090168a8e3bcc40d7c032b9dda1df7d1c" "/opt/rustwide/cargo-home/bin/cargo" "+beta-2023-12-22" "build" "--frozen" "--message-format=json", kill_on_drop: false }`
[INFO] [stdout] 31131f1b79af1b0dd89199edfa10085e5a6949571e5ac759ec9dec4f942b8d1f
[INFO] running `Command { std: "docker" "start" "-a" "31131f1b79af1b0dd89199edfa10085e5a6949571e5ac759ec9dec4f942b8d1f", kill_on_drop: false }`
[INFO] [stderr]    Compiling unicode-ident v1.0.12
[INFO] [stderr]    Compiling syn v1.0.109
[INFO] [stderr]    Compiling unicode-xid v0.2.4
[INFO] [stderr]    Compiling proc-macro2 v1.0.75
[INFO] [stderr]    Compiling quote v1.0.35
[INFO] [stderr]    Compiling synstructure v0.12.6
[INFO] [stderr]    Compiling custom_debug_derive v0.5.1 (/opt/rustwide/workdir)
[INFO] [stderr]     Finished dev [unoptimized + debuginfo] target(s) in 6.04s
[INFO] running `Command { std: "docker" "inspect" "31131f1b79af1b0dd89199edfa10085e5a6949571e5ac759ec9dec4f942b8d1f", kill_on_drop: false }`
[INFO] running `Command { std: "docker" "rm" "-f" "31131f1b79af1b0dd89199edfa10085e5a6949571e5ac759ec9dec4f942b8d1f", kill_on_drop: false }`
[INFO] [stdout] 31131f1b79af1b0dd89199edfa10085e5a6949571e5ac759ec9dec4f942b8d1f
[INFO] running `Command { std: "docker" "create" "-v" "/var/lib/crater-agent-workspace/builds/worker-1-tc2/target:/opt/rustwide/target:rw,Z" "-v" "/var/lib/crater-agent-workspace/builds/worker-1-tc2/source:/opt/rustwide/workdir:ro,Z" "-v" "/var/lib/crater-agent-workspace/cargo-home:/opt/rustwide/cargo-home:ro,Z" "-v" "/var/lib/crater-agent-workspace/rustup-home:/opt/rustwide/rustup-home:ro,Z" "-e" "SOURCE_DIR=/opt/rustwide/workdir" "-e" "CARGO_TARGET_DIR=/opt/rustwide/target" "-e" "CARGO_INCREMENTAL=0" "-e" "RUST_BACKTRACE=full" "-e" "RUSTFLAGS=--cap-lints=warn" "-e" "RUSTDOCFLAGS=--cap-lints=warn" "-e" "CARGO_HOME=/opt/rustwide/cargo-home" "-e" "RUSTUP_HOME=/opt/rustwide/rustup-home" "-w" "/opt/rustwide/workdir" "-m" "1610612736" "--user" "0:0" "--network" "none" "ghcr.io/rust-lang/crates-build-env/linux@sha256:2788e3201cd34a07e3172128adcd8b3090168a8e3bcc40d7c032b9dda1df7d1c" "/opt/rustwide/cargo-home/bin/cargo" "+beta-2023-12-22" "test" "--frozen" "--no-run" "--message-format=json", kill_on_drop: false }`
[INFO] [stdout] 53580145967f9e8803d484807843bfa2d17584fb6d2c84e496d79a5ef57ac936
[INFO] running `Command { std: "docker" "start" "-a" "53580145967f9e8803d484807843bfa2d17584fb6d2c84e496d79a5ef57ac936", kill_on_drop: false }`
[INFO] [stderr]    Compiling custom_debug_derive v0.5.1 (/opt/rustwide/workdir)
[INFO] [stdout] warning: unnecessary trailing semicolon
[INFO] [stdout]    --> src/tests.rs:197:6
[INFO] [stdout]     |
[INFO] [stdout] 197 |     };
[INFO] [stdout]     |      ^ help: remove this semicolon
[INFO] [stdout]     |
[INFO] [stdout]     = note: `#[warn(redundant_semicolons)]` on by default
[INFO] [stdout] 
[INFO] [stdout] 
[INFO] [stdout] warning: unnecessary trailing semicolon
[INFO] [stdout]    --> src/tests.rs:249:6
[INFO] [stdout]     |
[INFO] [stdout] 249 |     };
[INFO] [stdout]     |      ^ help: remove this semicolon
[INFO] [stdout] 
[INFO] [stdout] 
[INFO] [stdout] warning: 2 warnings emitted
[INFO] [stdout] 
[INFO] [stdout] 
[INFO] [stderr]     Finished test [unoptimized + debuginfo] target(s) in 0.94s
[INFO] running `Command { std: "docker" "inspect" "53580145967f9e8803d484807843bfa2d17584fb6d2c84e496d79a5ef57ac936", kill_on_drop: false }`
[INFO] running `Command { std: "docker" "rm" "-f" "53580145967f9e8803d484807843bfa2d17584fb6d2c84e496d79a5ef57ac936", kill_on_drop: false }`
[INFO] [stdout] 53580145967f9e8803d484807843bfa2d17584fb6d2c84e496d79a5ef57ac936
[INFO] running `Command { std: "docker" "create" "-v" "/var/lib/crater-agent-workspace/builds/worker-1-tc2/target:/opt/rustwide/target:rw,Z" "-v" "/var/lib/crater-agent-workspace/builds/worker-1-tc2/source:/opt/rustwide/workdir:ro,Z" "-v" "/var/lib/crater-agent-workspace/cargo-home:/opt/rustwide/cargo-home:ro,Z" "-v" "/var/lib/crater-agent-workspace/rustup-home:/opt/rustwide/rustup-home:ro,Z" "-e" "SOURCE_DIR=/opt/rustwide/workdir" "-e" "CARGO_TARGET_DIR=/opt/rustwide/target" "-e" "CARGO_INCREMENTAL=0" "-e" "RUST_BACKTRACE=full" "-e" "RUSTFLAGS=--cap-lints=warn" "-e" "RUSTDOCFLAGS=--cap-lints=warn" "-e" "CARGO_HOME=/opt/rustwide/cargo-home" "-e" "RUSTUP_HOME=/opt/rustwide/rustup-home" "-w" "/opt/rustwide/workdir" "-m" "1610612736" "--user" "0:0" "--network" "none" "ghcr.io/rust-lang/crates-build-env/linux@sha256:2788e3201cd34a07e3172128adcd8b3090168a8e3bcc40d7c032b9dda1df7d1c" "/opt/rustwide/cargo-home/bin/cargo" "+beta-2023-12-22" "test" "--frozen", kill_on_drop: false }`
[INFO] [stdout] 000ce28d7a01d7442fc46b7a69b049fa7d6b68e0f4a267dcdac24c406e7dfccc
[INFO] running `Command { std: "docker" "start" "-a" "000ce28d7a01d7442fc46b7a69b049fa7d6b68e0f4a267dcdac24c406e7dfccc", kill_on_drop: false }`
[INFO] [stderr] warning: unnecessary trailing semicolon
[INFO] [stderr]    --> src/tests.rs:197:6
[INFO] [stderr]     |
[INFO] [stderr] 197 |     };
[INFO] [stderr]     |      ^ help: remove this semicolon
[INFO] [stderr]     |
[INFO] [stderr]     = note: `#[warn(redundant_semicolons)]` on by default
[INFO] [stderr] 
[INFO] [stderr] warning: unnecessary trailing semicolon
[INFO] [stderr]    --> src/tests.rs:249:6
[INFO] [stderr]     |
[INFO] [stderr] 249 |     };
[INFO] [stderr]     |      ^ help: remove this semicolon
[INFO] [stderr] 
[INFO] [stderr] warning: `custom_debug_derive` (lib test) generated 2 warnings
[INFO] [stderr]     Finished test [unoptimized + debuginfo] target(s) in 0.01s
[INFO] [stderr]      Running unittests src/lib.rs (/opt/rustwide/target/debug/deps/custom_debug_derive-4d3c835447ab7ca1)
[INFO] [stdout] 
[INFO] [stdout] running 7 tests
[INFO] [stdout] test tests::test_default_struct ... ok
[INFO] [stdout] test tests::test_skip ... ok
[INFO] [stdout] test tests::test_format ... ok
[INFO] [stdout] test tests::test_enum ... ok
[INFO] [stderr] error: test failed, to rerun pass `--lib`
[INFO] [stdout] test tests::test_bounds_on_fields_only ... FAILED
[INFO] [stdout] test tests::test_bounds_on_skipped ... FAILED
[INFO] [stdout] test tests::test_with ... FAILED
[INFO] [stdout] 
[INFO] [stdout] failures:
[INFO] [stdout] 
[INFO] [stdout] ---- tests::test_bounds_on_fields_only stdout ----
[INFO] [stdout] thread 'tests::test_bounds_on_fields_only' panicked at src/tests.rs:251:5:
[INFO] [stdout] test_derive failed:
[INFO] [stdout] expected:
[INFO] [stdout] ```
[INFO] [stdout] # [
[INFO] [stdout]     allow (
[INFO] [stdout]         non_upper_case_globals)
[INFO] [stdout]     ]
[INFO] [stdout] const _DERIVE_core_fmt_Debug_FOR_WantDebug : (
[INFO] [stdout]     )
[INFO] [stdout] = {
[INFO] [stdout]     impl < T > :: core :: fmt :: Debug for WantDebug < T > where TemplatedType < T >: :: core :: fmt :: Debug , T : :: core :: fmt :: Debug {
[INFO] [stdout]         fn fmt (
[INFO] [stdout]             & self , f : & mut :: core :: fmt :: Formatter)
[INFO] [stdout]         -> :: core :: fmt :: Result {
[INFO] [stdout]             match self {
[INFO] [stdout]                 WantDebug {
[INFO] [stdout]                     foo : ref __binding_0 , bar : ref __binding_1 , needs_debug : ref __binding_2 , }
[INFO] [stdout]                 => {
[INFO] [stdout]                     let mut s = f . debug_struct (
[INFO] [stdout]                         "WantDebug")
[INFO] [stdout]                     ;
[INFO] [stdout]                     s . field (
[INFO] [stdout]                         "foo" , __binding_0)
[INFO] [stdout]                     ;
[INFO] [stdout]                     s . field (
[INFO] [stdout]                         "bar" , __binding_1)
[INFO] [stdout]                     ;
[INFO] [stdout]                     s . field (
[INFO] [stdout]                         "needs_debug" , __binding_2)
[INFO] [stdout]                     ;
[INFO] [stdout]                     s . finish (
[INFO] [stdout]                         )
[INFO] [stdout]                     }
[INFO] [stdout]                 }
[INFO] [stdout]             }
[INFO] [stdout]         }
[INFO] [stdout]     }
[INFO] [stdout] ;
[INFO] [stdout] 
[INFO] [stdout] ```
[INFO] [stdout] 
[INFO] [stdout] got:
[INFO] [stdout] ```
[INFO] [stdout] # [
[INFO] [stdout]     allow (
[INFO] [stdout]         non_upper_case_globals)
[INFO] [stdout]     ]
[INFO] [stdout] const _DERIVE_core_fmt_Debug_FOR_WantDebug : (
[INFO] [stdout]     )
[INFO] [stdout] = {
[INFO] [stdout]     impl < T > :: core :: fmt :: Debug for WantDebug < T > where TemplatedType < T > : :: core :: fmt :: Debug , T : :: core :: fmt :: Debug {
[INFO] [stdout]         fn fmt (
[INFO] [stdout]             & self , f : & mut :: core :: fmt :: Formatter)
[INFO] [stdout]         -> :: core :: fmt :: Result {
[INFO] [stdout]             match self {
[INFO] [stdout]                 WantDebug {
[INFO] [stdout]                     foo : ref __binding_0 , bar : ref __binding_1 , needs_debug : ref __binding_2 , }
[INFO] [stdout]                 => {
[INFO] [stdout]                     let mut s = f . debug_struct (
[INFO] [stdout]                         "WantDebug")
[INFO] [stdout]                     ;
[INFO] [stdout]                     s . field (
[INFO] [stdout]                         "foo" , __binding_0)
[INFO] [stdout]                     ;
[INFO] [stdout]                     s . field (
[INFO] [stdout]                         "bar" , __binding_1)
[INFO] [stdout]                     ;
[INFO] [stdout]                     s . field (
[INFO] [stdout]                         "needs_debug" , __binding_2)
[INFO] [stdout]                     ;
[INFO] [stdout]                     s . finish (
[INFO] [stdout]                         )
[INFO] [stdout]                     }
[INFO] [stdout]                 }
[INFO] [stdout]             }
[INFO] [stdout]         }
[INFO] [stdout]     }
[INFO] [stdout] ;
[INFO] [stdout] 
[INFO] [stdout] ```
[INFO] [stdout] 
[INFO] [stdout] stack backtrace:
[INFO] [stdout]    0:     0x7f3b6e0906f6 - std::backtrace_rs::backtrace::libunwind::trace::h261606ad26a499c1
[INFO] [stdout]                                at /rustc/0e09125c6c3c2fd70d7de961bcf0e51575235fad/library/std/src/../../backtrace/src/backtrace/libunwind.rs:104:5
[INFO] [stdout]    1:     0x7f3b6e0906f6 - std::backtrace_rs::backtrace::trace_unsynchronized::hd183f0625477fb28
[INFO] [stdout]                                at /rustc/0e09125c6c3c2fd70d7de961bcf0e51575235fad/library/std/src/../../backtrace/src/backtrace/mod.rs:66:5
[INFO] [stdout]    2:     0x7f3b6e0906f6 - std::sys_common::backtrace::_print_fmt::hd7f8fef21b4eda67
[INFO] [stdout]                                at /rustc/0e09125c6c3c2fd70d7de961bcf0e51575235fad/library/std/src/sys_common/backtrace.rs:68:5
[INFO] [stdout]    3:     0x7f3b6e0906f6 - <std::sys_common::backtrace::_print::DisplayBacktrace as core::fmt::Display>::fmt::h623d9b51f2f453f1
[INFO] [stdout]                                at /rustc/0e09125c6c3c2fd70d7de961bcf0e51575235fad/library/std/src/sys_common/backtrace.rs:44:22
[INFO] [stdout]    4:     0x7f3b6e0e2f40 - core::fmt::rt::Argument::fmt::h9f417ac76a86f368
[INFO] [stdout]                                at /rustc/0e09125c6c3c2fd70d7de961bcf0e51575235fad/library/core/src/fmt/rt.rs:142:9
[INFO] [stdout]    5:     0x7f3b6e0e2f40 - core::fmt::write::hc9b6faf4ac2aeff7
[INFO] [stdout]                                at /rustc/0e09125c6c3c2fd70d7de961bcf0e51575235fad/library/core/src/fmt/mod.rs:1120:17
[INFO] [stdout]    6:     0x7f3b6e0844af - std::io::Write::write_fmt::he04625a3a989fec3
[INFO] [stdout]                                at /rustc/0e09125c6c3c2fd70d7de961bcf0e51575235fad/library/std/src/io/mod.rs:1810:15
[INFO] [stdout]    7:     0x7f3b6e0904d4 - std::sys_common::backtrace::_print::hd5d66399c7df88a2
[INFO] [stdout]                                at /rustc/0e09125c6c3c2fd70d7de961bcf0e51575235fad/library/std/src/sys_common/backtrace.rs:47:5
[INFO] [stdout]    8:     0x7f3b6e0904d4 - std::sys_common::backtrace::print::he81ed2da642d37e5
[INFO] [stdout]                                at /rustc/0e09125c6c3c2fd70d7de961bcf0e51575235fad/library/std/src/sys_common/backtrace.rs:34:9
[INFO] [stdout]    9:     0x7f3b6e093267 - std::panicking::default_hook::{{closure}}::h85773f4fa117163d
[INFO] [stdout]   10:     0x7f3b6e092f4d - std::panicking::default_hook::h6a1694a91d09b278
[INFO] [stdout]                                at /rustc/0e09125c6c3c2fd70d7de961bcf0e51575235fad/library/std/src/panicking.rs:289:9
[INFO] [stdout]   11:     0x7f3b6e15fcc7 - <alloc::boxed::Box<F,A> as core::ops::function::Fn<Args>>::call::h616ac37fa3cd6c8f
[INFO] [stdout]                                at /rustc/0e09125c6c3c2fd70d7de961bcf0e51575235fad/library/alloc/src/boxed.rs:2029:9
[INFO] [stdout]   12:     0x7f3b6e15fcc7 - test::test_main::{{closure}}::h00d84697cefdcbb6
[INFO] [stdout]                                at /rustc/0e09125c6c3c2fd70d7de961bcf0e51575235fad/library/test/src/lib.rs:138:21
[INFO] [stdout]   13:     0x7f3b6e0939b6 - <alloc::boxed::Box<F,A> as core::ops::function::Fn<Args>>::call::hcb3fe3b9bb537ba8
[INFO] [stdout]                                at /rustc/0e09125c6c3c2fd70d7de961bcf0e51575235fad/library/alloc/src/boxed.rs:2029:9
[INFO] [stdout]   14:     0x7f3b6e0939b6 - std::panicking::rust_panic_with_hook::h0a7ad96e90f7145b
[INFO] [stdout]                                at /rustc/0e09125c6c3c2fd70d7de961bcf0e51575235fad/library/std/src/panicking.rs:783:13
[INFO] [stdout]   15:     0x7f3b6e093702 - std::panicking::begin_panic_handler::{{closure}}::h7919090525c6485e
[INFO] [stdout]                                at /rustc/0e09125c6c3c2fd70d7de961bcf0e51575235fad/library/std/src/panicking.rs:657:13
[INFO] [stdout]   16:     0x7f3b6e090bf6 - std::sys_common::backtrace::__rust_end_short_backtrace::hf3289479464f7dfe
[INFO] [stdout]                                at /rustc/0e09125c6c3c2fd70d7de961bcf0e51575235fad/library/std/src/sys_common/backtrace.rs:171:18
[INFO] [stdout]   17:     0x7f3b6e093460 - rust_begin_unwind
[INFO] [stdout]                                at /rustc/0e09125c6c3c2fd70d7de961bcf0e51575235fad/library/std/src/panicking.rs:645:5
[INFO] [stdout]   18:     0x7f3b6e0df645 - core::panicking::panic_fmt::hcc9f77c5c132af55
[INFO] [stdout]                                at /rustc/0e09125c6c3c2fd70d7de961bcf0e51575235fad/library/core/src/panicking.rs:72:14
[INFO] [stdout]   19:     0x5620fa95e70a - custom_debug_derive::tests::test_bounds_on_fields_only::h58e4442ad906f1b0
[INFO] [stdout]                                at /opt/rustwide/workdir/src/tests.rs:251:5
[INFO] [stdout]   20:     0x5620fa95e247 - custom_debug_derive::tests::test_bounds_on_fields_only::{{closure}}::h570f9e4f1a0a3c8e
[INFO] [stdout]                                at /opt/rustwide/workdir/src/tests.rs:241:32
[INFO] [stdout]   21:     0x5620fa95a596 - core::ops::function::FnOnce::call_once::hfb70fdef6b5d1dae
[INFO] [stdout]                                at /rustc/0e09125c6c3c2fd70d7de961bcf0e51575235fad/library/core/src/ops/function.rs:250:5
[INFO] [stdout]   22:     0x7f3b6e165eff - core::ops::function::FnOnce::call_once::hd64d26f405258157
[INFO] [stdout]                                at /rustc/0e09125c6c3c2fd70d7de961bcf0e51575235fad/library/core/src/ops/function.rs:250:5
[INFO] [stdout]   23:     0x7f3b6e165eff - test::__rust_begin_short_backtrace::he21b0b7a6d731bf9
[INFO] [stdout]                                at /rustc/0e09125c6c3c2fd70d7de961bcf0e51575235fad/library/test/src/lib.rs:627:18
[INFO] [stdout]   24:     0x7f3b6e164c81 - test::run_test_in_process::{{closure}}::hf5c73986d7bdfde2
[INFO] [stdout]                                at /rustc/0e09125c6c3c2fd70d7de961bcf0e51575235fad/library/test/src/lib.rs:650:60
[INFO] [stdout]   25:     0x7f3b6e164c81 - <core::panic::unwind_safe::AssertUnwindSafe<F> as core::ops::function::FnOnce<()>>::call_once::h330011ad032aadc0
[INFO] [stdout]                                at /rustc/0e09125c6c3c2fd70d7de961bcf0e51575235fad/library/core/src/panic/unwind_safe.rs:272:9
[INFO] [stdout]   26:     0x7f3b6e164c81 - std::panicking::try::do_call::he61b0a958b795a41
[INFO] [stdout]                                at /rustc/0e09125c6c3c2fd70d7de961bcf0e51575235fad/library/std/src/panicking.rs:552:40
[INFO] [stdout]   27:     0x7f3b6e164c81 - std::panicking::try::h7309da130f906eb7
[INFO] [stdout]                                at /rustc/0e09125c6c3c2fd70d7de961bcf0e51575235fad/library/std/src/panicking.rs:516:19
[INFO] [stdout]   28:     0x7f3b6e164c81 - std::panic::catch_unwind::hc5c3a06fdaf0a92a
[INFO] [stdout]                                at /rustc/0e09125c6c3c2fd70d7de961bcf0e51575235fad/library/std/src/panic.rs:142:14
[INFO] [stdout]   29:     0x7f3b6e164c81 - test::run_test_in_process::h7e7b7c71c3324e0f
[INFO] [stdout]                                at /rustc/0e09125c6c3c2fd70d7de961bcf0e51575235fad/library/test/src/lib.rs:650:27
[INFO] [stdout]   30:     0x7f3b6e164c81 - test::run_test::{{closure}}::h1f509f28f5cf20b1
[INFO] [stdout]                                at /rustc/0e09125c6c3c2fd70d7de961bcf0e51575235fad/library/test/src/lib.rs:573:43
[INFO] [stdout]   31:     0x7f3b6e127a66 - test::run_test::{{closure}}::h1754218abf443f6d
[INFO] [stdout]                                at /rustc/0e09125c6c3c2fd70d7de961bcf0e51575235fad/library/test/src/lib.rs:601:41
[INFO] [stdout]   32:     0x7f3b6e127a66 - std::sys_common::backtrace::__rust_begin_short_backtrace::h2ee174b9d5954948
[INFO] [stdout]                                at /rustc/0e09125c6c3c2fd70d7de961bcf0e51575235fad/library/std/src/sys_common/backtrace.rs:155:18
[INFO] [stdout]   33:     0x7f3b6e12cac7 - std::thread::Builder::spawn_unchecked_::{{closure}}::{{closure}}::hf60bee9c1a17ef09
[INFO] [stdout]                                at /rustc/0e09125c6c3c2fd70d7de961bcf0e51575235fad/library/std/src/thread/mod.rs:529:17
[INFO] [stdout]   34:     0x7f3b6e12cac7 - <core::panic::unwind_safe::AssertUnwindSafe<F> as core::ops::function::FnOnce<()>>::call_once::h33d0dddec5216160
[INFO] [stdout]                                at /rustc/0e09125c6c3c2fd70d7de961bcf0e51575235fad/library/core/src/panic/unwind_safe.rs:272:9
[INFO] [stdout]   35:     0x7f3b6e12cac7 - std::panicking::try::do_call::h144b3048b546f835
[INFO] [stdout]                                at /rustc/0e09125c6c3c2fd70d7de961bcf0e51575235fad/library/std/src/panicking.rs:552:40
[INFO] [stdout]   36:     0x7f3b6e12cac7 - std::panicking::try::h978244d04646189f
[INFO] [stdout]                                at /rustc/0e09125c6c3c2fd70d7de961bcf0e51575235fad/library/std/src/panicking.rs:516:19
[INFO] [stdout]   37:     0x7f3b6e12cac7 - std::panic::catch_unwind::hdf436369d188fe86
[INFO] [stdout]                                at /rustc/0e09125c6c3c2fd70d7de961bcf0e51575235fad/library/std/src/panic.rs:142:14
[INFO] [stdout]   38:     0x7f3b6e12cac7 - std::thread::Builder::spawn_unchecked_::{{closure}}::h87329cbdd33c79ec
[INFO] [stdout]                                at /rustc/0e09125c6c3c2fd70d7de961bcf0e51575235fad/library/std/src/thread/mod.rs:528:30
[INFO] [stdout]   39:     0x7f3b6e12cac7 - core::ops::function::FnOnce::call_once{{vtable.shim}}::h401abbe67897d450
[INFO] [stdout]                                at /rustc/0e09125c6c3c2fd70d7de961bcf0e51575235fad/library/core/src/ops/function.rs:250:5
[INFO] [stdout]   40:     0x7f3b6e09d8e5 - <alloc::boxed::Box<F,A> as core::ops::function::FnOnce<Args>>::call_once::h5d7c8f150ab9c84c
[INFO] [stdout]                                at /rustc/0e09125c6c3c2fd70d7de961bcf0e51575235fad/library/alloc/src/boxed.rs:2015:9
[INFO] [stdout]   41:     0x7f3b6e09d8e5 - <alloc::boxed::Box<F,A> as core::ops::function::FnOnce<Args>>::call_once::h570d5b005c242c15
[INFO] [stdout]                                at /rustc/0e09125c6c3c2fd70d7de961bcf0e51575235fad/library/alloc/src/boxed.rs:2015:9
[INFO] [stdout]   42:     0x7f3b6e09d8e5 - std::sys::unix::thread::Thread::new::thread_start::h36b0a20c0b2361ad
[INFO] [stdout]                                at /rustc/0e09125c6c3c2fd70d7de961bcf0e51575235fad/library/std/src/sys/unix/thread.rs:108:17
[INFO] [stdout]   43:     0x7f3b6de09ac3 - <unknown>
[INFO] [stdout]   44:     0x7f3b6de9abf4 - __clone
[INFO] [stdout]   45:                0x0 - <unknown>
[INFO] [stdout] 
[INFO] [stdout] ---- tests::test_bounds_on_skipped stdout ----
[INFO] [stdout] thread 'tests::test_bounds_on_skipped' panicked at src/tests.rs:207:5:
[INFO] [stdout] test_derive failed:
[INFO] [stdout] expected:
[INFO] [stdout] ```
[INFO] [stdout] # [
[INFO] [stdout]     allow (
[INFO] [stdout]         non_upper_case_globals)
[INFO] [stdout]     ]
[INFO] [stdout] const _DERIVE_core_fmt_Debug_FOR_WantDebug : (
[INFO] [stdout]     )
[INFO] [stdout] = {
[INFO] [stdout]     impl < T > :: core :: fmt :: Debug for WantDebug < T > where TemplatedType < T >: :: core :: fmt :: Debug {
[INFO] [stdout]         fn fmt (
[INFO] [stdout]             & self , f : & mut :: core :: fmt :: Formatter)
[INFO] [stdout]         -> :: core :: fmt :: Result {
[INFO] [stdout]             match self {
[INFO] [stdout]                 WantDebug {
[INFO] [stdout]                     foo : ref __binding_0 , .. }
[INFO] [stdout]                 => {
[INFO] [stdout]                     let mut s = f . debug_struct (
[INFO] [stdout]                         "WantDebug")
[INFO] [stdout]                     ;
[INFO] [stdout]                     s . field (
[INFO] [stdout]                         "foo" , __binding_0)
[INFO] [stdout]                     ;
[INFO] [stdout]                     s . finish (
[INFO] [stdout]                         )
[INFO] [stdout]                     }
[INFO] [stdout]                 }
[INFO] [stdout]             }
[INFO] [stdout]         }
[INFO] [stdout]     }
[INFO] [stdout] ;
[INFO] [stdout] 
[INFO] [stdout] ```
[INFO] [stdout] 
[INFO] [stdout] got:
[INFO] [stdout] ```
[INFO] [stdout] # [
[INFO] [stdout]     allow (
[INFO] [stdout]         non_upper_case_globals)
[INFO] [stdout]     ]
[INFO] [stdout] const _DERIVE_core_fmt_Debug_FOR_WantDebug : (
[INFO] [stdout]     )
[INFO] [stdout] = {
[INFO] [stdout]     impl < T > :: core :: fmt :: Debug for WantDebug < T > where TemplatedType < T > : :: core :: fmt :: Debug {
[INFO] [stdout]         fn fmt (
[INFO] [stdout]             & self , f : & mut :: core :: fmt :: Formatter)
[INFO] [stdout]         -> :: core :: fmt :: Result {
[INFO] [stdout]             match self {
[INFO] [stdout]                 WantDebug {
[INFO] [stdout]                     foo : ref __binding_0 , .. }
[INFO] [stdout]                 => {
[INFO] [stdout]                     let mut s = f . debug_struct (
[INFO] [stdout]                         "WantDebug")
[INFO] [stdout]                     ;
[INFO] [stdout]                     s . field (
[INFO] [stdout]                         "foo" , __binding_0)
[INFO] [stdout]                     ;
[INFO] [stdout]                     s . finish (
[INFO] [stdout]                         )
[INFO] [stdout]                     }
[INFO] [stdout]                 }
[INFO] [stdout]             }
[INFO] [stdout]         }
[INFO] [stdout]     }
[INFO] [stdout] ;
[INFO] [stdout] 
[INFO] [stdout] ```
[INFO] [stdout] 
[INFO] [stdout] stack backtrace:
[INFO] [stdout]    0:     0x7f3b6e0906f6 - std::backtrace_rs::backtrace::libunwind::trace::h261606ad26a499c1
[INFO] [stdout]                                at /rustc/0e09125c6c3c2fd70d7de961bcf0e51575235fad/library/std/src/../../backtrace/src/backtrace/libunwind.rs:104:5
[INFO] [stdout]    1:     0x7f3b6e0906f6 - std::backtrace_rs::backtrace::trace_unsynchronized::hd183f0625477fb28
[INFO] [stdout]                                at /rustc/0e09125c6c3c2fd70d7de961bcf0e51575235fad/library/std/src/../../backtrace/src/backtrace/mod.rs:66:5
[INFO] [stdout]    2:     0x7f3b6e0906f6 - std::sys_common::backtrace::_print_fmt::hd7f8fef21b4eda67
[INFO] [stdout]                                at /rustc/0e09125c6c3c2fd70d7de961bcf0e51575235fad/library/std/src/sys_common/backtrace.rs:68:5
[INFO] [stdout]    3:     0x7f3b6e0906f6 - <std::sys_common::backtrace::_print::DisplayBacktrace as core::fmt::Display>::fmt::h623d9b51f2f453f1
[INFO] [stdout]                                at /rustc/0e09125c6c3c2fd70d7de961bcf0e51575235fad/library/std/src/sys_common/backtrace.rs:44:22
[INFO] [stdout]    4:     0x7f3b6e0e2f40 - core::fmt::rt::Argument::fmt::h9f417ac76a86f368
[INFO] [stdout]                                at /rustc/0e09125c6c3c2fd70d7de961bcf0e51575235fad/library/core/src/fmt/rt.rs:142:9
[INFO] [stdout]    5:     0x7f3b6e0e2f40 - core::fmt::write::hc9b6faf4ac2aeff7
[INFO] [stdout]                                at /rustc/0e09125c6c3c2fd70d7de961bcf0e51575235fad/library/core/src/fmt/mod.rs:1120:17
[INFO] [stdout]    6:     0x7f3b6e0844af - std::io::Write::write_fmt::he04625a3a989fec3
[INFO] [stdout]                                at /rustc/0e09125c6c3c2fd70d7de961bcf0e51575235fad/library/std/src/io/mod.rs:1810:15
[INFO] [stdout]    7:     0x7f3b6e0904d4 - std::sys_common::backtrace::_print::hd5d66399c7df88a2
[INFO] [stdout]                                at /rustc/0e09125c6c3c2fd70d7de961bcf0e51575235fad/library/std/src/sys_common/backtrace.rs:47:5
[INFO] [stdout]    8:     0x7f3b6e0904d4 - std::sys_common::backtrace::print::he81ed2da642d37e5
[INFO] [stdout]                                at /rustc/0e09125c6c3c2fd70d7de961bcf0e51575235fad/library/std/src/sys_common/backtrace.rs:34:9
[INFO] [stdout]    9:     0x7f3b6e093267 - std::panicking::default_hook::{{closure}}::h85773f4fa117163d
[INFO] [stdout]   10:     0x7f3b6e092f4d - std::panicking::default_hook::h6a1694a91d09b278
[INFO] [stdout]                                at /rustc/0e09125c6c3c2fd70d7de961bcf0e51575235fad/library/std/src/panicking.rs:289:9
[INFO] [stdout]   11:     0x7f3b6e15fcc7 - <alloc::boxed::Box<F,A> as core::ops::function::Fn<Args>>::call::h616ac37fa3cd6c8f
[INFO] [stdout]                                at /rustc/0e09125c6c3c2fd70d7de961bcf0e51575235fad/library/alloc/src/boxed.rs:2029:9
[INFO] [stdout]   12:     0x7f3b6e15fcc7 - test::test_main::{{closure}}::h00d84697cefdcbb6
[INFO] [stdout]                                at /rustc/0e09125c6c3c2fd70d7de961bcf0e51575235fad/library/test/src/lib.rs:138:21
[INFO] [stdout]   13:     0x7f3b6e0939b6 - <alloc::boxed::Box<F,A> as core::ops::function::Fn<Args>>::call::hcb3fe3b9bb537ba8
[INFO] [stdout]                                at /rustc/0e09125c6c3c2fd70d7de961bcf0e51575235fad/library/alloc/src/boxed.rs:2029:9
[INFO] [stdout]   14:     0x7f3b6e0939b6 - std::panicking::rust_panic_with_hook::h0a7ad96e90f7145b
[INFO] [stdout]                                at /rustc/0e09125c6c3c2fd70d7de961bcf0e51575235fad/library/std/src/panicking.rs:783:13
[INFO] [stdout]   15:     0x7f3b6e093702 - std::panicking::begin_panic_handler::{{closure}}::h7919090525c6485e
[INFO] [stdout]                                at /rustc/0e09125c6c3c2fd70d7de961bcf0e51575235fad/library/std/src/panicking.rs:657:13
[INFO] [stdout]   16:     0x7f3b6e090bf6 - std::sys_common::backtrace::__rust_end_short_backtrace::hf3289479464f7dfe
[INFO] [stdout]                                at /rustc/0e09125c6c3c2fd70d7de961bcf0e51575235fad/library/std/src/sys_common/backtrace.rs:171:18
[INFO] [stdout]   17:     0x7f3b6e093460 - rust_begin_unwind
[INFO] [stdout]                                at /rustc/0e09125c6c3c2fd70d7de961bcf0e51575235fad/library/std/src/panicking.rs:645:5
[INFO] [stdout]   18:     0x7f3b6e0df645 - core::panicking::panic_fmt::hcc9f77c5c132af55
[INFO] [stdout]                                at /rustc/0e09125c6c3c2fd70d7de961bcf0e51575235fad/library/core/src/panicking.rs:72:14
[INFO] [stdout]   19:     0x5620fa95e20a - custom_debug_derive::tests::test_bounds_on_skipped::h1c625d71cd29e9e0
[INFO] [stdout]                                at /opt/rustwide/workdir/src/tests.rs:207:5
[INFO] [stdout]   20:     0x5620fa95dd47 - custom_debug_derive::tests::test_bounds_on_skipped::{{closure}}::h2197ba3907da24c6
[INFO] [stdout]                                at /opt/rustwide/workdir/src/tests.rs:189:28
[INFO] [stdout]   21:     0x5620fa95a526 - core::ops::function::FnOnce::call_once::he6abad71b67b628c
[INFO] [stdout]                                at /rustc/0e09125c6c3c2fd70d7de961bcf0e51575235fad/library/core/src/ops/function.rs:250:5
[INFO] [stdout]   22:     0x7f3b6e165eff - core::ops::function::FnOnce::call_once::hd64d26f405258157
[INFO] [stdout]                                at /rustc/0e09125c6c3c2fd70d7de961bcf0e51575235fad/library/core/src/ops/function.rs:250:5
[INFO] [stdout]   23:     0x7f3b6e165eff - test::__rust_begin_short_backtrace::he21b0b7a6d731bf9
[INFO] [stdout]                                at /rustc/0e09125c6c3c2fd70d7de961bcf0e51575235fad/library/test/src/lib.rs:627:18
[INFO] [stdout]   24:     0x7f3b6e164c81 - test::run_test_in_process::{{closure}}::hf5c73986d7bdfde2
[INFO] [stdout]                                at /rustc/0e09125c6c3c2fd70d7de961bcf0e51575235fad/library/test/src/lib.rs:650:60
[INFO] [stdout]   25:     0x7f3b6e164c81 - <core::panic::unwind_safe::AssertUnwindSafe<F> as core::ops::function::FnOnce<()>>::call_once::h330011ad032aadc0
[INFO] [stdout]                                at /rustc/0e09125c6c3c2fd70d7de961bcf0e51575235fad/library/core/src/panic/unwind_safe.rs:272:9
[INFO] [stdout]   26:     0x7f3b6e164c81 - std::panicking::try::do_call::he61b0a958b795a41
[INFO] [stdout]                                at /rustc/0e09125c6c3c2fd70d7de961bcf0e51575235fad/library/std/src/panicking.rs:552:40
[INFO] [stdout]   27:     0x7f3b6e164c81 - std::panicking::try::h7309da130f906eb7
[INFO] [stdout]                                at /rustc/0e09125c6c3c2fd70d7de961bcf0e51575235fad/library/std/src/panicking.rs:516:19
[INFO] [stdout]   28:     0x7f3b6e164c81 - std::panic::catch_unwind::hc5c3a06fdaf0a92a
[INFO] [stdout]                                at /rustc/0e09125c6c3c2fd70d7de961bcf0e51575235fad/library/std/src/panic.rs:142:14
[INFO] [stdout]   29:     0x7f3b6e164c81 - test::run_test_in_process::h7e7b7c71c3324e0f
[INFO] [stdout]                                at /rustc/0e09125c6c3c2fd70d7de961bcf0e51575235fad/library/test/src/lib.rs:650:27
[INFO] [stdout]   30:     0x7f3b6e164c81 - test::run_test::{{closure}}::h1f509f28f5cf20b1
[INFO] [stdout]                                at /rustc/0e09125c6c3c2fd70d7de961bcf0e51575235fad/library/test/src/lib.rs:573:43
[INFO] [stdout]   31:     0x7f3b6e127a66 - test::run_test::{{closure}}::h1754218abf443f6d
[INFO] [stdout]                                at /rustc/0e09125c6c3c2fd70d7de961bcf0e51575235fad/library/test/src/lib.rs:601:41
[INFO] [stdout]   32:     0x7f3b6e127a66 - std::sys_common::backtrace::__rust_begin_short_backtrace::h2ee174b9d5954948
[INFO] [stdout]                                at /rustc/0e09125c6c3c2fd70d7de961bcf0e51575235fad/library/std/src/sys_common/backtrace.rs:155:18
[INFO] [stdout]   33:     0x7f3b6e12cac7 - std::thread::Builder::spawn_unchecked_::{{closure}}::{{closure}}::hf60bee9c1a17ef09
[INFO] [stdout]                                at /rustc/0e09125c6c3c2fd70d7de961bcf0e51575235fad/library/std/src/thread/mod.rs:529:17
[INFO] [stdout]   34:     0x7f3b6e12cac7 - <core::panic::unwind_safe::AssertUnwindSafe<F> as core::ops::function::FnOnce<()>>::call_once::h33d0dddec5216160
[INFO] [stdout]                                at /rustc/0e09125c6c3c2fd70d7de961bcf0e51575235fad/library/core/src/panic/unwind_safe.rs:272:9
[INFO] [stdout]   35:     0x7f3b6e12cac7 - std::panicking::try::do_call::h144b3048b546f835
[INFO] [stdout]                                at /rustc/0e09125c6c3c2fd70d7de961bcf0e51575235fad/library/std/src/panicking.rs:552:40
[INFO] [stdout]   36:     0x7f3b6e12cac7 - std::panicking::try::h978244d04646189f
[INFO] [stdout]                                at /rustc/0e09125c6c3c2fd70d7de961bcf0e51575235fad/library/std/src/panicking.rs:516:19
[INFO] [stdout]   37:     0x7f3b6e12cac7 - std::panic::catch_unwind::hdf436369d188fe86
[INFO] [stdout]                                at /rustc/0e09125c6c3c2fd70d7de961bcf0e51575235fad/library/std/src/panic.rs:142:14
[INFO] [stdout]   38:     0x7f3b6e12cac7 - std::thread::Builder::spawn_unchecked_::{{closure}}::h87329cbdd33c79ec
[INFO] [stdout]                                at /rustc/0e09125c6c3c2fd70d7de961bcf0e51575235fad/library/std/src/thread/mod.rs:528:30
[INFO] [stdout]   39:     0x7f3b6e12cac7 - core::ops::function::FnOnce::call_once{{vtable.shim}}::h401abbe67897d450
[INFO] [stdout]                                at /rustc/0e09125c6c3c2fd70d7de961bcf0e51575235fad/library/core/src/ops/function.rs:250:5
[INFO] [stdout]   40:     0x7f3b6e09d8e5 - <alloc::boxed::Box<F,A> as core::ops::function::FnOnce<Args>>::call_once::h5d7c8f150ab9c84c
[INFO] [stdout]                                at /rustc/0e09125c6c3c2fd70d7de961bcf0e51575235fad/library/alloc/src/boxed.rs:2015:9
[INFO] [stdout]   41:     0x7f3b6e09d8e5 - <alloc::boxed::Box<F,A> as core::ops::function::FnOnce<Args>>::call_once::h570d5b005c242c15
[INFO] [stdout]                                at /rustc/0e09125c6c3c2fd70d7de961bcf0e51575235fad/library/alloc/src/boxed.rs:2015:9
[INFO] [stdout]   42:     0x7f3b6e09d8e5 - std::sys::unix::thread::Thread::new::thread_start::h36b0a20c0b2361ad
[INFO] [stdout]                                at /rustc/0e09125c6c3c2fd70d7de961bcf0e51575235fad/library/std/src/sys/unix/thread.rs:108:17
[INFO] [stdout]   43:     0x7f3b6de09ac3 - <unknown>
[INFO] [stdout]   44:     0x7f3b6de9abf4 - __clone
[INFO] [stdout]   45:                0x0 - <unknown>
[INFO] [stdout] 
[INFO] [stdout] ---- tests::test_with stdout ----
[INFO] [stdout] thread 'tests::test_with' panicked at src/tests.rs:69:5:
[INFO] [stdout] test_derive failed:
[INFO] [stdout] expected:
[INFO] [stdout] ```
[INFO] [stdout] # [
[INFO] [stdout]     allow (
[INFO] [stdout]         non_upper_case_globals)
[INFO] [stdout]     ]
[INFO] [stdout] const _DERIVE_core_fmt_Debug_FOR_Point : (
[INFO] [stdout]     )
[INFO] [stdout] = {
[INFO] [stdout]     impl :: core :: fmt :: Debug for Point {
[INFO] [stdout]         fn fmt (
[INFO] [stdout]             & self , f : & mut :: core :: fmt :: Formatter)
[INFO] [stdout]         -> :: core :: fmt :: Result {
[INFO] [stdout]             match self {
[INFO] [stdout]                 Point {
[INFO] [stdout]                     x : ref __binding_0 , y : ref __binding_1 , }
[INFO] [stdout]                 => {
[INFO] [stdout]                     let mut s = f . debug_struct (
[INFO] [stdout]                         "Point")
[INFO] [stdout]                     ;
[INFO] [stdout]                     s . field (
[INFO] [stdout]                         "x" , & {
[INFO] [stdout]                             struct DebugWith <'a , T : 'a > {
[INFO] [stdout]                                 data : &'a T , fmt : fn (
[INFO] [stdout]                                     & T , & mut :: core :: fmt :: Formatter)
[INFO] [stdout]                                 -> :: core :: fmt :: Result , }
[INFO] [stdout]                             impl <'a , T : 'a > :: core :: fmt :: Debug for DebugWith <'a , T > {
[INFO] [stdout]                                 fn fmt (
[INFO] [stdout]                                     & self , f : & mut :: core :: fmt :: Formatter)
[INFO] [stdout]                                 -> :: core :: fmt :: Result {
[INFO] [stdout]                                     (
[INFO] [stdout]                                         self . fmt)
[INFO] [stdout]                                     (
[INFO] [stdout]                                         self . data , f)
[INFO] [stdout]                                     }
[INFO] [stdout]                                 }
[INFO] [stdout]                             DebugWith {
[INFO] [stdout]                                 data : __binding_0 , fmt : my_fmt , }
[INFO] [stdout]                             }
[INFO] [stdout]                         )
[INFO] [stdout]                     ;
[INFO] [stdout]                     s . field (
[INFO] [stdout]                         "y" , __binding_1)
[INFO] [stdout]                     ;
[INFO] [stdout]                     s . finish (
[INFO] [stdout]                         )
[INFO] [stdout]                     }
[INFO] [stdout]                 }
[INFO] [stdout]             }
[INFO] [stdout]         }
[INFO] [stdout]     }
[INFO] [stdout] ;
[INFO] [stdout] 
[INFO] [stdout] ```
[INFO] [stdout] 
[INFO] [stdout] got:
[INFO] [stdout] ```
[INFO] [stdout] # [
[INFO] [stdout]     allow (
[INFO] [stdout]         non_upper_case_globals)
[INFO] [stdout]     ]
[INFO] [stdout] const _DERIVE_core_fmt_Debug_FOR_Point : (
[INFO] [stdout]     )
[INFO] [stdout] = {
[INFO] [stdout]     impl :: core :: fmt :: Debug for Point {
[INFO] [stdout]         fn fmt (
[INFO] [stdout]             & self , f : & mut :: core :: fmt :: Formatter)
[INFO] [stdout]         -> :: core :: fmt :: Result {
[INFO] [stdout]             match self {
[INFO] [stdout]                 Point {
[INFO] [stdout]                     x : ref __binding_0 , y : ref __binding_1 , }
[INFO] [stdout]                 => {
[INFO] [stdout]                     let mut s = f . debug_struct (
[INFO] [stdout]                         "Point")
[INFO] [stdout]                     ;
[INFO] [stdout]                     s . field (
[INFO] [stdout]                         "x" , & {
[INFO] [stdout]                             struct DebugWith < 'a , T : 'a > {
[INFO] [stdout]                                 data : & 'a T , fmt : fn (
[INFO] [stdout]                                     & T , & mut :: core :: fmt :: Formatter)
[INFO] [stdout]                                 -> :: core :: fmt :: Result , }
[INFO] [stdout]                             impl < 'a , T : 'a > :: core :: fmt :: Debug for DebugWith < 'a , T > {
[INFO] [stdout]                                 fn fmt (
[INFO] [stdout]                                     & self , f : & mut :: core :: fmt :: Formatter)
[INFO] [stdout]                                 -> :: core :: fmt :: Result {
[INFO] [stdout]                                     (
[INFO] [stdout]                                         self . fmt)
[INFO] [stdout]                                     (
[INFO] [stdout]                                         self . data , f)
[INFO] [stdout]                                     }
[INFO] [stdout]                                 }
[INFO] [stdout]                             DebugWith {
[INFO] [stdout]                                 data : __binding_0 , fmt : my_fmt , }
[INFO] [stdout]                             }
[INFO] [stdout]                         )
[INFO] [stdout]                     ;
[INFO] [stdout]                     s . field (
[INFO] [stdout]                         "y" , __binding_1)
[INFO] [stdout]                     ;
[INFO] [stdout]                     s . finish (
[INFO] [stdout]                         )
[INFO] [stdout]                     }
[INFO] [stdout]                 }
[INFO] [stdout]             }
[INFO] [stdout]         }
[INFO] [stdout]     }
[INFO] [stdout] ;
[INFO] [stdout] 
[INFO] [stdout] ```
[INFO] [stdout] 
[INFO] [stdout] stack backtrace:
[INFO] [stdout]    0:     0x7f3b6e0906f6 - std::backtrace_rs::backtrace::libunwind::trace::h261606ad26a499c1
[INFO] [stdout]                                at /rustc/0e09125c6c3c2fd70d7de961bcf0e51575235fad/library/std/src/../../backtrace/src/backtrace/libunwind.rs:104:5
[INFO] [stdout]    1:     0x7f3b6e0906f6 - std::backtrace_rs::backtrace::trace_unsynchronized::hd183f0625477fb28
[INFO] [stdout]                                at /rustc/0e09125c6c3c2fd70d7de961bcf0e51575235fad/library/std/src/../../backtrace/src/backtrace/mod.rs:66:5
[INFO] [stdout]    2:     0x7f3b6e0906f6 - std::sys_common::backtrace::_print_fmt::hd7f8fef21b4eda67
[INFO] [stdout]                                at /rustc/0e09125c6c3c2fd70d7de961bcf0e51575235fad/library/std/src/sys_common/backtrace.rs:68:5
[INFO] [stdout]    3:     0x7f3b6e0906f6 - <std::sys_common::backtrace::_print::DisplayBacktrace as core::fmt::Display>::fmt::h623d9b51f2f453f1
[INFO] [stdout]                                at /rustc/0e09125c6c3c2fd70d7de961bcf0e51575235fad/library/std/src/sys_common/backtrace.rs:44:22
[INFO] [stdout]    4:     0x7f3b6e0e2f40 - core::fmt::rt::Argument::fmt::h9f417ac76a86f368
[INFO] [stdout]                                at /rustc/0e09125c6c3c2fd70d7de961bcf0e51575235fad/library/core/src/fmt/rt.rs:142:9
[INFO] [stdout]    5:     0x7f3b6e0e2f40 - core::fmt::write::hc9b6faf4ac2aeff7
[INFO] [stdout]                                at /rustc/0e09125c6c3c2fd70d7de961bcf0e51575235fad/library/core/src/fmt/mod.rs:1120:17
[INFO] [stdout]    6:     0x7f3b6e0844af - std::io::Write::write_fmt::he04625a3a989fec3
[INFO] [stdout]                                at /rustc/0e09125c6c3c2fd70d7de961bcf0e51575235fad/library/std/src/io/mod.rs:1810:15
[INFO] [stdout]    7:     0x7f3b6e0904d4 - std::sys_common::backtrace::_print::hd5d66399c7df88a2
[INFO] [stdout]                                at /rustc/0e09125c6c3c2fd70d7de961bcf0e51575235fad/library/std/src/sys_common/backtrace.rs:47:5
[INFO] [stdout]    8:     0x7f3b6e0904d4 - std::sys_common::backtrace::print::he81ed2da642d37e5
[INFO] [stdout]                                at /rustc/0e09125c6c3c2fd70d7de961bcf0e51575235fad/library/std/src/sys_common/backtrace.rs:34:9
[INFO] [stdout]    9:     0x7f3b6e093267 - std::panicking::default_hook::{{closure}}::h85773f4fa117163d
[INFO] [stdout]   10:     0x7f3b6e092f4d - std::panicking::default_hook::h6a1694a91d09b278
[INFO] [stdout]                                at /rustc/0e09125c6c3c2fd70d7de961bcf0e51575235fad/library/std/src/panicking.rs:289:9
[INFO] [stdout]   11:     0x7f3b6e15fcc7 - <alloc::boxed::Box<F,A> as core::ops::function::Fn<Args>>::call::h616ac37fa3cd6c8f
[INFO] [stdout]                                at /rustc/0e09125c6c3c2fd70d7de961bcf0e51575235fad/library/alloc/src/boxed.rs:2029:9
[INFO] [stdout]   12:     0x7f3b6e15fcc7 - test::test_main::{{closure}}::h00d84697cefdcbb6
[INFO] [stdout]                                at /rustc/0e09125c6c3c2fd70d7de961bcf0e51575235fad/library/test/src/lib.rs:138:21
[INFO] [stdout]   13:     0x7f3b6e0939b6 - <alloc::boxed::Box<F,A> as core::ops::function::Fn<Args>>::call::hcb3fe3b9bb537ba8
[INFO] [stdout]                                at /rustc/0e09125c6c3c2fd70d7de961bcf0e51575235fad/library/alloc/src/boxed.rs:2029:9
[INFO] [stdout]   14:     0x7f3b6e0939b6 - std::panicking::rust_panic_with_hook::h0a7ad96e90f7145b
[INFO] [stdout]                                at /rustc/0e09125c6c3c2fd70d7de961bcf0e51575235fad/library/std/src/panicking.rs:783:13
[INFO] [stdout]   15:     0x7f3b6e093702 - std::panicking::begin_panic_handler::{{closure}}::h7919090525c6485e
[INFO] [stdout]                                at /rustc/0e09125c6c3c2fd70d7de961bcf0e51575235fad/library/std/src/panicking.rs:657:13
[INFO] [stdout]   16:     0x7f3b6e090bf6 - std::sys_common::backtrace::__rust_end_short_backtrace::hf3289479464f7dfe
[INFO] [stdout]                                at /rustc/0e09125c6c3c2fd70d7de961bcf0e51575235fad/library/std/src/sys_common/backtrace.rs:171:18
[INFO] [stdout]   17:     0x7f3b6e093460 - rust_begin_unwind
[INFO] [stdout]                                at /rustc/0e09125c6c3c2fd70d7de961bcf0e51575235fad/library/std/src/panicking.rs:645:5
[INFO] [stdout]   18:     0x7f3b6e0df645 - core::panicking::panic_fmt::hcc9f77c5c132af55
[INFO] [stdout]                                at /rustc/0e09125c6c3c2fd70d7de961bcf0e51575235fad/library/core/src/panicking.rs:72:14
[INFO] [stdout]   19:     0x5620fa95d30a - custom_debug_derive::tests::test_with::h2abf6b71d9351535
[INFO] [stdout]                                at /opt/rustwide/workdir/src/tests.rs:69:5
[INFO] [stdout]   20:     0x5620fa95ce47 - custom_debug_derive::tests::test_with::{{closure}}::hab462e797976cd3e
[INFO] [stdout]                                at /opt/rustwide/workdir/src/tests.rs:68:15
[INFO] [stdout]   21:     0x5620fa95a2a6 - core::ops::function::FnOnce::call_once::h183a436f8e49b180
[INFO] [stdout]                                at /rustc/0e09125c6c3c2fd70d7de961bcf0e51575235fad/library/core/src/ops/function.rs:250:5
[INFO] [stdout]   22:     0x7f3b6e165eff - core::ops::function::FnOnce::call_once::hd64d26f405258157
[INFO] [stdout]                                at /rustc/0e09125c6c3c2fd70d7de961bcf0e51575235fad/library/core/src/ops/function.rs:250:5
[INFO] [stdout]   23:     0x7f3b6e165eff - test::__rust_begin_short_backtrace::he21b0b7a6d731bf9
[INFO] [stdout]                                at /rustc/0e09125c6c3c2fd70d7de961bcf0e51575235fad/library/test/src/lib.rs:627:18
[INFO] [stdout]   24:     0x7f3b6e164c81 - test::run_test_in_process::{{closure}}::hf5c73986d7bdfde2
[INFO] [stdout]                                at /rustc/0e09125c6c3c2fd70d7de961bcf0e51575235fad/library/test/src/lib.rs:650:60
[INFO] [stdout]   25:     0x7f3b6e164c81 - <core::panic::unwind_safe::AssertUnwindSafe<F> as core::ops::function::FnOnce<()>>::call_once::h330011ad032aadc0
[INFO] [stdout]                                at /rustc/0e09125c6c3c2fd70d7de961bcf0e51575235fad/library/core/src/panic/unwind_safe.rs:272:9
[INFO] [stdout]   26:     0x7f3b6e164c81 - std::panicking::try::do_call::he61b0a958b795a41
[INFO] [stdout]                                at /rustc/0e09125c6c3c2fd70d7de961bcf0e51575235fad/library/std/src/panicking.rs:552:40
[INFO] [stdout]   27:     0x7f3b6e164c81 - std::panicking::try::h7309da130f906eb7
[INFO] [stdout]                                at /rustc/0e09125c6c3c2fd70d7de961bcf0e51575235fad/library/std/src/panicking.rs:516:19
[INFO] [stdout]   28:     0x7f3b6e164c81 - std::panic::catch_unwind::hc5c3a06fdaf0a92a
[INFO] [stdout]                                at /rustc/0e09125c6c3c2fd70d7de961bcf0e51575235fad/library/std/src/panic.rs:142:14
[INFO] [stdout]   29:     0x7f3b6e164c81 - test::run_test_in_process::h7e7b7c71c3324e0f
[INFO] [stdout]                                at /rustc/0e09125c6c3c2fd70d7de961bcf0e51575235fad/library/test/src/lib.rs:650:27
[INFO] [stdout]   30:     0x7f3b6e164c81 - test::run_test::{{closure}}::h1f509f28f5cf20b1
[INFO] [stdout]                                at /rustc/0e09125c6c3c2fd70d7de961bcf0e51575235fad/library/test/src/lib.rs:573:43
[INFO] [stdout]   31:     0x7f3b6e127a66 - test::run_test::{{closure}}::h1754218abf443f6d
[INFO] [stdout]                                at /rustc/0e09125c6c3c2fd70d7de961bcf0e51575235fad/library/test/src/lib.rs:601:41
[INFO] [stdout]   32:     0x7f3b6e127a66 - std::sys_common::backtrace::__rust_begin_short_backtrace::h2ee174b9d5954948
[INFO] [stdout]                                at /rustc/0e09125c6c3c2fd70d7de961bcf0e51575235fad/library/std/src/sys_common/backtrace.rs:155:18
[INFO] [stdout]   33:     0x7f3b6e12cac7 - std::thread::Builder::spawn_unchecked_::{{closure}}::{{closure}}::hf60bee9c1a17ef09
[INFO] [stdout]                                at /rustc/0e09125c6c3c2fd70d7de961bcf0e51575235fad/library/std/src/thread/mod.rs:529:17
[INFO] [stdout]   34:     0x7f3b6e12cac7 - <core::panic::unwind_safe::AssertUnwindSafe<F> as core::ops::function::FnOnce<()>>::call_once::h33d0dddec5216160
[INFO] [stdout]                                at /rustc/0e09125c6c3c2fd70d7de961bcf0e51575235fad/library/core/src/panic/unwind_safe.rs:272:9
[INFO] [stdout]   35:     0x7f3b6e12cac7 - std::panicking::try::do_call::h144b3048b546f835
[INFO] [stdout]                                at /rustc/0e09125c6c3c2fd70d7de961bcf0e51575235fad/library/std/src/panicking.rs:552:40
[INFO] [stdout]   36:     0x7f3b6e12cac7 - std::panicking::try::h978244d04646189f
[INFO] [stdout]                                at /rustc/0e09125c6c3c2fd70d7de961bcf0e51575235fad/library/std/src/panicking.rs:516:19
[INFO] [stdout]   37:     0x7f3b6e12cac7 - std::panic::catch_unwind::hdf436369d188fe86
[INFO] [stdout]                                at /rustc/0e09125c6c3c2fd70d7de961bcf0e51575235fad/library/std/src/panic.rs:142:14
[INFO] [stdout]   38:     0x7f3b6e12cac7 - std::thread::Builder::spawn_unchecked_::{{closure}}::h87329cbdd33c79ec
[INFO] [stdout]                                at /rustc/0e09125c6c3c2fd70d7de961bcf0e51575235fad/library/std/src/thread/mod.rs:528:30
[INFO] [stdout]   39:     0x7f3b6e12cac7 - core::ops::function::FnOnce::call_once{{vtable.shim}}::h401abbe67897d450
[INFO] [stdout]                                at /rustc/0e09125c6c3c2fd70d7de961bcf0e51575235fad/library/core/src/ops/function.rs:250:5
[INFO] [stdout]   40:     0x7f3b6e09d8e5 - <alloc::boxed::Box<F,A> as core::ops::function::FnOnce<Args>>::call_once::h5d7c8f150ab9c84c
[INFO] [stdout]                                at /rustc/0e09125c6c3c2fd70d7de961bcf0e51575235fad/library/alloc/src/boxed.rs:2015:9
[INFO] [stdout]   41:     0x7f3b6e09d8e5 - <alloc::boxed::Box<F,A> as core::ops::function::FnOnce<Args>>::call_once::h570d5b005c242c15
[INFO] [stdout]                                at /rustc/0e09125c6c3c2fd70d7de961bcf0e51575235fad/library/alloc/src/boxed.rs:2015:9
[INFO] [stdout]   42:     0x7f3b6e09d8e5 - std::sys::unix::thread::Thread::new::thread_start::h36b0a20c0b2361ad
[INFO] [stdout]                                at /rustc/0e09125c6c3c2fd70d7de961bcf0e51575235fad/library/std/src/sys/unix/thread.rs:108:17
[INFO] [stdout]   43:     0x7f3b6de09ac3 - <unknown>
[INFO] [stdout]   44:     0x7f3b6de9abf4 - __clone
[INFO] [stdout]   45:                0x0 - <unknown>
[INFO] [stdout] 
[INFO] [stdout] 
[INFO] [stdout] failures:
[INFO] [stdout]     tests::test_bounds_on_fields_only
[INFO] [stdout]     tests::test_bounds_on_skipped
[INFO] [stdout]     tests::test_with
[INFO] [stdout] 
[INFO] [stdout] test result: FAILED. 4 passed; 3 failed; 0 ignored; 0 measured; 0 filtered out; finished in 0.07s
[INFO] [stdout] 
[INFO] running `Command { std: "docker" "inspect" "000ce28d7a01d7442fc46b7a69b049fa7d6b68e0f4a267dcdac24c406e7dfccc", kill_on_drop: false }`
[INFO] running `Command { std: "docker" "rm" "-f" "000ce28d7a01d7442fc46b7a69b049fa7d6b68e0f4a267dcdac24c406e7dfccc", kill_on_drop: false }`
[INFO] [stdout] 000ce28d7a01d7442fc46b7a69b049fa7d6b68e0f4a267dcdac24c406e7dfccc
