[INFO] cloning repository https://github.com/yepengding/MyPubDecryptor
[INFO] running `Command { std: "git" "-c" "credential.helper=" "-c" "credential.helper=/workspace/cargo-home/bin/git-credential-null" "clone" "--bare" "https://github.com/yepengding/MyPubDecryptor" "/workspace/cache/git-repos/https%3A%2F%2Fgithub.com%2Fyepengding%2FMyPubDecryptor", kill_on_drop: false }`
[INFO] [stderr] Cloning into bare repository '/workspace/cache/git-repos/https%3A%2F%2Fgithub.com%2Fyepengding%2FMyPubDecryptor'...
[INFO] running `Command { std: "git" "rev-parse" "HEAD", kill_on_drop: false }`
[INFO] [stdout] 6e51f7056ef0bf0aa0268135792b7cfbbd6e651c
[INFO] testing yepengding/MyPubDecryptor against 1.75.0 for beta-1.76-1
[INFO] running `Command { std: "git" "clone" "/workspace/cache/git-repos/https%3A%2F%2Fgithub.com%2Fyepengding%2FMyPubDecryptor" "/workspace/builds/worker-7-tc1/source", kill_on_drop: false }`
[INFO] [stderr] Cloning into '/workspace/builds/worker-7-tc1/source'...
[INFO] [stderr] done.
[INFO] validating manifest of git repo https://github.com/yepengding/MyPubDecryptor on toolchain 1.75.0
[INFO] running `Command { std: CARGO_HOME="/workspace/cargo-home" RUSTUP_HOME="/workspace/rustup-home" "/workspace/cargo-home/bin/cargo" "+1.75.0" "metadata" "--manifest-path" "Cargo.toml" "--no-deps", kill_on_drop: false }`
[INFO] started tweaking git repo https://github.com/yepengding/MyPubDecryptor
[INFO] finished tweaking git repo https://github.com/yepengding/MyPubDecryptor
[INFO] tweaked toml for git repo https://github.com/yepengding/MyPubDecryptor written to /workspace/builds/worker-7-tc1/source/Cargo.toml
[INFO] crate git repo https://github.com/yepengding/MyPubDecryptor already has a lockfile, it will not be regenerated
[INFO] running `Command { std: CARGO_HOME="/workspace/cargo-home" RUSTUP_HOME="/workspace/rustup-home" "/workspace/cargo-home/bin/cargo" "+1.75.0" "fetch" "--manifest-path" "Cargo.toml", kill_on_drop: false }`
[INFO] [stderr]  Downloading crates ...
[INFO] [stderr]   Downloaded coins-bip32 v0.3.0
[INFO] [stderr]   Downloaded security-framework-sys v2.4.1
[INFO] [stderr]   Downloaded i18n-config v0.4.2
[INFO] [stderr]   Downloaded i18n-embed-fl v0.5.0
[INFO] [stderr]   Downloaded coins-bip39 v0.3.0
[INFO] [stderr]   Downloaded i18n-embed-impl v0.7.0
[INFO] [stderr]   Downloaded eth-keystore v0.3.0
[INFO] [stderr]   Downloaded num-bigint v0.4.1
[INFO] [stderr]   Downloaded pharos v0.5.2
[INFO] [stderr]   Downloaded security-framework v2.4.1
[INFO] [stderr]   Downloaded fluent v0.15.0
[INFO] [stderr]   Downloaded coins-core v0.2.2
[INFO] [stderr]   Downloaded age-core v0.6.0
[INFO] [stderr]   Downloaded crypto-bigint v0.2.4
[INFO] [stderr]   Downloaded i18n-embed v0.12.1
[INFO] [stderr]   Downloaded serde-aux v2.2.0
[INFO] [stderr]   Downloaded async_io_stream v0.3.2
[INFO] [stderr]   Downloaded age v0.6.0
[INFO] running `Command { std: "docker" "create" "-v" "/var/lib/crater-agent-workspace/builds/worker-7-tc1/target:/opt/rustwide/target:rw,Z" "-v" "/var/lib/crater-agent-workspace/builds/worker-7-tc1/source:/opt/rustwide/workdir:ro,Z" "-v" "/var/lib/crater-agent-workspace/cargo-home:/opt/rustwide/cargo-home:ro,Z" "-v" "/var/lib/crater-agent-workspace/rustup-home:/opt/rustwide/rustup-home:ro,Z" "-e" "SOURCE_DIR=/opt/rustwide/workdir" "-e" "CARGO_TARGET_DIR=/opt/rustwide/target" "-e" "CARGO_HOME=/opt/rustwide/cargo-home" "-e" "RUSTUP_HOME=/opt/rustwide/rustup-home" "-w" "/opt/rustwide/workdir" "-m" "1610612736" "--user" "0:0" "--network" "none" "ghcr.io/rust-lang/crates-build-env/linux@sha256:2788e3201cd34a07e3172128adcd8b3090168a8e3bcc40d7c032b9dda1df7d1c" "/opt/rustwide/cargo-home/bin/cargo" "+1.75.0" "metadata" "--no-deps" "--format-version=1", kill_on_drop: false }`
[INFO] [stdout] d36527b239413c330a3d7c7984f98c171c8862ea8905b516808da9235089a01d
[INFO] running `Command { std: "docker" "start" "-a" "d36527b239413c330a3d7c7984f98c171c8862ea8905b516808da9235089a01d", kill_on_drop: false }`
[INFO] running `Command { std: "docker" "inspect" "d36527b239413c330a3d7c7984f98c171c8862ea8905b516808da9235089a01d", kill_on_drop: false }`
[INFO] running `Command { std: "docker" "rm" "-f" "d36527b239413c330a3d7c7984f98c171c8862ea8905b516808da9235089a01d", kill_on_drop: false }`
[INFO] [stdout] d36527b239413c330a3d7c7984f98c171c8862ea8905b516808da9235089a01d
[INFO] running `Command { std: "docker" "create" "-v" "/var/lib/crater-agent-workspace/builds/worker-7-tc1/target:/opt/rustwide/target:rw,Z" "-v" "/var/lib/crater-agent-workspace/builds/worker-7-tc1/source:/opt/rustwide/workdir:ro,Z" "-v" "/var/lib/crater-agent-workspace/cargo-home:/opt/rustwide/cargo-home:ro,Z" "-v" "/var/lib/crater-agent-workspace/rustup-home:/opt/rustwide/rustup-home:ro,Z" "-e" "SOURCE_DIR=/opt/rustwide/workdir" "-e" "CARGO_TARGET_DIR=/opt/rustwide/target" "-e" "CARGO_INCREMENTAL=0" "-e" "RUST_BACKTRACE=full" "-e" "RUSTFLAGS=--cap-lints=warn" "-e" "RUSTDOCFLAGS=--cap-lints=warn" "-e" "CARGO_HOME=/opt/rustwide/cargo-home" "-e" "RUSTUP_HOME=/opt/rustwide/rustup-home" "-w" "/opt/rustwide/workdir" "-m" "1610612736" "--user" "0:0" "--network" "none" "ghcr.io/rust-lang/crates-build-env/linux@sha256:2788e3201cd34a07e3172128adcd8b3090168a8e3bcc40d7c032b9dda1df7d1c" "/opt/rustwide/cargo-home/bin/cargo" "+1.75.0" "build" "--frozen" "--message-format=json", kill_on_drop: false }`
[INFO] [stdout] 99cec916f5941d3ffd5234302e6344ee828a2b9f2d009f4fae012a2d2f2827ae
[INFO] running `Command { std: "docker" "start" "-a" "99cec916f5941d3ffd5234302e6344ee828a2b9f2d009f4fae012a2d2f2827ae", kill_on_drop: false }`
[INFO] [stderr]    Compiling proc-macro2 v1.0.28
[INFO] [stderr]    Compiling unicode-xid v0.2.2
[INFO] [stderr]    Compiling syn v1.0.75
[INFO] [stderr]    Compiling version_check v0.9.3
[INFO] [stderr]    Compiling libc v0.2.101
[INFO] [stderr]    Compiling cfg-if v1.0.0
[INFO] [stderr]    Compiling serde_derive v1.0.130
[INFO] [stderr]    Compiling serde v1.0.130
[INFO] [stderr]    Compiling typenum v1.13.0
[INFO] [stderr]    Compiling autocfg v1.0.1
[INFO] [stderr]    Compiling subtle v2.4.1
[INFO] [stderr]    Compiling memchr v2.3.4
[INFO] [stderr]    Compiling proc-macro-hack v0.5.19
[INFO] [stderr]    Compiling log v0.4.14
[INFO] [stderr]    Compiling lazy_static v1.4.0
[INFO] [stderr]    Compiling const_fn v0.4.8
[INFO] [stderr]    Compiling cc v1.0.69
[INFO] [stderr]    Compiling smallvec v1.6.1
[INFO] [stderr]    Compiling once_cell v1.8.0
[INFO] [stderr]    Compiling parking_lot_core v0.8.5
[INFO] [stderr]    Compiling byteorder v1.4.3
[INFO] [stderr]    Compiling opaque-debug v0.3.0
[INFO] [stderr]    Compiling generic-array v0.14.4
[INFO] [stderr]    Compiling standback v0.2.17
[INFO] [stderr]    Compiling time v0.2.27
[INFO] [stderr]    Compiling pin-project-lite v0.2.7
[INFO] [stderr]    Compiling scopeguard v1.1.0
[INFO] [stderr]    Compiling block-padding v0.2.1
[INFO] [stderr]    Compiling ppv-lite86 v0.2.10
[INFO] [stderr]    Compiling lock_api v0.4.5
[INFO] [stderr]    Compiling itoa v0.4.8
[INFO] [stderr]    Compiling cpufeatures v0.2.1
[INFO] [stderr]    Compiling futures-core v0.3.16
[INFO] [stderr]    Compiling tokio v1.10.1
[INFO] [stderr]    Compiling funty v1.1.0
[INFO] [stderr]    Compiling tap v1.0.1
[INFO] [stderr]    Compiling wyz v0.2.0
[INFO] [stderr]    Compiling futures-macro v0.3.16
[INFO] [stderr]    Compiling proc-macro-error-attr v1.0.4
[INFO] [stderr]    Compiling futures-task v0.3.16
[INFO] [stderr]    Compiling quote v1.0.9
[INFO] [stderr]    Compiling futures-sink v0.3.16
[INFO] [stderr]    Compiling getrandom v0.2.3
[INFO] [stderr]    Compiling num_cpus v1.13.0
[INFO] [stderr]    Compiling signal-hook-registry v1.4.0
[INFO] [stderr]    Compiling mio v0.7.13
[INFO] [stderr]    Compiling ryu v1.0.5
[INFO] [stderr]    Compiling rand_core v0.6.3
[INFO] [stderr]    Compiling proc-macro-nested v0.1.7
[INFO] [stderr]    Compiling futures-channel v0.3.16
[INFO] [stderr]    Compiling rand_chacha v0.3.1
[INFO] [stderr]    Compiling futures-util v0.3.16
[INFO] [stderr]    Compiling proc-macro-error v1.0.4
[INFO] [stderr]    Compiling pkg-config v0.3.19
[INFO] [stderr]    Compiling const-oid v0.6.0
[INFO] [stderr]    Compiling crunchy v0.2.2
[INFO] [stderr]    Compiling hex v0.4.3
[INFO] [stderr]    Compiling radium v0.6.2
[INFO] [stderr]    Compiling der v0.4.1
[INFO] [stderr]    Compiling ring v0.16.20
[INFO] [stderr]    Compiling rand v0.8.4
[INFO] [stderr]    Compiling serde_json v1.0.67
[INFO] [stderr]    Compiling digest v0.9.0
[INFO] [stderr]    Compiling block-buffer v0.9.0
[INFO] [stderr]    Compiling crypto-mac v0.11.1
[INFO] [stderr]    Compiling slab v0.4.4
[INFO] [stderr]    Compiling rustc-hex v2.1.0
[INFO] [stderr]    Compiling pin-utils v0.1.0
[INFO] [stderr]    Compiling hmac v0.11.0
[INFO] [stderr]    Compiling sha2 v0.9.6
[INFO] [stderr]    Compiling openssl-sys v0.9.66
[INFO] [stderr]    Compiling keccak v0.1.0
[INFO] [stderr]    Compiling futures-io v0.3.16
[INFO] [stderr]    Compiling ff v0.10.1
[INFO] [stderr]    Compiling aho-corasick v0.7.15
[INFO] [stderr]    Compiling indexmap v1.7.0
[INFO] [stderr]    Compiling spki v0.4.0
[INFO] [stderr]    Compiling spin v0.5.2
[INFO] [stderr]    Compiling untrusted v0.7.1
[INFO] [stderr]    Compiling static_assertions v1.1.0
[INFO] [stderr]    Compiling sha3 v0.9.1
[INFO] [stderr]    Compiling regex-syntax v0.6.25
[INFO] [stderr]    Compiling bitvec v0.20.4
[INFO] [stderr]    Compiling pkcs8 v0.7.5
[INFO] [stderr]    Compiling group v0.10.0
[INFO] [stderr]    Compiling tracing-core v0.1.19
[INFO] [stderr]    Compiling byte-slice-cast v1.0.0
[INFO] [stderr]    Compiling fnv v1.0.7
[INFO] [stderr]    Compiling arrayvec v0.7.1
[INFO] [stderr]    Compiling tiny-keccak v2.0.2
[INFO] [stderr]    Compiling hashbrown v0.11.2
[INFO] [stderr]    Compiling signature v1.3.1
[INFO] [stderr]    Compiling foreign-types-shared v0.1.1
[INFO] [stderr]    Compiling base64 v0.13.0
[INFO] [stderr]    Compiling tinystr v0.3.4
[INFO] [stderr]    Compiling httparse v1.5.1
[INFO] [stderr]    Compiling fixed-hash v0.7.0
[INFO] [stderr]    Compiling bitflags v1.3.2
[INFO] [stderr]    Compiling openssl v0.10.36
[INFO] [stderr]    Compiling foreign-types v0.3.2
[INFO] [stderr]    Compiling tracing v0.1.26
[INFO] [stderr]    Compiling uint v0.9.1
[INFO] [stderr]    Compiling tinyvec_macros v0.1.0
[INFO] [stderr]    Compiling native-tls v0.2.8
[INFO] [stderr]    Compiling try-lock v0.2.3
[INFO] [stderr]    Compiling matches v0.1.9
[INFO] [stderr]    Compiling anyhow v1.0.43
[INFO] [stderr]    Compiling want v0.3.0
[INFO] [stderr]    Compiling tinyvec v1.3.1
[INFO] [stderr]    Compiling generic-array v0.12.4
[INFO] [stderr]    Compiling socket2 v0.4.1
[INFO] [stderr]    Compiling percent-encoding v2.1.0
[INFO] [stderr]    Compiling httpdate v1.0.1
[INFO] [stderr]    Compiling tower-service v0.3.1
[INFO] [stderr]    Compiling byte-tools v0.3.1
[INFO] [stderr]    Compiling openssl-probe v0.1.4
[INFO] [stderr]    Compiling block-padding v0.1.5
[INFO] [stderr]    Compiling form_urlencoded v1.0.1
[INFO] [stderr]    Compiling cipher v0.3.0
[INFO] [stderr]    Compiling base64ct v1.0.1
[INFO] [stderr]    Compiling encoding_rs v0.8.28
[INFO] [stderr]    Compiling unicode-bidi v0.3.6
[INFO] [stderr]    Compiling getrandom v0.1.16
[INFO] [stderr]    Compiling block-buffer v0.7.3
[INFO] [stderr]    Compiling digest v0.8.1
[INFO] [stderr]    Compiling camino v1.0.5
[INFO] [stderr]    Compiling password-hash v0.2.3
[INFO] [stderr]    Compiling opaque-debug v0.2.3
[INFO] [stderr]    Compiling fake-simd v0.1.2
[INFO] [stderr]    Compiling semver v1.0.4
[INFO] [stderr]    Compiling glob v0.3.0
[INFO] [stderr]    Compiling sha2 v0.8.2
[INFO] [stderr]    Compiling crypto-mac v0.8.0
[INFO] [stderr]    Compiling pbkdf2 v0.8.0
[INFO] [stderr]    Compiling base58 v0.1.0
[INFO] [stderr]    Compiling rustc-hash v1.1.0
[INFO] [stderr]    Compiling ipnet v2.3.1
[INFO] [stderr]    Compiling unicode-normalization v0.1.19
[INFO] [stderr]    Compiling same-file v1.0.6
[INFO] [stderr]    Compiling async-trait v0.1.51
[INFO] [stderr]    Compiling mime v0.3.16
[INFO] [stderr]    Compiling walkdir v2.3.2
[INFO] [stderr]    Compiling base58check v0.1.0
[INFO] [stderr]    Compiling type-map v0.4.0
[INFO] [stderr]    Compiling rand_core v0.5.1
[INFO] [stderr]    Compiling blake2 v0.9.2
[INFO] [stderr]    Compiling salsa20 v0.8.1
[INFO] [stderr]    Compiling regex v1.4.6
[INFO] [stderr]    Compiling ripemd160 v0.9.1
[INFO] [stderr]    Compiling base64 v0.12.3
[INFO] [stderr]    Compiling radium v0.5.3
[INFO] [stderr]    Compiling bech32 v0.7.3
[INFO] [stderr]    Compiling stable_deref_trait v1.2.0
[INFO] [stderr]    Compiling scrypt v0.7.0
[INFO] [stderr]    Compiling rust-embed-utils v5.1.0
[INFO] [stderr]    Compiling bs58 v0.4.0
[INFO] [stderr]    Compiling either v1.6.1
[INFO] [stderr]    Compiling radium v0.3.0
[INFO] [stderr]    Compiling aes v0.7.5
[INFO] [stderr]    Compiling idna v0.2.3
[INFO] [stderr]    Compiling ctr v0.7.0
[INFO] [stderr]    Compiling cipher v0.2.5
[INFO] [stderr]    Compiling universal-hash v0.4.1
[INFO] [stderr]    Compiling bitvec v0.17.4
[INFO] [stderr]    Compiling nom v6.2.1
[INFO] [stderr]    Compiling futures-timer v3.0.2
[INFO] [stderr]    Compiling cpuid-bool v0.2.0
[INFO] [stderr]    Compiling bitvec v0.19.5
[INFO] [stderr]    Compiling poly1305 v0.6.2
[INFO] [stderr]    Compiling rand_chacha v0.2.2
[INFO] [stderr]    Compiling aead v0.3.2
[INFO] [stderr]    Compiling strsim v0.10.0
[INFO] [stderr]    Compiling unicode-segmentation v1.8.0
[INFO] [stderr]    Compiling rand v0.7.3
[INFO] [stderr]    Compiling Inflector v0.11.4
[INFO] [stderr]    Compiling url v2.2.2
[INFO] [stderr]    Compiling heck v0.3.3
[INFO] [stderr]    Compiling c2-chacha v0.3.1
[INFO] [stderr]    Compiling hkdf v0.11.0
[INFO] [stderr]    Compiling synstructure v0.12.5
[INFO] [stderr]    Compiling dashmap v4.0.2
[INFO] [stderr]    Compiling cookie-factory v0.3.2
[INFO] [stderr]    Compiling unicode-width v0.1.8
[INFO] [stderr]    Compiling atty v0.2.14
[INFO] [stderr]    Compiling bech32 v0.8.1
[INFO] [stderr]    Compiling textwrap v0.14.2
[INFO] [stderr]    Compiling os_str_bytes v3.1.0
[INFO] [stderr]    Compiling vec_map v0.8.2
[INFO] [stderr]    Compiling termcolor v1.1.2
[INFO] [stderr]    Compiling hex-literal v0.3.3
[INFO] [stderr]    Compiling webpki v0.21.4
[INFO] [stderr]    Compiling sct v0.6.1
[INFO] [stderr]    Compiling rustls v0.19.1
[INFO] [stderr]    Compiling webpki-roots v0.21.1
[INFO] [stderr]    Compiling thiserror-impl v1.0.28
[INFO] [stderr]    Compiling time-macros-impl v0.1.2
[INFO] [stderr]    Compiling zeroize_derive v1.1.0
[INFO] [stderr]    Compiling tokio-macros v1.3.0
[INFO] [stderr]    Compiling impl-trait-for-tuples v0.2.1
[INFO] [stderr]    Compiling rlp-derive v0.1.0
[INFO] [stderr]    Compiling pin-project-internal v1.0.8
[INFO] [stderr]    Compiling ouroboros_macro v0.9.5
[INFO] [stderr]    Compiling rust-embed-impl v5.9.0
[INFO] [stderr]    Compiling auto_impl v0.4.1
[INFO] [stderr]    Compiling clap_derive v3.0.0-beta.4
[INFO] [stderr]    Compiling rust-embed v5.9.0
[INFO] [stderr]    Compiling zeroize v1.4.1
[INFO] [stderr]    Compiling time-macros v0.1.1
[INFO] [stderr]    Compiling crypto-bigint v0.2.4
[INFO] [stderr]    Compiling secrecy v0.7.0
[INFO] [stderr]    Compiling chacha20poly1305 v0.7.1
[INFO] [stderr]    Compiling thiserror v1.0.28
[INFO] [stderr]    Compiling curve25519-dalek v3.2.0
[INFO] [stderr]    Compiling age-core v0.6.0
[INFO] [stderr]    Compiling fluent-syntax v0.11.0
[INFO] [stderr]    Compiling elliptic-curve v0.10.6
[INFO] [stderr]    Compiling instant v0.1.10
[INFO] [stderr]    Compiling ecdsa v0.12.4
[INFO] [stderr]    Compiling pin-project v1.0.8
[INFO] [stderr]    Compiling tracing-futures v0.2.5
[INFO] [stderr]    Compiling k256 v0.9.6
[INFO] [stderr]    Compiling x25519-dalek v1.1.1
[INFO] [stderr]    Compiling parking_lot v0.11.2
[INFO] [stderr]    Compiling ouroboros v0.9.5
[INFO] [stderr]    Compiling clap v3.0.0-beta.4
[INFO] [stderr]    Compiling futures-executor v0.3.16
[INFO] [stderr]    Compiling bytes v1.1.0
[INFO] [stderr]    Compiling toml v0.5.8
[INFO] [stderr]    Compiling impl-serde v0.3.1
[INFO] [stderr]    Compiling unic-langid-impl v0.9.0
[INFO] [stderr]    Compiling serde_urlencoded v0.7.0
[INFO] [stderr]    Compiling cargo-platform v0.1.2
[INFO] [stderr]    Compiling coins-core v0.2.2
[INFO] [stderr]    Compiling bincode v1.3.3
[INFO] [stderr]    Compiling uuid v0.8.2
[INFO] [stderr]    Compiling unic-langid v0.9.0
[INFO] [stderr]    Compiling fluent-langneg v0.13.0
[INFO] [stderr]    Compiling intl-memoizer v0.5.1
[INFO] [stderr]    Compiling intl_pluralrules v7.0.1
[INFO] [stderr]    Compiling rlp v0.5.1
[INFO] [stderr]    Compiling http v0.2.4
[INFO] [stderr]    Compiling coins-bip32 v0.3.0
[INFO] [stderr]    Compiling fluent-bundle v0.15.1
[INFO] [stderr]    Compiling impl-rlp v0.3.0
[INFO] [stderr]    Compiling ethbloom v0.11.0
[INFO] [stderr]    Compiling coins-bip39 v0.3.0
[INFO] [stderr]    Compiling fluent v0.15.0
[INFO] [stderr]    Compiling cargo_metadata v0.14.0
[INFO] [stderr]    Compiling eth-keystore v0.3.0
[INFO] [stderr]    Compiling serde-aux v2.2.0
[INFO] [stderr]    Compiling proc-macro-crate v1.0.0
[INFO] [stderr]    Compiling find-crate v0.6.3
[INFO] [stderr]    Compiling i18n-config v0.4.2
[INFO] [stderr]    Compiling parity-scale-codec-derive v2.2.0
[INFO] [stderr]    Compiling i18n-embed-impl v0.7.0
[INFO] [stderr]    Compiling http-body v0.4.3
[INFO] [stderr]    Compiling i18n-embed v0.12.1
[INFO] [stderr]    Compiling parity-scale-codec v2.2.0
[INFO] [stderr]    Compiling i18n-embed-fl v0.5.0
[INFO] [stderr]    Compiling impl-codec v0.5.1
[INFO] [stderr]    Compiling primitive-types v0.9.1
[INFO] [stderr]    Compiling tokio-util v0.6.7
[INFO] [stderr]    Compiling tokio-native-tls v0.3.0
[INFO] [stderr]    Compiling tokio-rustls v0.22.0
[INFO] [stderr]    Compiling ethereum-types v0.11.0
[INFO] [stderr]    Compiling h2 v0.3.4
[INFO] [stderr]    Compiling age v0.6.0
[INFO] [stderr]    Compiling ethabi v14.1.0
[INFO] [stderr]    Compiling ethers-core v0.5.1 (https://github.com/gakonst/ethers-rs#824bedbd)
[INFO] [stderr]    Compiling hyper v0.14.12
[INFO] [stderr]    Compiling ethers-signers v0.5.1 (https://github.com/gakonst/ethers-rs#824bedbd)
[INFO] [stderr]    Compiling hyper-tls v0.5.0
[INFO] [stderr]    Compiling hyper-rustls v0.22.1
[INFO] [stderr]    Compiling reqwest v0.11.4
[INFO] [stderr]    Compiling ethers-contract-abigen v0.5.1 (https://github.com/gakonst/ethers-rs#824bedbd)
[INFO] [stderr]    Compiling ethers-providers v0.5.1 (https://github.com/gakonst/ethers-rs#824bedbd)
[INFO] [stderr]    Compiling ethers-contract-derive v0.5.1 (https://github.com/gakonst/ethers-rs#824bedbd)
[INFO] [stderr]    Compiling ethers-contract v0.5.1 (https://github.com/gakonst/ethers-rs#824bedbd)
[INFO] [stderr]    Compiling ethers-middleware v0.5.1 (https://github.com/gakonst/ethers-rs#824bedbd)
[INFO] [stderr]    Compiling ethers v0.5.1 (https://github.com/gakonst/ethers-rs#824bedbd)
[INFO] [stderr]    Compiling mypub-decryptor v0.1.0 (/opt/rustwide/workdir)
[INFO] [stderr]     Finished dev [unoptimized + debuginfo] target(s) in 37.96s
[INFO] [stderr] warning: the following packages contain code that will be rejected by a future version of Rust: nom v6.2.1
[INFO] [stderr] note: to see what the problems were, use the option `--future-incompat-report`, or run `cargo report future-incompatibilities --id 1`
[INFO] running `Command { std: "docker" "inspect" "99cec916f5941d3ffd5234302e6344ee828a2b9f2d009f4fae012a2d2f2827ae", kill_on_drop: false }`
[INFO] running `Command { std: "docker" "rm" "-f" "99cec916f5941d3ffd5234302e6344ee828a2b9f2d009f4fae012a2d2f2827ae", kill_on_drop: false }`
[INFO] [stdout] 99cec916f5941d3ffd5234302e6344ee828a2b9f2d009f4fae012a2d2f2827ae
[INFO] running `Command { std: "docker" "create" "-v" "/var/lib/crater-agent-workspace/builds/worker-7-tc1/target:/opt/rustwide/target:rw,Z" "-v" "/var/lib/crater-agent-workspace/builds/worker-7-tc1/source:/opt/rustwide/workdir:ro,Z" "-v" "/var/lib/crater-agent-workspace/cargo-home:/opt/rustwide/cargo-home:ro,Z" "-v" "/var/lib/crater-agent-workspace/rustup-home:/opt/rustwide/rustup-home:ro,Z" "-e" "SOURCE_DIR=/opt/rustwide/workdir" "-e" "CARGO_TARGET_DIR=/opt/rustwide/target" "-e" "CARGO_INCREMENTAL=0" "-e" "RUST_BACKTRACE=full" "-e" "RUSTFLAGS=--cap-lints=warn" "-e" "RUSTDOCFLAGS=--cap-lints=warn" "-e" "CARGO_HOME=/opt/rustwide/cargo-home" "-e" "RUSTUP_HOME=/opt/rustwide/rustup-home" "-w" "/opt/rustwide/workdir" "-m" "1610612736" "--user" "0:0" "--network" "none" "ghcr.io/rust-lang/crates-build-env/linux@sha256:2788e3201cd34a07e3172128adcd8b3090168a8e3bcc40d7c032b9dda1df7d1c" "/opt/rustwide/cargo-home/bin/cargo" "+1.75.0" "test" "--frozen" "--no-run" "--message-format=json", kill_on_drop: false }`
[INFO] [stdout] cc2b876922023c379ddbe73826b7a0f31df43b87bc3d5963a05cc195682953a7
[INFO] running `Command { std: "docker" "start" "-a" "cc2b876922023c379ddbe73826b7a0f31df43b87bc3d5963a05cc195682953a7", kill_on_drop: false }`
[INFO] [stderr]    Compiling mypub-decryptor v0.1.0 (/opt/rustwide/workdir)
[INFO] [stderr]     Finished test [unoptimized + debuginfo] target(s) in 4.92s
[INFO] [stderr] warning: the following packages contain code that will be rejected by a future version of Rust: nom v6.2.1
[INFO] [stderr] note: to see what the problems were, use the option `--future-incompat-report`, or run `cargo report future-incompatibilities --id 1`
[INFO] running `Command { std: "docker" "inspect" "cc2b876922023c379ddbe73826b7a0f31df43b87bc3d5963a05cc195682953a7", kill_on_drop: false }`
[INFO] running `Command { std: "docker" "rm" "-f" "cc2b876922023c379ddbe73826b7a0f31df43b87bc3d5963a05cc195682953a7", kill_on_drop: false }`
[INFO] [stdout] cc2b876922023c379ddbe73826b7a0f31df43b87bc3d5963a05cc195682953a7
[INFO] running `Command { std: "docker" "create" "-v" "/var/lib/crater-agent-workspace/builds/worker-7-tc1/target:/opt/rustwide/target:rw,Z" "-v" "/var/lib/crater-agent-workspace/builds/worker-7-tc1/source:/opt/rustwide/workdir:ro,Z" "-v" "/var/lib/crater-agent-workspace/cargo-home:/opt/rustwide/cargo-home:ro,Z" "-v" "/var/lib/crater-agent-workspace/rustup-home:/opt/rustwide/rustup-home:ro,Z" "-e" "SOURCE_DIR=/opt/rustwide/workdir" "-e" "CARGO_TARGET_DIR=/opt/rustwide/target" "-e" "CARGO_INCREMENTAL=0" "-e" "RUST_BACKTRACE=full" "-e" "RUSTFLAGS=--cap-lints=warn" "-e" "RUSTDOCFLAGS=--cap-lints=warn" "-e" "CARGO_HOME=/opt/rustwide/cargo-home" "-e" "RUSTUP_HOME=/opt/rustwide/rustup-home" "-w" "/opt/rustwide/workdir" "-m" "1610612736" "--user" "0:0" "--network" "none" "ghcr.io/rust-lang/crates-build-env/linux@sha256:2788e3201cd34a07e3172128adcd8b3090168a8e3bcc40d7c032b9dda1df7d1c" "/opt/rustwide/cargo-home/bin/cargo" "+1.75.0" "test" "--frozen", kill_on_drop: false }`
[INFO] [stdout] 24c039a4ac188c346ba5c21d040764f8de32a3bbf2e7dfa7ac039c3c73f37795
[INFO] running `Command { std: "docker" "start" "-a" "24c039a4ac188c346ba5c21d040764f8de32a3bbf2e7dfa7ac039c3c73f37795", kill_on_drop: false }`
[INFO] [stderr]     Finished test [unoptimized + debuginfo] target(s) in 0.16s
[INFO] [stderr] warning: the following packages contain code that will be rejected by a future version of Rust: nom v6.2.1
[INFO] [stderr] note: to see what the problems were, use the option `--future-incompat-report`, or run `cargo report future-incompatibilities --id 1`
[INFO] [stderr]      Running unittests src/lib.rs (/opt/rustwide/target/debug/deps/mypub_decryptor-19fe7b6435d1744f)
[INFO] [stdout] 
[INFO] [stdout] running 3 tests
[INFO] [stdout] test cipher::tests::decryption ... FAILED
[INFO] [stdout] test verifier::tests::test_verify_paid ... FAILED
[INFO] [stdout] test verifier::tests::signature_verification ... FAILED
[INFO] [stdout] 
[INFO] [stdout] failures:
[INFO] [stdout] 
[INFO] [stdout] ---- cipher::tests::decryption stdout ----
[INFO] [stdout] thread 'cipher::tests::decryption' panicked at src/cipher.rs:16:60:
[INFO] [stdout] called `Result::unwrap()` on an `Err` value: Os { code: 2, kind: NotFound, message: "No such file or directory" }
[INFO] [stdout] stack backtrace:
[INFO] [stdout]    0:     0x55c303d021cc - std::backtrace_rs::backtrace::libunwind::trace::ha637c64ce894333a
[INFO] [stdout]                                at /rustc/82e1608dfa6e0b5569232559e3d385fea5a93112/library/std/src/../../backtrace/src/backtrace/libunwind.rs:104:5
[INFO] [stdout]    1:     0x55c303d021cc - std::backtrace_rs::backtrace::trace_unsynchronized::h47f62dea28e0c88d
[INFO] [stdout]                                at /rustc/82e1608dfa6e0b5569232559e3d385fea5a93112/library/std/src/../../backtrace/src/backtrace/mod.rs:66:5
[INFO] [stdout]    2:     0x55c303d021cc - std::sys_common::backtrace::_print_fmt::h9eef0abe20ede486
[INFO] [stdout]                                at /rustc/82e1608dfa6e0b5569232559e3d385fea5a93112/library/std/src/sys_common/backtrace.rs:67:5
[INFO] [stdout]    3:     0x55c303d021cc - <std::sys_common::backtrace::_print::DisplayBacktrace as core::fmt::Display>::fmt::hed7f999df88cc644
[INFO] [stdout]                                at /rustc/82e1608dfa6e0b5569232559e3d385fea5a93112/library/std/src/sys_common/backtrace.rs:44:22
[INFO] [stdout]    4:     0x55c303d2f540 - core::fmt::rt::Argument::fmt::h1539a9308b8d058d
[INFO] [stdout]                                at /rustc/82e1608dfa6e0b5569232559e3d385fea5a93112/library/core/src/fmt/rt.rs:142:9
[INFO] [stdout]    5:     0x55c303d2f540 - core::fmt::write::h3a39390d8560d9c9
[INFO] [stdout]                                at /rustc/82e1608dfa6e0b5569232559e3d385fea5a93112/library/core/src/fmt/mod.rs:1120:17
[INFO] [stdout]    6:     0x55c303cff10f - std::io::Write::write_fmt::h040b369f3a0f9cbc
[INFO] [stdout]                                at /rustc/82e1608dfa6e0b5569232559e3d385fea5a93112/library/std/src/io/mod.rs:1762:15
[INFO] [stdout]    7:     0x55c303d01fb4 - std::sys_common::backtrace::_print::h894006fb5c6f3d45
[INFO] [stdout]                                at /rustc/82e1608dfa6e0b5569232559e3d385fea5a93112/library/std/src/sys_common/backtrace.rs:47:5
[INFO] [stdout]    8:     0x55c303d01fb4 - std::sys_common::backtrace::print::h23a2d212c6fff936
[INFO] [stdout]                                at /rustc/82e1608dfa6e0b5569232559e3d385fea5a93112/library/std/src/sys_common/backtrace.rs:34:9
[INFO] [stdout]    9:     0x55c303d03c77 - std::panicking::default_hook::{{closure}}::h8a1d2ee00185001a
[INFO] [stdout]   10:     0x55c303d03963 - std::panicking::default_hook::h6038f2eba384e475
[INFO] [stdout]                                at /rustc/82e1608dfa6e0b5569232559e3d385fea5a93112/library/std/src/panicking.rs:289:9
[INFO] [stdout]   11:     0x55c3035afff7 - <alloc::boxed::Box<F,A> as core::ops::function::Fn<Args>>::call::h0ad024c9bdc6d768
[INFO] [stdout]                                at /rustc/82e1608dfa6e0b5569232559e3d385fea5a93112/library/alloc/src/boxed.rs:2021:9
[INFO] [stdout]   12:     0x55c3035afff7 - test::test_main::{{closure}}::h7500b54257359db6
[INFO] [stdout]                                at /rustc/82e1608dfa6e0b5569232559e3d385fea5a93112/library/test/src/lib.rs:138:21
[INFO] [stdout]   13:     0x55c303d04288 - <alloc::boxed::Box<F,A> as core::ops::function::Fn<Args>>::call::h1f8f335eaa9cfaee
[INFO] [stdout]                                at /rustc/82e1608dfa6e0b5569232559e3d385fea5a93112/library/alloc/src/boxed.rs:2021:9
[INFO] [stdout]   14:     0x55c303d04288 - std::panicking::rust_panic_with_hook::h2b5517d590cab22e
[INFO] [stdout]                                at /rustc/82e1608dfa6e0b5569232559e3d385fea5a93112/library/std/src/panicking.rs:783:13
[INFO] [stdout]   15:     0x55c303d03fde - std::panicking::begin_panic_handler::{{closure}}::h233112c06e0ef43e
[INFO] [stdout]                                at /rustc/82e1608dfa6e0b5569232559e3d385fea5a93112/library/std/src/panicking.rs:657:13
[INFO] [stdout]   16:     0x55c303d02696 - std::sys_common::backtrace::__rust_end_short_backtrace::h6e893f24d7ebbff8
[INFO] [stdout]                                at /rustc/82e1608dfa6e0b5569232559e3d385fea5a93112/library/std/src/sys_common/backtrace.rs:170:18
[INFO] [stdout]   17:     0x55c303d03d42 - rust_begin_unwind
[INFO] [stdout]                                at /rustc/82e1608dfa6e0b5569232559e3d385fea5a93112/library/std/src/panicking.rs:645:5
[INFO] [stdout]   18:     0x55c303462615 - core::panicking::panic_fmt::hbf0e066aabfa482c
[INFO] [stdout]                                at /rustc/82e1608dfa6e0b5569232559e3d385fea5a93112/library/core/src/panicking.rs:72:14
[INFO] [stdout]   19:     0x55c303462be3 - core::result::unwrap_failed::hddb4fea594200c52
[INFO] [stdout]                                at /rustc/82e1608dfa6e0b5569232559e3d385fea5a93112/library/core/src/result.rs:1653:5
[INFO] [stdout]   20:     0x55c3034b1d9b - core::result::Result<T,E>::unwrap::h03afa16f5a84ce69
[INFO] [stdout]                                at /rustc/82e1608dfa6e0b5569232559e3d385fea5a93112/library/core/src/result.rs:1077:23
[INFO] [stdout]   21:     0x55c30348601b - mypub_decryptor::cipher::decrypt::{{closure}}::h60bb97a35813cc48
[INFO] [stdout]                                at /opt/rustwide/workdir/src/cipher.rs:16:30
[INFO] [stdout]   22:     0x55c3034da722 - mypub_decryptor::cipher::tests::decryption::{{closure}}::h578b8b994845ed1d
[INFO] [stdout]                                at /opt/rustwide/workdir/src/cipher.rs:57:34
[INFO] [stdout]   23:     0x55c30349af5b - <core::pin::Pin<P> as core::future::future::Future>::poll::h33cabdaf6218ff7e
[INFO] [stdout]                                at /rustc/82e1608dfa6e0b5569232559e3d385fea5a93112/library/core/src/future/future.rs:125:9
[INFO] [stdout]   24:     0x55c3034ceb44 - tokio::runtime::basic_scheduler::Inner<P>::block_on::{{closure}}::{{closure}}::h4779970ce36c79e2
[INFO] [stdout]                                at /opt/rustwide/cargo-home/registry/src/index.crates.io-6f17d22bba15001f/tokio-1.10.1/src/runtime/basic_scheduler.rs:208:62
[INFO] [stdout]   25:     0x55c3034decc0 - tokio::coop::with_budget::{{closure}}::h204bac6976b264e6
[INFO] [stdout]                                at /opt/rustwide/cargo-home/registry/src/index.crates.io-6f17d22bba15001f/tokio-1.10.1/src/coop.rs:106:9
[INFO] [stdout]   26:     0x55c3034a1cce - std::thread::local::LocalKey<T>::try_with::h0d0d885e676252f3
[INFO] [stdout]                                at /rustc/82e1608dfa6e0b5569232559e3d385fea5a93112/library/std/src/thread/local.rs:270:16
[INFO] [stdout]   27:     0x55c3034a175a - std::thread::local::LocalKey<T>::with::h6cc8ac06ecd47e1a
[INFO] [stdout]                                at /rustc/82e1608dfa6e0b5569232559e3d385fea5a93112/library/std/src/thread/local.rs:246:9
[INFO] [stdout]   28:     0x55c3034cd23a - tokio::coop::with_budget::h5f5196876b1130b2
[INFO] [stdout]                                at /opt/rustwide/cargo-home/registry/src/index.crates.io-6f17d22bba15001f/tokio-1.10.1/src/coop.rs:99:5
[INFO] [stdout]   29:     0x55c3034cd23a - tokio::coop::budget::ha6ef803b6df587a0
[INFO] [stdout]                                at /opt/rustwide/cargo-home/registry/src/index.crates.io-6f17d22bba15001f/tokio-1.10.1/src/coop.rs:76:5
[INFO] [stdout]   30:     0x55c3034cd23a - tokio::runtime::basic_scheduler::Inner<P>::block_on::{{closure}}::h21fe03b103a82717
[INFO] [stdout]                                at /opt/rustwide/cargo-home/registry/src/index.crates.io-6f17d22bba15001f/tokio-1.10.1/src/runtime/basic_scheduler.rs:208:39
[INFO] [stdout]   31:     0x55c3034d0641 - tokio::runtime::basic_scheduler::enter::{{closure}}::h0689178ef3c9de6f
[INFO] [stdout]                                at /opt/rustwide/cargo-home/registry/src/index.crates.io-6f17d22bba15001f/tokio-1.10.1/src/runtime/basic_scheduler.rs:302:29
[INFO] [stdout]   32:     0x55c3034c51c7 - tokio::macros::scoped_tls::ScopedKey<T>::set::h995a712e743a3000
[INFO] [stdout]                                at /opt/rustwide/cargo-home/registry/src/index.crates.io-6f17d22bba15001f/tokio-1.10.1/src/macros/scoped_tls.rs:61:9
[INFO] [stdout]   33:     0x55c3034cff7a - tokio::runtime::basic_scheduler::enter::h5517616063de70a4
[INFO] [stdout]                                at /opt/rustwide/cargo-home/registry/src/index.crates.io-6f17d22bba15001f/tokio-1.10.1/src/runtime/basic_scheduler.rs:302:5
[INFO] [stdout]   34:     0x55c3034ccedb - tokio::runtime::basic_scheduler::Inner<P>::block_on::h5729675c433bf0e1
[INFO] [stdout]                                at /opt/rustwide/cargo-home/registry/src/index.crates.io-6f17d22bba15001f/tokio-1.10.1/src/runtime/basic_scheduler.rs:197:9
[INFO] [stdout]   35:     0x55c3034cedca - tokio::runtime::basic_scheduler::InnerGuard<P>::block_on::h73411a2cbbc1a1cb
[INFO] [stdout]                                at /opt/rustwide/cargo-home/registry/src/index.crates.io-6f17d22bba15001f/tokio-1.10.1/src/runtime/basic_scheduler.rs:448:9
[INFO] [stdout]   36:     0x55c3034cf397 - tokio::runtime::basic_scheduler::BasicScheduler<P>::block_on::h937cfde280b27c8b
[INFO] [stdout]                                at /opt/rustwide/cargo-home/registry/src/index.crates.io-6f17d22bba15001f/tokio-1.10.1/src/runtime/basic_scheduler.rs:157:24
[INFO] [stdout]   37:     0x55c303497e21 - tokio::runtime::Runtime::block_on::h05b7bf1877c78650
[INFO] [stdout]                                at /opt/rustwide/cargo-home/registry/src/index.crates.io-6f17d22bba15001f/tokio-1.10.1/src/runtime/mod.rs:450:46
[INFO] [stdout]   38:     0x55c3034da389 - mypub_decryptor::cipher::tests::decryption::h2f27e52c84d4324f
[INFO] [stdout]                                at /opt/rustwide/workdir/src/cipher.rs:57:9
[INFO] [stdout]   39:     0x55c3034da2b7 - mypub_decryptor::cipher::tests::decryption::{{closure}}::h88c6d786aba6c318
[INFO] [stdout]                                at /opt/rustwide/workdir/src/cipher.rs:49:26
[INFO] [stdout]   40:     0x55c303493606 - core::ops::function::FnOnce::call_once::h3f27139a03cd9e13
[INFO] [stdout]                                at /rustc/82e1608dfa6e0b5569232559e3d385fea5a93112/library/core/src/ops/function.rs:250:5
[INFO] [stdout]   41:     0x55c3035b564f - core::ops::function::FnOnce::call_once::h2b5d431d5046312d
[INFO] [stdout]                                at /rustc/82e1608dfa6e0b5569232559e3d385fea5a93112/library/core/src/ops/function.rs:250:5
[INFO] [stdout]   42:     0x55c3035b564f - test::__rust_begin_short_backtrace::h7714669af176e207
[INFO] [stdout]                                at /rustc/82e1608dfa6e0b5569232559e3d385fea5a93112/library/test/src/lib.rs:628:18
[INFO] [stdout]   43:     0x55c3035b4665 - test::run_test_in_process::{{closure}}::h85218797dcbcec12
[INFO] [stdout]                                at /rustc/82e1608dfa6e0b5569232559e3d385fea5a93112/library/test/src/lib.rs:651:60
[INFO] [stdout]   44:     0x55c3035b4665 - <core::panic::unwind_safe::AssertUnwindSafe<F> as core::ops::function::FnOnce<()>>::call_once::h76c106ea31c14d7b
[INFO] [stdout]                                at /rustc/82e1608dfa6e0b5569232559e3d385fea5a93112/library/core/src/panic/unwind_safe.rs:272:9
[INFO] [stdout]   45:     0x55c3035b4665 - std::panicking::try::do_call::h3bd5d0f6620ee946
[INFO] [stdout]                                at /rustc/82e1608dfa6e0b5569232559e3d385fea5a93112/library/std/src/panicking.rs:552:40
[INFO] [stdout]   46:     0x55c3035b4665 - std::panicking::try::h232e535e4744fe31
[INFO] [stdout]                                at /rustc/82e1608dfa6e0b5569232559e3d385fea5a93112/library/std/src/panicking.rs:516:19
[INFO] [stdout]   47:     0x55c3035b4665 - std::panic::catch_unwind::h3ce3bd6ca8dbac68
[INFO] [stdout]                                at /rustc/82e1608dfa6e0b5569232559e3d385fea5a93112/library/std/src/panic.rs:142:14
[INFO] [stdout]   48:     0x55c3035b4665 - test::run_test_in_process::hc97b257c9621286a
[INFO] [stdout]                                at /rustc/82e1608dfa6e0b5569232559e3d385fea5a93112/library/test/src/lib.rs:651:27
[INFO] [stdout]   49:     0x55c3035b4665 - test::run_test::{{closure}}::h2aa798823a438d38
[INFO] [stdout]                                at /rustc/82e1608dfa6e0b5569232559e3d385fea5a93112/library/test/src/lib.rs:574:43
[INFO] [stdout]   50:     0x55c30357c926 - test::run_test::{{closure}}::h87d231c78fb59832
[INFO] [stdout]                                at /rustc/82e1608dfa6e0b5569232559e3d385fea5a93112/library/test/src/lib.rs:602:41
[INFO] [stdout]   51:     0x55c30357c926 - std::sys_common::backtrace::__rust_begin_short_backtrace::he6df152596625789
[INFO] [stdout]                                at /rustc/82e1608dfa6e0b5569232559e3d385fea5a93112/library/std/src/sys_common/backtrace.rs:154:18
[INFO] [stdout]   52:     0x55c3035819d7 - std::thread::Builder::spawn_unchecked_::{{closure}}::{{closure}}::ha94be15d1e0acf36
[INFO] [stdout]                                at /rustc/82e1608dfa6e0b5569232559e3d385fea5a93112/library/std/src/thread/mod.rs:529:17
[INFO] [stdout]   53:     0x55c3035819d7 - <core::panic::unwind_safe::AssertUnwindSafe<F> as core::ops::function::FnOnce<()>>::call_once::h9dc6bd6372f16606
[INFO] [stdout]                                at /rustc/82e1608dfa6e0b5569232559e3d385fea5a93112/library/core/src/panic/unwind_safe.rs:272:9
[INFO] [stdout]   54:     0x55c3035819d7 - std::panicking::try::do_call::h9057517f80303cd4
[INFO] [stdout]                                at /rustc/82e1608dfa6e0b5569232559e3d385fea5a93112/library/std/src/panicking.rs:552:40
[INFO] [stdout]   55:     0x55c3035819d7 - std::panicking::try::he3a30b11ee45340c
[INFO] [stdout]                                at /rustc/82e1608dfa6e0b5569232559e3d385fea5a93112/library/std/src/panicking.rs:516:19
[INFO] [stdout]   56:     0x55c3035819d7 - std::panic::catch_unwind::h410458cfd3528b8b
[INFO] [stdout]                                at /rustc/82e1608dfa6e0b5569232559e3d385fea5a93112/library/std/src/panic.rs:142:14
[INFO] [stdout]   57:     0x55c3035819d7 - std::thread::Builder::spawn_unchecked_::{{closure}}::h72ac3bdb567b737b
[INFO] [stdout]                                at /rustc/82e1608dfa6e0b5569232559e3d385fea5a93112/library/std/src/thread/mod.rs:528:30
[INFO] [stdout]   58:     0x55c3035819d7 - core::ops::function::FnOnce::call_once{{vtable.shim}}::h38f34da3654a8344
[INFO] [stdout]                                at /rustc/82e1608dfa6e0b5569232559e3d385fea5a93112/library/core/src/ops/function.rs:250:5
[INFO] [stdout]   59:     0x55c303d08fa5 - <alloc::boxed::Box<F,A> as core::ops::function::FnOnce<Args>>::call_once::hc7eafaff61e32df9
[INFO] [stdout]                                at /rustc/82e1608dfa6e0b5569232559e3d385fea5a93112/library/alloc/src/boxed.rs:2007:9
[INFO] [stdout]   60:     0x55c303d08fa5 - <alloc::boxed::Box<F,A> as core::ops::function::FnOnce<Args>>::call_once::h6ba4a5de48dd2304
[INFO] [stdout]                                at /rustc/82e1608dfa6e0b5569232559e3d385fea5a93112/library/alloc/src/boxed.rs:2007:9
[INFO] [stdout]   61:     0x55c303d08fa5 - std::sys::unix::thread::Thread::new::thread_start::he469335aef763e45
[INFO] [stdout]                                at /rustc/82e1608dfa6e0b5569232559e3d385fea5a93112/library/std/src/sys/unix/thread.rs:108:17
[INFO] [stdout]   62:     0x7f81f0ddaac3 - <unknown>
[INFO] [stdout]   63:     0x7f81f0e6bbf4 - __clone
[INFO] [stdout]   64:                0x0 - <unknown>
[INFO] [stdout] 
[INFO] [stdout] ---- verifier::tests::test_verify_paid stdout ----
[INFO] [stdout] thread 'verifier::tests::test_verify_paid' panicked at src/verifier.rs:111:26:
[INFO] [stdout] called `Result::unwrap()` on an `Err` value: Invalid character 'P' at position 0
[INFO] [stdout] stack backtrace:
[INFO] [stdout]    0:     0x55c303d021cc - std::backtrace_rs::backtrace::libunwind::trace::ha637c64ce894333a
[INFO] [stdout]                                at /rustc/82e1608dfa6e0b5569232559e3d385fea5a93112/library/std/src/../../backtrace/src/backtrace/libunwind.rs:104:5
[INFO] [stdout]    1:     0x55c303d021cc - std::backtrace_rs::backtrace::trace_unsynchronized::h47f62dea28e0c88d
[INFO] [stdout]                                at /rustc/82e1608dfa6e0b5569232559e3d385fea5a93112/library/std/src/../../backtrace/src/backtrace/mod.rs:66:5
[INFO] [stdout]    2:     0x55c303d021cc - std::sys_common::backtrace::_print_fmt::h9eef0abe20ede486
[INFO] [stdout]                                at /rustc/82e1608dfa6e0b5569232559e3d385fea5a93112/library/std/src/sys_common/backtrace.rs:67:5
[INFO] [stdout]    3:     0x55c303d021cc - <std::sys_common::backtrace::_print::DisplayBacktrace as core::fmt::Display>::fmt::hed7f999df88cc644
[INFO] [stdout]                                at /rustc/82e1608dfa6e0b5569232559e3d385fea5a93112/library/std/src/sys_common/backtrace.rs:44:22
[INFO] [stdout]    4:     0x55c303d2f540 - core::fmt::rt::Argument::fmt::h1539a9308b8d058d
[INFO] [stdout]                                at /rustc/82e1608dfa6e0b5569232559e3d385fea5a93112/library/core/src/fmt/rt.rs:142:9
[INFO] [stdout]    5:     0x55c303d2f540 - core::fmt::write::h3a39390d8560d9c9
[INFO] [stdout]                                at /rustc/82e1608dfa6e0b5569232559e3d385fea5a93112/library/core/src/fmt/mod.rs:1120:17
[INFO] [stdout]    6:     0x55c303cff10f - std::io::Write::write_fmt::h040b369f3a0f9cbc
[INFO] [stdout]                                at /rustc/82e1608dfa6e0b5569232559e3d385fea5a93112/library/std/src/io/mod.rs:1762:15
[INFO] [stdout]    7:     0x55c303d01fb4 - std::sys_common::backtrace::_print::h894006fb5c6f3d45
[INFO] [stdout]                                at /rustc/82e1608dfa6e0b5569232559e3d385fea5a93112/library/std/src/sys_common/backtrace.rs:47:5
[INFO] [stdout]    8:     0x55c303d01fb4 - std::sys_common::backtrace::print::h23a2d212c6fff936
[INFO] [stdout]                                at /rustc/82e1608dfa6e0b5569232559e3d385fea5a93112/library/std/src/sys_common/backtrace.rs:34:9
[INFO] [stdout]    9:     0x55c303d03c77 - std::panicking::default_hook::{{closure}}::h8a1d2ee00185001a
[INFO] [stdout]   10:     0x55c303d03963 - std::panicking::default_hook::h6038f2eba384e475
[INFO] [stdout]                                at /rustc/82e1608dfa6e0b5569232559e3d385fea5a93112/library/std/src/panicking.rs:289:9
[INFO] [stdout]   11:     0x55c3035afff7 - <alloc::boxed::Box<F,A> as core::ops::function::Fn<Args>>::call::h0ad024c9bdc6d768
[INFO] [stdout]                                at /rustc/82e1608dfa6e0b5569232559e3d385fea5a93112/library/alloc/src/boxed.rs:2021:9
[INFO] [stdout]   12:     0x55c3035afff7 - test::test_main::{{closure}}::h7500b54257359db6
[INFO] [stdout]                                at /rustc/82e1608dfa6e0b5569232559e3d385fea5a93112/library/test/src/lib.rs:138:21
[INFO] [stdout]   13:     0x55c303d04288 - <alloc::boxed::Box<F,A> as core::ops::function::Fn<Args>>::call::h1f8f335eaa9cfaee
[INFO] [stdout]                                at /rustc/82e1608dfa6e0b5569232559e3d385fea5a93112/library/alloc/src/boxed.rs:2021:9
[INFO] [stdout]   14:     0x55c303d04288 - std::panicking::rust_panic_with_hook::h2b5517d590cab22e
[INFO] [stdout]                                at /rustc/82e1608dfa6e0b5569232559e3d385fea5a93112/library/std/src/panicking.rs:783:13
[INFO] [stdout]   15:     0x55c303d03fde - std::panicking::begin_panic_handler::{{closure}}::h233112c06e0ef43e
[INFO] [stdout]                                at /rustc/82e1608dfa6e0b5569232559e3d385fea5a93112/library/std/src/panicking.rs:657:13
[INFO] [stdout]   16:     0x55c303d02696 - std::sys_common::backtrace::__rust_end_short_backtrace::h6e893f24d7ebbff8
[INFO] [stdout]                                at /rustc/82e1608dfa6e0b5569232559e3d385fea5a93112/library/std/src/sys_common/backtrace.rs:170:18
[INFO] [stdout]   17:     0x55c303d03d42 - rust_begin_unwind
[INFO] [stdout]                                at /rustc/82e1608dfa6e0b5569232559e3d385fea5a93112/library/std/src/panicking.rs:645:5
[INFO] [stdout]   18:     0x55c303462615 - core::panicking::panic_fmt::hbf0e066aabfa482c
[INFO] [stdout]                                at /rustc/82e1608dfa6e0b5569232559e3d385fea5a93112/library/core/src/panicking.rs:72:14
[INFO] [stdout]   19:     0x55c303462be3 - core::result::unwrap_failed::hddb4fea594200c52
[INFO] [stdout]                                at /rustc/82e1608dfa6e0b5569232559e3d385fea5a93112/library/core/src/result.rs:1653:5
[INFO] [stdout]   20:     0x55c3034b1f9a - core::result::Result<T,E>::unwrap::h5fbcfac546fc8ef9
[INFO] [stdout]                                at /rustc/82e1608dfa6e0b5569232559e3d385fea5a93112/library/core/src/result.rs:1077:23
[INFO] [stdout]   21:     0x55c30349dcac - mypub_decryptor::verifier::tests::test_verify_paid::{{closure}}::he0733c940da03c9d
[INFO] [stdout]                                at /opt/rustwide/workdir/src/verifier.rs:111:24
[INFO] [stdout]   22:     0x55c30349ad6b - <core::pin::Pin<P> as core::future::future::Future>::poll::h068dd42a3f2713cb
[INFO] [stdout]                                at /rustc/82e1608dfa6e0b5569232559e3d385fea5a93112/library/core/src/future/future.rs:125:9
[INFO] [stdout]   23:     0x55c3034ceab4 - tokio::runtime::basic_scheduler::Inner<P>::block_on::{{closure}}::{{closure}}::h1acbdd3b1fd2a560
[INFO] [stdout]                                at /opt/rustwide/cargo-home/registry/src/index.crates.io-6f17d22bba15001f/tokio-1.10.1/src/runtime/basic_scheduler.rs:208:62
[INFO] [stdout]   24:     0x55c3034dedf0 - tokio::coop::with_budget::{{closure}}::h53ff3036d59580d6
[INFO] [stdout]                                at /opt/rustwide/cargo-home/registry/src/index.crates.io-6f17d22bba15001f/tokio-1.10.1/src/coop.rs:106:9
[INFO] [stdout]   25:     0x55c3034a1f6e - std::thread::local::LocalKey<T>::try_with::h1138dee3ca627573
[INFO] [stdout]                                at /rustc/82e1608dfa6e0b5569232559e3d385fea5a93112/library/std/src/thread/local.rs:270:16
[INFO] [stdout]   26:     0x55c3034a16fa - std::thread::local::LocalKey<T>::with::h666d05b89d477b24
[INFO] [stdout]                                at /rustc/82e1608dfa6e0b5569232559e3d385fea5a93112/library/std/src/thread/local.rs:246:9
[INFO] [stdout]   27:     0x55c3034ce3fa - tokio::coop::with_budget::h2cf9f25948864da3
[INFO] [stdout]                                at /opt/rustwide/cargo-home/registry/src/index.crates.io-6f17d22bba15001f/tokio-1.10.1/src/coop.rs:99:5
[INFO] [stdout]   28:     0x55c3034ce3fa - tokio::coop::budget::h69dfa395c5086c75
[INFO] [stdout]                                at /opt/rustwide/cargo-home/registry/src/index.crates.io-6f17d22bba15001f/tokio-1.10.1/src/coop.rs:76:5
[INFO] [stdout]   29:     0x55c3034ce3fa - tokio::runtime::basic_scheduler::Inner<P>::block_on::{{closure}}::hfdec25741abf339a
[INFO] [stdout]                                at /opt/rustwide/cargo-home/registry/src/index.crates.io-6f17d22bba15001f/tokio-1.10.1/src/runtime/basic_scheduler.rs:208:39
[INFO] [stdout]   30:     0x55c3034d0681 - tokio::runtime::basic_scheduler::enter::{{closure}}::h2c489f043e4ef5e9
[INFO] [stdout]                                at /opt/rustwide/cargo-home/registry/src/index.crates.io-6f17d22bba15001f/tokio-1.10.1/src/runtime/basic_scheduler.rs:302:29
[INFO] [stdout]   31:     0x55c3034c52c7 - tokio::macros::scoped_tls::ScopedKey<T>::set::hfab0be3369b510c5
[INFO] [stdout]                                at /opt/rustwide/cargo-home/registry/src/index.crates.io-6f17d22bba15001f/tokio-1.10.1/src/macros/scoped_tls.rs:61:9
[INFO] [stdout]   32:     0x55c3034d05ba - tokio::runtime::basic_scheduler::enter::h725f318b747f7dc8
[INFO] [stdout]                                at /opt/rustwide/cargo-home/registry/src/index.crates.io-6f17d22bba15001f/tokio-1.10.1/src/runtime/basic_scheduler.rs:302:5
[INFO] [stdout]   33:     0x55c3034ccf1b - tokio::runtime::basic_scheduler::Inner<P>::block_on::h8adb84e5eacccfbf
[INFO] [stdout]                                at /opt/rustwide/cargo-home/registry/src/index.crates.io-6f17d22bba15001f/tokio-1.10.1/src/runtime/basic_scheduler.rs:197:9
[INFO] [stdout]   34:     0x55c3034ceeea - tokio::runtime::basic_scheduler::InnerGuard<P>::block_on::hf7571a543d909730
[INFO] [stdout]                                at /opt/rustwide/cargo-home/registry/src/index.crates.io-6f17d22bba15001f/tokio-1.10.1/src/runtime/basic_scheduler.rs:448:9
[INFO] [stdout]   35:     0x55c3034cf757 - tokio::runtime::basic_scheduler::BasicScheduler<P>::block_on::hf85fd3bfbfae066b
[INFO] [stdout]                                at /opt/rustwide/cargo-home/registry/src/index.crates.io-6f17d22bba15001f/tokio-1.10.1/src/runtime/basic_scheduler.rs:157:24
[INFO] [stdout]   36:     0x55c303498183 - tokio::runtime::Runtime::block_on::h6241f8457c7545ad
[INFO] [stdout]                                at /opt/rustwide/cargo-home/registry/src/index.crates.io-6f17d22bba15001f/tokio-1.10.1/src/runtime/mod.rs:450:46
[INFO] [stdout]   37:     0x55c30349da1b - mypub_decryptor::verifier::tests::test_verify_paid::h05091fb6b0a2a99d
[INFO] [stdout]                                at /opt/rustwide/workdir/src/verifier.rs:111:9
[INFO] [stdout]   38:     0x55c30349d947 - mypub_decryptor::verifier::tests::test_verify_paid::{{closure}}::h59e42ce319b06365
[INFO] [stdout]                                at /opt/rustwide/workdir/src/verifier.rs:107:32
[INFO] [stdout]   39:     0x55c3034934c6 - core::ops::function::FnOnce::call_once::h0530e3fc7f8603f7
[INFO] [stdout]                                at /rustc/82e1608dfa6e0b5569232559e3d385fea5a93112/library/core/src/ops/function.rs:250:5
[INFO] [stdout]   40:     0x55c3035b564f - core::ops::function::FnOnce::call_once::h2b5d431d5046312d
[INFO] [stdout]                                at /rustc/82e1608dfa6e0b5569232559e3d385fea5a93112/library/core/src/ops/function.rs:250:5
[INFO] [stdout]   41:     0x55c3035b564f - test::__rust_begin_short_backtrace::h7714669af176e207
[INFO] [stdout]                                at /rustc/82e1608dfa6e0b5569232559e3d385fea5a93112/library/test/src/lib.rs:628:18
[INFO] [stdout]   42:     0x55c3035b4665 - test::run_test_in_process::{{closure}}::h85218797dcbcec12
[INFO] [stdout]                                at /rustc/82e1608dfa6e0b5569232559e3d385fea5a93112/library/test/src/lib.rs:651:60
[INFO] [stdout]   43:     0x55c3035b4665 - <core::panic::unwind_safe::AssertUnwindSafe<F> as core::ops::function::FnOnce<()>>::call_once::h76c106ea31c14d7b
[INFO] [stdout]                                at /rustc/82e1608dfa6e0b5569232559e3d385fea5a93112/library/core/src/panic/unwind_safe.rs:272:9
[INFO] [stdout]   44:     0x55c3035b4665 - std::panicking::try::do_call::h3bd5d0f6620ee946
[INFO] [stdout]                                at /rustc/82e1608dfa6e0b5569232559e3d385fea5a93112/library/std/src/panicking.rs:552:40
[INFO] [stdout]   45:     0x55c3035b4665 - std::panicking::try::h232e535e4744fe31
[INFO] [stdout]                                at /rustc/82e1608dfa6e0b5569232559e3d385fea5a93112/library/std/src/panicking.rs:516:19
[INFO] [stdout]   46:     0x55c3035b4665 - std::panic::catch_unwind::h3ce3bd6ca8dbac68
[INFO] [stdout]                                at /rustc/82e1608dfa6e0b5569232559e3d385fea5a93112/library/std/src/panic.rs:142:14
[INFO] [stdout]   47:     0x55c3035b4665 - test::run_test_in_process::hc97b257c9621286a
[INFO] [stdout]                                at /rustc/82e1608dfa6e0b5569232559e3d385fea5a93112/library/test/src/lib.rs:651:27
[INFO] [stdout]   48:     0x55c3035b4665 - test::run_test::{{closure}}::h2aa798823a438d38
[INFO] [stdout]                                at /rustc/82e1608dfa6e0b5569232559e3d385fea5a93112/library/test/src/lib.rs:574:43
[INFO] [stdout]   49:     0x55c30357c926 - test::run_test::{{closure}}::h87d231c78fb59832
[INFO] [stdout]                                at /rustc/82e1608dfa6e0b5569232559e3d385fea5a93112/library/test/src/lib.rs:602:41
[INFO] [stdout]   50:     0x55c30357c926 - std::sys_common::backtrace::__rust_begin_short_backtrace::he6df152596625789
[INFO] [stdout]                                at /rustc/82e1608dfa6e0b5569232559e3d385fea5a93112/library/std/src/sys_common/backtrace.rs:154:18
[INFO] [stdout]   51:     0x55c3035819d7 - std::thread::Builder::spawn_unchecked_::{{closure}}::{{closure}}::ha94be15d1e0acf36
[INFO] [stdout]                                at /rustc/82e1608dfa6e0b5569232559e3d385fea5a93112/library/std/src/thread/mod.rs:529:17
[INFO] [stdout]   52:     0x55c3035819d7 - <core::panic::unwind_safe::AssertUnwindSafe<F> as core::ops::function::FnOnce<()>>::call_once::h9dc6bd6372f16606
[INFO] [stdout]                                at /rustc/82e1608dfa6e0b5569232559e3d385fea5a93112/library/core/src/panic/unwind_safe.rs:272:9
[INFO] [stdout]   53:     0x55c3035819d7 - std::panicking::try::do_call::h9057517f80303cd4
[INFO] [stdout]                                at /rustc/82e1608dfa6e0b5569232559e3d385fea5a93112/library/std/src/panicking.rs:552:40
[INFO] [stdout]   54:     0x55c3035819d7 - std::panicking::try::he3a30b11ee45340c
[INFO] [stdout]                                at /rustc/82e1608dfa6e0b5569232559e3d385fea5a93112/library/std/src/panicking.rs:516:19
[INFO] [stdout]   55:     0x55c3035819d7 - std::panic::catch_unwind::h410458cfd3528b8b
[INFO] [stdout]                                at /rustc/82e1608dfa6e0b5569232559e3d385fea5a93112/library/std/src/panic.rs:142:14
[INFO] [stdout]   56:     0x55c3035819d7 - std::thread::Builder::spawn_unchecked_::{{closure}}::h72ac3bdb567b737b
[INFO] [stdout]                                at /rustc/82e1608dfa6e0b5569232559e3d385fea5a93112/library/std/src/thread/mod.rs:528:30
[INFO] [stdout]   57:     0x55c3035819d7 - core::ops::function::FnOnce::call_once{{vtable.shim}}::h38f34da3654a8344
[INFO] [stdout]                                at /rustc/82e1608dfa6e0b5569232559e3d385fea5a93112/library/core/src/ops/function.rs:250:5
[INFO] [stdout]   58:     0x55c303d08fa5 - <alloc::boxed::Box<F,A> as core::ops::function::FnOnce<Args>>::call_once::hc7eafaff61e32df9
[INFO] [stdout]                                at /rustc/82e1608dfa6e0b5569232559e3d385fea5a93112/library/alloc/src/boxed.rs:2007:9
[INFO] [stdout]   59:     0x55c303d08fa5 - <alloc::boxed::Box<F,A> as core::ops::function::FnOnce<Args>>::call_once::h6ba4a5de48dd2304
[INFO] [stdout]                                at /rustc/82e1608dfa6e0b5569232559e3d385fea5a93112/library/alloc/src/boxed.rs:2007:9
[INFO] [stdout]   60:     0x55c303d08fa5 - std::sys::unix::thread::Thread::new::thread_start::he469335aef763e45
[INFO] [stdout]                                at /rustc/82e1608dfa6e0b5569232559e3d385fea5a93112/library/std/src/sys/unix/thread.rs:108:17
[INFO] [stdout]   61:     0x7f81f0ddaac3 - <unknown>
[INFO] [stdout]   62:     0x7f81f0e6bbf4 - __clone
[INFO] [stdout]   63:                0x0 - <unknown>
[INFO] [stdout] 
[INFO] [stdout] ---- verifier::tests::signature_verification stdout ----
[INFO] [stdout] thread 'verifier::tests::signature_verification' panicked at src/verifier.rs:124:54:
[INFO] [stdout] called `Result::unwrap()` on an `Err` value: JsonRpcClientError(ReqwestError(reqwest::Error { kind: Request, url: Url { scheme: "http", cannot_be_a_base: false, username: "", password: None, host: Some(Domain("localhost")), port: Some(7545), path: "/", query: None, fragment: None }, source: hyper::Error(Connect, ConnectError("tcp connect error", Os { code: 99, kind: AddrNotAvailable, message: "Cannot assign requested address" })) }))
[INFO] [stdout] stack backtrace:
[INFO] [stdout]    0:     0x55c303d021cc - std::backtrace_rs::backtrace::libunwind::trace::ha637c64ce894333a
[INFO] [stdout]                                at /rustc/82e1608dfa6e0b5569232559e3d385fea5a93112/library/std/src/../../backtrace/src/backtrace/libunwind.rs:104:5
[INFO] [stdout]    1:     0x55c303d021cc - std::backtrace_rs::backtrace::trace_unsynchronized::h47f62dea28e0c88d
[INFO] [stdout]                                at /rustc/82e1608dfa6e0b5569232559e3d385fea5a93112/library/std/src/../../backtrace/src/backtrace/mod.rs:66:5
[INFO] [stdout]    2:     0x55c303d021cc - std::sys_common::backtrace::_print_fmt::h9eef0abe20ede486
[INFO] [stdout]                                at /rustc/82e1608dfa6e0b5569232559e3d385fea5a93112/library/std/src/sys_common/backtrace.rs:67:5
[INFO] [stdout]    3:     0x55c303d021cc - <std::sys_common::backtrace::_print::DisplayBacktrace as core::fmt::Display>::fmt::hed7f999df88cc644
[INFO] [stdout]                                at /rustc/82e1608dfa6e0b5569232559e3d385fea5a93112/library/std/src/sys_common/backtrace.rs:44:22
[INFO] [stdout]    4:     0x55c303d2f540 - core::fmt::rt::Argument::fmt::h1539a9308b8d058d
[INFO] [stdout]                                at /rustc/82e1608dfa6e0b5569232559e3d385fea5a93112/library/core/src/fmt/rt.rs:142:9
[INFO] [stdout]    5:     0x55c303d2f540 - core::fmt::write::h3a39390d8560d9c9
[INFO] [stdout]                                at /rustc/82e1608dfa6e0b5569232559e3d385fea5a93112/library/core/src/fmt/mod.rs:1120:17
[INFO] [stdout]    6:     0x55c303cff10f - std::io::Write::write_fmt::h040b369f3a0f9cbc
[INFO] [stdout]                                at /rustc/82e1608dfa6e0b5569232559e3d385fea5a93112/library/std/src/io/mod.rs:1762:15
[INFO] [stdout]    7:     0x55c303d01fb4 - std::sys_common::backtrace::_print::h894006fb5c6f3d45
[INFO] [stdout]                                at /rustc/82e1608dfa6e0b5569232559e3d385fea5a93112/library/std/src/sys_common/backtrace.rs:47:5
[INFO] [stdout]    8:     0x55c303d01fb4 - std::sys_common::backtrace::print::h23a2d212c6fff936
[INFO] [stdout]                                at /rustc/82e1608dfa6e0b5569232559e3d385fea5a93112/library/std/src/sys_common/backtrace.rs:34:9
[INFO] [stdout]    9:     0x55c303d03c77 - std::panicking::default_hook::{{closure}}::h8a1d2ee00185001a
[INFO] [stdout]   10:     0x55c303d03963 - std::panicking::default_hook::h6038f2eba384e475
[INFO] [stdout]                                at /rustc/82e1608dfa6e0b5569232559e3d385fea5a93112/library/std/src/panicking.rs:289:9
[INFO] [stdout]   11:     0x55c3035afff7 - <alloc::boxed::Box<F,A> as core::ops::function::Fn<Args>>::call::h0ad024c9bdc6d768
[INFO] [stdout]                                at /rustc/82e1608dfa6e0b5569232559e3d385fea5a93112/library/alloc/src/boxed.rs:2021:9
[INFO] [stdout]   12:     0x55c3035afff7 - test::test_main::{{closure}}::h7500b54257359db6
[INFO] [stdout]                                at /rustc/82e1608dfa6e0b5569232559e3d385fea5a93112/library/test/src/lib.rs:138:21
[INFO] [stdout]   13:     0x55c303d04288 - <alloc::boxed::Box<F,A> as core::ops::function::Fn<Args>>::call::h1f8f335eaa9cfaee
[INFO] [stdout]                                at /rustc/82e1608dfa6e0b5569232559e3d385fea5a93112/library/alloc/src/boxed.rs:2021:9
[INFO] [stdout]   14:     0x55c303d04288 - std::panicking::rust_panic_with_hook::h2b5517d590cab22e
[INFO] [stdout]                                at /rustc/82e1608dfa6e0b5569232559e3d385fea5a93112/library/std/src/panicking.rs:783:13
[INFO] [stdout]   15:     0x55c303d03fde - std::panicking::begin_panic_handler::{{closure}}::h233112c06e0ef43e
[INFO] [stdout]                                at /rustc/82e1608dfa6e0b5569232559e3d385fea5a93112/library/std/src/panicking.rs:657:13
[INFO] [stdout]   16:     0x55c303d02696 - std::sys_common::backtrace::__rust_end_short_backtrace::h6e893f24d7ebbff8
[INFO] [stdout]                                at /rustc/82e1608dfa6e0b5569232559e3d385fea5a93112/library/std/src/sys_common/backtrace.rs:170:18
[INFO] [stdout]   17:     0x55c303d03d42 - rust_begin_unwind
[INFO] [stdout]                                at /rustc/82e1608dfa6e0b5569232559e3d385fea5a93112/library/std/src/panicking.rs:645:5
[INFO] [stdout]   18:     0x55c303462615 - core::panicking::panic_fmt::hbf0e066aabfa482c
[INFO] [stdout]                                at /rustc/82e1608dfa6e0b5569232559e3d385fea5a93112/library/core/src/panicking.rs:72:14
[INFO] [stdout]   19:     0x55c303462be3 - core::result::unwrap_failed::hddb4fea594200c52
[INFO] [stdout]                                at /rustc/82e1608dfa6e0b5569232559e3d385fea5a93112/library/core/src/result.rs:1653:5
[INFO] [stdout]   20:     0x55c3034b2122 - core::result::Result<T,E>::unwrap::h804fef137425cdf1
[INFO] [stdout]                                at /rustc/82e1608dfa6e0b5569232559e3d385fea5a93112/library/core/src/result.rs:1077:23
[INFO] [stdout]   21:     0x55c30349e215 - mypub_decryptor::verifier::tests::signature_verification::{{closure}}::h298e1991ba58be06
[INFO] [stdout]                                at /opt/rustwide/workdir/src/verifier.rs:124:24
[INFO] [stdout]   22:     0x55c30349ae2b - <core::pin::Pin<P> as core::future::future::Future>::poll::h1ef9843ecdff9986
[INFO] [stdout]                                at /rustc/82e1608dfa6e0b5569232559e3d385fea5a93112/library/core/src/future/future.rs:125:9
[INFO] [stdout]   23:     0x55c3034ced44 - tokio::runtime::basic_scheduler::Inner<P>::block_on::{{closure}}::{{closure}}::hf521d77c68403312
[INFO] [stdout]                                at /opt/rustwide/cargo-home/registry/src/index.crates.io-6f17d22bba15001f/tokio-1.10.1/src/runtime/basic_scheduler.rs:208:62
[INFO] [stdout]   24:     0x55c3034df050 - tokio::coop::with_budget::{{closure}}::h808e59704b36e674
[INFO] [stdout]                                at /opt/rustwide/cargo-home/registry/src/index.crates.io-6f17d22bba15001f/tokio-1.10.1/src/coop.rs:106:9
[INFO] [stdout]   25:     0x55c3034a2a2e - std::thread::local::LocalKey<T>::try_with::hbe532c1c8b03b159
[INFO] [stdout]                                at /rustc/82e1608dfa6e0b5569232559e3d385fea5a93112/library/std/src/thread/local.rs:270:16
[INFO] [stdout]   26:     0x55c3034a18ca - std::thread::local::LocalKey<T>::with::hf75ed58df54ffbd6
[INFO] [stdout]                                at /rustc/82e1608dfa6e0b5569232559e3d385fea5a93112/library/std/src/thread/local.rs:246:9
[INFO] [stdout]   27:     0x55c3034cdb1a - tokio::coop::with_budget::hd697bc4a3c5e5683
[INFO] [stdout]                                at /opt/rustwide/cargo-home/registry/src/index.crates.io-6f17d22bba15001f/tokio-1.10.1/src/coop.rs:99:5
[INFO] [stdout]   28:     0x55c3034cdb1a - tokio::coop::budget::hf447fc567bf2f23b
[INFO] [stdout]                                at /opt/rustwide/cargo-home/registry/src/index.crates.io-6f17d22bba15001f/tokio-1.10.1/src/coop.rs:76:5
[INFO] [stdout]   29:     0x55c3034cdb1a - tokio::runtime::basic_scheduler::Inner<P>::block_on::{{closure}}::hef8da46d0275ff2e
[INFO] [stdout]                                at /opt/rustwide/cargo-home/registry/src/index.crates.io-6f17d22bba15001f/tokio-1.10.1/src/runtime/basic_scheduler.rs:208:39
[INFO] [stdout]   30:     0x55c3034d06c1 - tokio::runtime::basic_scheduler::enter::{{closure}}::hcd7f03c4a27efb82
[INFO] [stdout]                                at /opt/rustwide/cargo-home/registry/src/index.crates.io-6f17d22bba15001f/tokio-1.10.1/src/runtime/basic_scheduler.rs:302:29
[INFO] [stdout]   31:     0x55c3034c50c7 - tokio::macros::scoped_tls::ScopedKey<T>::set::h8d9bb6e182c44418
[INFO] [stdout]                                at /opt/rustwide/cargo-home/registry/src/index.crates.io-6f17d22bba15001f/tokio-1.10.1/src/macros/scoped_tls.rs:61:9
[INFO] [stdout]   32:     0x55c3034d029a - tokio::runtime::basic_scheduler::enter::h6c0c9d4e3e80732b
[INFO] [stdout]                                at /opt/rustwide/cargo-home/registry/src/index.crates.io-6f17d22bba15001f/tokio-1.10.1/src/runtime/basic_scheduler.rs:302:5
[INFO] [stdout]   33:     0x55c3034ccefb - tokio::runtime::basic_scheduler::Inner<P>::block_on::h80851c015a2fb98b
[INFO] [stdout]                                at /opt/rustwide/cargo-home/registry/src/index.crates.io-6f17d22bba15001f/tokio-1.10.1/src/runtime/basic_scheduler.rs:197:9
[INFO] [stdout]   34:     0x55c3034cee5a - tokio::runtime::basic_scheduler::InnerGuard<P>::block_on::hb9b2f141811bd72c
[INFO] [stdout]                                at /opt/rustwide/cargo-home/registry/src/index.crates.io-6f17d22bba15001f/tokio-1.10.1/src/runtime/basic_scheduler.rs:448:9
[INFO] [stdout]   35:     0x55c3034cefd7 - tokio::runtime::basic_scheduler::BasicScheduler<P>::block_on::h9190d5944f0688d4
[INFO] [stdout]                                at /opt/rustwide/cargo-home/registry/src/index.crates.io-6f17d22bba15001f/tokio-1.10.1/src/runtime/basic_scheduler.rs:157:24
[INFO] [stdout]   36:     0x55c303497ff3 - tokio::runtime::Runtime::block_on::h108252af1f28b35e
[INFO] [stdout]                                at /opt/rustwide/cargo-home/registry/src/index.crates.io-6f17d22bba15001f/tokio-1.10.1/src/runtime/mod.rs:450:46
[INFO] [stdout]   37:     0x55c30349de79 - mypub_decryptor::verifier::tests::signature_verification::h306e72f2fce79aa1
[INFO] [stdout]                                at /opt/rustwide/workdir/src/verifier.rs:146:9
[INFO] [stdout]   38:     0x55c30349dda7 - mypub_decryptor::verifier::tests::signature_verification::{{closure}}::hee47e83ee9db3506
[INFO] [stdout]                                at /opt/rustwide/workdir/src/verifier.rs:115:38
[INFO] [stdout]   39:     0x55c3034939c6 - core::ops::function::FnOnce::call_once::ha56daff70e2b1ec8
[INFO] [stdout]                                at /rustc/82e1608dfa6e0b5569232559e3d385fea5a93112/library/core/src/ops/function.rs:250:5
[INFO] [stdout]   40:     0x55c3035b564f - core::ops::function::FnOnce::call_once::h2b5d431d5046312d
[INFO] [stdout]                                at /rustc/82e1608dfa6e0b5569232559e3d385fea5a93112/library/core/src/ops/function.rs:250:5
[INFO] [stdout]   41:     0x55c3035b564f - test::__rust_begin_short_backtrace::h7714669af176e207
[INFO] [stdout]                                at /rustc/82e1608dfa6e0b5569232559e3d385fea5a93112/library/test/src/lib.rs:628:18
[INFO] [stdout]   42:     0x55c3035b4665 - test::run_test_in_process::{{closure}}::h85218797dcbcec12
[INFO] [stdout]                                at /rustc/82e1608dfa6e0b5569232559e3d385fea5a93112/library/test/src/lib.rs:651:60
[INFO] [stdout]   43:     0x55c3035b4665 - <core::panic::unwind_safe::AssertUnwindSafe<F> as core::ops::function::FnOnce<()>>::call_once::h76c106ea31c14d7b
[INFO] [stdout]                                at /rustc/82e1608dfa6e0b5569232559e3d385fea5a93112/library/core/src/panic/unwind_safe.rs:272:9
[INFO] [stdout]   44:     0x55c3035b4665 - std::panicking::try::do_call::h3bd5d0f6620ee946
[INFO] [stdout]                                at /rustc/82e1608dfa6e0b5569232559e3d385fea5a93112/library/std/src/panicking.rs:552:40
[INFO] [stdout]   45:     0x55c3035b4665 - std::panicking::try::h232e535e4744fe31
[INFO] [stdout]                                at /rustc/82e1608dfa6e0b5569232559e3d385fea5a93112/library/std/src/panicking.rs:516:19
[INFO] [stdout]   46:     0x55c3035b4665 - std::panic::catch_unwind::h3ce3bd6ca8dbac68
[INFO] [stdout]                                at /rustc/82e1608dfa6e0b5569232559e3d385fea5a93112/library/std/src/panic.rs:142:14
[INFO] [stdout]   47:     0x55c3035b4665 - test::run_test_in_process::hc97b257c9621286a
[INFO] [stdout]                                at /rustc/82e1608dfa6e0b5569232559e3d385fea5a93112/library/test/src/lib.rs:651:27
[INFO] [stdout]   48:     0x55c3035b4665 - test::run_test::{{closure}}::h2aa798823a438d38
[INFO] [stdout]                                at /rustc/82e1608dfa6e0b5569232559e3d385fea5a93112/library/test/src/lib.rs:574:43
[INFO] [stdout]   49:     0x55c30357c926 - test::run_test::{{closure}}::h87d231c78fb59832
[INFO] [stdout]                                at /rustc/82e1608dfa6e0b5569232559e3d385fea5a93112/library/test/src/lib.rs:602:41
[INFO] [stdout]   50:     0x55c30357c926 - std::sys_common::backtrace::__rust_begin_short_backtrace::he6df152596625789
[INFO] [stdout]                                at /rustc/82e1608dfa6e0b5569232559e3d385fea5a93112/library/std/src/sys_common/backtrace.rs:154:18
[INFO] [stdout]   51:     0x55c3035819d7 - std::thread::Builder::spawn_unchecked_::{{closure}}::{{closure}}::ha94be15d1e0acf36
[INFO] [stdout]                                at /rustc/82e1608dfa6e0b5569232559e3d385fea5a93112/library/std/src/thread/mod.rs:529:17
[INFO] [stdout]   52:     0x55c3035819d7 - <core::panic::unwind_safe::AssertUnwindSafe<F> as core::ops::function::FnOnce<()>>::call_once::h9dc6bd6372f16606
[INFO] [stdout]                                at /rustc/82e1608dfa6e0b5569232559e3d385fea5a93112/library/core/src/panic/unwind_safe.rs:272:9
[INFO] [stdout]   53:     0x55c3035819d7 - std::panicking::try::do_call::h9057517f80303cd4
[INFO] [stdout]                                at /rustc/82e1608dfa6e0b5569232559e3d385fea5a93112/library/std/src/panicking.rs:552:40
[INFO] [stdout]   54:     0x55c3035819d7 - std::panicking::try::he3a30b11ee45340c
[INFO] [stdout]                                at /rustc/82e1608dfa6e0b5569232559e3d385fea5a93112/library/std/src/panicking.rs:516:19
[INFO] [stdout]   55:     0x55c3035819d7 - std::panic::catch_unwind::h410458cfd3528b8b
[INFO] [stdout]                                at /rustc/82e1608dfa6e0b5569232559e3d385fea5a93112/library/std/src/panic.rs:142:14
[INFO] [stdout]   56:     0x55c3035819d7 - std::thread::Builder::spawn_unchecked_::{{closure}}::h72ac3bdb567b737b
[INFO] [stdout]                                at /rustc/82e1608dfa6e0b5569232559e3d385fea5a93112/library/std/src/thread/mod.rs:528:30
[INFO] [stdout]   57:     0x55c3035819d7 - core::ops::function::FnOnce::call_once{{vtable.shim}}::h38f34da3654a8344
[INFO] [stdout]                                at /rustc/82e1608dfa6e0b5569232559e3d385fea5a93112/library/core/src/ops/function.rs:250:5
[INFO] [stdout]   58:     0x55c303d08fa5 - <alloc::boxed::Box<F,A> as core::ops::function::FnOnce<Args>>::call_once::hc7eafaff61e32df9
[INFO] [stdout]                                at /rustc/82e1608dfa6e0b5569232559e3d385fea5a93112/library/alloc/src/boxed.rs:2007:9
[INFO] [stdout]   59:     0x55c303d08fa5 - <alloc::boxed::Box<F,A> as core::ops::function::FnOnce<Args>>::call_once::h6ba4a5de48dd2304
[INFO] [stdout]                                at /rustc/82e1608dfa6e0b5569232559e3d385fea5a93112/library/alloc/src/boxed.rs:2007:9
[INFO] [stdout]   60:     0x55c303d08fa5 - std::sys::unix::thread::Thread::new::thread_start::he469335aef763e45
[INFO] [stdout]                                at /rustc/82e1608dfa6e0b5569232559e3d385fea5a93112/library/std/src/sys/unix/thread.rs:108:17
[INFO] [stdout]   61:     0x7f81f0ddaac3 - <unknown>
[INFO] [stdout]   62:     0x7f81f0e6bbf4 - __clone
[INFO] [stdout]   63:                0x0 - <unknown>
[INFO] [stdout] 
[INFO] [stdout] 
[INFO] [stdout] failures:
[INFO] [stdout]     cipher::tests::decryption
[INFO] [stdout]     verifier::tests::signature_verification
[INFO] [stdout]     verifier::tests::test_verify_paid
[INFO] [stdout] 
[INFO] [stdout] test result: FAILED. 0 passed; 3 failed; 0 ignored; 0 measured; 0 filtered out; finished in 0.14s
[INFO] [stdout] 
[INFO] [stderr] error: test failed, to rerun pass `--lib`
[INFO] running `Command { std: "docker" "inspect" "24c039a4ac188c346ba5c21d040764f8de32a3bbf2e7dfa7ac039c3c73f37795", kill_on_drop: false }`
[INFO] running `Command { std: "docker" "rm" "-f" "24c039a4ac188c346ba5c21d040764f8de32a3bbf2e7dfa7ac039c3c73f37795", kill_on_drop: false }`
[INFO] [stdout] 24c039a4ac188c346ba5c21d040764f8de32a3bbf2e7dfa7ac039c3c73f37795
[INFO] testing yepengding/MyPubDecryptor against beta-2023-12-22 for beta-1.76-1
[INFO] running `Command { std: "git" "clone" "/workspace/cache/git-repos/https%3A%2F%2Fgithub.com%2Fyepengding%2FMyPubDecryptor" "/workspace/builds/worker-7-tc2/source", kill_on_drop: false }`
[INFO] [stderr] Cloning into '/workspace/builds/worker-7-tc2/source'...
[INFO] [stderr] done.
[INFO] validating manifest of git repo https://github.com/yepengding/MyPubDecryptor on toolchain beta-2023-12-22
[INFO] running `Command { std: CARGO_HOME="/workspace/cargo-home" RUSTUP_HOME="/workspace/rustup-home" "/workspace/cargo-home/bin/cargo" "+beta-2023-12-22" "metadata" "--manifest-path" "Cargo.toml" "--no-deps", kill_on_drop: false }`
[INFO] started tweaking git repo https://github.com/yepengding/MyPubDecryptor
[INFO] finished tweaking git repo https://github.com/yepengding/MyPubDecryptor
[INFO] tweaked toml for git repo https://github.com/yepengding/MyPubDecryptor written to /workspace/builds/worker-7-tc2/source/Cargo.toml
[INFO] crate git repo https://github.com/yepengding/MyPubDecryptor already has a lockfile, it will not be regenerated
[INFO] running `Command { std: CARGO_HOME="/workspace/cargo-home" RUSTUP_HOME="/workspace/rustup-home" "/workspace/cargo-home/bin/cargo" "+beta-2023-12-22" "fetch" "--manifest-path" "Cargo.toml", kill_on_drop: false }`
[INFO] running `Command { std: "docker" "create" "-v" "/var/lib/crater-agent-workspace/builds/worker-7-tc2/target:/opt/rustwide/target:rw,Z" "-v" "/var/lib/crater-agent-workspace/builds/worker-7-tc2/source:/opt/rustwide/workdir:ro,Z" "-v" "/var/lib/crater-agent-workspace/cargo-home:/opt/rustwide/cargo-home:ro,Z" "-v" "/var/lib/crater-agent-workspace/rustup-home:/opt/rustwide/rustup-home:ro,Z" "-e" "SOURCE_DIR=/opt/rustwide/workdir" "-e" "CARGO_TARGET_DIR=/opt/rustwide/target" "-e" "CARGO_HOME=/opt/rustwide/cargo-home" "-e" "RUSTUP_HOME=/opt/rustwide/rustup-home" "-w" "/opt/rustwide/workdir" "-m" "1610612736" "--user" "0:0" "--network" "none" "ghcr.io/rust-lang/crates-build-env/linux@sha256:2788e3201cd34a07e3172128adcd8b3090168a8e3bcc40d7c032b9dda1df7d1c" "/opt/rustwide/cargo-home/bin/cargo" "+beta-2023-12-22" "metadata" "--no-deps" "--format-version=1", kill_on_drop: false }`
[INFO] [stdout] ba6c6d433a2b51a9782a7e3d7ad92c5d0fa0b8eb2a79c02bce960cd89ba19a3e
[INFO] running `Command { std: "docker" "start" "-a" "ba6c6d433a2b51a9782a7e3d7ad92c5d0fa0b8eb2a79c02bce960cd89ba19a3e", kill_on_drop: false }`
[INFO] running `Command { std: "docker" "inspect" "ba6c6d433a2b51a9782a7e3d7ad92c5d0fa0b8eb2a79c02bce960cd89ba19a3e", kill_on_drop: false }`
[INFO] running `Command { std: "docker" "rm" "-f" "ba6c6d433a2b51a9782a7e3d7ad92c5d0fa0b8eb2a79c02bce960cd89ba19a3e", kill_on_drop: false }`
[INFO] [stdout] ba6c6d433a2b51a9782a7e3d7ad92c5d0fa0b8eb2a79c02bce960cd89ba19a3e
[INFO] running `Command { std: "docker" "create" "-v" "/var/lib/crater-agent-workspace/builds/worker-7-tc2/target:/opt/rustwide/target:rw,Z" "-v" "/var/lib/crater-agent-workspace/builds/worker-7-tc2/source:/opt/rustwide/workdir:ro,Z" "-v" "/var/lib/crater-agent-workspace/cargo-home:/opt/rustwide/cargo-home:ro,Z" "-v" "/var/lib/crater-agent-workspace/rustup-home:/opt/rustwide/rustup-home:ro,Z" "-e" "SOURCE_DIR=/opt/rustwide/workdir" "-e" "CARGO_TARGET_DIR=/opt/rustwide/target" "-e" "CARGO_INCREMENTAL=0" "-e" "RUST_BACKTRACE=full" "-e" "RUSTFLAGS=--cap-lints=warn" "-e" "RUSTDOCFLAGS=--cap-lints=warn" "-e" "CARGO_HOME=/opt/rustwide/cargo-home" "-e" "RUSTUP_HOME=/opt/rustwide/rustup-home" "-w" "/opt/rustwide/workdir" "-m" "1610612736" "--user" "0:0" "--network" "none" "ghcr.io/rust-lang/crates-build-env/linux@sha256:2788e3201cd34a07e3172128adcd8b3090168a8e3bcc40d7c032b9dda1df7d1c" "/opt/rustwide/cargo-home/bin/cargo" "+beta-2023-12-22" "build" "--frozen" "--message-format=json", kill_on_drop: false }`
[INFO] [stdout] fd9fd3d3172251373e03cb529cd6855b73235781ba931109e2b50341d7653fde
[INFO] running `Command { std: "docker" "start" "-a" "fd9fd3d3172251373e03cb529cd6855b73235781ba931109e2b50341d7653fde", kill_on_drop: false }`
[INFO] [stderr]    Compiling proc-macro2 v1.0.28
[INFO] [stderr]    Compiling unicode-xid v0.2.2
[INFO] [stderr]    Compiling syn v1.0.75
[INFO] [stderr]    Compiling version_check v0.9.3
[INFO] [stderr]    Compiling libc v0.2.101
[INFO] [stderr]    Compiling cfg-if v1.0.0
[INFO] [stderr]    Compiling serde_derive v1.0.130
[INFO] [stderr]    Compiling serde v1.0.130
[INFO] [stderr]    Compiling typenum v1.13.0
[INFO] [stderr]    Compiling autocfg v1.0.1
[INFO] [stderr]    Compiling subtle v2.4.1
[INFO] [stderr]    Compiling memchr v2.3.4
[INFO] [stderr]    Compiling proc-macro-hack v0.5.19
[INFO] [stderr]    Compiling log v0.4.14
[INFO] [stderr]    Compiling lazy_static v1.4.0
[INFO] [stderr]    Compiling const_fn v0.4.8
[INFO] [stderr]    Compiling cc v1.0.69
[INFO] [stderr]    Compiling smallvec v1.6.1
[INFO] [stderr]    Compiling once_cell v1.8.0
[INFO] [stderr]    Compiling parking_lot_core v0.8.5
[INFO] [stderr]    Compiling opaque-debug v0.3.0
[INFO] [stderr]    Compiling byteorder v1.4.3
[INFO] [stderr]    Compiling block-padding v0.2.1
[INFO] [stderr]    Compiling generic-array v0.14.4
[INFO] [stderr]    Compiling standback v0.2.17
[INFO] [stderr]    Compiling time v0.2.27
[INFO] [stderr]    Compiling scopeguard v1.1.0
[INFO] [stderr]    Compiling pin-project-lite v0.2.7
[INFO] [stderr]    Compiling ppv-lite86 v0.2.10
[INFO] [stderr]    Compiling lock_api v0.4.5
[INFO] [stderr]    Compiling itoa v0.4.8
[INFO] [stderr]    Compiling cpufeatures v0.2.1
[INFO] [stderr]    Compiling futures-core v0.3.16
[INFO] [stderr]    Compiling tokio v1.10.1
[INFO] [stderr]    Compiling wyz v0.2.0
[INFO] [stderr]    Compiling tap v1.0.1
[INFO] [stderr]    Compiling funty v1.1.0
[INFO] [stderr]    Compiling futures-macro v0.3.16
[INFO] [stderr]    Compiling proc-macro-error-attr v1.0.4
[INFO] [stderr]    Compiling futures-task v0.3.16
[INFO] [stderr]    Compiling proc-macro-nested v0.1.7
[INFO] [stderr]    Compiling futures-sink v0.3.16
[INFO] [stderr]    Compiling ryu v1.0.5
[INFO] [stderr]    Compiling futures-channel v0.3.16
[INFO] [stderr]    Compiling futures-util v0.3.16
[INFO] [stderr]    Compiling proc-macro-error v1.0.4
[INFO] [stderr]    Compiling quote v1.0.9
[INFO] [stderr]    Compiling hex v0.4.3
[INFO] [stderr]    Compiling const-oid v0.6.0
[INFO] [stderr]    Compiling getrandom v0.2.3
[INFO] [stderr]    Compiling num_cpus v1.13.0
[INFO] [stderr]    Compiling mio v0.7.13
[INFO] [stderr]    Compiling signal-hook-registry v1.4.0
[INFO] [stderr]    Compiling pkg-config v0.3.19
[INFO] [stderr]    Compiling radium v0.6.2
[INFO] [stderr]    Compiling rand_core v0.6.3
[INFO] [stderr]    Compiling crunchy v0.2.2
[INFO] [stderr]    Compiling ring v0.16.20
[INFO] [stderr]    Compiling rand_chacha v0.3.1
[INFO] [stderr]    Compiling der v0.4.1
[INFO] [stderr]    Compiling keccak v0.1.0
[INFO] [stderr]    Compiling pin-utils v0.1.0
[INFO] [stderr]    Compiling rustc-hex v2.1.0
[INFO] [stderr]    Compiling slab v0.4.4
[INFO] [stderr]    Compiling rand v0.8.4
[INFO] [stderr]    Compiling futures-io v0.3.16
[INFO] [stderr]    Compiling openssl-sys v0.9.66
[INFO] [stderr]    Compiling serde_json v1.0.67
[INFO] [stderr]    Compiling ff v0.10.1
[INFO] [stderr]    Compiling aho-corasick v0.7.15
[INFO] [stderr]    Compiling indexmap v1.7.0
[INFO] [stderr]    Compiling static_assertions v1.1.0
[INFO] [stderr]    Compiling regex-syntax v0.6.25
[INFO] [stderr]    Compiling untrusted v0.7.1
[INFO] [stderr]    Compiling spin v0.5.2
[INFO] [stderr]    Compiling bitvec v0.20.4
[INFO] [stderr]    Compiling group v0.10.0
[INFO] [stderr]    Compiling digest v0.9.0
[INFO] [stderr]    Compiling block-buffer v0.9.0
[INFO] [stderr]    Compiling crypto-mac v0.11.1
[INFO] [stderr]    Compiling spki v0.4.0
[INFO] [stderr]    Compiling sha2 v0.9.6
[INFO] [stderr]    Compiling sha3 v0.9.1
[INFO] [stderr]    Compiling hmac v0.11.0
[INFO] [stderr]    Compiling tracing-core v0.1.19
[INFO] [stderr]    Compiling byte-slice-cast v1.0.0
[INFO] [stderr]    Compiling pkcs8 v0.7.5
[INFO] [stderr]    Compiling fnv v1.0.7
[INFO] [stderr]    Compiling tiny-keccak v2.0.2
[INFO] [stderr]    Compiling hashbrown v0.11.2
[INFO] [stderr]    Compiling arrayvec v0.7.1
[INFO] [stderr]    Compiling signature v1.3.1
[INFO] [stderr]    Compiling openssl v0.10.36
[INFO] [stderr]    Compiling httparse v1.5.1
[INFO] [stderr]    Compiling foreign-types-shared v0.1.1
[INFO] [stderr]    Compiling tinystr v0.3.4
[INFO] [stderr]    Compiling tracing v0.1.26
[INFO] [stderr]    Compiling fixed-hash v0.7.0
[INFO] [stderr]    Compiling bitflags v1.3.2
[INFO] [stderr]    Compiling base64 v0.13.0
[INFO] [stderr]    Compiling foreign-types v0.3.2
[INFO] [stderr]    Compiling uint v0.9.1
[INFO] [stderr]    Compiling native-tls v0.2.8
[INFO] [stderr]    Compiling matches v0.1.9
[INFO] [stderr]    Compiling anyhow v1.0.43
[INFO] [stderr]    Compiling try-lock v0.2.3
[INFO] [stderr]    Compiling tinyvec_macros v0.1.0
[INFO] [stderr]    Compiling want v0.3.0
[INFO] [stderr]    Compiling tinyvec v1.3.1
[INFO] [stderr]    Compiling generic-array v0.12.4
[INFO] [stderr]    Compiling socket2 v0.4.1
[INFO] [stderr]    Compiling httpdate v1.0.1
[INFO] [stderr]    Compiling tower-service v0.3.1
[INFO] [stderr]    Compiling byte-tools v0.3.1
[INFO] [stderr]    Compiling percent-encoding v2.1.0
[INFO] [stderr]    Compiling openssl-probe v0.1.4
[INFO] [stderr]    Compiling block-padding v0.1.5
[INFO] [stderr]    Compiling form_urlencoded v1.0.1
[INFO] [stderr]    Compiling cipher v0.3.0
[INFO] [stderr]    Compiling base64ct v1.0.1
[INFO] [stderr]    Compiling getrandom v0.1.16
[INFO] [stderr]    Compiling encoding_rs v0.8.28
[INFO] [stderr]    Compiling unicode-bidi v0.3.6
[INFO] [stderr]    Compiling block-buffer v0.7.3
[INFO] [stderr]    Compiling digest v0.8.1
[INFO] [stderr]    Compiling password-hash v0.2.3
[INFO] [stderr]    Compiling fake-simd v0.1.2
[INFO] [stderr]    Compiling opaque-debug v0.2.3
[INFO] [stderr]    Compiling camino v1.0.5
[INFO] [stderr]    Compiling semver v1.0.4
[INFO] [stderr]    Compiling glob v0.3.0
[INFO] [stderr]    Compiling sha2 v0.8.2
[INFO] [stderr]    Compiling crypto-mac v0.8.0
[INFO] [stderr]    Compiling same-file v1.0.6
[INFO] [stderr]    Compiling pbkdf2 v0.8.0
[INFO] [stderr]    Compiling mime v0.3.16
[INFO] [stderr]    Compiling async-trait v0.1.51
[INFO] [stderr]    Compiling base58 v0.1.0
[INFO] [stderr]    Compiling ipnet v2.3.1
[INFO] [stderr]    Compiling unicode-normalization v0.1.19
[INFO] [stderr]    Compiling regex v1.4.6
[INFO] [stderr]    Compiling rustc-hash v1.1.0
[INFO] [stderr]    Compiling type-map v0.4.0
[INFO] [stderr]    Compiling base58check v0.1.0
[INFO] [stderr]    Compiling rand_core v0.5.1
[INFO] [stderr]    Compiling walkdir v2.3.2
[INFO] [stderr]    Compiling blake2 v0.9.2
[INFO] [stderr]    Compiling salsa20 v0.8.1
[INFO] [stderr]    Compiling ripemd160 v0.9.1
[INFO] [stderr]    Compiling radium v0.5.3
[INFO] [stderr]    Compiling stable_deref_trait v1.2.0
[INFO] [stderr]    Compiling base64 v0.12.3
[INFO] [stderr]    Compiling bech32 v0.7.3
[INFO] [stderr]    Compiling rust-embed-utils v5.1.0
[INFO] [stderr]    Compiling scrypt v0.7.0
[INFO] [stderr]    Compiling radium v0.3.0
[INFO] [stderr]    Compiling bs58 v0.4.0
[INFO] [stderr]    Compiling either v1.6.1
[INFO] [stderr]    Compiling aes v0.7.5
[INFO] [stderr]    Compiling ctr v0.7.0
[INFO] [stderr]    Compiling bitvec v0.17.4
[INFO] [stderr]    Compiling cipher v0.2.5
[INFO] [stderr]    Compiling universal-hash v0.4.1
[INFO] [stderr]    Compiling idna v0.2.3
[INFO] [stderr]    Compiling nom v6.2.1
[INFO] [stderr]    Compiling cpuid-bool v0.2.0
[INFO] [stderr]    Compiling futures-timer v3.0.2
[INFO] [stderr]    Compiling bitvec v0.19.5
[INFO] [stderr]    Compiling poly1305 v0.6.2
[INFO] [stderr]    Compiling rand_chacha v0.2.2
[INFO] [stderr]    Compiling aead v0.3.2
[INFO] [stderr]    Compiling unicode-segmentation v1.8.0
[INFO] [stderr]    Compiling strsim v0.10.0
[INFO] [stderr]    Compiling c2-chacha v0.3.1
[INFO] [stderr]    Compiling Inflector v0.11.4
[INFO] [stderr]    Compiling url v2.2.2
[INFO] [stderr]    Compiling heck v0.3.3
[INFO] [stderr]    Compiling rand v0.7.3
[INFO] [stderr]    Compiling hkdf v0.11.0
[INFO] [stderr]    Compiling dashmap v4.0.2
[INFO] [stderr]    Compiling unicode-width v0.1.8
[INFO] [stderr]    Compiling cookie-factory v0.3.2
[INFO] [stderr]    Compiling textwrap v0.14.2
[INFO] [stderr]    Compiling atty v0.2.14
[INFO] [stderr]    Compiling vec_map v0.8.2
[INFO] [stderr]    Compiling webpki v0.21.4
[INFO] [stderr]    Compiling sct v0.6.1
[INFO] [stderr]    Compiling os_str_bytes v3.1.0
[INFO] [stderr]    Compiling termcolor v1.1.2
[INFO] [stderr]    Compiling bech32 v0.8.1
[INFO] [stderr]    Compiling hex-literal v0.3.3
[INFO] [stderr]    Compiling rustls v0.19.1
[INFO] [stderr]    Compiling webpki-roots v0.21.1
[INFO] [stderr]    Compiling synstructure v0.12.5
[INFO] [stderr]    Compiling thiserror-impl v1.0.28
[INFO] [stderr]    Compiling time-macros-impl v0.1.2
[INFO] [stderr]    Compiling zeroize_derive v1.1.0
[INFO] [stderr]    Compiling tokio-macros v1.3.0
[INFO] [stderr]    Compiling impl-trait-for-tuples v0.2.1
[INFO] [stderr]    Compiling rlp-derive v0.1.0
[INFO] [stderr]    Compiling pin-project-internal v1.0.8
[INFO] [stderr]    Compiling ouroboros_macro v0.9.5
[INFO] [stderr]    Compiling auto_impl v0.4.1
[INFO] [stderr]    Compiling rust-embed-impl v5.9.0
[INFO] [stderr]    Compiling clap_derive v3.0.0-beta.4
[INFO] [stderr]    Compiling zeroize v1.4.1
[INFO] [stderr]    Compiling rust-embed v5.9.0
[INFO] [stderr]    Compiling time-macros v0.1.1
[INFO] [stderr]    Compiling crypto-bigint v0.2.4
[INFO] [stderr]    Compiling chacha20poly1305 v0.7.1
[INFO] [stderr]    Compiling secrecy v0.7.0
[INFO] [stderr]    Compiling curve25519-dalek v3.2.0
[INFO] [stderr]    Compiling age-core v0.6.0
[INFO] [stderr]    Compiling instant v0.1.10
[INFO] [stderr]    Compiling elliptic-curve v0.10.6
[INFO] [stdout] error: linking with `cc` failed: exit status: 1
[INFO] [stdout]   |
[INFO] [stdout]   = note: LC_ALL="C" PATH="/opt/rustwide/rustup-home/toolchains/beta-2023-12-22-x86_64-unknown-linux-gnu/lib/rustlib/x86_64-unknown-linux-gnu/bin:/opt/rustwide/cargo-home/bin:/usr/local/sbin:/usr/local/bin:/usr/sbin:/usr/bin:/sbin:/bin" VSLANG="1033" "cc" "-Wl,--version-script=/tmp/rustcUrFmG6/list" "-Wl,--no-undefined-version" "-m64" "/tmp/rustcUrFmG6/symbols.o" "/opt/rustwide/target/debug/deps/pin_project_internal-4ecb587602c99342.pin_project_internal.5e5be5107e355679-cgu.00.rcgu.o" "/opt/rustwide/target/debug/deps/pin_project_internal-4ecb587602c99342.pin_project_internal.5e5be5107e355679-cgu.01.rcgu.o" "/opt/rustwide/target/debug/deps/pin_project_internal-4ecb587602c99342.pin_project_internal.5e5be5107e355679-cgu.02.rcgu.o" "/opt/rustwide/target/debug/deps/pin_project_internal-4ecb587602c99342.pin_project_internal.5e5be5107e355679-cgu.03.rcgu.o" "/opt/rustwide/target/debug/deps/pin_project_internal-4ecb587602c99342.pin_project_internal.5e5be5107e355679-cgu.04.rcgu.o" "/opt/rustwide/target/debug/deps/pin_project_internal-4ecb587602c99342.pin_project_internal.5e5be5107e355679-cgu.05.rcgu.o" "/opt/rustwide/target/debug/deps/pin_project_internal-4ecb587602c99342.pin_project_internal.5e5be5107e355679-cgu.06.rcgu.o" "/opt/rustwide/target/debug/deps/pin_project_internal-4ecb587602c99342.pin_project_internal.5e5be5107e355679-cgu.07.rcgu.o" "/opt/rustwide/target/debug/deps/pin_project_internal-4ecb587602c99342.pin_project_internal.5e5be5107e355679-cgu.08.rcgu.o" "/opt/rustwide/target/debug/deps/pin_project_internal-4ecb587602c99342.pin_project_internal.5e5be5107e355679-cgu.09.rcgu.o" "/opt/rustwide/target/debug/deps/pin_project_internal-4ecb587602c99342.2yziazloo8yj3llj.rcgu.rmeta" "/opt/rustwide/target/debug/deps/pin_project_internal-4ecb587602c99342.5dhjlk2vf3glw88y.rcgu.o" "-Wl,--as-needed" "-L" "/opt/rustwide/target/debug/deps" "-L" "/opt/rustwide/rustup-home/toolchains/beta-2023-12-22-x86_64-unknown-linux-gnu/lib/rustlib/x86_64-unknown-linux-gnu/lib" "-Wl,-Bstatic" "/opt/rustwide/target/debug/deps/libsyn-7c40365e8baafb55.rlib" "/opt/rustwide/target/debug/deps/libquote-e05ffd44862f7d0f.rlib" "/opt/rustwide/target/debug/deps/libproc_macro2-5cbd4f16247f741e.rlib" "/opt/rustwide/target/debug/deps/libunicode_xid-30a66a5ec9568429.rlib" "/opt/rustwide/rustup-home/toolchains/beta-2023-12-22-x86_64-unknown-linux-gnu/lib/rustlib/x86_64-unknown-linux-gnu/lib/libproc_macro-dac9343a0962bb53.rlib" "/opt/rustwide/rustup-home/toolchains/beta-2023-12-22-x86_64-unknown-linux-gnu/lib/rustlib/x86_64-unknown-linux-gnu/lib/libstd-0672489a78b613de.rlib" "/opt/rustwide/rustup-home/toolchains/beta-2023-12-22-x86_64-unknown-linux-gnu/lib/rustlib/x86_64-unknown-linux-gnu/lib/libpanic_unwind-7eb3ffc34a49f675.rlib" "/opt/rustwide/rustup-home/toolchains/beta-2023-12-22-x86_64-unknown-linux-gnu/lib/rustlib/x86_64-unknown-linux-gnu/lib/libobject-6478a9daa4bee8e2.rlib" "/opt/rustwide/rustup-home/toolchains/beta-2023-12-22-x86_64-unknown-linux-gnu/lib/rustlib/x86_64-unknown-linux-gnu/lib/libmemchr-0c75d871a5c3923d.rlib" "/opt/rustwide/rustup-home/toolchains/beta-2023-12-22-x86_64-unknown-linux-gnu/lib/rustlib/x86_64-unknown-linux-gnu/lib/libaddr2line-d163ef63ad37bb71.rlib" "/opt/rustwide/rustup-home/toolchains/beta-2023-12-22-x86_64-unknown-linux-gnu/lib/rustlib/x86_64-unknown-linux-gnu/lib/libgimli-8a3fd810a85b9f4c.rlib" "/opt/rustwide/rustup-home/toolchains/beta-2023-12-22-x86_64-unknown-linux-gnu/lib/rustlib/x86_64-unknown-linux-gnu/lib/librustc_demangle-462a2cde8c5dfc10.rlib" "/opt/rustwide/rustup-home/toolchains/beta-2023-12-22-x86_64-unknown-linux-gnu/lib/rustlib/x86_64-unknown-linux-gnu/lib/libstd_detect-cb06ac9f54713f71.rlib" "/opt/rustwide/rustup-home/toolchains/beta-2023-12-22-x86_64-unknown-linux-gnu/lib/rustlib/x86_64-unknown-linux-gnu/lib/libhashbrown-f20bfd1f8e59b393.rlib" "/opt/rustwide/rustup-home/toolchains/beta-2023-12-22-x86_64-unknown-linux-gnu/lib/rustlib/x86_64-unknown-linux-gnu/lib/librustc_std_workspace_alloc-1ef460949b49da4b.rlib" "/opt/rustwide/rustup-home/toolchains/beta-2023-12-22-x86_64-unknown-linux-gnu/lib/rustlib/x86_64-unknown-linux-gnu/lib/libminiz_oxide-2cb0c0ffe4f87514.rlib" "/opt/rustwide/rustup-home/toolchains/beta-2023-12-22-x86_64-unknown-linux-gnu/lib/rustlib/x86_64-unknown-linux-gnu/lib/libadler-58d841eb322a11a2.rlib" "/opt/rustwide/rustup-home/toolchains/beta-2023-12-22-x86_64-unknown-linux-gnu/lib/rustlib/x86_64-unknown-linux-gnu/lib/libunwind-aa2ae0b0a9d11533.rlib" "/opt/rustwide/rustup-home/toolchains/beta-2023-12-22-x86_64-unknown-linux-gnu/lib/rustlib/x86_64-unknown-linux-gnu/lib/libcfg_if-23874e15830ed336.rlib" "/opt/rustwide/rustup-home/toolchains/beta-2023-12-22-x86_64-unknown-linux-gnu/lib/rustlib/x86_64-unknown-linux-gnu/lib/liblibc-e47cddc003bce885.rlib" "/opt/rustwide/rustup-home/toolchains/beta-2023-12-22-x86_64-unknown-linux-gnu/lib/rustlib/x86_64-unknown-linux-gnu/lib/liballoc-c22b13b48a8f128e.rlib" "/opt/rustwide/rustup-home/toolchains/beta-2023-12-22-x86_64-unknown-linux-gnu/lib/rustlib/x86_64-unknown-linux-gnu/lib/librustc_std_workspace_core-e46bc3da6d7c462f.rlib" "/opt/rustwide/rustup-home/toolchains/beta-2023-12-22-x86_64-unknown-linux-gnu/lib/rustlib/x86_64-unknown-linux-gnu/lib/libcore-8d1ac131d3cb2645.rlib" "/opt/rustwide/rustup-home/toolchains/beta-2023-12-22-x86_64-unknown-linux-gnu/lib/rustlib/x86_64-unknown-linux-gnu/lib/libcompiler_builtins-a1b43df8c6899c1f.rlib" "-Wl,-Bdynamic" "-lgcc_s" "-lutil" "-lrt" "-lpthread" "-lm" "-ldl" "-lc" "-Wl,--eh-frame-hdr" "-Wl,-z,noexecstack" "-L" "/opt/rustwide/rustup-home/toolchains/beta-2023-12-22-x86_64-unknown-linux-gnu/lib/rustlib/x86_64-unknown-linux-gnu/lib" "-o" "/opt/rustwide/target/debug/deps/libpin_project_internal-4ecb587602c99342.so" "-Wl,--gc-sections" "-shared" "-Wl,-z,relro,-z,now" "-nodefaultlibs"
[INFO] [stdout]   = note: /usr/bin/ld: final link failed: No space left on device
[INFO] [stdout]           collect2: error: ld returned 1 exit status
[INFO] [stdout]           
[INFO] [stdout] 
[INFO] [stdout] 
[INFO] [stdout] error: linking with `cc` failed: exit status: 1
[INFO] [stdout]   |
[INFO] [stdout]   = note: LC_ALL="C" PATH="/opt/rustwide/rustup-home/toolchains/beta-2023-12-22-x86_64-unknown-linux-gnu/lib/rustlib/x86_64-unknown-linux-gnu/bin:/opt/rustwide/cargo-home/bin:/usr/local/sbin:/usr/local/bin:/usr/sbin:/usr/bin:/sbin:/bin" VSLANG="1033" "cc" "-Wl,--version-script=/tmp/rustcjpwku1/list" "-Wl,--no-undefined-version" "-m64" "/tmp/rustcjpwku1/symbols.o" "/opt/rustwide/target/debug/deps/ouroboros_macro-bdebcaad48d8b8e2.ouroboros_macro.2515c1b05f94e3cb-cgu.0.rcgu.o" "/opt/rustwide/target/debug/deps/ouroboros_macro-bdebcaad48d8b8e2.ouroboros_macro.2515c1b05f94e3cb-cgu.1.rcgu.o" "/opt/rustwide/target/debug/deps/ouroboros_macro-bdebcaad48d8b8e2.ouroboros_macro.2515c1b05f94e3cb-cgu.2.rcgu.o" "/opt/rustwide/target/debug/deps/ouroboros_macro-bdebcaad48d8b8e2.ouroboros_macro.2515c1b05f94e3cb-cgu.3.rcgu.o" "/opt/rustwide/target/debug/deps/ouroboros_macro-bdebcaad48d8b8e2.ouroboros_macro.2515c1b05f94e3cb-cgu.4.rcgu.o" "/opt/rustwide/target/debug/deps/ouroboros_macro-bdebcaad48d8b8e2.ouroboros_macro.2515c1b05f94e3cb-cgu.5.rcgu.o" "/opt/rustwide/target/debug/deps/ouroboros_macro-bdebcaad48d8b8e2.ouroboros_macro.2515c1b05f94e3cb-cgu.6.rcgu.o" "/opt/rustwide/target/debug/deps/ouroboros_macro-bdebcaad48d8b8e2.ouroboros_macro.2515c1b05f94e3cb-cgu.7.rcgu.o" "/opt/rustwide/target/debug/deps/ouroboros_macro-bdebcaad48d8b8e2.ouroboros_macro.2515c1b05f94e3cb-cgu.8.rcgu.o" "/opt/rustwide/target/debug/deps/ouroboros_macro-bdebcaad48d8b8e2.47bcpzi1ztom9odd.rcgu.rmeta" "/opt/rustwide/target/debug/deps/ouroboros_macro-bdebcaad48d8b8e2.4qsb0i4hkniyz4ox.rcgu.o" "-Wl,--as-needed" "-L" "/opt/rustwide/target/debug/deps" "-L" "/opt/rustwide/rustup-home/toolchains/beta-2023-12-22-x86_64-unknown-linux-gnu/lib/rustlib/x86_64-unknown-linux-gnu/lib" "-Wl,-Bstatic" "/opt/rustwide/target/debug/deps/libproc_macro_error-1f732c840b530ec9.rlib" "/opt/rustwide/target/debug/deps/libsyn-7c40365e8baafb55.rlib" "/opt/rustwide/target/debug/deps/libquote-e05ffd44862f7d0f.rlib" "/opt/rustwide/target/debug/deps/libproc_macro2-5cbd4f16247f741e.rlib" "/opt/rustwide/target/debug/deps/libunicode_xid-30a66a5ec9568429.rlib" "/opt/rustwide/target/debug/deps/libinflector-6af2bc3967f6866f.rlib" "/opt/rustwide/target/debug/deps/liblazy_static-efa3519517df6cf0.rlib" "/opt/rustwide/target/debug/deps/libregex-e927b49f25438c66.rlib" "/opt/rustwide/target/debug/deps/libregex_syntax-4577c841cfe0367b.rlib" "/opt/rustwide/target/debug/deps/libaho_corasick-4c23279a85360a03.rlib" "/opt/rustwide/target/debug/deps/libmemchr-e5f220b5ff6b3a36.rlib" "/opt/rustwide/rustup-home/toolchains/beta-2023-12-22-x86_64-unknown-linux-gnu/lib/rustlib/x86_64-unknown-linux-gnu/lib/libproc_macro-dac9343a0962bb53.rlib" "/opt/rustwide/rustup-home/toolchains/beta-2023-12-22-x86_64-unknown-linux-gnu/lib/rustlib/x86_64-unknown-linux-gnu/lib/libstd-0672489a78b613de.rlib" "/opt/rustwide/rustup-home/toolchains/beta-2023-12-22-x86_64-unknown-linux-gnu/lib/rustlib/x86_64-unknown-linux-gnu/lib/libpanic_unwind-7eb3ffc34a49f675.rlib" "/opt/rustwide/rustup-home/toolchains/beta-2023-12-22-x86_64-unknown-linux-gnu/lib/rustlib/x86_64-unknown-linux-gnu/lib/libobject-6478a9daa4bee8e2.rlib" "/opt/rustwide/rustup-home/toolchains/beta-2023-12-22-x86_64-unknown-linux-gnu/lib/rustlib/x86_64-unknown-linux-gnu/lib/libmemchr-0c75d871a5c3923d.rlib" "/opt/rustwide/rustup-home/toolchains/beta-2023-12-22-x86_64-unknown-linux-gnu/lib/rustlib/x86_64-unknown-linux-gnu/lib/libaddr2line-d163ef63ad37bb71.rlib" "/opt/rustwide/rustup-home/toolchains/beta-2023-12-22-x86_64-unknown-linux-gnu/lib/rustlib/x86_64-unknown-linux-gnu/lib/libgimli-8a3fd810a85b9f4c.rlib" "/opt/rustwide/rustup-home/toolchains/beta-2023-12-22-x86_64-unknown-linux-gnu/lib/rustlib/x86_64-unknown-linux-gnu/lib/librustc_demangle-462a2cde8c5dfc10.rlib" "/opt/rustwide/rustup-home/toolchains/beta-2023-12-22-x86_64-unknown-linux-gnu/lib/rustlib/x86_64-unknown-linux-gnu/lib/libstd_detect-cb06ac9f54713f71.rlib" "/opt/rustwide/rustup-home/toolchains/beta-2023-12-22-x86_64-unknown-linux-gnu/lib/rustlib/x86_64-unknown-linux-gnu/lib/libhashbrown-f20bfd1f8e59b393.rlib" "/opt/rustwide/rustup-home/toolchains/beta-2023-12-22-x86_64-unknown-linux-gnu/lib/rustlib/x86_64-unknown-linux-gnu/lib/librustc_std_workspace_alloc-1ef460949b49da4b.rlib" "/opt/rustwide/rustup-home/toolchains/beta-2023-12-22-x86_64-unknown-linux-gnu/lib/rustlib/x86_64-unknown-linux-gnu/lib/libminiz_oxide-2cb0c0ffe4f87514.rlib" "/opt/rustwide/rustup-home/toolchains/beta-2023-12-22-x86_64-unknown-linux-gnu/lib/rustlib/x86_64-unknown-linux-gnu/lib/libadler-58d841eb322a11a2.rlib" "/opt/rustwide/rustup-home/toolchains/beta-2023-12-22-x86_64-unknown-linux-gnu/lib/rustlib/x86_64-unknown-linux-gnu/lib/libunwind-aa2ae0b0a9d11533.rlib" "/opt/rustwide/rustup-home/toolchains/beta-2023-12-22-x86_64-unknown-linux-gnu/lib/rustlib/x86_64-unknown-linux-gnu/lib/libcfg_if-23874e15830ed336.rlib" "/opt/rustwide/rustup-home/toolchains/beta-2023-12-22-x86_64-unknown-linux-gnu/lib/rustlib/x86_64-unknown-linux-gnu/lib/liblibc-e47cddc003bce885.rlib" "/opt/rustwide/rustup-home/toolchains/beta-2023-12-22-x86_64-unknown-linux-gnu/lib/rustlib/x86_64-unknown-linux-gnu/lib/liballoc-c22b13b48a8f128e.rlib" "/opt/rustwide/rustup-home/toolchains/beta-2023-12-22-x86_64-unknown-linux-gnu/lib/rustlib/x86_64-unknown-linux-gnu/lib/librustc_std_workspace_core-e46bc3da6d7c462f.rlib" "/opt/rustwide/rustup-home/toolchains/beta-2023-12-22-x86_64-unknown-linux-gnu/lib/rustlib/x86_64-unknown-linux-gnu/lib/libcore-8d1ac131d3cb2645.rlib" "/opt/rustwide/rustup-home/toolchains/beta-2023-12-22-x86_64-unknown-linux-gnu/lib/rustlib/x86_64-unknown-linux-gnu/lib/libcompiler_builtins-a1b43df8c6899c1f.rlib" "-Wl,-Bdynamic" "-lgcc_s" "-lutil" "-lrt" "-lpthread" "-lm" "-ldl" "-lc" "-Wl,--eh-frame-hdr" "-Wl,-z,noexecstack" "-L" "/opt/rustwide/rustup-home/toolchains/beta-2023-12-22-x86_64-unknown-linux-gnu/lib/rustlib/x86_64-unknown-linux-gnu/lib" "-o" "/opt/rustwide/target/debug/deps/libouroboros_macro-bdebcaad48d8b8e2.so" "-Wl,--gc-sections" "-shared" "-Wl,-z,relro,-z,now" "-nodefaultlibs"
[INFO] [stdout]   = note: /usr/bin/ld: final link failed: No space left on device
[INFO] [stdout]           collect2: error: ld returned 1 exit status
[INFO] [stdout]           
[INFO] [stdout] 
[INFO] [stdout] 
[INFO] [stdout] error: aborting due to 1 previous error
[INFO] [stdout] 
[INFO] [stdout] 
[INFO] [stdout] error: linking with `cc` failed: exit status: 1
[INFO] [stdout]   |
[INFO] [stdout]   = note: LC_ALL="C" PATH="/opt/rustwide/rustup-home/toolchains/beta-2023-12-22-x86_64-unknown-linux-gnu/lib/rustlib/x86_64-unknown-linux-gnu/bin:/opt/rustwide/cargo-home/bin:/usr/local/sbin:/usr/local/bin:/usr/sbin:/usr/bin:/sbin:/bin" VSLANG="1033" "cc" "-Wl,--version-script=/tmp/rustcGd33yY/list" "-Wl,--no-undefined-version" "-m64" "/tmp/rustcGd33yY/symbols.o" "/opt/rustwide/target/debug/deps/thiserror_impl-ad65f7de77e52d1e.thiserror_impl.62469566109a1d71-cgu.0.rcgu.o" "/opt/rustwide/target/debug/deps/thiserror_impl-ad65f7de77e52d1e.thiserror_impl.62469566109a1d71-cgu.1.rcgu.o" "/opt/rustwide/target/debug/deps/thiserror_impl-ad65f7de77e52d1e.thiserror_impl.62469566109a1d71-cgu.2.rcgu.o" "/opt/rustwide/target/debug/deps/thiserror_impl-ad65f7de77e52d1e.thiserror_impl.62469566109a1d71-cgu.3.rcgu.o" "/opt/rustwide/target/debug/deps/thiserror_impl-ad65f7de77e52d1e.thiserror_impl.62469566109a1d71-cgu.4.rcgu.o" "/opt/rustwide/target/debug/deps/thiserror_impl-ad65f7de77e52d1e.thiserror_impl.62469566109a1d71-cgu.5.rcgu.o" "/opt/rustwide/target/debug/deps/thiserror_impl-ad65f7de77e52d1e.thiserror_impl.62469566109a1d71-cgu.6.rcgu.o" "/opt/rustwide/target/debug/deps/thiserror_impl-ad65f7de77e52d1e.thiserror_impl.62469566109a1d71-cgu.7.rcgu.o" "/opt/rustwide/target/debug/deps/thiserror_impl-ad65f7de77e52d1e.thiserror_impl.62469566109a1d71-cgu.8.rcgu.o" "/opt/rustwide/target/debug/deps/thiserror_impl-ad65f7de77e52d1e.3piq955103s0fnuj.rcgu.rmeta" "/opt/rustwide/target/debug/deps/thiserror_impl-ad65f7de77e52d1e.2378h8e4wspo2fat.rcgu.o" "-Wl,--as-needed" "-L" "/opt/rustwide/target/debug/deps" "-L" "/opt/rustwide/rustup-home/toolchains/beta-2023-12-22-x86_64-unknown-linux-gnu/lib/rustlib/x86_64-unknown-linux-gnu/lib" "-Wl,-Bstatic" "/opt/rustwide/target/debug/deps/libsyn-7c40365e8baafb55.rlib" "/opt/rustwide/target/debug/deps/libquote-e05ffd44862f7d0f.rlib" "/opt/rustwide/target/debug/deps/libproc_macro2-5cbd4f16247f741e.rlib" "/opt/rustwide/target/debug/deps/libunicode_xid-30a66a5ec9568429.rlib" "/opt/rustwide/rustup-home/toolchains/beta-2023-12-22-x86_64-unknown-linux-gnu/lib/rustlib/x86_64-unknown-linux-gnu/lib/libproc_macro-dac9343a0962bb53.rlib" "/opt/rustwide/rustup-home/toolchains/beta-2023-12-22-x86_64-unknown-linux-gnu/lib/rustlib/x86_64-unknown-linux-gnu/lib/libstd-0672489a78b613de.rlib" "/opt/rustwide/rustup-home/toolchains/beta-2023-12-22-x86_64-unknown-linux-gnu/lib/rustlib/x86_64-unknown-linux-gnu/lib/libpanic_unwind-7eb3ffc34a49f675.rlib" "/opt/rustwide/rustup-home/toolchains/beta-2023-12-22-x86_64-unknown-linux-gnu/lib/rustlib/x86_64-unknown-linux-gnu/lib/libobject-6478a9daa4bee8e2.rlib" "/opt/rustwide/rustup-home/toolchains/beta-2023-12-22-x86_64-unknown-linux-gnu/lib/rustlib/x86_64-unknown-linux-gnu/lib/libmemchr-0c75d871a5c3923d.rlib" "/opt/rustwide/rustup-home/toolchains/beta-2023-12-22-x86_64-unknown-linux-gnu/lib/rustlib/x86_64-unknown-linux-gnu/lib/libaddr2line-d163ef63ad37bb71.rlib" "/opt/rustwide/rustup-home/toolchains/beta-2023-12-22-x86_64-unknown-linux-gnu/lib/rustlib/x86_64-unknown-linux-gnu/lib/libgimli-8a3fd810a85b9f4c.rlib" "/opt/rustwide/rustup-home/toolchains/beta-2023-12-22-x86_64-unknown-linux-gnu/lib/rustlib/x86_64-unknown-linux-gnu/lib/librustc_demangle-462a2cde8c5dfc10.rlib" "/opt/rustwide/rustup-home/toolchains/beta-2023-12-22-x86_64-unknown-linux-gnu/lib/rustlib/x86_64-unknown-linux-gnu/lib/libstd_detect-cb06ac9f54713f71.rlib" "/opt/rustwide/rustup-home/toolchains/beta-2023-12-22-x86_64-unknown-linux-gnu/lib/rustlib/x86_64-unknown-linux-gnu/lib/libhashbrown-f20bfd1f8e59b393.rlib" "/opt/rustwide/rustup-home/toolchains/beta-2023-12-22-x86_64-unknown-linux-gnu/lib/rustlib/x86_64-unknown-linux-gnu/lib/librustc_std_workspace_alloc-1ef460949b49da4b.rlib" "/opt/rustwide/rustup-home/toolchains/beta-2023-12-22-x86_64-unknown-linux-gnu/lib/rustlib/x86_64-unknown-linux-gnu/lib/libminiz_oxide-2cb0c0ffe4f87514.rlib" "/opt/rustwide/rustup-home/toolchains/beta-2023-12-22-x86_64-unknown-linux-gnu/lib/rustlib/x86_64-unknown-linux-gnu/lib/libadler-58d841eb322a11a2.rlib" "/opt/rustwide/rustup-home/toolchains/beta-2023-12-22-x86_64-unknown-linux-gnu/lib/rustlib/x86_64-unknown-linux-gnu/lib/libunwind-aa2ae0b0a9d11533.rlib" "/opt/rustwide/rustup-home/toolchains/beta-2023-12-22-x86_64-unknown-linux-gnu/lib/rustlib/x86_64-unknown-linux-gnu/lib/libcfg_if-23874e15830ed336.rlib" "/opt/rustwide/rustup-home/toolchains/beta-2023-12-22-x86_64-unknown-linux-gnu/lib/rustlib/x86_64-unknown-linux-gnu/lib/liblibc-e47cddc003bce885.rlib" "/opt/rustwide/rustup-home/toolchains/beta-2023-12-22-x86_64-unknown-linux-gnu/lib/rustlib/x86_64-unknown-linux-gnu/lib/liballoc-c22b13b48a8f128e.rlib" "/opt/rustwide/rustup-home/toolchains/beta-2023-12-22-x86_64-unknown-linux-gnu/lib/rustlib/x86_64-unknown-linux-gnu/lib/librustc_std_workspace_core-e46bc3da6d7c462f.rlib" "/opt/rustwide/rustup-home/toolchains/beta-2023-12-22-x86_64-unknown-linux-gnu/lib/rustlib/x86_64-unknown-linux-gnu/lib/libcore-8d1ac131d3cb2645.rlib" "/opt/rustwide/rustup-home/toolchains/beta-2023-12-22-x86_64-unknown-linux-gnu/lib/rustlib/x86_64-unknown-linux-gnu/lib/libcompiler_builtins-a1b43df8c6899c1f.rlib" "-Wl,-Bdynamic" "-lgcc_s" "-lutil" "-lrt" "-lpthread" "-lm" "-ldl" "-lc" "-Wl,--eh-frame-hdr" "-Wl,-z,noexecstack" "-L" "/opt/rustwide/rustup-home/toolchains/beta-2023-12-22-x86_64-unknown-linux-gnu/lib/rustlib/x86_64-unknown-linux-gnu/lib" "-o" "/opt/rustwide/target/debug/deps/libthiserror_impl-ad65f7de77e52d1e.so" "-Wl,--gc-sections" "-shared" "-Wl,-z,relro,-z,now" "-nodefaultlibs"
[INFO] [stdout]   = note: /usr/bin/ld: final link failed: No space left on device
[INFO] [stdout]           collect2: error: ld returned 1 exit status
[INFO] [stdout]           
[INFO] [stdout] 
[INFO] [stdout] 
[INFO] [stdout] error: aborting due to 1 previous error
[INFO] [stdout] 
[INFO] [stdout] 
[INFO] [stdout] error: aborting due to 1 previous error
[INFO] [stdout] 
[INFO] [stdout] 
[INFO] [stdout] error: linking with `cc` failed: exit status: 1
[INFO] [stdout]   |
[INFO] [stdout]   = note: LC_ALL="C" PATH="/opt/rustwide/rustup-home/toolchains/beta-2023-12-22-x86_64-unknown-linux-gnu/lib/rustlib/x86_64-unknown-linux-gnu/bin:/opt/rustwide/cargo-home/bin:/usr/local/sbin:/usr/local/bin:/usr/sbin:/usr/bin:/sbin:/bin" VSLANG="1033" "cc" "-Wl,--version-script=/tmp/rustc2FFXQa/list" "-Wl,--no-undefined-version" "-m64" "/tmp/rustc2FFXQa/symbols.o" "/opt/rustwide/target/debug/deps/clap_derive-2594ad3a74823cd2.clap_derive.84d4f57741a11f98-cgu.00.rcgu.o" "/opt/rustwide/target/debug/deps/clap_derive-2594ad3a74823cd2.clap_derive.84d4f57741a11f98-cgu.01.rcgu.o" "/opt/rustwide/target/debug/deps/clap_derive-2594ad3a74823cd2.clap_derive.84d4f57741a11f98-cgu.02.rcgu.o" "/opt/rustwide/target/debug/deps/clap_derive-2594ad3a74823cd2.clap_derive.84d4f57741a11f98-cgu.03.rcgu.o" "/opt/rustwide/target/debug/deps/clap_derive-2594ad3a74823cd2.clap_derive.84d4f57741a11f98-cgu.04.rcgu.o" "/opt/rustwide/target/debug/deps/clap_derive-2594ad3a74823cd2.clap_derive.84d4f57741a11f98-cgu.05.rcgu.o" "/opt/rustwide/target/debug/deps/clap_derive-2594ad3a74823cd2.clap_derive.84d4f57741a11f98-cgu.06.rcgu.o" "/opt/rustwide/target/debug/deps/clap_derive-2594ad3a74823cd2.clap_derive.84d4f57741a11f98-cgu.07.rcgu.o" "/opt/rustwide/target/debug/deps/clap_derive-2594ad3a74823cd2.clap_derive.84d4f57741a11f98-cgu.08.rcgu.o" "/opt/rustwide/target/debug/deps/clap_derive-2594ad3a74823cd2.clap_derive.84d4f57741a11f98-cgu.09.rcgu.o" "/opt/rustwide/target/debug/deps/clap_derive-2594ad3a74823cd2.clap_derive.84d4f57741a11f98-cgu.10.rcgu.o" "/opt/rustwide/target/debug/deps/clap_derive-2594ad3a74823cd2.clap_derive.84d4f57741a11f98-cgu.11.rcgu.o" "/opt/rustwide/target/debug/deps/clap_derive-2594ad3a74823cd2.clap_derive.84d4f57741a11f98-cgu.12.rcgu.o" "/opt/rustwide/target/debug/deps/clap_derive-2594ad3a74823cd2.clap_derive.84d4f57741a11f98-cgu.13.rcgu.o" "/opt/rustwide/target/debug/deps/clap_derive-2594ad3a74823cd2.clap_derive.84d4f57741a11f98-cgu.14.rcgu.o" "/opt/rustwide/target/debug/deps/clap_derive-2594ad3a74823cd2.clap_derive.84d4f57741a11f98-cgu.15.rcgu.o" "/opt/rustwide/target/debug/deps/clap_derive-2594ad3a74823cd2.jp2i79gcxa777au.rcgu.rmeta" "/opt/rustwide/target/debug/deps/clap_derive-2594ad3a74823cd2.2gemnb715ohdwyuz.rcgu.o" "-Wl,--as-needed" "-L" "/opt/rustwide/target/debug/deps" "-L" "/opt/rustwide/rustup-home/toolchains/beta-2023-12-22-x86_64-unknown-linux-gnu/lib/rustlib/x86_64-unknown-linux-gnu/lib" "-Wl,-Bstatic" "/opt/rustwide/target/debug/deps/libheck-f9cc2141950acfed.rlib" "/opt/rustwide/target/debug/deps/libunicode_segmentation-b939d881fb8b6c30.rlib" "/opt/rustwide/target/debug/deps/libproc_macro_error-1f732c840b530ec9.rlib" "/opt/rustwide/target/debug/deps/libsyn-7c40365e8baafb55.rlib" "/opt/rustwide/target/debug/deps/libquote-e05ffd44862f7d0f.rlib" "/opt/rustwide/target/debug/deps/libproc_macro2-5cbd4f16247f741e.rlib" "/opt/rustwide/target/debug/deps/libunicode_xid-30a66a5ec9568429.rlib" "/opt/rustwide/rustup-home/toolchains/beta-2023-12-22-x86_64-unknown-linux-gnu/lib/rustlib/x86_64-unknown-linux-gnu/lib/libproc_macro-dac9343a0962bb53.rlib" "/opt/rustwide/rustup-home/toolchains/beta-2023-12-22-x86_64-unknown-linux-gnu/lib/rustlib/x86_64-unknown-linux-gnu/lib/libstd-0672489a78b613de.rlib" "/opt/rustwide/rustup-home/toolchains/beta-2023-12-22-x86_64-unknown-linux-gnu/lib/rustlib/x86_64-unknown-linux-gnu/lib/libpanic_unwind-7eb3ffc34a49f675.rlib" "/opt/rustwide/rustup-home/toolchains/beta-2023-12-22-x86_64-unknown-linux-gnu/lib/rustlib/x86_64-unknown-linux-gnu/lib/libobject-6478a9daa4bee8e2.rlib" "/opt/rustwide/rustup-home/toolchains/beta-2023-12-22-x86_64-unknown-linux-gnu/lib/rustlib/x86_64-unknown-linux-gnu/lib/libmemchr-0c75d871a5c3923d.rlib" "/opt/rustwide/rustup-home/toolchains/beta-2023-12-22-x86_64-unknown-linux-gnu/lib/rustlib/x86_64-unknown-linux-gnu/lib/libaddr2line-d163ef63ad37bb71.rlib" "/opt/rustwide/rustup-home/toolchains/beta-2023-12-22-x86_64-unknown-linux-gnu/lib/rustlib/x86_64-unknown-linux-gnu/lib/libgimli-8a3fd810a85b9f4c.rlib" "/opt/rustwide/rustup-home/toolchains/beta-2023-12-22-x86_64-unknown-linux-gnu/lib/rustlib/x86_64-unknown-linux-gnu/lib/librustc_demangle-462a2cde8c5dfc10.rlib" "/opt/rustwide/rustup-home/toolchains/beta-2023-12-22-x86_64-unknown-linux-gnu/lib/rustlib/x86_64-unknown-linux-gnu/lib/libstd_detect-cb06ac9f54713f71.rlib" "/opt/rustwide/rustup-home/toolchains/beta-2023-12-22-x86_64-unknown-linux-gnu/lib/rustlib/x86_64-unknown-linux-gnu/lib/libhashbrown-f20bfd1f8e59b393.rlib" "/opt/rustwide/rustup-home/toolchains/beta-2023-12-22-x86_64-unknown-linux-gnu/lib/rustlib/x86_64-unknown-linux-gnu/lib/librustc_std_workspace_alloc-1ef460949b49da4b.rlib" "/opt/rustwide/rustup-home/toolchains/beta-2023-12-22-x86_64-unknown-linux-gnu/lib/rustlib/x86_64-unknown-linux-gnu/lib/libminiz_oxide-2cb0c0ffe4f87514.rlib" "/opt/rustwide/rustup-home/toolchains/beta-2023-12-22-x86_64-unknown-linux-gnu/lib/rustlib/x86_64-unknown-linux-gnu/lib/libadler-58d841eb322a11a2.rlib" "/opt/rustwide/rustup-home/toolchains/beta-2023-12-22-x86_64-unknown-linux-gnu/lib/rustlib/x86_64-unknown-linux-gnu/lib/libunwind-aa2ae0b0a9d11533.rlib" "/opt/rustwide/rustup-home/toolchains/beta-2023-12-22-x86_64-unknown-linux-gnu/lib/rustlib/x86_64-unknown-linux-gnu/lib/libcfg_if-23874e15830ed336.rlib" "/opt/rustwide/rustup-home/toolchains/beta-2023-12-22-x86_64-unknown-linux-gnu/lib/rustlib/x86_64-unknown-linux-gnu/lib/liblibc-e47cddc003bce885.rlib" "/opt/rustwide/rustup-home/toolchains/beta-2023-12-22-x86_64-unknown-linux-gnu/lib/rustlib/x86_64-unknown-linux-gnu/lib/liballoc-c22b13b48a8f128e.rlib" "/opt/rustwide/rustup-home/toolchains/beta-2023-12-22-x86_64-unknown-linux-gnu/lib/rustlib/x86_64-unknown-linux-gnu/lib/librustc_std_workspace_core-e46bc3da6d7c462f.rlib" "/opt/rustwide/rustup-home/toolchains/beta-2023-12-22-x86_64-unknown-linux-gnu/lib/rustlib/x86_64-unknown-linux-gnu/lib/libcore-8d1ac131d3cb2645.rlib" "/opt/rustwide/rustup-home/toolchains/beta-2023-12-22-x86_64-unknown-linux-gnu/lib/rustlib/x86_64-unknown-linux-gnu/lib/libcompiler_builtins-a1b43df8c6899c1f.rlib" "-Wl,-Bdynamic" "-lgcc_s" "-lutil" "-lrt" "-lpthread" "-lm" "-ldl" "-lc" "-Wl,--eh-frame-hdr" "-Wl,-z,noexecstack" "-L" "/opt/rustwide/rustup-home/toolchains/beta-2023-12-22-x86_64-unknown-linux-gnu/lib/rustlib/x86_64-unknown-linux-gnu/lib" "-o" "/opt/rustwide/target/debug/deps/libclap_derive-2594ad3a74823cd2.so" "-Wl,--gc-sections" "-shared" "-Wl,-z,relro,-z,now" "-nodefaultlibs"
[INFO] [stdout]   = note: /usr/bin/ld: final link failed: No space left on device
[INFO] [stdout]           collect2: error: ld returned 1 exit status
[INFO] [stdout]           
[INFO] [stdout] 
[INFO] [stdout] 
[INFO] [stderr] error: could not compile `pin-project-internal` (lib) due to 2 previous errors
[INFO] [stdout] error: aborting due to 1 previous error
[INFO] [stdout] 
[INFO] [stdout] 
[INFO] [stderr] warning: build failed, waiting for other jobs to finish...
[INFO] [stderr] error: could not compile `thiserror-impl` (lib) due to 2 previous errors
[INFO] [stderr] error: could not compile `ouroboros_macro` (lib) due to 2 previous errors
[INFO] [stdout] error: linking with `cc` failed: exit status: 1
[INFO] [stdout]   |
[INFO] [stdout]   = note: LC_ALL="C" PATH="/opt/rustwide/rustup-home/toolchains/beta-2023-12-22-x86_64-unknown-linux-gnu/lib/rustlib/x86_64-unknown-linux-gnu/bin:/opt/rustwide/cargo-home/bin:/usr/local/sbin:/usr/local/bin:/usr/sbin:/usr/bin:/sbin:/bin" VSLANG="1033" "cc" "-Wl,--version-script=/tmp/rustcLtCrW6/list" "-Wl,--no-undefined-version" "-m64" "/tmp/rustcLtCrW6/symbols.o" "/opt/rustwide/target/debug/deps/async_trait-fd1265b28e49f3ef.async_trait.aceb8658d5d97d9f-cgu.00.rcgu.o" "/opt/rustwide/target/debug/deps/async_trait-fd1265b28e49f3ef.async_trait.aceb8658d5d97d9f-cgu.01.rcgu.o" "/opt/rustwide/target/debug/deps/async_trait-fd1265b28e49f3ef.async_trait.aceb8658d5d97d9f-cgu.02.rcgu.o" "/opt/rustwide/target/debug/deps/async_trait-fd1265b28e49f3ef.async_trait.aceb8658d5d97d9f-cgu.03.rcgu.o" "/opt/rustwide/target/debug/deps/async_trait-fd1265b28e49f3ef.async_trait.aceb8658d5d97d9f-cgu.04.rcgu.o" "/opt/rustwide/target/debug/deps/async_trait-fd1265b28e49f3ef.async_trait.aceb8658d5d97d9f-cgu.05.rcgu.o" "/opt/rustwide/target/debug/deps/async_trait-fd1265b28e49f3ef.async_trait.aceb8658d5d97d9f-cgu.06.rcgu.o" "/opt/rustwide/target/debug/deps/async_trait-fd1265b28e49f3ef.async_trait.aceb8658d5d97d9f-cgu.07.rcgu.o" "/opt/rustwide/target/debug/deps/async_trait-fd1265b28e49f3ef.async_trait.aceb8658d5d97d9f-cgu.08.rcgu.o" "/opt/rustwide/target/debug/deps/async_trait-fd1265b28e49f3ef.async_trait.aceb8658d5d97d9f-cgu.09.rcgu.o" "/opt/rustwide/target/debug/deps/async_trait-fd1265b28e49f3ef.1avif58xfn6g3vti.rcgu.rmeta" "/opt/rustwide/target/debug/deps/async_trait-fd1265b28e49f3ef.1m5xqzwbj34dryit.rcgu.o" "-Wl,--as-needed" "-L" "/opt/rustwide/target/debug/deps" "-L" "/opt/rustwide/rustup-home/toolchains/beta-2023-12-22-x86_64-unknown-linux-gnu/lib/rustlib/x86_64-unknown-linux-gnu/lib" "-Wl,-Bstatic" "/opt/rustwide/target/debug/deps/libsyn-7c40365e8baafb55.rlib" "/opt/rustwide/target/debug/deps/libquote-e05ffd44862f7d0f.rlib" "/opt/rustwide/target/debug/deps/libproc_macro2-5cbd4f16247f741e.rlib" "/opt/rustwide/target/debug/deps/libunicode_xid-30a66a5ec9568429.rlib" "/opt/rustwide/rustup-home/toolchains/beta-2023-12-22-x86_64-unknown-linux-gnu/lib/rustlib/x86_64-unknown-linux-gnu/lib/libproc_macro-dac9343a0962bb53.rlib" "/opt/rustwide/rustup-home/toolchains/beta-2023-12-22-x86_64-unknown-linux-gnu/lib/rustlib/x86_64-unknown-linux-gnu/lib/libstd-0672489a78b613de.rlib" "/opt/rustwide/rustup-home/toolchains/beta-2023-12-22-x86_64-unknown-linux-gnu/lib/rustlib/x86_64-unknown-linux-gnu/lib/libpanic_unwind-7eb3ffc34a49f675.rlib" "/opt/rustwide/rustup-home/toolchains/beta-2023-12-22-x86_64-unknown-linux-gnu/lib/rustlib/x86_64-unknown-linux-gnu/lib/libobject-6478a9daa4bee8e2.rlib" "/opt/rustwide/rustup-home/toolchains/beta-2023-12-22-x86_64-unknown-linux-gnu/lib/rustlib/x86_64-unknown-linux-gnu/lib/libmemchr-0c75d871a5c3923d.rlib" "/opt/rustwide/rustup-home/toolchains/beta-2023-12-22-x86_64-unknown-linux-gnu/lib/rustlib/x86_64-unknown-linux-gnu/lib/libaddr2line-d163ef63ad37bb71.rlib" "/opt/rustwide/rustup-home/toolchains/beta-2023-12-22-x86_64-unknown-linux-gnu/lib/rustlib/x86_64-unknown-linux-gnu/lib/libgimli-8a3fd810a85b9f4c.rlib" "/opt/rustwide/rustup-home/toolchains/beta-2023-12-22-x86_64-unknown-linux-gnu/lib/rustlib/x86_64-unknown-linux-gnu/lib/librustc_demangle-462a2cde8c5dfc10.rlib" "/opt/rustwide/rustup-home/toolchains/beta-2023-12-22-x86_64-unknown-linux-gnu/lib/rustlib/x86_64-unknown-linux-gnu/lib/libstd_detect-cb06ac9f54713f71.rlib" "/opt/rustwide/rustup-home/toolchains/beta-2023-12-22-x86_64-unknown-linux-gnu/lib/rustlib/x86_64-unknown-linux-gnu/lib/libhashbrown-f20bfd1f8e59b393.rlib" "/opt/rustwide/rustup-home/toolchains/beta-2023-12-22-x86_64-unknown-linux-gnu/lib/rustlib/x86_64-unknown-linux-gnu/lib/librustc_std_workspace_alloc-1ef460949b49da4b.rlib" "/opt/rustwide/rustup-home/toolchains/beta-2023-12-22-x86_64-unknown-linux-gnu/lib/rustlib/x86_64-unknown-linux-gnu/lib/libminiz_oxide-2cb0c0ffe4f87514.rlib" "/opt/rustwide/rustup-home/toolchains/beta-2023-12-22-x86_64-unknown-linux-gnu/lib/rustlib/x86_64-unknown-linux-gnu/lib/libadler-58d841eb322a11a2.rlib" "/opt/rustwide/rustup-home/toolchains/beta-2023-12-22-x86_64-unknown-linux-gnu/lib/rustlib/x86_64-unknown-linux-gnu/lib/libunwind-aa2ae0b0a9d11533.rlib" "/opt/rustwide/rustup-home/toolchains/beta-2023-12-22-x86_64-unknown-linux-gnu/lib/rustlib/x86_64-unknown-linux-gnu/lib/libcfg_if-23874e15830ed336.rlib" "/opt/rustwide/rustup-home/toolchains/beta-2023-12-22-x86_64-unknown-linux-gnu/lib/rustlib/x86_64-unknown-linux-gnu/lib/liblibc-e47cddc003bce885.rlib" "/opt/rustwide/rustup-home/toolchains/beta-2023-12-22-x86_64-unknown-linux-gnu/lib/rustlib/x86_64-unknown-linux-gnu/lib/liballoc-c22b13b48a8f128e.rlib" "/opt/rustwide/rustup-home/toolchains/beta-2023-12-22-x86_64-unknown-linux-gnu/lib/rustlib/x86_64-unknown-linux-gnu/lib/librustc_std_workspace_core-e46bc3da6d7c462f.rlib" "/opt/rustwide/rustup-home/toolchains/beta-2023-12-22-x86_64-unknown-linux-gnu/lib/rustlib/x86_64-unknown-linux-gnu/lib/libcore-8d1ac131d3cb2645.rlib" "/opt/rustwide/rustup-home/toolchains/beta-2023-12-22-x86_64-unknown-linux-gnu/lib/rustlib/x86_64-unknown-linux-gnu/lib/libcompiler_builtins-a1b43df8c6899c1f.rlib" "-Wl,-Bdynamic" "-lgcc_s" "-lutil" "-lrt" "-lpthread" "-lm" "-ldl" "-lc" "-Wl,--eh-frame-hdr" "-Wl,-z,noexecstack" "-L" "/opt/rustwide/rustup-home/toolchains/beta-2023-12-22-x86_64-unknown-linux-gnu/lib/rustlib/x86_64-unknown-linux-gnu/lib" "-o" "/opt/rustwide/target/debug/deps/libasync_trait-fd1265b28e49f3ef.so" "-Wl,--gc-sections" "-shared" "-Wl,-z,relro,-z,now" "-nodefaultlibs"
[INFO] [stdout]   = note: /usr/bin/ld: final link failed: No space left on device
[INFO] [stdout]           collect2: error: ld returned 1 exit status
[INFO] [stdout]           
[INFO] [stdout] 
[INFO] [stdout] 
[INFO] [stdout] error: aborting due to 1 previous error
[INFO] [stdout] 
[INFO] [stdout] 
[INFO] [stderr] error: could not compile `clap_derive` (lib) due to 2 previous errors
[INFO] [stderr] error: could not compile `async-trait` (lib) due to 2 previous errors
[INFO] [stderr] LLVM ERROR: IO failure on output stream: No space left on device
[INFO] [stderr] LLVM ERROR: IO failure on output stream: No space left on deviceLLVM ERROR: IO failure on output stream: No space left on device
[INFO] [stderr] LLVM ERROR: IO failure on output stream: No space left on device
[INFO] [stderr] error: could not compile `curve25519-dalek` (lib)
[INFO] [stderr] LLVM ERROR: IO failure on output stream: No space left on device
[INFO] [stderr] error: could not compile `time` (lib)
[INFO] [stderr] error: could not compile `serde_derive` (lib)
[INFO] [stderr] error: could not compile `rustls` (lib)
[INFO] [stdout] error: linking with `cc` failed: exit status: 1
[INFO] [stdout]   |
[INFO] [stdout]   = note: LC_ALL="C" PATH="/opt/rustwide/rustup-home/toolchains/beta-2023-12-22-x86_64-unknown-linux-gnu/lib/rustlib/x86_64-unknown-linux-gnu/bin:/opt/rustwide/cargo-home/bin:/usr/local/sbin:/usr/local/bin:/usr/sbin:/usr/bin:/sbin:/bin" VSLANG="1033" "cc" "-Wl,--version-script=/tmp/rustcIMTrwz/list" "-Wl,--no-undefined-version" "-m64" "/tmp/rustcIMTrwz/symbols.o" "/opt/rustwide/target/debug/deps/impl_trait_for_tuples-fecf4e80c661561b.impl_trait_for_tuples.c5de06bdd7a83602-cgu.00.rcgu.o" "/opt/rustwide/target/debug/deps/impl_trait_for_tuples-fecf4e80c661561b.impl_trait_for_tuples.c5de06bdd7a83602-cgu.01.rcgu.o" "/opt/rustwide/target/debug/deps/impl_trait_for_tuples-fecf4e80c661561b.impl_trait_for_tuples.c5de06bdd7a83602-cgu.02.rcgu.o" "/opt/rustwide/target/debug/deps/impl_trait_for_tuples-fecf4e80c661561b.impl_trait_for_tuples.c5de06bdd7a83602-cgu.03.rcgu.o" "/opt/rustwide/target/debug/deps/impl_trait_for_tuples-fecf4e80c661561b.impl_trait_for_tuples.c5de06bdd7a83602-cgu.04.rcgu.o" "/opt/rustwide/target/debug/deps/impl_trait_for_tuples-fecf4e80c661561b.impl_trait_for_tuples.c5de06bdd7a83602-cgu.05.rcgu.o" "/opt/rustwide/target/debug/deps/impl_trait_for_tuples-fecf4e80c661561b.impl_trait_for_tuples.c5de06bdd7a83602-cgu.06.rcgu.o" "/opt/rustwide/target/debug/deps/impl_trait_for_tuples-fecf4e80c661561b.impl_trait_for_tuples.c5de06bdd7a83602-cgu.07.rcgu.o" "/opt/rustwide/target/debug/deps/impl_trait_for_tuples-fecf4e80c661561b.impl_trait_for_tuples.c5de06bdd7a83602-cgu.08.rcgu.o" "/opt/rustwide/target/debug/deps/impl_trait_for_tuples-fecf4e80c661561b.impl_trait_for_tuples.c5de06bdd7a83602-cgu.09.rcgu.o" "/opt/rustwide/target/debug/deps/impl_trait_for_tuples-fecf4e80c661561b.impl_trait_for_tuples.c5de06bdd7a83602-cgu.10.rcgu.o" "/opt/rustwide/target/debug/deps/impl_trait_for_tuples-fecf4e80c661561b.impl_trait_for_tuples.c5de06bdd7a83602-cgu.11.rcgu.o" "/opt/rustwide/target/debug/deps/impl_trait_for_tuples-fecf4e80c661561b.impl_trait_for_tuples.c5de06bdd7a83602-cgu.12.rcgu.o" "/opt/rustwide/target/debug/deps/impl_trait_for_tuples-fecf4e80c661561b.impl_trait_for_tuples.c5de06bdd7a83602-cgu.13.rcgu.o" "/opt/rustwide/target/debug/deps/impl_trait_for_tuples-fecf4e80c661561b.impl_trait_for_tuples.c5de06bdd7a83602-cgu.14.rcgu.o" "/opt/rustwide/target/debug/deps/impl_trait_for_tuples-fecf4e80c661561b.impl_trait_for_tuples.c5de06bdd7a83602-cgu.15.rcgu.o" "/opt/rustwide/target/debug/deps/impl_trait_for_tuples-fecf4e80c661561b.36o2ihhgkntgadf9.rcgu.rmeta" "/opt/rustwide/target/debug/deps/impl_trait_for_tuples-fecf4e80c661561b.593379d7h36tdfxy.rcgu.o" "-Wl,--as-needed" "-L" "/opt/rustwide/target/debug/deps" "-L" "/opt/rustwide/rustup-home/toolchains/beta-2023-12-22-x86_64-unknown-linux-gnu/lib/rustlib/x86_64-unknown-linux-gnu/lib" "-Wl,-Bstatic" "/opt/rustwide/target/debug/deps/libsyn-7c40365e8baafb55.rlib" "/opt/rustwide/target/debug/deps/libquote-e05ffd44862f7d0f.rlib" "/opt/rustwide/target/debug/deps/libproc_macro2-5cbd4f16247f741e.rlib" "/opt/rustwide/target/debug/deps/libunicode_xid-30a66a5ec9568429.rlib" "/opt/rustwide/rustup-home/toolchains/beta-2023-12-22-x86_64-unknown-linux-gnu/lib/rustlib/x86_64-unknown-linux-gnu/lib/libproc_macro-dac9343a0962bb53.rlib" "/opt/rustwide/rustup-home/toolchains/beta-2023-12-22-x86_64-unknown-linux-gnu/lib/rustlib/x86_64-unknown-linux-gnu/lib/libstd-0672489a78b613de.rlib" "/opt/rustwide/rustup-home/toolchains/beta-2023-12-22-x86_64-unknown-linux-gnu/lib/rustlib/x86_64-unknown-linux-gnu/lib/libpanic_unwind-7eb3ffc34a49f675.rlib" "/opt/rustwide/rustup-home/toolchains/beta-2023-12-22-x86_64-unknown-linux-gnu/lib/rustlib/x86_64-unknown-linux-gnu/lib/libobject-6478a9daa4bee8e2.rlib" "/opt/rustwide/rustup-home/toolchains/beta-2023-12-22-x86_64-unknown-linux-gnu/lib/rustlib/x86_64-unknown-linux-gnu/lib/libmemchr-0c75d871a5c3923d.rlib" "/opt/rustwide/rustup-home/toolchains/beta-2023-12-22-x86_64-unknown-linux-gnu/lib/rustlib/x86_64-unknown-linux-gnu/lib/libaddr2line-d163ef63ad37bb71.rlib" "/opt/rustwide/rustup-home/toolchains/beta-2023-12-22-x86_64-unknown-linux-gnu/lib/rustlib/x86_64-unknown-linux-gnu/lib/libgimli-8a3fd810a85b9f4c.rlib" "/opt/rustwide/rustup-home/toolchains/beta-2023-12-22-x86_64-unknown-linux-gnu/lib/rustlib/x86_64-unknown-linux-gnu/lib/librustc_demangle-462a2cde8c5dfc10.rlib" "/opt/rustwide/rustup-home/toolchains/beta-2023-12-22-x86_64-unknown-linux-gnu/lib/rustlib/x86_64-unknown-linux-gnu/lib/libstd_detect-cb06ac9f54713f71.rlib" "/opt/rustwide/rustup-home/toolchains/beta-2023-12-22-x86_64-unknown-linux-gnu/lib/rustlib/x86_64-unknown-linux-gnu/lib/libhashbrown-f20bfd1f8e59b393.rlib" "/opt/rustwide/rustup-home/toolchains/beta-2023-12-22-x86_64-unknown-linux-gnu/lib/rustlib/x86_64-unknown-linux-gnu/lib/librustc_std_workspace_alloc-1ef460949b49da4b.rlib" "/opt/rustwide/rustup-home/toolchains/beta-2023-12-22-x86_64-unknown-linux-gnu/lib/rustlib/x86_64-unknown-linux-gnu/lib/libminiz_oxide-2cb0c0ffe4f87514.rlib" "/opt/rustwide/rustup-home/toolchains/beta-2023-12-22-x86_64-unknown-linux-gnu/lib/rustlib/x86_64-unknown-linux-gnu/lib/libadler-58d841eb322a11a2.rlib" "/opt/rustwide/rustup-home/toolchains/beta-2023-12-22-x86_64-unknown-linux-gnu/lib/rustlib/x86_64-unknown-linux-gnu/lib/libunwind-aa2ae0b0a9d11533.rlib" "/opt/rustwide/rustup-home/toolchains/beta-2023-12-22-x86_64-unknown-linux-gnu/lib/rustlib/x86_64-unknown-linux-gnu/lib/libcfg_if-23874e15830ed336.rlib" "/opt/rustwide/rustup-home/toolchains/beta-2023-12-22-x86_64-unknown-linux-gnu/lib/rustlib/x86_64-unknown-linux-gnu/lib/liblibc-e47cddc003bce885.rlib" "/opt/rustwide/rustup-home/toolchains/beta-2023-12-22-x86_64-unknown-linux-gnu/lib/rustlib/x86_64-unknown-linux-gnu/lib/liballoc-c22b13b48a8f128e.rlib" "/opt/rustwide/rustup-home/toolchains/beta-2023-12-22-x86_64-unknown-linux-gnu/lib/rustlib/x86_64-unknown-linux-gnu/lib/librustc_std_workspace_core-e46bc3da6d7c462f.rlib" "/opt/rustwide/rustup-home/toolchains/beta-2023-12-22-x86_64-unknown-linux-gnu/lib/rustlib/x86_64-unknown-linux-gnu/lib/libcore-8d1ac131d3cb2645.rlib" "/opt/rustwide/rustup-home/toolchains/beta-2023-12-22-x86_64-unknown-linux-gnu/lib/rustlib/x86_64-unknown-linux-gnu/lib/libcompiler_builtins-a1b43df8c6899c1f.rlib" "-Wl,-Bdynamic" "-lgcc_s" "-lutil" "-lrt" "-lpthread" "-lm" "-ldl" "-lc" "-Wl,--eh-frame-hdr" "-Wl,-z,noexecstack" "-L" "/opt/rustwide/rustup-home/toolchains/beta-2023-12-22-x86_64-unknown-linux-gnu/lib/rustlib/x86_64-unknown-linux-gnu/lib" "-o" "/opt/rustwide/target/debug/deps/libimpl_trait_for_tuples-fecf4e80c661561b.so" "-Wl,--gc-sections" "-shared" "-Wl,-z,relro,-z,now" "-nodefaultlibs"
[INFO] [stdout]   = note: /usr/bin/ld: final link failed: No space left on device
[INFO] [stdout]           collect2: error: ld returned 1 exit status
[INFO] [stdout]           
[INFO] [stdout] 
[INFO] [stdout] 
[INFO] [stderr] error: could not compile `impl-trait-for-tuples` (lib) due to 1 previous error
[INFO] [stdout] error: couldn't create a temp dir: No space left on device (os error 28) at path "/opt/rustwide/target/debug/deps/rmetapSg8U2"
[INFO] [stdout] 
[INFO] [stdout] 
[INFO] [stderr] error: could not compile `futures-util` (lib) due to 1 previous error
[INFO] running `Command { std: "docker" "inspect" "fd9fd3d3172251373e03cb529cd6855b73235781ba931109e2b50341d7653fde", kill_on_drop: false }`
[INFO] running `Command { std: "docker" "rm" "-f" "fd9fd3d3172251373e03cb529cd6855b73235781ba931109e2b50341d7653fde", kill_on_drop: false }`
[INFO] [stdout] fd9fd3d3172251373e03cb529cd6855b73235781ba931109e2b50341d7653fde
