[INFO] cloning repository https://github.com/xohmz/bombay
[INFO] running `Command { std: "git" "-c" "credential.helper=" "-c" "credential.helper=/workspace/cargo-home/bin/git-credential-null" "clone" "--bare" "https://github.com/xohmz/bombay" "/workspace/cache/git-repos/https%3A%2F%2Fgithub.com%2Fxohmz%2Fbombay", kill_on_drop: false }`
[INFO] [stderr] Cloning into bare repository '/workspace/cache/git-repos/https%3A%2F%2Fgithub.com%2Fxohmz%2Fbombay'...
[INFO] running `Command { std: "git" "rev-parse" "HEAD", kill_on_drop: false }`
[INFO] [stdout] 1e59495bf7e79322159e9560ccc26286ea230aee
[INFO] testing xohmz/bombay against 1.75.0 for beta-1.76-1
[INFO] running `Command { std: "git" "clone" "/workspace/cache/git-repos/https%3A%2F%2Fgithub.com%2Fxohmz%2Fbombay" "/workspace/builds/worker-4-tc1/source", kill_on_drop: false }`
[INFO] [stderr] Cloning into '/workspace/builds/worker-4-tc1/source'...
[INFO] [stderr] done.
[INFO] validating manifest of git repo https://github.com/xohmz/bombay on toolchain 1.75.0
[INFO] running `Command { std: CARGO_HOME="/workspace/cargo-home" RUSTUP_HOME="/workspace/rustup-home" "/workspace/cargo-home/bin/cargo" "+1.75.0" "metadata" "--manifest-path" "Cargo.toml" "--no-deps", kill_on_drop: false }`
[INFO] started tweaking git repo https://github.com/xohmz/bombay
[INFO] finished tweaking git repo https://github.com/xohmz/bombay
[INFO] tweaked toml for git repo https://github.com/xohmz/bombay written to /workspace/builds/worker-4-tc1/source/Cargo.toml
[INFO] crate git repo https://github.com/xohmz/bombay already has a lockfile, it will not be regenerated
[INFO] running `Command { std: CARGO_HOME="/workspace/cargo-home" RUSTUP_HOME="/workspace/rustup-home" "/workspace/cargo-home/bin/cargo" "+1.75.0" "fetch" "--manifest-path" "Cargo.toml", kill_on_drop: false }`
[INFO] [stderr]     Updating crates.io index
[INFO] [stderr]  Downloading crates ...
[INFO] [stderr]   Downloaded byte-unit v5.1.2
[INFO] [stderr]   Downloaded totp-rs v5.4.0
[INFO] [stderr]   Downloaded iso8601-timestamp v0.2.16
[INFO] [stderr]   Downloaded sysinfo v0.30.3
[INFO] [stderr]   Downloaded test-with v0.12.2
[INFO] running `Command { std: "docker" "create" "-v" "/var/lib/crater-agent-workspace/builds/worker-4-tc1/target:/opt/rustwide/target:rw,Z" "-v" "/var/lib/crater-agent-workspace/builds/worker-4-tc1/source:/opt/rustwide/workdir:ro,Z" "-v" "/var/lib/crater-agent-workspace/cargo-home:/opt/rustwide/cargo-home:ro,Z" "-v" "/var/lib/crater-agent-workspace/rustup-home:/opt/rustwide/rustup-home:ro,Z" "-e" "SOURCE_DIR=/opt/rustwide/workdir" "-e" "CARGO_TARGET_DIR=/opt/rustwide/target" "-e" "CARGO_HOME=/opt/rustwide/cargo-home" "-e" "RUSTUP_HOME=/opt/rustwide/rustup-home" "-w" "/opt/rustwide/workdir" "-m" "1610612736" "--user" "0:0" "--network" "none" "ghcr.io/rust-lang/crates-build-env/linux@sha256:2788e3201cd34a07e3172128adcd8b3090168a8e3bcc40d7c032b9dda1df7d1c" "/opt/rustwide/cargo-home/bin/cargo" "+1.75.0" "metadata" "--no-deps" "--format-version=1", kill_on_drop: false }`
[INFO] [stdout] de5355797e4c259ec03eeedc9a5db6ccb4645fdf069bb10ca2f3f5eee7de81cf
[INFO] running `Command { std: "docker" "start" "-a" "de5355797e4c259ec03eeedc9a5db6ccb4645fdf069bb10ca2f3f5eee7de81cf", kill_on_drop: false }`
[INFO] running `Command { std: "docker" "inspect" "de5355797e4c259ec03eeedc9a5db6ccb4645fdf069bb10ca2f3f5eee7de81cf", kill_on_drop: false }`
[INFO] running `Command { std: "docker" "rm" "-f" "de5355797e4c259ec03eeedc9a5db6ccb4645fdf069bb10ca2f3f5eee7de81cf", kill_on_drop: false }`
[INFO] [stdout] de5355797e4c259ec03eeedc9a5db6ccb4645fdf069bb10ca2f3f5eee7de81cf
[INFO] running `Command { std: "docker" "create" "-v" "/var/lib/crater-agent-workspace/builds/worker-4-tc1/target:/opt/rustwide/target:rw,Z" "-v" "/var/lib/crater-agent-workspace/builds/worker-4-tc1/source:/opt/rustwide/workdir:ro,Z" "-v" "/var/lib/crater-agent-workspace/cargo-home:/opt/rustwide/cargo-home:ro,Z" "-v" "/var/lib/crater-agent-workspace/rustup-home:/opt/rustwide/rustup-home:ro,Z" "-e" "SOURCE_DIR=/opt/rustwide/workdir" "-e" "CARGO_TARGET_DIR=/opt/rustwide/target" "-e" "CARGO_INCREMENTAL=0" "-e" "RUST_BACKTRACE=full" "-e" "RUSTFLAGS=--cap-lints=warn" "-e" "RUSTDOCFLAGS=--cap-lints=warn" "-e" "CARGO_HOME=/opt/rustwide/cargo-home" "-e" "RUSTUP_HOME=/opt/rustwide/rustup-home" "-w" "/opt/rustwide/workdir" "-m" "1610612736" "--user" "0:0" "--network" "none" "ghcr.io/rust-lang/crates-build-env/linux@sha256:2788e3201cd34a07e3172128adcd8b3090168a8e3bcc40d7c032b9dda1df7d1c" "/opt/rustwide/cargo-home/bin/cargo" "+1.75.0" "build" "--frozen" "--message-format=json", kill_on_drop: false }`
[INFO] [stdout] 097901ce21cbba4e2e0055977b655e53274cc97f97511110e57bb148063596a6
[INFO] running `Command { std: "docker" "start" "-a" "097901ce21cbba4e2e0055977b655e53274cc97f97511110e57bb148063596a6", kill_on_drop: false }`
[INFO] [stderr]    Compiling proc-macro2 v1.0.66
[INFO] [stderr]    Compiling unicode-ident v1.0.11
[INFO] [stderr]    Compiling libc v0.2.151
[INFO] [stderr]    Compiling serde v1.0.193
[INFO] [stderr]    Compiling tinyvec_macros v0.1.1
[INFO] [stderr]    Compiling itoa v1.0.9
[INFO] [stderr]    Compiling time-core v0.1.1
[INFO] [stderr]    Compiling ident_case v1.0.1
[INFO] [stderr]    Compiling percent-encoding v2.3.1
[INFO] [stderr]    Compiling strsim v0.10.0
[INFO] [stderr]    Compiling unicode-bidi v0.3.13
[INFO] [stderr]    Compiling untrusted v0.7.1
[INFO] [stderr]    Compiling once_cell v1.18.0
[INFO] [stderr]    Compiling spin v0.5.2
[INFO] [stderr]    Compiling deranged v0.3.8
[INFO] [stderr]    Compiling version_check v0.9.4
[INFO] [stderr]    Compiling tinyvec v1.6.0
[INFO] [stderr]    Compiling autocfg v1.1.0
[INFO] [stderr]    Compiling fnv v1.0.7
[INFO] [stderr]    Compiling time-macros v0.2.14
[INFO] [stderr]    Compiling serde_json v1.0.109
[INFO] [stderr]    Compiling crc32fast v1.3.2
[INFO] [stderr]    Compiling typenum v1.16.0
[INFO] [stderr]    Compiling form_urlencoded v1.2.1
[INFO] [stderr]    Compiling adler v1.0.2
[INFO] [stderr]    Compiling ryu v1.0.15
[INFO] [stderr]    Compiling cfg-if v1.0.0
[INFO] [stderr]    Compiling rustls v0.21.7
[INFO] [stderr]    Compiling hashbrown v0.12.3
[INFO] [stderr]    Compiling log v0.4.20
[INFO] [stderr]    Compiling cookie v0.17.0
[INFO] [stderr]    Compiling miniz_oxide v0.7.1
[INFO] [stderr]    Compiling unicode-xid v0.2.4
[INFO] [stderr]    Compiling base64 v0.21.4
[INFO] [stderr]    Compiling webpki-roots v0.25.3
[INFO] [stderr]    Compiling indexmap v1.9.3
[INFO] [stderr]    Compiling quote v1.0.33
[INFO] [stderr]    Compiling flate2 v1.0.27
[INFO] [stderr]    Compiling syn v2.0.32
[INFO] [stderr]    Compiling const_format_proc_macros v0.2.32
[INFO] [stderr]    Compiling unicode-normalization v0.1.22
[INFO] [stderr]    Compiling cc v1.0.83
[INFO] [stderr]    Compiling idna v0.5.0
[INFO] [stderr]    Compiling idna v0.3.0
[INFO] [stderr]    Compiling time v0.3.28
[INFO] [stderr]    Compiling const_format v0.2.32
[INFO] [stderr]    Compiling ring v0.16.20
[INFO] [stderr]    Compiling generic-array v1.0.0
[INFO] [stderr]    Compiling darling_core v0.20.3
[INFO] [stderr]    Compiling serde_derive v1.0.193
[INFO] [stderr]    Compiling serde_repr v0.1.17
[INFO] [stderr]    Compiling rustls-webpki v0.101.5
[INFO] [stderr]    Compiling sct v0.7.0
[INFO] [stderr]    Compiling darling_macro v0.20.3
[INFO] [stderr]    Compiling darling v0.20.3
[INFO] [stderr]    Compiling serde_with_macros v3.4.0
[INFO] [stderr]    Compiling url v2.5.0
[INFO] [stderr]    Compiling serde_with v3.4.0
[INFO] [stderr]    Compiling uuid v1.6.1
[INFO] [stderr]    Compiling iso8601-timestamp v0.2.16
[INFO] [stderr]    Compiling cookie_store v0.20.0
[INFO] [stderr]    Compiling ureq v2.9.1
[INFO] [stderr]    Compiling bombay v0.0.4 (/opt/rustwide/workdir)
[INFO] [stdout] warning: unused import: `artist::*`
[INFO] [stdout]   --> src/client/endpoints/mod.rs:11:9
[INFO] [stdout]    |
[INFO] [stdout] 11 | pub use artist::*;
[INFO] [stdout]    |         ^^^^^^^^^
[INFO] [stdout]    |
[INFO] [stdout]    = note: `#[warn(unused_imports)]` on by default
[INFO] [stdout] 
[INFO] [stdout] 
[INFO] [stdout] warning: unused import: `mood::*`
[INFO] [stdout]   --> src/client/endpoints/mod.rs:12:9
[INFO] [stdout]    |
[INFO] [stdout] 12 | pub use mood::*;
[INFO] [stdout]    |         ^^^^^^^
[INFO] [stdout] 
[INFO] [stdout] 
[INFO] [stdout] warning: unused import: `playlist::*`
[INFO] [stdout]   --> src/client/endpoints/mod.rs:13:9
[INFO] [stdout]    |
[INFO] [stdout] 13 | pub use playlist::*;
[INFO] [stdout]    |         ^^^^^^^^^^^
[INFO] [stdout] 
[INFO] [stdout] 
[INFO] [stdout] warning: unused import: `release::*`
[INFO] [stdout]   --> src/client/endpoints/mod.rs:14:9
[INFO] [stdout]    |
[INFO] [stdout] 14 | pub use release::*;
[INFO] [stdout]    |         ^^^^^^^^^^
[INFO] [stdout] 
[INFO] [stdout] 
[INFO] [stdout] warning: unused import: `user::*`
[INFO] [stdout]   --> src/client/endpoints/mod.rs:15:9
[INFO] [stdout]    |
[INFO] [stdout] 15 | pub use user::*;
[INFO] [stdout]    |         ^^^^^^^
[INFO] [stdout] 
[INFO] [stdout] 
[INFO] [stdout] warning: 5 warnings emitted
[INFO] [stdout] 
[INFO] [stdout] 
[INFO] [stderr]     Finished dev [unoptimized + debuginfo] target(s) in 11.36s
[INFO] running `Command { std: "docker" "inspect" "097901ce21cbba4e2e0055977b655e53274cc97f97511110e57bb148063596a6", kill_on_drop: false }`
[INFO] running `Command { std: "docker" "rm" "-f" "097901ce21cbba4e2e0055977b655e53274cc97f97511110e57bb148063596a6", kill_on_drop: false }`
[INFO] [stdout] 097901ce21cbba4e2e0055977b655e53274cc97f97511110e57bb148063596a6
[INFO] running `Command { std: "docker" "create" "-v" "/var/lib/crater-agent-workspace/builds/worker-4-tc1/target:/opt/rustwide/target:rw,Z" "-v" "/var/lib/crater-agent-workspace/builds/worker-4-tc1/source:/opt/rustwide/workdir:ro,Z" "-v" "/var/lib/crater-agent-workspace/cargo-home:/opt/rustwide/cargo-home:ro,Z" "-v" "/var/lib/crater-agent-workspace/rustup-home:/opt/rustwide/rustup-home:ro,Z" "-e" "SOURCE_DIR=/opt/rustwide/workdir" "-e" "CARGO_TARGET_DIR=/opt/rustwide/target" "-e" "CARGO_INCREMENTAL=0" "-e" "RUST_BACKTRACE=full" "-e" "RUSTFLAGS=--cap-lints=warn" "-e" "RUSTDOCFLAGS=--cap-lints=warn" "-e" "CARGO_HOME=/opt/rustwide/cargo-home" "-e" "RUSTUP_HOME=/opt/rustwide/rustup-home" "-w" "/opt/rustwide/workdir" "-m" "1610612736" "--user" "0:0" "--network" "none" "ghcr.io/rust-lang/crates-build-env/linux@sha256:2788e3201cd34a07e3172128adcd8b3090168a8e3bcc40d7c032b9dda1df7d1c" "/opt/rustwide/cargo-home/bin/cargo" "+1.75.0" "test" "--frozen" "--no-run" "--message-format=json", kill_on_drop: false }`
[INFO] [stdout] b1aa5c72fac6fad2f91fb93f8fd616a24abea486eb6052122063a45851ed4225
[INFO] running `Command { std: "docker" "start" "-a" "b1aa5c72fac6fad2f91fb93f8fd616a24abea486eb6052122063a45851ed4225", kill_on_drop: false }`
[INFO] [stderr]    Compiling libc v0.2.151
[INFO] [stderr]    Compiling crossbeam-utils v0.8.16
[INFO] [stderr]    Compiling generic-array v0.14.7
[INFO] [stderr]    Compiling memoffset v0.9.0
[INFO] [stderr]    Compiling crossbeam-epoch v0.9.15
[INFO] [stderr]    Compiling scopeguard v1.2.0
[INFO] [stderr]    Compiling num-traits v0.2.16
[INFO] [stderr]    Compiling rayon-core v1.12.0
[INFO] [stderr]    Compiling subtle v2.5.0
[INFO] [stderr]    Compiling proc-macro-error-attr v1.0.4
[INFO] [stderr]    Compiling syn v1.0.109
[INFO] [stderr]    Compiling memchr v2.6.3
[INFO] [stderr]    Compiling rust_decimal v1.33.1
[INFO] [stderr]    Compiling proc-macro-error v1.0.4
[INFO] [stderr]    Compiling arrayvec v0.7.4
[INFO] [stderr]    Compiling regex-syntax v0.7.5
[INFO] [stderr]    Compiling cpufeatures v0.2.9
[INFO] [stderr]    Compiling either v1.9.0
[INFO] [stderr]    Compiling utf8-width v0.1.6
[INFO] [stderr]    Compiling constant_time_eq v0.2.6
[INFO] [stderr]    Compiling base32 v0.4.0
[INFO] [stderr]    Compiling lazy_static v1.4.0
[INFO] [stderr]    Compiling aho-corasick v1.0.5
[INFO] [stderr]    Compiling crypto-common v0.1.6
[INFO] [stderr]    Compiling block-buffer v0.10.4
[INFO] [stderr]    Compiling crossbeam-deque v0.8.3
[INFO] [stderr]    Compiling digest v0.10.7
[INFO] [stderr]    Compiling hmac v0.12.1
[INFO] [stderr]    Compiling sha1 v0.10.5
[INFO] [stderr]    Compiling sha2 v0.10.7
[INFO] [stderr]    Compiling cc v1.0.83
[INFO] [stderr]    Compiling num_cpus v1.16.0
[INFO] [stderr]    Compiling totp-rs v5.4.0
[INFO] [stderr]    Compiling rayon v1.8.0
[INFO] [stderr]    Compiling byte-unit v5.1.2
[INFO] [stderr]    Compiling regex-automata v0.3.8
[INFO] [stderr]    Compiling ring v0.16.20
[INFO] [stderr]    Compiling sysinfo v0.30.3
[INFO] [stderr]    Compiling regex v1.9.5
[INFO] [stderr]    Compiling rustls v0.21.7
[INFO] [stderr]    Compiling test-with v0.12.2
[INFO] [stderr]    Compiling sct v0.7.0
[INFO] [stderr]    Compiling rustls-webpki v0.101.5
[INFO] [stderr]    Compiling ureq v2.9.1
[INFO] [stderr]    Compiling bombay v0.0.4 (/opt/rustwide/workdir)
[INFO] [stdout] warning: unused import: `artist::*`
[INFO] [stdout]   --> src/client/endpoints/mod.rs:11:9
[INFO] [stdout]    |
[INFO] [stdout] 11 | pub use artist::*;
[INFO] [stdout]    |         ^^^^^^^^^
[INFO] [stdout]    |
[INFO] [stdout]    = note: `#[warn(unused_imports)]` on by default
[INFO] [stdout] 
[INFO] [stdout] 
[INFO] [stdout] warning: unused import: `mood::*`
[INFO] [stdout]   --> src/client/endpoints/mod.rs:12:9
[INFO] [stdout]    |
[INFO] [stdout] 12 | pub use mood::*;
[INFO] [stdout]    |         ^^^^^^^
[INFO] [stdout] 
[INFO] [stdout] 
[INFO] [stdout] warning: unused import: `playlist::*`
[INFO] [stdout]   --> src/client/endpoints/mod.rs:13:9
[INFO] [stdout]    |
[INFO] [stdout] 13 | pub use playlist::*;
[INFO] [stdout]    |         ^^^^^^^^^^^
[INFO] [stdout] 
[INFO] [stdout] 
[INFO] [stdout] warning: unused import: `release::*`
[INFO] [stdout]   --> src/client/endpoints/mod.rs:14:9
[INFO] [stdout]    |
[INFO] [stdout] 14 | pub use release::*;
[INFO] [stdout]    |         ^^^^^^^^^^
[INFO] [stdout] 
[INFO] [stdout] 
[INFO] [stdout] warning: unused import: `user::*`
[INFO] [stdout]   --> src/client/endpoints/mod.rs:15:9
[INFO] [stdout]    |
[INFO] [stdout] 15 | pub use user::*;
[INFO] [stdout]    |         ^^^^^^^
[INFO] [stdout] 
[INFO] [stdout] 
[INFO] [stdout] warning: unused import: `artist::*`
[INFO] [stdout]   --> src/client/endpoints/mod.rs:11:9
[INFO] [stdout]    |
[INFO] [stdout] 11 | pub use artist::*;
[INFO] [stdout]    |         ^^^^^^^^^
[INFO] [stdout]    |
[INFO] [stdout]    = note: `#[warn(unused_imports)]` on by default
[INFO] [stdout] 
[INFO] [stdout] 
[INFO] [stdout] warning: unused import: `mood::*`
[INFO] [stdout]   --> src/client/endpoints/mod.rs:12:9
[INFO] [stdout]    |
[INFO] [stdout] 12 | pub use mood::*;
[INFO] [stdout]    |         ^^^^^^^
[INFO] [stdout] 
[INFO] [stdout] 
[INFO] [stdout] warning: unused import: `playlist::*`
[INFO] [stdout]   --> src/client/endpoints/mod.rs:13:9
[INFO] [stdout]    |
[INFO] [stdout] 13 | pub use playlist::*;
[INFO] [stdout]    |         ^^^^^^^^^^^
[INFO] [stdout] 
[INFO] [stdout] 
[INFO] [stdout] warning: unused import: `release::*`
[INFO] [stdout]   --> src/client/endpoints/mod.rs:14:9
[INFO] [stdout]    |
[INFO] [stdout] 14 | pub use release::*;
[INFO] [stdout]    |         ^^^^^^^^^^
[INFO] [stdout] 
[INFO] [stdout] 
[INFO] [stdout] warning: unused import: `user::*`
[INFO] [stdout]   --> src/client/endpoints/mod.rs:15:9
[INFO] [stdout]    |
[INFO] [stdout] 15 | pub use user::*;
[INFO] [stdout]    |         ^^^^^^^
[INFO] [stdout] 
[INFO] [stdout] 
[INFO] [stdout] warning: 5 warnings emitted
[INFO] [stdout] 
[INFO] [stdout] 
[INFO] [stdout] warning: 5 warnings emitted
[INFO] [stdout] 
[INFO] [stdout] 
[INFO] [stderr]     Finished test [unoptimized + debuginfo] target(s) in 10.70s
[INFO] running `Command { std: "docker" "inspect" "b1aa5c72fac6fad2f91fb93f8fd616a24abea486eb6052122063a45851ed4225", kill_on_drop: false }`
[INFO] running `Command { std: "docker" "rm" "-f" "b1aa5c72fac6fad2f91fb93f8fd616a24abea486eb6052122063a45851ed4225", kill_on_drop: false }`
[INFO] [stdout] b1aa5c72fac6fad2f91fb93f8fd616a24abea486eb6052122063a45851ed4225
[INFO] running `Command { std: "docker" "create" "-v" "/var/lib/crater-agent-workspace/builds/worker-4-tc1/target:/opt/rustwide/target:rw,Z" "-v" "/var/lib/crater-agent-workspace/builds/worker-4-tc1/source:/opt/rustwide/workdir:ro,Z" "-v" "/var/lib/crater-agent-workspace/cargo-home:/opt/rustwide/cargo-home:ro,Z" "-v" "/var/lib/crater-agent-workspace/rustup-home:/opt/rustwide/rustup-home:ro,Z" "-e" "SOURCE_DIR=/opt/rustwide/workdir" "-e" "CARGO_TARGET_DIR=/opt/rustwide/target" "-e" "CARGO_INCREMENTAL=0" "-e" "RUST_BACKTRACE=full" "-e" "RUSTFLAGS=--cap-lints=warn" "-e" "RUSTDOCFLAGS=--cap-lints=warn" "-e" "CARGO_HOME=/opt/rustwide/cargo-home" "-e" "RUSTUP_HOME=/opt/rustwide/rustup-home" "-w" "/opt/rustwide/workdir" "-m" "1610612736" "--user" "0:0" "--network" "none" "ghcr.io/rust-lang/crates-build-env/linux@sha256:2788e3201cd34a07e3172128adcd8b3090168a8e3bcc40d7c032b9dda1df7d1c" "/opt/rustwide/cargo-home/bin/cargo" "+1.75.0" "test" "--frozen", kill_on_drop: false }`
[INFO] [stdout] 10bac49276aea427e4148f63ea613332f60f38864a490a933fbc6e01ee5a9536
[INFO] running `Command { std: "docker" "start" "-a" "10bac49276aea427e4148f63ea613332f60f38864a490a933fbc6e01ee5a9536", kill_on_drop: false }`
[INFO] [stderr] warning: unused import: `artist::*`
[INFO] [stderr]   --> src/client/endpoints/mod.rs:11:9
[INFO] [stderr]    |
[INFO] [stderr] 11 | pub use artist::*;
[INFO] [stderr]    |         ^^^^^^^^^
[INFO] [stderr]    |
[INFO] [stderr]    = note: `#[warn(unused_imports)]` on by default
[INFO] [stderr] 
[INFO] [stderr] warning: unused import: `mood::*`
[INFO] [stderr]   --> src/client/endpoints/mod.rs:12:9
[INFO] [stderr]    |
[INFO] [stderr] 12 | pub use mood::*;
[INFO] [stderr]    |         ^^^^^^^
[INFO] [stderr] 
[INFO] [stderr] warning: unused import: `playlist::*`
[INFO] [stderr]   --> src/client/endpoints/mod.rs:13:9
[INFO] [stderr]    |
[INFO] [stderr] 13 | pub use playlist::*;
[INFO] [stderr]    |         ^^^^^^^^^^^
[INFO] [stderr] 
[INFO] [stderr] warning: unused import: `release::*`
[INFO] [stderr]   --> src/client/endpoints/mod.rs:14:9
[INFO] [stderr]    |
[INFO] [stderr] 14 | pub use release::*;
[INFO] [stderr]    |         ^^^^^^^^^^
[INFO] [stderr] 
[INFO] [stderr] warning: unused import: `user::*`
[INFO] [stderr]   --> src/client/endpoints/mod.rs:15:9
[INFO] [stderr]    |
[INFO] [stderr] 15 | pub use user::*;
[INFO] [stderr]    |         ^^^^^^^
[INFO] [stderr] 
[INFO] [stderr] warning: `bombay` (lib) generated 5 warnings (run `cargo fix --lib -p bombay` to apply 5 suggestions)
[INFO] [stderr] warning: `bombay` (lib test) generated 5 warnings (5 duplicates)
[INFO] [stderr]     Finished test [unoptimized + debuginfo] target(s) in 0.09s
[INFO] [stderr]      Running unittests src/lib.rs (/opt/rustwide/target/debug/deps/bombay-3f6cddcb5c124c93)
[INFO] [stdout] 
[INFO] [stdout] running 0 tests
[INFO] [stdout] 
[INFO] [stdout] test result: ok. 0 passed; 0 failed; 0 ignored; 0 measured; 0 filtered out; finished in 0.00s
[INFO] [stdout] 
[INFO] [stderr]      Running tests/mod.rs (/opt/rustwide/target/debug/deps/mod-8496e0f97e2ccfeb)
[INFO] [stdout] 
[INFO] [stdout] running 33 tests
[INFO] [stdout] test client::endpoint::artist::get_100 ... ignored
[INFO] [stdout] test client::endpoint::playlist::get_test_playlist ... ignored, because following variables not found:
[INFO] [stdout] MC_EMAIL, MC_PASSWORD, MC_TOTP_SECRET
[INFO] [stdout] 
[INFO] [stdout] test client::endpoint::playlist::get_test_playlist_items ... ignored, because following variables not found:
[INFO] [stdout] MC_EMAIL, MC_PASSWORD, MC_TOTP_SECRET
[INFO] [stdout] 
[INFO] [stdout] test client::endpoint::playlist::get_user_playlists ... ignored, because following variables not found:
[INFO] [stdout] MC_EMAIL, MC_PASSWORD, MC_TOTP_SECRET
[INFO] [stdout] 
[INFO] [stdout] test client::endpoint::playlist::many_playlist_tests ... ignored, because following variables not found:
[INFO] [stdout] MC_EMAIL, MC_PASSWORD, MC_TOTP_SECRET
[INFO] [stdout] 
[INFO] [stdout] test client::endpoint::release::download_every_little_thing ... ignored, because following variables not found:
[INFO] [stdout] MC_EMAIL, MC_PASSWORD, MC_TOTP_SECRET
[INFO] [stdout] 
[INFO] [stdout] test client::endpoint::artist::search_latest ... FAILED
[INFO] [stdout] test client::endpoint::playlist::get_top_30 ... FAILED
[INFO] [stdout] test client::endpoint::release::download_feelings_cover_art ... FAILED
[INFO] [stdout] test client::endpoint::artist::find_bishu ... FAILED
[INFO] [stdout] test client::endpoint::artist::get_lani_daye_photo ... FAILED
[INFO] [stdout] test client::endpoint::user::generate_player_code ... ignored
[INFO] [stdout] test client::endpoint::user::get_licenses ... ignored, because following variables not found:
[INFO] [stdout] MC_EMAIL, MC_PASSWORD, MC_TOTP_SECRET
[INFO] [stdout] 
[INFO] [stdout] test client::endpoint::release::find_latest ... FAILED
[INFO] [stdout] test client::about_grant ... FAILED
[INFO] [stdout] test client::endpoint::playlist::get_top_30_tracks ... FAILED
[INFO] [stdout] test client::endpoint::user::get_player_code ... ignored, because following variables not found:
[INFO] [stdout] MC_EMAIL, MC_PASSWORD, MC_TOTP_SECRET
[INFO] [stdout] 
[INFO] [stdout] test client::endpoint::user::get_shop_discount_code ... ignored, because following variables not found:
[INFO] [stdout] MC_EMAIL, MC_PASSWORD, MC_TOTP_SECRET
[INFO] [stdout] 
[INFO] [stdout] test client::endpoint::artist::search_all ... FAILED
[INFO] [stdout] test client::endpoint::user::get_totp_qr_code_image ... ignored, because following variables not found:
[INFO] [stdout] MC_EMAIL, MC_PASSWORD, MC_TOTP_SECRET
[INFO] [stdout] 
[INFO] [stdout] test client::endpoint::user::get_user_info_2fa_email_login ... ignored
[INFO] [stdout] test client::endpoint::release::stream_no_service ... FAILED
[INFO] [stdout] test client::endpoint::artist::find_latest ... FAILED
[INFO] [stdout] test client::endpoint::user::get_user_info_2fa_totp_login ... ignored, because following variables not found:
[INFO] [stdout] MC_EMAIL, MC_PASSWORD, MC_TOTP_SECRET
[INFO] [stdout] 
[INFO] [stdout] test client::endpoint::user::get_user_info_any_login ... ignored, because following variables not found:
[INFO] [stdout] MC_EMAIL, MC_PASSWORD, MC_TOTP_SECRET
[INFO] [stdout] 
[INFO] [stdout] test client::endpoint::release::get_souvenir_details ... FAILED
[INFO] [stdout] test client::endpoint::release::get_related_to_oxygen ... FAILED
[INFO] [stdout] test client::endpoint::release::find_latest_from_rogue ... FAILED
[INFO] [stdout] test client::endpoint::artist::count_all ... FAILED
[INFO] [stdout] test client::endpoint::mood::find_and_fetch_all ... FAILED
[INFO] [stdout] test client::endpoint::release::find_latest_related ... FAILED
[INFO] [stdout] test client::endpoint::user::set_email ... ignored
[INFO] [stdout] test client::endpoint::user::set_password ... ignored
[INFO] [stdout] 
[INFO] [stdout] failures:
[INFO] [stdout] 
[INFO] [stdout] ---- client::endpoint::artist::search_latest stdout ----
[INFO] [stdout] Error: Message("Expected to find latest artists.")
[INFO] [stdout] 
[INFO] [stdout] ---- client::endpoint::playlist::get_top_30 stdout ----
[INFO] [stdout] Error: Request(Transport(Transport { kind: Dns, message: Some("resolve dns name 'player.monstercat.app:443'"), url: Some(Url { scheme: "https", cannot_be_a_base: false, username: "", password: None, host: Some(Domain("player.monstercat.app")), port: None, path: "/api/playlist/991334fb-ca5e-48c6-bc73-cb83c364357d", query: None, fragment: None }), source: Some(Custom { kind: Uncategorized, error: "failed to lookup address information: Temporary failure in name resolution" }) }))
[INFO] [stdout] 
[INFO] [stdout] ---- client::endpoint::release::download_feelings_cover_art stdout ----
[INFO] [stdout] Error: Request(Transport(Transport { kind: Dns, message: Some("resolve dns name 'www.monstercat.com:443'"), url: Some(Url { scheme: "https", cannot_be_a_base: false, username: "", password: None, host: Some(Domain("www.monstercat.com")), port: None, path: "/release/742779546913/cover", query: None, fragment: None }), source: Some(Custom { kind: Uncategorized, error: "failed to lookup address information: Temporary failure in name resolution" }) }))
[INFO] [stdout] 
[INFO] [stdout] ---- client::endpoint::artist::find_bishu stdout ----
[INFO] [stdout] Error: Request(Transport(Transport { kind: Dns, message: Some("resolve dns name 'player.monstercat.app:443'"), url: Some(Url { scheme: "https", cannot_be_a_base: false, username: "", password: None, host: Some(Domain("player.monstercat.app")), port: None, path: "/api/artist/bishu", query: None, fragment: None }), source: Some(Custom { kind: Uncategorized, error: "failed to lookup address information: Temporary failure in name resolution" }) }))
[INFO] [stdout] 
[INFO] [stdout] ---- client::endpoint::artist::get_lani_daye_photo stdout ----
[INFO] [stdout] Error: Request(Transport(Transport { kind: Dns, message: Some("resolve dns name 'www.monstercat.com:443'"), url: Some(Url { scheme: "https", cannot_be_a_base: false, username: "", password: None, host: Some(Domain("www.monstercat.com")), port: None, path: "/artist/lanidaye/photo", query: None, fragment: None }), source: Some(Custom { kind: Uncategorized, error: "failed to lookup address information: Temporary failure in name resolution" }) }))
[INFO] [stdout] 
[INFO] [stdout] ---- client::endpoint::release::find_latest stdout ----
[INFO] [stdout] Error: Request(Transport(Transport { kind: Dns, message: Some("resolve dns name 'player.monstercat.app:443'"), url: Some(Url { scheme: "https", cannot_be_a_base: false, username: "", password: None, host: Some(Domain("player.monstercat.app")), port: None, path: "/api/catalog/latest-releases", query: Some("limit=3&offset=0"), fragment: None }), source: Some(Custom { kind: Uncategorized, error: "failed to lookup address information: Temporary failure in name resolution" }) }))
[INFO] [stdout] 
[INFO] [stdout] ---- client::about_grant stdout ----
[INFO] [stdout] Error: Message("Expected to find artists.")
[INFO] [stdout] 
[INFO] [stdout] ---- client::endpoint::playlist::get_top_30_tracks stdout ----
[INFO] [stdout] Error: Request(Transport(Transport { kind: Dns, message: Some("resolve dns name 'player.monstercat.app:443'"), url: Some(Url { scheme: "https", cannot_be_a_base: false, username: "", password: None, host: Some(Domain("player.monstercat.app")), port: None, path: "/api/playlist/991334fb-ca5e-48c6-bc73-cb83c364357d", query: None, fragment: None }), source: Some(Custom { kind: Uncategorized, error: "failed to lookup address information: Temporary failure in name resolution" }) }))
[INFO] [stdout] 
[INFO] [stdout] ---- client::endpoint::artist::search_all stdout ----
[INFO] [stdout] Error: Message("Expected to find all artists.")
[INFO] [stdout] 
[INFO] [stdout] ---- client::endpoint::release::stream_no_service stdout ----
[INFO] [stdout] Error: Request(Transport(Transport { kind: Dns, message: Some("resolve dns name 'player.monstercat.app:443'"), url: Some(Url { scheme: "https", cannot_be_a_base: false, username: "", password: None, host: Some(Domain("player.monstercat.app")), port: None, path: "/api/release/3efe8e1e-8ec9-440b-8c00-d825f777c83e/track-stream/6b5401bc-06d0-41e8-ab16-7742f2aa40bf", query: None, fragment: None }), source: Some(Custom { kind: Uncategorized, error: "failed to lookup address information: Temporary failure in name resolution" }) }))
[INFO] [stdout] 
[INFO] [stdout] ---- client::endpoint::artist::find_latest stdout ----
[INFO] [stdout] Error: Request(Transport(Transport { kind: Dns, message: Some("resolve dns name 'player.monstercat.app:443'"), url: Some(Url { scheme: "https", cannot_be_a_base: false, username: "", password: None, host: Some(Domain("player.monstercat.app")), port: None, path: "/api/latest-artists", query: None, fragment: None }), source: Some(Custom { kind: Uncategorized, error: "failed to lookup address information: Temporary failure in name resolution" }) }))
[INFO] [stdout] 
[INFO] [stdout] ---- client::endpoint::release::get_souvenir_details stdout ----
[INFO] [stdout] Error: Request(Transport(Transport { kind: Dns, message: Some("resolve dns name 'player.monstercat.app:443'"), url: Some(Url { scheme: "https", cannot_be_a_base: false, username: "", password: None, host: Some(Domain("player.monstercat.app")), port: None, path: "/api/catalog/release/MCS1186", query: Some("idType=catalogId"), fragment: None }), source: Some(Custom { kind: Uncategorized, error: "failed to lookup address information: Temporary failure in name resolution" }) }))
[INFO] [stdout] 
[INFO] [stdout] ---- client::endpoint::release::get_related_to_oxygen stdout ----
[INFO] [stdout] Error: Request(Transport(Transport { kind: Dns, message: Some("resolve dns name 'player.monstercat.app:443'"), url: Some(Url { scheme: "https", cannot_be_a_base: false, username: "", password: None, host: Some(Domain("player.monstercat.app")), port: None, path: "/api/related-releases/6a58b6d2-bbec-4847-8dcf-45023a930968", query: None, fragment: None }), source: Some(Custom { kind: Uncategorized, error: "failed to lookup address information: Temporary failure in name resolution" }) }))
[INFO] [stdout] 
[INFO] [stdout] ---- client::endpoint::release::find_latest_from_rogue stdout ----
[INFO] [stdout] Error: Request(Transport(Transport { kind: Dns, message: Some("resolve dns name 'player.monstercat.app:443'"), url: Some(Url { scheme: "https", cannot_be_a_base: false, username: "", password: None, host: Some(Domain("player.monstercat.app")), port: None, path: "/api/artist/rogue/releases", query: None, fragment: None }), source: Some(Custom { kind: Uncategorized, error: "failed to lookup address information: Temporary failure in name resolution" }) }))
[INFO] [stdout] 
[INFO] [stdout] ---- client::endpoint::artist::count_all stdout ----
[INFO] [stdout] Error: Request(Transport(Transport { kind: Dns, message: Some("resolve dns name 'player.monstercat.app:443'"), url: Some(Url { scheme: "https", cannot_be_a_base: false, username: "", password: None, host: Some(Domain("player.monstercat.app")), port: None, path: "/api/artists", query: None, fragment: None }), source: Some(Custom { kind: Uncategorized, error: "failed to lookup address information: Temporary failure in name resolution" }) }))
[INFO] [stdout] 
[INFO] [stdout] ---- client::endpoint::mood::find_and_fetch_all stdout ----
[INFO] [stdout] Error: Request(Transport(Transport { kind: Dns, message: Some("resolve dns name 'player.monstercat.app:443'"), url: Some(Url { scheme: "https", cannot_be_a_base: false, username: "", password: None, host: Some(Domain("player.monstercat.app")), port: None, path: "/api/moods", query: None, fragment: None }), source: Some(Custom { kind: Uncategorized, error: "failed to lookup address information: Temporary failure in name resolution" }) }))
[INFO] [stdout] 
[INFO] [stdout] ---- client::endpoint::release::find_latest_related stdout ----
[INFO] [stdout] Error: Request(Transport(Transport { kind: Dns, message: Some("resolve dns name 'player.monstercat.app:443'"), url: Some(Url { scheme: "https", cannot_be_a_base: false, username: "", password: None, host: Some(Domain("player.monstercat.app")), port: None, path: "/api/catalog/latest-releases", query: Some("offset=0&limit=3"), fragment: None }), source: Some(Custom { kind: Uncategorized, error: "failed to lookup address information: Temporary failure in name resolution" }) }))
[INFO] [stdout] 
[INFO] [stdout] 
[INFO] [stdout] failures:
[INFO] [stdout]     client::about_grant
[INFO] [stdout]     client::endpoint::artist::count_all
[INFO] [stdout]     client::endpoint::artist::find_bishu
[INFO] [stdout]     client::endpoint::artist::find_latest
[INFO] [stdout]     client::endpoint::artist::get_lani_daye_photo
[INFO] [stdout]     client::endpoint::artist::search_all
[INFO] [stdout]     client::endpoint::artist::search_latest
[INFO] [stdout]     client::endpoint::mood::find_and_fetch_all
[INFO] [stdout]     client::endpoint::playlist::get_top_30
[INFO] [stdout]     client::endpoint::playlist::get_top_30_tracks
[INFO] [stdout]     client::endpoint::release::download_feelings_cover_art
[INFO] [stdout]     client::endpoint::release::find_latest
[INFO] [stdout]     client::endpoint::release::find_latest_from_rogue
[INFO] [stdout]     client::endpoint::release::find_latest_related
[INFO] [stdout]     client::endpoint::release::get_related_to_oxygen
[INFO] [stdout]     client::endpoint::release::get_souvenir_details
[INFO] [stdout]     client::endpoint::release::stream_no_service
[INFO] [stdout] 
[INFO] [stdout] test result: FAILED. 0 passed; 17 failed; 16 ignored; 0 measured; 0 filtered out; finished in 0.01s
[INFO] [stdout] 
[INFO] [stderr] error: test failed, to rerun pass `--test mod`
[INFO] running `Command { std: "docker" "inspect" "10bac49276aea427e4148f63ea613332f60f38864a490a933fbc6e01ee5a9536", kill_on_drop: false }`
[INFO] running `Command { std: "docker" "rm" "-f" "10bac49276aea427e4148f63ea613332f60f38864a490a933fbc6e01ee5a9536", kill_on_drop: false }`
[INFO] [stdout] 10bac49276aea427e4148f63ea613332f60f38864a490a933fbc6e01ee5a9536
[INFO] testing xohmz/bombay against beta-2023-12-22 for beta-1.76-1
[INFO] running `Command { std: "git" "clone" "/workspace/cache/git-repos/https%3A%2F%2Fgithub.com%2Fxohmz%2Fbombay" "/workspace/builds/worker-4-tc2/source", kill_on_drop: false }`
[INFO] [stderr] Cloning into '/workspace/builds/worker-4-tc2/source'...
[INFO] [stderr] done.
[INFO] validating manifest of git repo https://github.com/xohmz/bombay on toolchain beta-2023-12-22
[INFO] running `Command { std: CARGO_HOME="/workspace/cargo-home" RUSTUP_HOME="/workspace/rustup-home" "/workspace/cargo-home/bin/cargo" "+beta-2023-12-22" "metadata" "--manifest-path" "Cargo.toml" "--no-deps", kill_on_drop: false }`
[INFO] started tweaking git repo https://github.com/xohmz/bombay
[INFO] finished tweaking git repo https://github.com/xohmz/bombay
[INFO] tweaked toml for git repo https://github.com/xohmz/bombay written to /workspace/builds/worker-4-tc2/source/Cargo.toml
[INFO] crate git repo https://github.com/xohmz/bombay already has a lockfile, it will not be regenerated
[INFO] running `Command { std: CARGO_HOME="/workspace/cargo-home" RUSTUP_HOME="/workspace/rustup-home" "/workspace/cargo-home/bin/cargo" "+beta-2023-12-22" "fetch" "--manifest-path" "Cargo.toml", kill_on_drop: false }`
[INFO] running `Command { std: "docker" "create" "-v" "/var/lib/crater-agent-workspace/builds/worker-4-tc2/target:/opt/rustwide/target:rw,Z" "-v" "/var/lib/crater-agent-workspace/builds/worker-4-tc2/source:/opt/rustwide/workdir:ro,Z" "-v" "/var/lib/crater-agent-workspace/cargo-home:/opt/rustwide/cargo-home:ro,Z" "-v" "/var/lib/crater-agent-workspace/rustup-home:/opt/rustwide/rustup-home:ro,Z" "-e" "SOURCE_DIR=/opt/rustwide/workdir" "-e" "CARGO_TARGET_DIR=/opt/rustwide/target" "-e" "CARGO_HOME=/opt/rustwide/cargo-home" "-e" "RUSTUP_HOME=/opt/rustwide/rustup-home" "-w" "/opt/rustwide/workdir" "-m" "1610612736" "--user" "0:0" "--network" "none" "ghcr.io/rust-lang/crates-build-env/linux@sha256:2788e3201cd34a07e3172128adcd8b3090168a8e3bcc40d7c032b9dda1df7d1c" "/opt/rustwide/cargo-home/bin/cargo" "+beta-2023-12-22" "metadata" "--no-deps" "--format-version=1", kill_on_drop: false }`
[INFO] [stdout] 64a542ece9f4b7dc1965cc1f10afc1feaea55a3458031093e611b76eb4d03350
[INFO] running `Command { std: "docker" "start" "-a" "64a542ece9f4b7dc1965cc1f10afc1feaea55a3458031093e611b76eb4d03350", kill_on_drop: false }`
[INFO] running `Command { std: "docker" "inspect" "64a542ece9f4b7dc1965cc1f10afc1feaea55a3458031093e611b76eb4d03350", kill_on_drop: false }`
[INFO] running `Command { std: "docker" "rm" "-f" "64a542ece9f4b7dc1965cc1f10afc1feaea55a3458031093e611b76eb4d03350", kill_on_drop: false }`
[INFO] [stdout] 64a542ece9f4b7dc1965cc1f10afc1feaea55a3458031093e611b76eb4d03350
[INFO] running `Command { std: "docker" "create" "-v" "/var/lib/crater-agent-workspace/builds/worker-4-tc2/target:/opt/rustwide/target:rw,Z" "-v" "/var/lib/crater-agent-workspace/builds/worker-4-tc2/source:/opt/rustwide/workdir:ro,Z" "-v" "/var/lib/crater-agent-workspace/cargo-home:/opt/rustwide/cargo-home:ro,Z" "-v" "/var/lib/crater-agent-workspace/rustup-home:/opt/rustwide/rustup-home:ro,Z" "-e" "SOURCE_DIR=/opt/rustwide/workdir" "-e" "CARGO_TARGET_DIR=/opt/rustwide/target" "-e" "CARGO_INCREMENTAL=0" "-e" "RUST_BACKTRACE=full" "-e" "RUSTFLAGS=--cap-lints=warn" "-e" "RUSTDOCFLAGS=--cap-lints=warn" "-e" "CARGO_HOME=/opt/rustwide/cargo-home" "-e" "RUSTUP_HOME=/opt/rustwide/rustup-home" "-w" "/opt/rustwide/workdir" "-m" "1610612736" "--user" "0:0" "--network" "none" "ghcr.io/rust-lang/crates-build-env/linux@sha256:2788e3201cd34a07e3172128adcd8b3090168a8e3bcc40d7c032b9dda1df7d1c" "/opt/rustwide/cargo-home/bin/cargo" "+beta-2023-12-22" "build" "--frozen" "--message-format=json", kill_on_drop: false }`
[INFO] [stdout] 4b9fe570dc36c5c5bb9462116fd524f02453e55adfec8657f54f4d7dd1a15d84
[INFO] running `Command { std: "docker" "start" "-a" "4b9fe570dc36c5c5bb9462116fd524f02453e55adfec8657f54f4d7dd1a15d84", kill_on_drop: false }`
[INFO] [stderr]    Compiling proc-macro2 v1.0.66
[INFO] [stderr]    Compiling unicode-ident v1.0.11
[INFO] [stderr]    Compiling libc v0.2.151
[INFO] [stderr]    Compiling serde v1.0.193
[INFO] [stderr]    Compiling tinyvec_macros v0.1.1
[INFO] [stderr]    Compiling itoa v1.0.9
[INFO] [stderr]    Compiling time-core v0.1.1
[INFO] [stderr]    Compiling ident_case v1.0.1
[INFO] [stderr]    Compiling deranged v0.3.8
[INFO] [stderr]    Compiling fnv v1.0.7
[INFO] [stderr]    Compiling autocfg v1.1.0
[INFO] [stderr]    Compiling spin v0.5.2
[INFO] [stderr]    Compiling once_cell v1.18.0
[INFO] [stderr]    Compiling version_check v0.9.4
[INFO] [stderr]    Compiling percent-encoding v2.3.1
[INFO] [stderr]    Compiling unicode-bidi v0.3.13
[INFO] [stderr]    Compiling tinyvec v1.6.0
[INFO] [stderr]    Compiling time-macros v0.2.14
[INFO] [stderr]    Compiling untrusted v0.7.1
[INFO] [stderr]    Compiling strsim v0.10.0
[INFO] [stderr]    Compiling typenum v1.16.0
[INFO] [stderr]    Compiling crc32fast v1.3.2
[INFO] [stderr]    Compiling serde_json v1.0.109
[INFO] [stderr]    Compiling form_urlencoded v1.2.1
[INFO] [stderr]    Compiling ryu v1.0.15
[INFO] [stderr]    Compiling cfg-if v1.0.0
[INFO] [stderr]    Compiling hashbrown v0.12.3
[INFO] [stderr]    Compiling log v0.4.20
[INFO] [stderr]    Compiling indexmap v1.9.3
[INFO] [stderr]    Compiling rustls v0.21.7
[INFO] [stderr]    Compiling adler v1.0.2
[INFO] [stderr]    Compiling unicode-xid v0.2.4
[INFO] [stderr]    Compiling base64 v0.21.4
[INFO] [stderr]    Compiling cookie v0.17.0
[INFO] [stderr]    Compiling miniz_oxide v0.7.1
[INFO] [stderr]    Compiling webpki-roots v0.25.3
[INFO] [stderr]    Compiling quote v1.0.33
[INFO] [stderr]    Compiling unicode-normalization v0.1.22
[INFO] [stderr]    Compiling syn v2.0.32
[INFO] [stderr]    Compiling flate2 v1.0.27
[INFO] [stderr]    Compiling cc v1.0.83
[INFO] [stderr]    Compiling const_format_proc_macros v0.2.32
[INFO] [stderr]    Compiling idna v0.5.0
[INFO] [stderr]    Compiling idna v0.3.0
[INFO] [stderr]    Compiling time v0.3.28
[INFO] [stderr]    Compiling generic-array v1.0.0
[INFO] [stderr]    Compiling ring v0.16.20
[INFO] [stderr]    Compiling const_format v0.2.32
[INFO] [stderr]    Compiling darling_core v0.20.3
[INFO] [stderr]    Compiling serde_derive v1.0.193
[INFO] [stderr]    Compiling serde_repr v0.1.17
[INFO] [stderr]    Compiling rustls-webpki v0.101.5
[INFO] [stderr]    Compiling sct v0.7.0
[INFO] [stderr]    Compiling darling_macro v0.20.3
[INFO] [stderr]    Compiling darling v0.20.3
[INFO] [stderr]    Compiling serde_with_macros v3.4.0
[INFO] [stderr]    Compiling url v2.5.0
[INFO] [stderr]    Compiling serde_with v3.4.0
[INFO] [stderr]    Compiling uuid v1.6.1
[INFO] [stderr]    Compiling iso8601-timestamp v0.2.16
[INFO] [stderr]    Compiling cookie_store v0.20.0
[INFO] [stderr]    Compiling ureq v2.9.1
[INFO] [stderr]    Compiling bombay v0.0.4 (/opt/rustwide/workdir)
[INFO] [stdout] warning: unused import: `artist::*`
[INFO] [stdout]   --> src/client/endpoints/mod.rs:11:9
[INFO] [stdout]    |
[INFO] [stdout] 11 | pub use artist::*;
[INFO] [stdout]    |         ^^^^^^^^^
[INFO] [stdout]    |
[INFO] [stdout]    = note: `#[warn(unused_imports)]` on by default
[INFO] [stdout] 
[INFO] [stdout] 
[INFO] [stdout] warning: unused import: `mood::*`
[INFO] [stdout]   --> src/client/endpoints/mod.rs:12:9
[INFO] [stdout]    |
[INFO] [stdout] 12 | pub use mood::*;
[INFO] [stdout]    |         ^^^^^^^
[INFO] [stdout] 
[INFO] [stdout] 
[INFO] [stdout] warning: unused import: `playlist::*`
[INFO] [stdout]   --> src/client/endpoints/mod.rs:13:9
[INFO] [stdout]    |
[INFO] [stdout] 13 | pub use playlist::*;
[INFO] [stdout]    |         ^^^^^^^^^^^
[INFO] [stdout] 
[INFO] [stdout] 
[INFO] [stdout] warning: unused import: `release::*`
[INFO] [stdout]   --> src/client/endpoints/mod.rs:14:9
[INFO] [stdout]    |
[INFO] [stdout] 14 | pub use release::*;
[INFO] [stdout]    |         ^^^^^^^^^^
[INFO] [stdout] 
[INFO] [stdout] 
[INFO] [stdout] warning: unused import: `user::*`
[INFO] [stdout]   --> src/client/endpoints/mod.rs:15:9
[INFO] [stdout]    |
[INFO] [stdout] 15 | pub use user::*;
[INFO] [stdout]    |         ^^^^^^^
[INFO] [stdout] 
[INFO] [stdout] 
[INFO] [stdout] warning: 5 warnings emitted
[INFO] [stdout] 
[INFO] [stdout] 
[INFO] [stderr]     Finished dev [unoptimized + debuginfo] target(s) in 11.94s
[INFO] running `Command { std: "docker" "inspect" "4b9fe570dc36c5c5bb9462116fd524f02453e55adfec8657f54f4d7dd1a15d84", kill_on_drop: false }`
[INFO] running `Command { std: "docker" "rm" "-f" "4b9fe570dc36c5c5bb9462116fd524f02453e55adfec8657f54f4d7dd1a15d84", kill_on_drop: false }`
[INFO] [stdout] 4b9fe570dc36c5c5bb9462116fd524f02453e55adfec8657f54f4d7dd1a15d84
[INFO] running `Command { std: "docker" "create" "-v" "/var/lib/crater-agent-workspace/builds/worker-4-tc2/target:/opt/rustwide/target:rw,Z" "-v" "/var/lib/crater-agent-workspace/builds/worker-4-tc2/source:/opt/rustwide/workdir:ro,Z" "-v" "/var/lib/crater-agent-workspace/cargo-home:/opt/rustwide/cargo-home:ro,Z" "-v" "/var/lib/crater-agent-workspace/rustup-home:/opt/rustwide/rustup-home:ro,Z" "-e" "SOURCE_DIR=/opt/rustwide/workdir" "-e" "CARGO_TARGET_DIR=/opt/rustwide/target" "-e" "CARGO_INCREMENTAL=0" "-e" "RUST_BACKTRACE=full" "-e" "RUSTFLAGS=--cap-lints=warn" "-e" "RUSTDOCFLAGS=--cap-lints=warn" "-e" "CARGO_HOME=/opt/rustwide/cargo-home" "-e" "RUSTUP_HOME=/opt/rustwide/rustup-home" "-w" "/opt/rustwide/workdir" "-m" "1610612736" "--user" "0:0" "--network" "none" "ghcr.io/rust-lang/crates-build-env/linux@sha256:2788e3201cd34a07e3172128adcd8b3090168a8e3bcc40d7c032b9dda1df7d1c" "/opt/rustwide/cargo-home/bin/cargo" "+beta-2023-12-22" "test" "--frozen" "--no-run" "--message-format=json", kill_on_drop: false }`
[INFO] [stdout] 605f10eb5da1734e97d24fad0f0ccf4cc5b836a9ae037db3b64d73e8bc45c1a0
[INFO] running `Command { std: "docker" "start" "-a" "605f10eb5da1734e97d24fad0f0ccf4cc5b836a9ae037db3b64d73e8bc45c1a0", kill_on_drop: false }`
[INFO] [stderr]    Compiling libc v0.2.151
[INFO] [stderr]    Compiling crossbeam-utils v0.8.16
[INFO] [stderr]    Compiling generic-array v0.14.7
[INFO] [stderr]    Compiling memoffset v0.9.0
[INFO] [stderr]    Compiling crossbeam-epoch v0.9.15
[INFO] [stderr]    Compiling scopeguard v1.2.0
[INFO] [stderr]    Compiling num-traits v0.2.16
[INFO] [stderr]    Compiling rayon-core v1.12.0
[INFO] [stderr]    Compiling subtle v2.5.0
[INFO] [stderr]    Compiling proc-macro-error-attr v1.0.4
[INFO] [stderr]    Compiling rust_decimal v1.33.1
[INFO] [stderr]    Compiling memchr v2.6.3
[INFO] [stderr]    Compiling syn v1.0.109
[INFO] [stderr]    Compiling proc-macro-error v1.0.4
[INFO] [stderr]    Compiling cpufeatures v0.2.9
[INFO] [stderr]    Compiling regex-syntax v0.7.5
[INFO] [stderr]    Compiling arrayvec v0.7.4
[INFO] [stderr]    Compiling either v1.9.0
[INFO] [stderr]    Compiling utf8-width v0.1.6
[INFO] [stderr]    Compiling constant_time_eq v0.2.6
[INFO] [stderr]    Compiling base32 v0.4.0
[INFO] [stderr]    Compiling lazy_static v1.4.0
[INFO] [stderr]    Compiling aho-corasick v1.0.5
[INFO] [stderr]    Compiling crypto-common v0.1.6
[INFO] [stderr]    Compiling block-buffer v0.10.4
[INFO] [stderr]    Compiling crossbeam-deque v0.8.3
[INFO] [stderr]    Compiling digest v0.10.7
[INFO] [stderr]    Compiling hmac v0.12.1
[INFO] [stderr]    Compiling sha2 v0.10.7
[INFO] [stderr]    Compiling sha1 v0.10.5
[INFO] [stderr]    Compiling cc v1.0.83
[INFO] [stderr]    Compiling num_cpus v1.16.0
[INFO] [stderr]    Compiling totp-rs v5.4.0
[INFO] [stderr]    Compiling rayon v1.8.0
[INFO] [stderr]    Compiling byte-unit v5.1.2
[INFO] [stderr] LLVM ERROR: IO failure on output stream: No space left on device
[INFO] [stderr] LLVM ERROR: IO failure on output stream: No space left on device
[INFO] [stderr] LLVM ERROR: IO failure on output stream: No space left on device
[INFO] [stderr] error: could not compile `rust_decimal` (lib)
[INFO] [stderr] warning: build failed, waiting for other jobs to finish...
[INFO] [stderr] error: could not compile `aho-corasick` (lib)
[INFO] [stderr] LLVM ERROR: IO failure on output stream: No space left on device
[INFO] [stderr] error: could not compile `byte-unit` (lib)
[INFO] [stderr] error: could not compile `cc` (lib)
[INFO] [stdout] error: failed to write to `/opt/rustwide/target/debug/deps/rmetaeyvw98/lib.rmeta`: No space left on device (os error 28)
[INFO] [stdout] 
[INFO] [stdout] 
[INFO] [stderr] error: could not compile `regex-syntax` (lib) due to 1 previous error
[INFO] [stdout] error: failed to write to `/opt/rustwide/target/debug/deps/rmetai3NKB0/lib.rmeta`: No space left on device (os error 28)
[INFO] [stdout] 
[INFO] [stdout] 
[INFO] [stderr] error: could not compile `rayon` (lib) due to 1 previous error
[INFO] running `Command { std: "docker" "inspect" "605f10eb5da1734e97d24fad0f0ccf4cc5b836a9ae037db3b64d73e8bc45c1a0", kill_on_drop: false }`
[INFO] running `Command { std: "docker" "rm" "-f" "605f10eb5da1734e97d24fad0f0ccf4cc5b836a9ae037db3b64d73e8bc45c1a0", kill_on_drop: false }`
[INFO] [stdout] 605f10eb5da1734e97d24fad0f0ccf4cc5b836a9ae037db3b64d73e8bc45c1a0
