[INFO] cloning repository https://github.com/wmedrano/bats
[INFO] running `Command { std: "git" "-c" "credential.helper=" "-c" "credential.helper=/workspace/cargo-home/bin/git-credential-null" "clone" "--bare" "https://github.com/wmedrano/bats" "/workspace/cache/git-repos/https%3A%2F%2Fgithub.com%2Fwmedrano%2Fbats", kill_on_drop: false }`
[INFO] [stderr] Cloning into bare repository '/workspace/cache/git-repos/https%3A%2F%2Fgithub.com%2Fwmedrano%2Fbats'...
[INFO] running `Command { std: "git" "rev-parse" "HEAD", kill_on_drop: false }`
[INFO] [stdout] 24c7f916435bd98b934c70c48443e142f46acd2d
[INFO] testing wmedrano/bats against 1.75.0 for beta-1.76-1
[INFO] running `Command { std: "git" "clone" "/workspace/cache/git-repos/https%3A%2F%2Fgithub.com%2Fwmedrano%2Fbats" "/workspace/builds/worker-5-tc1/source", kill_on_drop: false }`
[INFO] [stderr] Cloning into '/workspace/builds/worker-5-tc1/source'...
[INFO] [stderr] done.
[INFO] validating manifest of git repo https://github.com/wmedrano/bats on toolchain 1.75.0
[INFO] running `Command { std: CARGO_HOME="/workspace/cargo-home" RUSTUP_HOME="/workspace/rustup-home" "/workspace/cargo-home/bin/cargo" "+1.75.0" "metadata" "--manifest-path" "Cargo.toml" "--no-deps", kill_on_drop: false }`
[INFO] started tweaking git repo https://github.com/wmedrano/bats
[INFO] finished tweaking git repo https://github.com/wmedrano/bats
[INFO] tweaked toml for git repo https://github.com/wmedrano/bats written to /workspace/builds/worker-5-tc1/source/Cargo.toml
[INFO] crate git repo https://github.com/wmedrano/bats already has a lockfile, it will not be regenerated
[INFO] running `Command { std: CARGO_HOME="/workspace/cargo-home" RUSTUP_HOME="/workspace/rustup-home" "/workspace/cargo-home/bin/cargo" "+1.75.0" "fetch" "--manifest-path" "Cargo.toml", kill_on_drop: false }`
[INFO] running `Command { std: "docker" "create" "-v" "/var/lib/crater-agent-workspace/builds/worker-5-tc1/target:/opt/rustwide/target:rw,Z" "-v" "/var/lib/crater-agent-workspace/builds/worker-5-tc1/source:/opt/rustwide/workdir:ro,Z" "-v" "/var/lib/crater-agent-workspace/cargo-home:/opt/rustwide/cargo-home:ro,Z" "-v" "/var/lib/crater-agent-workspace/rustup-home:/opt/rustwide/rustup-home:ro,Z" "-e" "SOURCE_DIR=/opt/rustwide/workdir" "-e" "CARGO_TARGET_DIR=/opt/rustwide/target" "-e" "CARGO_HOME=/opt/rustwide/cargo-home" "-e" "RUSTUP_HOME=/opt/rustwide/rustup-home" "-w" "/opt/rustwide/workdir" "-m" "1610612736" "--user" "0:0" "--network" "none" "ghcr.io/rust-lang/crates-build-env/linux@sha256:2788e3201cd34a07e3172128adcd8b3090168a8e3bcc40d7c032b9dda1df7d1c" "/opt/rustwide/cargo-home/bin/cargo" "+1.75.0" "metadata" "--no-deps" "--format-version=1", kill_on_drop: false }`
[INFO] [stdout] 18b5d5e65407795397b8c13e9d4016df30ce6261f4884c637585a23159c02f00
[INFO] running `Command { std: "docker" "start" "-a" "18b5d5e65407795397b8c13e9d4016df30ce6261f4884c637585a23159c02f00", kill_on_drop: false }`
[INFO] running `Command { std: "docker" "inspect" "18b5d5e65407795397b8c13e9d4016df30ce6261f4884c637585a23159c02f00", kill_on_drop: false }`
[INFO] running `Command { std: "docker" "rm" "-f" "18b5d5e65407795397b8c13e9d4016df30ce6261f4884c637585a23159c02f00", kill_on_drop: false }`
[INFO] [stdout] 18b5d5e65407795397b8c13e9d4016df30ce6261f4884c637585a23159c02f00
[INFO] running `Command { std: "docker" "create" "-v" "/var/lib/crater-agent-workspace/builds/worker-5-tc1/target:/opt/rustwide/target:rw,Z" "-v" "/var/lib/crater-agent-workspace/builds/worker-5-tc1/source:/opt/rustwide/workdir:ro,Z" "-v" "/var/lib/crater-agent-workspace/cargo-home:/opt/rustwide/cargo-home:ro,Z" "-v" "/var/lib/crater-agent-workspace/rustup-home:/opt/rustwide/rustup-home:ro,Z" "-e" "SOURCE_DIR=/opt/rustwide/workdir" "-e" "CARGO_TARGET_DIR=/opt/rustwide/target" "-e" "CARGO_INCREMENTAL=0" "-e" "RUST_BACKTRACE=full" "-e" "RUSTFLAGS=--cap-lints=warn" "-e" "RUSTDOCFLAGS=--cap-lints=warn" "-e" "CARGO_HOME=/opt/rustwide/cargo-home" "-e" "RUSTUP_HOME=/opt/rustwide/rustup-home" "-w" "/opt/rustwide/workdir" "-m" "1610612736" "--user" "0:0" "--network" "none" "ghcr.io/rust-lang/crates-build-env/linux@sha256:2788e3201cd34a07e3172128adcd8b3090168a8e3bcc40d7c032b9dda1df7d1c" "/opt/rustwide/cargo-home/bin/cargo" "+1.75.0" "build" "--frozen" "--message-format=json", kill_on_drop: false }`
[INFO] [stdout] b8b77361e1770080437509479420bfbb26c1e426f4b159bca2dfd57c9be144ca
[INFO] running `Command { std: "docker" "start" "-a" "b8b77361e1770080437509479420bfbb26c1e426f4b159bca2dfd57c9be144ca", kill_on_drop: false }`
[INFO] [stderr]    Compiling proc-macro2 v1.0.69
[INFO] [stderr]    Compiling unicode-ident v1.0.12
[INFO] [stderr]    Compiling cfg-if v1.0.0
[INFO] [stderr]    Compiling libc v0.2.150
[INFO] [stderr]    Compiling serde v1.0.193
[INFO] [stderr]    Compiling autocfg v1.1.0
[INFO] [stderr]    Compiling log v0.4.20
[INFO] [stderr]    Compiling semver v1.0.20
[INFO] [stderr]    Compiling scopeguard v1.2.0
[INFO] [stderr]    Compiling version_check v0.9.4
[INFO] [stderr]    Compiling anyhow v1.0.75
[INFO] [stderr]    Compiling signal-hook v0.3.17
[INFO] [stderr]    Compiling rustversion v1.0.14
[INFO] [stderr]    Compiling bitflags v2.4.1
[INFO] [stderr]    Compiling parking_lot_core v0.9.9
[INFO] [stderr]    Compiling heck v0.4.1
[INFO] [stderr]    Compiling zerocopy v0.7.26
[INFO] [stderr]    Compiling crossbeam-utils v0.8.16
[INFO] [stderr]    Compiling pkg-config v0.3.27
[INFO] [stderr]    Compiling once_cell v1.18.0
[INFO] [stderr]    Compiling bitflags v1.3.2
[INFO] [stderr]    Compiling smallvec v1.11.2
[INFO] [stderr]    Compiling paste v1.0.14
[INFO] [stderr]    Compiling byteorder v1.5.0
[INFO] [stderr]    Compiling rustix v0.38.25
[INFO] [stderr]    Compiling allocator-api2 v0.2.16
[INFO] [stderr]    Compiling ahash v0.8.6
[INFO] [stderr]    Compiling utf8parse v0.2.1
[INFO] [stderr]    Compiling memchr v2.6.4
[INFO] [stderr]    Compiling lock_api v0.4.11
[INFO] [stderr]    Compiling hound v3.5.1
[INFO] [stderr]    Compiling hash32 v0.2.1
[INFO] [stderr]    Compiling anstyle-parse v0.2.2
[INFO] [stderr]    Compiling linux-raw-sys v0.4.11
[INFO] [stderr]    Compiling rustc_version v0.4.0
[INFO] [stderr]    Compiling stable_deref_trait v1.2.0
[INFO] [stderr]    Compiling colorchoice v1.0.0
[INFO] [stderr]    Compiling jack-sys v0.5.1
[INFO] [stderr]    Compiling regex-syntax v0.8.2
[INFO] [stderr]    Compiling either v1.9.0
[INFO] [stderr]    Compiling anstyle v1.0.4
[INFO] [stderr]    Compiling anstyle-query v1.0.0
[INFO] [stderr]    Compiling quote v1.0.33
[INFO] [stderr]    Compiling crossbeam-channel v0.5.8
[INFO] [stderr]    Compiling hashbrown v0.14.2
[INFO] [stderr]    Compiling itertools v0.11.0
[INFO] [stderr]    Compiling heapless v0.7.16
[INFO] [stderr]    Compiling spin v0.9.8
[INFO] [stderr]    Compiling aho-corasick v1.1.2
[INFO] [stderr]    Compiling syn v2.0.39
[INFO] [stderr]    Compiling anstream v0.6.4
[INFO] [stderr]    Compiling libloading v0.7.4
[INFO] [stderr]    Compiling signal-hook-registry v1.4.1
[INFO] [stderr]    Compiling mio v0.8.9
[INFO] [stderr]    Compiling unicode-width v0.1.11
[INFO] [stderr]    Compiling cobs v0.2.3
[INFO] [stderr]    Compiling clap_lex v0.6.0
[INFO] [stderr]    Compiling parking_lot v0.12.1
[INFO] [stderr]    Compiling lru v0.12.0
[INFO] [stderr]    Compiling unicode-segmentation v1.10.1
[INFO] [stderr]    Compiling lazy_static v1.4.0
[INFO] [stderr]    Compiling jack v0.11.4
[INFO] [stderr]    Compiling strsim v0.10.0
[INFO] [stderr]    Compiling indoc v2.0.4
[INFO] [stderr]    Compiling embedded-io v0.4.0
[INFO] [stderr]    Compiling cassowary v0.3.0
[INFO] [stderr]    Compiling signal-hook-mio v0.2.3
[INFO] [stderr]    Compiling crossterm v0.27.0
[INFO] [stderr]    Compiling clap_builder v4.4.8
[INFO] [stderr]    Compiling humantime v2.1.0
[INFO] [stderr]    Compiling is-terminal v0.4.9
[INFO] [stderr]    Compiling termcolor v1.4.0
[INFO] [stderr]    Compiling regex-automata v0.4.3
[INFO] [stderr]    Compiling regex v1.10.2
[INFO] [stderr]    Compiling env_logger v0.10.1
[INFO] [stderr]    Compiling serde_derive v1.0.193
[INFO] [stderr]    Compiling strum_macros v0.25.3
[INFO] [stderr]    Compiling clap_derive v4.4.7
[INFO] [stderr]    Compiling strum v0.25.0
[INFO] [stderr]    Compiling ratatui v0.24.0
[INFO] [stderr]    Compiling clap v4.4.8
[INFO] [stderr]    Compiling bats-dsp v0.1.0 (/opt/rustwide/workdir/bats-dsp)
[INFO] [stderr]    Compiling bmidi v0.1.0 (/opt/rustwide/workdir/bmidi)
[INFO] [stderr]    Compiling arrayvec v0.7.4
[INFO] [stderr]    Compiling bats-lib v0.1.0 (/opt/rustwide/workdir/bats-lib)
[INFO] [stderr]    Compiling postcard v1.0.8
[INFO] [stderr]    Compiling bats-async v0.1.0 (/opt/rustwide/workdir/bats-async)
[INFO] [stderr]    Compiling bats-ui v0.1.0 (/opt/rustwide/workdir/bats-ui)
[INFO] [stderr]    Compiling bats v0.1.0 (/opt/rustwide/workdir/bats)
[INFO] [stderr]     Finished dev [unoptimized + debuginfo] target(s) in 10.97s
[INFO] running `Command { std: "docker" "inspect" "b8b77361e1770080437509479420bfbb26c1e426f4b159bca2dfd57c9be144ca", kill_on_drop: false }`
[INFO] running `Command { std: "docker" "rm" "-f" "b8b77361e1770080437509479420bfbb26c1e426f4b159bca2dfd57c9be144ca", kill_on_drop: false }`
[INFO] [stdout] b8b77361e1770080437509479420bfbb26c1e426f4b159bca2dfd57c9be144ca
[INFO] running `Command { std: "docker" "create" "-v" "/var/lib/crater-agent-workspace/builds/worker-5-tc1/target:/opt/rustwide/target:rw,Z" "-v" "/var/lib/crater-agent-workspace/builds/worker-5-tc1/source:/opt/rustwide/workdir:ro,Z" "-v" "/var/lib/crater-agent-workspace/cargo-home:/opt/rustwide/cargo-home:ro,Z" "-v" "/var/lib/crater-agent-workspace/rustup-home:/opt/rustwide/rustup-home:ro,Z" "-e" "SOURCE_DIR=/opt/rustwide/workdir" "-e" "CARGO_TARGET_DIR=/opt/rustwide/target" "-e" "CARGO_INCREMENTAL=0" "-e" "RUST_BACKTRACE=full" "-e" "RUSTFLAGS=--cap-lints=warn" "-e" "RUSTDOCFLAGS=--cap-lints=warn" "-e" "CARGO_HOME=/opt/rustwide/cargo-home" "-e" "RUSTUP_HOME=/opt/rustwide/rustup-home" "-w" "/opt/rustwide/workdir" "-m" "1610612736" "--user" "0:0" "--network" "none" "ghcr.io/rust-lang/crates-build-env/linux@sha256:2788e3201cd34a07e3172128adcd8b3090168a8e3bcc40d7c032b9dda1df7d1c" "/opt/rustwide/cargo-home/bin/cargo" "+1.75.0" "test" "--frozen" "--no-run" "--message-format=json", kill_on_drop: false }`
[INFO] [stdout] c75de507e5f038c4fdb60eccd0e907e9402e8b84c5365606aa07bc3a6b4a42b4
[INFO] running `Command { std: "docker" "start" "-a" "c75de507e5f038c4fdb60eccd0e907e9402e8b84c5365606aa07bc3a6b4a42b4", kill_on_drop: false }`
[INFO] [stderr]    Compiling once_cell v1.18.0
[INFO] [stderr]    Compiling serde_json v1.0.108
[INFO] [stderr]    Compiling num-traits v0.2.17
[INFO] [stderr]    Compiling ryu v1.0.15
[INFO] [stderr]    Compiling half v1.8.2
[INFO] [stderr]    Compiling ciborium-io v0.2.1
[INFO] [stderr]    Compiling itoa v1.0.9
[INFO] [stderr]    Compiling itertools v0.10.5
[INFO] [stderr]    Compiling same-file v1.0.6
[INFO] [stderr]    Compiling cast v0.3.0
[INFO] [stderr]    Compiling anes v0.1.6
[INFO] [stderr]    Compiling oorandom v11.1.3
[INFO] [stderr]    Compiling bats-async v0.1.0 (/opt/rustwide/workdir/bats-async)
[INFO] [stderr]    Compiling walkdir v2.4.0
[INFO] [stderr]    Compiling ahash v0.8.6
[INFO] [stderr]    Compiling ciborium-ll v0.2.1
[INFO] [stderr]    Compiling hashbrown v0.14.2
[INFO] [stderr]    Compiling ciborium v0.2.1
[INFO] [stderr]    Compiling lru v0.12.0
[INFO] [stderr]    Compiling ratatui v0.24.0
[INFO] [stderr]    Compiling tinytemplate v1.2.1
[INFO] [stderr]    Compiling criterion-plot v0.5.0
[INFO] [stderr]    Compiling criterion v0.5.1
[INFO] [stderr]    Compiling bats-ui v0.1.0 (/opt/rustwide/workdir/bats-ui)
[INFO] [stderr]    Compiling bats v0.1.0 (/opt/rustwide/workdir/bats)
[INFO] [stderr]    Compiling bats-lib v0.1.0 (/opt/rustwide/workdir/bats-lib)
[INFO] [stderr]    Compiling bmidi v0.1.0 (/opt/rustwide/workdir/bmidi)
[INFO] [stderr]    Compiling bats-dsp v0.1.0 (/opt/rustwide/workdir/bats-dsp)
[INFO] [stderr]     Finished test [unoptimized + debuginfo] target(s) in 3.74s
[INFO] running `Command { std: "docker" "inspect" "c75de507e5f038c4fdb60eccd0e907e9402e8b84c5365606aa07bc3a6b4a42b4", kill_on_drop: false }`
[INFO] running `Command { std: "docker" "rm" "-f" "c75de507e5f038c4fdb60eccd0e907e9402e8b84c5365606aa07bc3a6b4a42b4", kill_on_drop: false }`
[INFO] [stdout] c75de507e5f038c4fdb60eccd0e907e9402e8b84c5365606aa07bc3a6b4a42b4
[INFO] running `Command { std: "docker" "create" "-v" "/var/lib/crater-agent-workspace/builds/worker-5-tc1/target:/opt/rustwide/target:rw,Z" "-v" "/var/lib/crater-agent-workspace/builds/worker-5-tc1/source:/opt/rustwide/workdir:ro,Z" "-v" "/var/lib/crater-agent-workspace/cargo-home:/opt/rustwide/cargo-home:ro,Z" "-v" "/var/lib/crater-agent-workspace/rustup-home:/opt/rustwide/rustup-home:ro,Z" "-e" "SOURCE_DIR=/opt/rustwide/workdir" "-e" "CARGO_TARGET_DIR=/opt/rustwide/target" "-e" "CARGO_INCREMENTAL=0" "-e" "RUST_BACKTRACE=full" "-e" "RUSTFLAGS=--cap-lints=warn" "-e" "RUSTDOCFLAGS=--cap-lints=warn" "-e" "CARGO_HOME=/opt/rustwide/cargo-home" "-e" "RUSTUP_HOME=/opt/rustwide/rustup-home" "-w" "/opt/rustwide/workdir" "-m" "1610612736" "--user" "0:0" "--network" "none" "ghcr.io/rust-lang/crates-build-env/linux@sha256:2788e3201cd34a07e3172128adcd8b3090168a8e3bcc40d7c032b9dda1df7d1c" "/opt/rustwide/cargo-home/bin/cargo" "+1.75.0" "test" "--frozen", kill_on_drop: false }`
[INFO] [stdout] 56c7c1315c747724f1cf0bdf274bc21800511022eb5c3ac8c822c165592f24c3
[INFO] running `Command { std: "docker" "start" "-a" "56c7c1315c747724f1cf0bdf274bc21800511022eb5c3ac8c822c165592f24c3", kill_on_drop: false }`
[INFO] [stderr]     Finished test [unoptimized + debuginfo] target(s) in 0.06s
[INFO] [stderr]      Running unittests src/main.rs (/opt/rustwide/target/debug/deps/bats-515b5ec6d7fcb9e3)
[INFO] [stdout] 
[INFO] [stdout] running 0 tests
[INFO] [stdout] 
[INFO] [stdout] test result: ok. 0 passed; 0 failed; 0 ignored; 0 measured; 0 filtered out; finished in 0.00s
[INFO] [stdout] 
[INFO] [stderr]      Running unittests src/lib.rs (/opt/rustwide/target/debug/deps/bats_async-cdb35b9a1dfe18c0)
[INFO] [stdout] 
[INFO] [stdout] running 13 tests
[INFO] [stdout] test command::tests::command_size_is_reasonable ... ok
[INFO] [stdout] test command::tests::metrenome_set_bpm ... ok
[INFO] [stdout] test command::tests::set_armed_track ... ok
[INFO] [stdout] test command::tests::set_metronome_volume_sets_new_volume_and_returns_old_as_undo ... ok
[INFO] [stdout] test command::tests::remove_plugin_that_does_not_exist_does_nothing ... ok
[INFO] [stdout] test command::tests::none_command_undo_is_none ... ok
[INFO] [stdout] test command::tests::set_plugin ... ok
[INFO] [stdout] test command::tests::set_sequence_sets_sequence_on_track ... ok
[INFO] [stdout] test notification::tests::notification_size_is_reasonable ... ok
[INFO] [stdout] test command::tests::set_record ... ok
[INFO] [stdout] test command::tests::set_track_volume_on_track_that_does_not_exist_does_nothing ... ok
[INFO] [stdout] test command::tests::set_track_volume_sets_volume ... ok
[INFO] [stdout] test tests::send_commands_get_executed ... ok
[INFO] [stdout] 
[INFO] [stdout] test result: ok. 13 passed; 0 failed; 0 ignored; 0 measured; 0 filtered out; finished in 0.00s
[INFO] [stdout] 
[INFO] [stderr]      Running unittests src/lib.rs (/opt/rustwide/target/debug/deps/bats_dsp-469357e39bbacc26)
[INFO] [stdout] 
[INFO] [stdout] running 27 tests
[INFO] [stdout] test buffers::tests::debug_buffers ... ok
[INFO] [stdout] test buffers::tests::new_buffers_is_zerod ... ok
[INFO] [stdout] test buffers::tests::read_wav_file_on_unsupported_sample_rate_produces_error ... ok
[INFO] [stdout] test buffers::tests::read_mono_wav_file_returns_error ... ok
[INFO] [stdout] test buffers::tests::set_sample_sets_the_sample ... ok
[INFO] [stdout] test envelope::tests::default_envelope ... ok
[INFO] [stdout] test envelope::tests::get_and_set_params_produces_consistent_values ... ok
[INFO] [stdout] test envelope::tests::large_attack_takes_long_time_to_reach_1 ... ok
[INFO] [stdout] test position::tests::add_beat_adds_components_and_carries_the_sub_beat ... ok
[INFO] [stdout] test position::tests::position_wraps_around_on_add ... ok
[INFO] [stdout] test buffers::tests::read_wav_from_file_that_does_not_exist_produces_error ... ok
[INFO] [stdout] test position::tests::default_value_is_zero ... ok
[INFO] [stdout] test position::tests::position_delta_from_beats ... ok
[INFO] [stdout] test envelope::tests::is_active_until_release ... ok
[INFO] [stdout] test envelope::tests::zero_second_durations_are_ok ... ok
[INFO] [stdout] test position::tests::to_debug ... ok
[INFO] [stdout] test position::tests::new_beat_position_with_has_beat_and_sub_beat ... ok
[INFO] [stdout] test sample_rate::tests::normalized_frequency ... ok
[INFO] [stdout] test sawtooth::tests::sawtooth_output_depends_on_frequency ... ok
[INFO] [stdout] test envelope::tests::inactive_envelope_produces_no_signal ... ok
[INFO] [stdout] test moog_filter::tests::moog_filter_process ... ok
[INFO] [stdout] test buffers::tests::get_out_of_range_returns_zeros ... ok
[INFO] [stdout] test buffers::tests::read_supported_wav_file ... ok
[INFO] [stdout] test envelope::tests::bad_attack_panics - should panic ... ok
[INFO] [stdout] test envelope::tests::bad_decay_panics - should panic ... ok
[INFO] [stdout] test envelope::tests::bad_release_panics - should panic ... ok
[INFO] [stdout] test envelope::tests::bad_sustain_panics - should panic ... ok
[INFO] [stdout] 
[INFO] [stdout] test result: ok. 27 passed; 0 failed; 0 ignored; 0 measured; 0 filtered out; finished in 0.02s
[INFO] [stdout] 
[INFO] [stderr]      Running unittests src/lib.rs (/opt/rustwide/target/debug/deps/bats_lib-42b96285e0d232c4)
[INFO] [stdout] 
[INFO] [stdout] running 34 tests
[INFO] [stdout] test plugin::metadata::tests::format_bool ... ok
[INFO] [stdout] test plugin::metadata::tests::format_float ... ok
[INFO] [stdout] test plugin::metadata::tests::format_percent ... ok
[INFO] [stdout] test plugin::metadata::tests::param_by_id_with_valid_id_returns_param ... ok
[INFO] [stdout] test plugin::metadata::tests::param_by_name_with_invalid_id_returns_none ... ok
[INFO] [stdout] test plugin::metadata::tests::param_by_name_with_valid_name_returns_param ... ok
[INFO] [stdout] test plugin::metadata::tests::param_by_name_with_invalid_name_returns_none ... ok
[INFO] [stdout] test plugin::tests::set_param_by_name_sets_param_by_name ... ok
[INFO] [stdout] test builder::tests::build ... ok
[INFO] [stdout] test plugin::metadata::tests::format_decibel ... ok
[INFO] [stdout] test plugin::tests::set_param_by_name_with_bad_name_returns_error ... ok
[INFO] [stdout] test plugin::toof::tests::bool_params_have_proper_ranges ... ok
[INFO] [stdout] test plugin::toof::tests::can_set_param_for_unknown_id ... ok
[INFO] [stdout] test plugin::toof::tests::clone_capacity_is_maintained ... ok
[INFO] [stdout] test plugin::toof::tests::key_presses_produce_polyphonic_sound ... ok
[INFO] [stdout] test plugin::toof::tests::set_params_can_set_to_min_and_max ... ok
[INFO] [stdout] test plugin::toof::tests::set_params_matches_get_params_values ... ok
[INFO] [stdout] test track::tests::midi_and_sequence_and_combined ... ok
[INFO] [stdout] test track::tests::empty_sequence_no_midi_produces_silence ... ok
[INFO] [stdout] test track::tests::midi_produces_sound ... ok
[INFO] [stdout] test track::tests::sequence_produces_sound ... ok
[INFO] [stdout] test track::tests::sequence_out_of_range_of_transport_remains_silent ... ok
[INFO] [stdout] test tests::midi_without_arm_remains_silent ... ok
[INFO] [stdout] test track::tests::midi_with_no_record_does_not_fill_sequence ... ok
[INFO] [stdout] test track::tests::midi_with_record_fills_sequence ... ok
[INFO] [stdout] test transport::tests::transport_produces_beat_at_proper_time ... ok
[INFO] [stdout] test tests::bats_implements_debug ... ok
[INFO] [stdout] test tests::midi_and_armed_produces_sound ... ok
[INFO] [stdout] test tests::no_input_produces_silence ... ok
[INFO] [stdout] test tests::no_input_with_transport_produces_metronome_sound ... ok
[INFO] [stdout] test tests::bats_has_right_number_of_tracks ... ok
[INFO] [stdout] test transport::tests::metronome_ticks_regularly ... ok
[INFO] [stdout] test plugin::toof::tests::play_and_release_notes ... ok
[INFO] [stdout] test plugin::toof::tests::note_press_produces_audio ... ok
[INFO] [stdout] 
[INFO] [stdout] test result: ok. 34 passed; 0 failed; 0 ignored; 0 measured; 0 filtered out; finished in 0.02s
[INFO] [stdout] 
[INFO] [stderr]      Running unittests src/lib.rs (/opt/rustwide/target/debug/deps/bats_ui-e19f2166796501dc)
[INFO] [stdout] 
[INFO] [stdout] running 0 tests
[INFO] [stdout] 
[INFO] [stdout] test result: ok. 0 passed; 0 failed; 0 ignored; 0 measured; 0 filtered out; finished in 0.00s
[INFO] [stdout] 
[INFO] [stderr]      Running unittests src/lib.rs (/opt/rustwide/target/debug/deps/bmidi-7016fe163ca3a111)
[INFO] [stdout] 
[INFO] [stdout] running 21 tests
[INFO] [stdout] test byte::tests::min_and_max_14_constant_are_valid ... ok
[INFO] [stdout] test byte::tests::data_to_bytes_converts_exactly ... ok
[INFO] [stdout] test byte::tests::min_and_max_constant_are_valid ... ok
[INFO] [stdout] test byte::tests::test_from_u8_lossy ... ok
[INFO] [stdout] test byte::tests::data_to_slice_converts_exactly ... ok
[INFO] [stdout] test byte::tests::try_from_bytes_fails_on_out_of_range ... ok
[INFO] [stdout] test byte::tests::try_from_bytes_is_ok_on_valid_bytes ... ok
[INFO] [stdout] test byte::tests::try_from_16_passes ... ok
[INFO] [stdout] test byte::tests::try_from_out_of_range_fails ... ok
[INFO] [stdout] test byte::tests::try_from_passes ... ok
[INFO] [stdout] test byte::tests::try_from_slice_fails_on_out_of_range ... ok
[INFO] [stdout] test byte::tests::try_from_slice_is_ok_on_valid_range ... ok
[INFO] [stdout] test cc::test::from_u7 ... ok
[INFO] [stdout] test midi_message::test::channel ... ok
[INFO] [stdout] test midi_message::test::copy_to_slice ... ok
[INFO] [stdout] test midi_message::test::copy_to_slice_sysex ... ok
[INFO] [stdout] test midi_message::test::try_from ... ok
[INFO] [stdout] test note::test::note_to_frequency ... ok
[INFO] [stdout] test note::test::step ... ok
[INFO] [stdout] test note::test::test_debug ... ok
[INFO] [stdout] test byte::tests::try_from_out_of_range_16_fails ... ok
[INFO] [stdout] 
[INFO] [stdout] test result: ok. 21 passed; 0 failed; 0 ignored; 0 measured; 0 filtered out; finished in 0.00s
[INFO] [stdout] 
[INFO] [stderr]    Doc-tests bats-async
[INFO] [stdout] 
[INFO] [stdout] running 0 tests
[INFO] [stdout] 
[INFO] [stdout] test result: ok. 0 passed; 0 failed; 0 ignored; 0 measured; 0 filtered out; finished in 0.00s
[INFO] [stdout] 
[INFO] [stderr]    Doc-tests bats-dsp
[INFO] [stdout] 
[INFO] [stdout] running 0 tests
[INFO] [stdout] 
[INFO] [stdout] test result: ok. 0 passed; 0 failed; 0 ignored; 0 measured; 0 filtered out; finished in 0.00s
[INFO] [stdout] 
[INFO] [stderr]    Doc-tests bats-lib
[INFO] [stdout] 
[INFO] [stdout] running 0 tests
[INFO] [stdout] 
[INFO] [stdout] test result: ok. 0 passed; 0 failed; 0 ignored; 0 measured; 0 filtered out; finished in 0.00s
[INFO] [stdout] 
[INFO] [stderr]    Doc-tests bats-ui
[INFO] [stdout] 
[INFO] [stdout] running 0 tests
[INFO] [stdout] 
[INFO] [stdout] test result: ok. 0 passed; 0 failed; 0 ignored; 0 measured; 0 filtered out; finished in 0.00s
[INFO] [stdout] 
[INFO] [stderr]    Doc-tests bmidi
[INFO] [stdout] 
[INFO] [stdout] running 7 tests
[INFO] [stdout] test bmidi/src/note.rs - note::Note::from_u8_unchecked (line 221) ... ok
[INFO] [stdout] test bmidi/src/note.rs - note::Note::try_from (line 429) ... ok
[INFO] [stdout] test bmidi/src/note.rs - note::u8::from (line 457) ... ok
[INFO] [stdout] test bmidi/src/note.rs - note::Note::to_freq_f32 (line 242) ... ok
[INFO] [stdout] test bmidi/src/note.rs - note::Note::to_freq_f64 (line 256) ... ok
[INFO] [stdout] test bmidi/src/note.rs - note::Note (line 13) ... ok
[INFO] [stdout] test bmidi/src/note.rs - note::Note::step (line 270) ... ok
[INFO] [stdout] 
[INFO] [stdout] test result: ok. 7 passed; 0 failed; 0 ignored; 0 measured; 0 filtered out; finished in 0.17s
[INFO] [stdout] 
[INFO] running `Command { std: "docker" "inspect" "56c7c1315c747724f1cf0bdf274bc21800511022eb5c3ac8c822c165592f24c3", kill_on_drop: false }`
[INFO] running `Command { std: "docker" "rm" "-f" "56c7c1315c747724f1cf0bdf274bc21800511022eb5c3ac8c822c165592f24c3", kill_on_drop: false }`
[INFO] [stdout] 56c7c1315c747724f1cf0bdf274bc21800511022eb5c3ac8c822c165592f24c3
[INFO] testing wmedrano/bats against beta-2023-12-22 for beta-1.76-1
[INFO] running `Command { std: "git" "clone" "/workspace/cache/git-repos/https%3A%2F%2Fgithub.com%2Fwmedrano%2Fbats" "/workspace/builds/worker-5-tc2/source", kill_on_drop: false }`
[INFO] [stderr] Cloning into '/workspace/builds/worker-5-tc2/source'...
[INFO] [stderr] done.
[INFO] validating manifest of git repo https://github.com/wmedrano/bats on toolchain beta-2023-12-22
[INFO] running `Command { std: CARGO_HOME="/workspace/cargo-home" RUSTUP_HOME="/workspace/rustup-home" "/workspace/cargo-home/bin/cargo" "+beta-2023-12-22" "metadata" "--manifest-path" "Cargo.toml" "--no-deps", kill_on_drop: false }`
[INFO] started tweaking git repo https://github.com/wmedrano/bats
[INFO] finished tweaking git repo https://github.com/wmedrano/bats
[INFO] tweaked toml for git repo https://github.com/wmedrano/bats written to /workspace/builds/worker-5-tc2/source/Cargo.toml
[INFO] crate git repo https://github.com/wmedrano/bats already has a lockfile, it will not be regenerated
[INFO] running `Command { std: CARGO_HOME="/workspace/cargo-home" RUSTUP_HOME="/workspace/rustup-home" "/workspace/cargo-home/bin/cargo" "+beta-2023-12-22" "fetch" "--manifest-path" "Cargo.toml", kill_on_drop: false }`
[INFO] running `Command { std: "docker" "create" "-v" "/var/lib/crater-agent-workspace/builds/worker-5-tc2/target:/opt/rustwide/target:rw,Z" "-v" "/var/lib/crater-agent-workspace/builds/worker-5-tc2/source:/opt/rustwide/workdir:ro,Z" "-v" "/var/lib/crater-agent-workspace/cargo-home:/opt/rustwide/cargo-home:ro,Z" "-v" "/var/lib/crater-agent-workspace/rustup-home:/opt/rustwide/rustup-home:ro,Z" "-e" "SOURCE_DIR=/opt/rustwide/workdir" "-e" "CARGO_TARGET_DIR=/opt/rustwide/target" "-e" "CARGO_HOME=/opt/rustwide/cargo-home" "-e" "RUSTUP_HOME=/opt/rustwide/rustup-home" "-w" "/opt/rustwide/workdir" "-m" "1610612736" "--user" "0:0" "--network" "none" "ghcr.io/rust-lang/crates-build-env/linux@sha256:2788e3201cd34a07e3172128adcd8b3090168a8e3bcc40d7c032b9dda1df7d1c" "/opt/rustwide/cargo-home/bin/cargo" "+beta-2023-12-22" "metadata" "--no-deps" "--format-version=1", kill_on_drop: false }`
[INFO] [stdout] 5c67d50cf1620a958e621bbd6224fdecb1b0a7953ee7795de44a1f0f0559744e
[INFO] running `Command { std: "docker" "start" "-a" "5c67d50cf1620a958e621bbd6224fdecb1b0a7953ee7795de44a1f0f0559744e", kill_on_drop: false }`
[INFO] running `Command { std: "docker" "inspect" "5c67d50cf1620a958e621bbd6224fdecb1b0a7953ee7795de44a1f0f0559744e", kill_on_drop: false }`
[INFO] running `Command { std: "docker" "rm" "-f" "5c67d50cf1620a958e621bbd6224fdecb1b0a7953ee7795de44a1f0f0559744e", kill_on_drop: false }`
[INFO] [stdout] 5c67d50cf1620a958e621bbd6224fdecb1b0a7953ee7795de44a1f0f0559744e
[INFO] running `Command { std: "docker" "create" "-v" "/var/lib/crater-agent-workspace/builds/worker-5-tc2/target:/opt/rustwide/target:rw,Z" "-v" "/var/lib/crater-agent-workspace/builds/worker-5-tc2/source:/opt/rustwide/workdir:ro,Z" "-v" "/var/lib/crater-agent-workspace/cargo-home:/opt/rustwide/cargo-home:ro,Z" "-v" "/var/lib/crater-agent-workspace/rustup-home:/opt/rustwide/rustup-home:ro,Z" "-e" "SOURCE_DIR=/opt/rustwide/workdir" "-e" "CARGO_TARGET_DIR=/opt/rustwide/target" "-e" "CARGO_INCREMENTAL=0" "-e" "RUST_BACKTRACE=full" "-e" "RUSTFLAGS=--cap-lints=warn" "-e" "RUSTDOCFLAGS=--cap-lints=warn" "-e" "CARGO_HOME=/opt/rustwide/cargo-home" "-e" "RUSTUP_HOME=/opt/rustwide/rustup-home" "-w" "/opt/rustwide/workdir" "-m" "1610612736" "--user" "0:0" "--network" "none" "ghcr.io/rust-lang/crates-build-env/linux@sha256:2788e3201cd34a07e3172128adcd8b3090168a8e3bcc40d7c032b9dda1df7d1c" "/opt/rustwide/cargo-home/bin/cargo" "+beta-2023-12-22" "build" "--frozen" "--message-format=json", kill_on_drop: false }`
[INFO] [stdout] ffec8add09afd6b01098a5b118a731bd7069d09087863e6d6a1be4d393c65552
[INFO] running `Command { std: "docker" "start" "-a" "ffec8add09afd6b01098a5b118a731bd7069d09087863e6d6a1be4d393c65552", kill_on_drop: false }`
[INFO] [stderr]    Compiling proc-macro2 v1.0.69
[INFO] [stderr]    Compiling unicode-ident v1.0.12
[INFO] [stderr]    Compiling cfg-if v1.0.0
[INFO] [stderr]    Compiling libc v0.2.150
[INFO] [stderr]    Compiling autocfg v1.1.0
[INFO] [stderr]    Compiling serde v1.0.193
[INFO] [stderr]    Compiling log v0.4.20
[INFO] [stderr]    Compiling semver v1.0.20
[INFO] [stderr]    Compiling scopeguard v1.2.0
[INFO] [stderr]    Compiling version_check v0.9.4
[INFO] [stderr]    Compiling parking_lot_core v0.9.9
[INFO] [stderr]    Compiling rustversion v1.0.14
[INFO] [stderr]    Compiling anyhow v1.0.75
[INFO] [stderr]    Compiling signal-hook v0.3.17
[INFO] [stderr]    Compiling heck v0.4.1
[INFO] [stderr]    Compiling bitflags v2.4.1
[INFO] [stderr]    Compiling once_cell v1.18.0
[INFO] [stderr]    Compiling pkg-config v0.3.27
[INFO] [stderr]    Compiling smallvec v1.11.2
[INFO] [stderr]    Compiling bitflags v1.3.2
[INFO] [stderr]    Compiling crossbeam-utils v0.8.16
[INFO] [stderr]    Compiling zerocopy v0.7.26
[INFO] [stderr]    Compiling allocator-api2 v0.2.16
[INFO] [stderr]    Compiling byteorder v1.5.0
[INFO] [stderr]    Compiling memchr v2.6.4
[INFO] [stderr]    Compiling hound v3.5.1
[INFO] [stderr]    Compiling rustix v0.38.25
[INFO] [stderr]    Compiling paste v1.0.14
[INFO] [stderr]    Compiling ahash v0.8.6
[INFO] [stderr]    Compiling lock_api v0.4.11
[INFO] [stderr]    Compiling utf8parse v0.2.1
[INFO] [stderr]    Compiling anstyle-parse v0.2.2
[INFO] [stderr]    Compiling hash32 v0.2.1
[INFO] [stderr]    Compiling rustc_version v0.4.0
[INFO] [stderr]    Compiling linux-raw-sys v0.4.11
[INFO] [stderr]    Compiling jack-sys v0.5.1
[INFO] [stderr]    Compiling anstyle-query v1.0.0
[INFO] [stderr]    Compiling regex-syntax v0.8.2
[INFO] [stderr]    Compiling either v1.9.0
[INFO] [stderr]    Compiling colorchoice v1.0.0
[INFO] [stderr]    Compiling stable_deref_trait v1.2.0
[INFO] [stderr]    Compiling anstyle v1.0.4
[INFO] [stderr]    Compiling libloading v0.7.4
[INFO] [stderr]    Compiling quote v1.0.33
[INFO] [stderr]    Compiling aho-corasick v1.1.2
[INFO] [stderr]    Compiling hashbrown v0.14.2
[INFO] [stderr]    Compiling spin v0.9.8
[INFO] [stderr]    Compiling anstream v0.6.4
[INFO] [stderr]    Compiling crossbeam-channel v0.5.8
[INFO] [stderr]    Compiling heapless v0.7.16
[INFO] [stderr]    Compiling syn v2.0.39
[INFO] [stderr]    Compiling signal-hook-registry v1.4.1
[INFO] [stderr]    Compiling mio v0.8.9
[INFO] [stderr]    Compiling itertools v0.11.0
[INFO] [stderr]    Compiling clap_lex v0.6.0
[INFO] [stderr]    Compiling unicode-width v0.1.11
[INFO] [stderr]    Compiling strsim v0.10.0
[INFO] [stderr]    Compiling parking_lot v0.12.1
[INFO] [stderr]    Compiling jack v0.11.4
[INFO] [stderr]    Compiling cobs v0.2.3
[INFO] [stderr]    Compiling lru v0.12.0
[INFO] [stderr]    Compiling cassowary v0.3.0
[INFO] [stderr]    Compiling unicode-segmentation v1.10.1
[INFO] [stderr]    Compiling signal-hook-mio v0.2.3
[INFO] [stderr]    Compiling indoc v2.0.4
[INFO] [stderr]    Compiling crossterm v0.27.0
[INFO] [stderr]    Compiling embedded-io v0.4.0
[INFO] [stderr]    Compiling lazy_static v1.4.0
[INFO] [stderr]    Compiling clap_builder v4.4.8
[INFO] [stderr]    Compiling humantime v2.1.0
[INFO] [stderr]    Compiling termcolor v1.4.0
[INFO] [stderr]    Compiling is-terminal v0.4.9
[INFO] [stderr]    Compiling regex-automata v0.4.3
[INFO] [stderr]    Compiling regex v1.10.2
[INFO] [stderr]    Compiling env_logger v0.10.1
[INFO] [stderr]    Compiling serde_derive v1.0.193
[INFO] [stderr]    Compiling strum_macros v0.25.3
[INFO] [stderr]    Compiling clap_derive v4.4.7
[INFO] [stderr]    Compiling strum v0.25.0
[INFO] [stderr]    Compiling ratatui v0.24.0
[INFO] [stderr]    Compiling clap v4.4.8
[INFO] [stderr]    Compiling arrayvec v0.7.4
[INFO] [stderr]    Compiling bats-dsp v0.1.0 (/opt/rustwide/workdir/bats-dsp)
[INFO] [stderr]    Compiling bmidi v0.1.0 (/opt/rustwide/workdir/bmidi)
[INFO] [stderr]    Compiling bats-lib v0.1.0 (/opt/rustwide/workdir/bats-lib)
[INFO] [stderr]    Compiling postcard v1.0.8
[INFO] [stderr]    Compiling bats-async v0.1.0 (/opt/rustwide/workdir/bats-async)
[INFO] [stderr]    Compiling bats-ui v0.1.0 (/opt/rustwide/workdir/bats-ui)
[INFO] [stderr]    Compiling bats v0.1.0 (/opt/rustwide/workdir/bats)
[INFO] [stderr]     Finished dev [unoptimized + debuginfo] target(s) in 10.63s
[INFO] running `Command { std: "docker" "inspect" "ffec8add09afd6b01098a5b118a731bd7069d09087863e6d6a1be4d393c65552", kill_on_drop: false }`
[INFO] running `Command { std: "docker" "rm" "-f" "ffec8add09afd6b01098a5b118a731bd7069d09087863e6d6a1be4d393c65552", kill_on_drop: false }`
[INFO] [stdout] ffec8add09afd6b01098a5b118a731bd7069d09087863e6d6a1be4d393c65552
[INFO] running `Command { std: "docker" "create" "-v" "/var/lib/crater-agent-workspace/builds/worker-5-tc2/target:/opt/rustwide/target:rw,Z" "-v" "/var/lib/crater-agent-workspace/builds/worker-5-tc2/source:/opt/rustwide/workdir:ro,Z" "-v" "/var/lib/crater-agent-workspace/cargo-home:/opt/rustwide/cargo-home:ro,Z" "-v" "/var/lib/crater-agent-workspace/rustup-home:/opt/rustwide/rustup-home:ro,Z" "-e" "SOURCE_DIR=/opt/rustwide/workdir" "-e" "CARGO_TARGET_DIR=/opt/rustwide/target" "-e" "CARGO_INCREMENTAL=0" "-e" "RUST_BACKTRACE=full" "-e" "RUSTFLAGS=--cap-lints=warn" "-e" "RUSTDOCFLAGS=--cap-lints=warn" "-e" "CARGO_HOME=/opt/rustwide/cargo-home" "-e" "RUSTUP_HOME=/opt/rustwide/rustup-home" "-w" "/opt/rustwide/workdir" "-m" "1610612736" "--user" "0:0" "--network" "none" "ghcr.io/rust-lang/crates-build-env/linux@sha256:2788e3201cd34a07e3172128adcd8b3090168a8e3bcc40d7c032b9dda1df7d1c" "/opt/rustwide/cargo-home/bin/cargo" "+beta-2023-12-22" "test" "--frozen" "--no-run" "--message-format=json", kill_on_drop: false }`
[INFO] [stdout] 163e477d2541d7a653cca9dd613ce5e74a1a677d947f92ae283e39d82a14814d
[INFO] running `Command { std: "docker" "start" "-a" "163e477d2541d7a653cca9dd613ce5e74a1a677d947f92ae283e39d82a14814d", kill_on_drop: false }`
[INFO] [stderr]    Compiling once_cell v1.18.0
[INFO] [stderr]    Compiling serde_json v1.0.108
[INFO] [stderr]    Compiling num-traits v0.2.17
[INFO] [stderr]    Compiling half v1.8.2
[INFO] [stderr]    Compiling ciborium-io v0.2.1
[INFO] [stderr]    Compiling itoa v1.0.9
[INFO] [stderr]    Compiling ryu v1.0.15
[INFO] [stderr]    Compiling itertools v0.10.5
[INFO] [stderr]    Compiling cast v0.3.0
[INFO] [stderr]    Compiling same-file v1.0.6
[INFO] [stderr]    Compiling oorandom v11.1.3
[INFO] [stderr]    Compiling anes v0.1.6
[INFO] [stderr]    Compiling bats-async v0.1.0 (/opt/rustwide/workdir/bats-async)
[INFO] [stderr]    Compiling walkdir v2.4.0
[INFO] [stderr]    Compiling ahash v0.8.6
[INFO] [stderr]    Compiling ciborium-ll v0.2.1
[INFO] [stderr]    Compiling hashbrown v0.14.2
[INFO] [stderr]    Compiling ciborium v0.2.1
[INFO] [stderr]    Compiling lru v0.12.0
[INFO] [stderr]    Compiling ratatui v0.24.0
[INFO] [stderr]    Compiling tinytemplate v1.2.1
[INFO] [stderr]    Compiling criterion-plot v0.5.0
[INFO] [stderr]    Compiling criterion v0.5.1
[INFO] [stderr]    Compiling bats-ui v0.1.0 (/opt/rustwide/workdir/bats-ui)
[INFO] [stderr]    Compiling bats v0.1.0 (/opt/rustwide/workdir/bats)
[INFO] [stderr]    Compiling bmidi v0.1.0 (/opt/rustwide/workdir/bmidi)
[INFO] [stderr]    Compiling bats-dsp v0.1.0 (/opt/rustwide/workdir/bats-dsp)
[INFO] [stderr]    Compiling bats-lib v0.1.0 (/opt/rustwide/workdir/bats-lib)
[INFO] [stderr]     Finished test [unoptimized + debuginfo] target(s) in 3.69s
[INFO] running `Command { std: "docker" "inspect" "163e477d2541d7a653cca9dd613ce5e74a1a677d947f92ae283e39d82a14814d", kill_on_drop: false }`
[INFO] running `Command { std: "docker" "rm" "-f" "163e477d2541d7a653cca9dd613ce5e74a1a677d947f92ae283e39d82a14814d", kill_on_drop: false }`
[INFO] [stdout] 163e477d2541d7a653cca9dd613ce5e74a1a677d947f92ae283e39d82a14814d
[INFO] running `Command { std: "docker" "create" "-v" "/var/lib/crater-agent-workspace/builds/worker-5-tc2/target:/opt/rustwide/target:rw,Z" "-v" "/var/lib/crater-agent-workspace/builds/worker-5-tc2/source:/opt/rustwide/workdir:ro,Z" "-v" "/var/lib/crater-agent-workspace/cargo-home:/opt/rustwide/cargo-home:ro,Z" "-v" "/var/lib/crater-agent-workspace/rustup-home:/opt/rustwide/rustup-home:ro,Z" "-e" "SOURCE_DIR=/opt/rustwide/workdir" "-e" "CARGO_TARGET_DIR=/opt/rustwide/target" "-e" "CARGO_INCREMENTAL=0" "-e" "RUST_BACKTRACE=full" "-e" "RUSTFLAGS=--cap-lints=warn" "-e" "RUSTDOCFLAGS=--cap-lints=warn" "-e" "CARGO_HOME=/opt/rustwide/cargo-home" "-e" "RUSTUP_HOME=/opt/rustwide/rustup-home" "-w" "/opt/rustwide/workdir" "-m" "1610612736" "--user" "0:0" "--network" "none" "ghcr.io/rust-lang/crates-build-env/linux@sha256:2788e3201cd34a07e3172128adcd8b3090168a8e3bcc40d7c032b9dda1df7d1c" "/opt/rustwide/cargo-home/bin/cargo" "+beta-2023-12-22" "test" "--frozen", kill_on_drop: false }`
[INFO] [stdout] 3f7fee64a89c649c8c63250a029e19d0f6adb172ad50199bad0a19cc3472d2e4
[INFO] running `Command { std: "docker" "start" "-a" "3f7fee64a89c649c8c63250a029e19d0f6adb172ad50199bad0a19cc3472d2e4", kill_on_drop: false }`
[INFO] [stderr]     Finished test [unoptimized + debuginfo] target(s) in 0.06s
[INFO] [stderr]      Running unittests src/main.rs (/opt/rustwide/target/debug/deps/bats-2da07af94020e15e)
[INFO] [stdout] 
[INFO] [stdout] running 0 tests
[INFO] [stdout] 
[INFO] [stdout] test result: ok. 0 passed; 0 failed; 0 ignored; 0 measured; 0 filtered out; finished in 0.00s
[INFO] [stdout] 
[INFO] [stderr]      Running unittests src/lib.rs (/opt/rustwide/target/debug/deps/bats_async-d67bd7a0a9c5376c)
[INFO] [stdout] 
[INFO] [stdout] running 13 tests
[INFO] [stdout] test command::tests::none_command_undo_is_none ... ok
[INFO] [stdout] test command::tests::remove_plugin_that_does_not_exist_does_nothing ... ok
[INFO] [stdout] test command::tests::set_metronome_volume_sets_new_volume_and_returns_old_as_undo ... ok
[INFO] [stdout] test command::tests::set_plugin ... ok
[INFO] [stdout] test command::tests::metrenome_set_bpm ... ok
[INFO] [stdout] test command::tests::set_armed_track ... ok
[INFO] [stdout] test command::tests::set_track_volume_on_track_that_does_not_exist_does_nothing ... ok
[INFO] [stdout] test command::tests::set_track_volume_sets_volume ... ok
[INFO] [stdout] test command::tests::set_sequence_sets_sequence_on_track ... ok
[INFO] [stdout] test command::tests::set_record ... ok
[INFO] [stdout] test tests::send_commands_get_executed ... ok
[INFO] [stdout] test command::tests::command_size_is_reasonable ... FAILED
[INFO] [stdout] test notification::tests::notification_size_is_reasonable ... FAILED
[INFO] [stdout] 
[INFO] [stdout] failures:
[INFO] [stdout] 
[INFO] [stdout] ---- command::tests::command_size_is_reasonable stdout ----
[INFO] [stdout] thread 'command::tests::command_size_is_reasonable' panicked at bats-async/src/command.rs:143:9:
[INFO] [stdout] assertion `left == right` failed
[INFO] [stdout]   left: 32
[INFO] [stdout]  right: 40
[INFO] [stdout] stack backtrace:
[INFO] [stdout]    0:     0x559e6df393e6 - std::backtrace_rs::backtrace::libunwind::trace::h261606ad26a499c1
[INFO] [stdout]                                at /rustc/0e09125c6c3c2fd70d7de961bcf0e51575235fad/library/std/src/../../backtrace/src/backtrace/libunwind.rs:104:5
[INFO] [stdout]    1:     0x559e6df393e6 - std::backtrace_rs::backtrace::trace_unsynchronized::hd183f0625477fb28
[INFO] [stdout]                                at /rustc/0e09125c6c3c2fd70d7de961bcf0e51575235fad/library/std/src/../../backtrace/src/backtrace/mod.rs:66:5
[INFO] [stdout]    2:     0x559e6df393e6 - std::sys_common::backtrace::_print_fmt::hd7f8fef21b4eda67
[INFO] [stdout]                                at /rustc/0e09125c6c3c2fd70d7de961bcf0e51575235fad/library/std/src/sys_common/backtrace.rs:68:5
[INFO] [stdout]    3:     0x559e6df393e6 - <std::sys_common::backtrace::_print::DisplayBacktrace as core::fmt::Display>::fmt::h623d9b51f2f453f1
[INFO] [stdout]                                at /rustc/0e09125c6c3c2fd70d7de961bcf0e51575235fad/library/std/src/sys_common/backtrace.rs:44:22
[INFO] [stdout]    4:     0x559e6df62c40 - core::fmt::rt::Argument::fmt::h9f417ac76a86f368
[INFO] [stdout]                                at /rustc/0e09125c6c3c2fd70d7de961bcf0e51575235fad/library/core/src/fmt/rt.rs:142:9
[INFO] [stdout]    5:     0x559e6df62c40 - core::fmt::write::hc9b6faf4ac2aeff7
[INFO] [stdout]                                at /rustc/0e09125c6c3c2fd70d7de961bcf0e51575235fad/library/core/src/fmt/mod.rs:1120:17
[INFO] [stdout]    6:     0x559e6df36e4f - std::io::Write::write_fmt::he04625a3a989fec3
[INFO] [stdout]                                at /rustc/0e09125c6c3c2fd70d7de961bcf0e51575235fad/library/std/src/io/mod.rs:1810:15
[INFO] [stdout]    7:     0x559e6df391c4 - std::sys_common::backtrace::_print::hd5d66399c7df88a2
[INFO] [stdout]                                at /rustc/0e09125c6c3c2fd70d7de961bcf0e51575235fad/library/std/src/sys_common/backtrace.rs:47:5
[INFO] [stdout]    8:     0x559e6df391c4 - std::sys_common::backtrace::print::he81ed2da642d37e5
[INFO] [stdout]                                at /rustc/0e09125c6c3c2fd70d7de961bcf0e51575235fad/library/std/src/sys_common/backtrace.rs:34:9
[INFO] [stdout]    9:     0x559e6df3af37 - std::panicking::default_hook::{{closure}}::h85773f4fa117163d
[INFO] [stdout]   10:     0x559e6df3ac1d - std::panicking::default_hook::h6a1694a91d09b278
[INFO] [stdout]                                at /rustc/0e09125c6c3c2fd70d7de961bcf0e51575235fad/library/std/src/panicking.rs:289:9
[INFO] [stdout]   11:     0x559e6def4777 - <alloc::boxed::Box<F,A> as core::ops::function::Fn<Args>>::call::h616ac37fa3cd6c8f
[INFO] [stdout]                                at /rustc/0e09125c6c3c2fd70d7de961bcf0e51575235fad/library/alloc/src/boxed.rs:2029:9
[INFO] [stdout]   12:     0x559e6def4777 - test::test_main::{{closure}}::h00d84697cefdcbb6
[INFO] [stdout]                                at /rustc/0e09125c6c3c2fd70d7de961bcf0e51575235fad/library/test/src/lib.rs:138:21
[INFO] [stdout]   13:     0x559e6df3b556 - <alloc::boxed::Box<F,A> as core::ops::function::Fn<Args>>::call::hcb3fe3b9bb537ba8
[INFO] [stdout]                                at /rustc/0e09125c6c3c2fd70d7de961bcf0e51575235fad/library/alloc/src/boxed.rs:2029:9
[INFO] [stdout]   14:     0x559e6df3b556 - std::panicking::rust_panic_with_hook::h0a7ad96e90f7145b
[INFO] [stdout]                                at /rustc/0e09125c6c3c2fd70d7de961bcf0e51575235fad/library/std/src/panicking.rs:783:13
[INFO] [stdout]   15:     0x559e6df3b2a2 - std::panicking::begin_panic_handler::{{closure}}::h7919090525c6485e
[INFO] [stdout]                                at /rustc/0e09125c6c3c2fd70d7de961bcf0e51575235fad/library/std/src/panicking.rs:657:13
[INFO] [stdout]   16:     0x559e6df398e6 - std::sys_common::backtrace::__rust_end_short_backtrace::hf3289479464f7dfe
[INFO] [stdout]                                at /rustc/0e09125c6c3c2fd70d7de961bcf0e51575235fad/library/std/src/sys_common/backtrace.rs:171:18
[INFO] [stdout]   17:     0x559e6df3b000 - rust_begin_unwind
[INFO] [stdout]                                at /rustc/0e09125c6c3c2fd70d7de961bcf0e51575235fad/library/std/src/panicking.rs:645:5
[INFO] [stdout]   18:     0x559e6de8dcd5 - core::panicking::panic_fmt::hcc9f77c5c132af55
[INFO] [stdout]                                at /rustc/0e09125c6c3c2fd70d7de961bcf0e51575235fad/library/core/src/panicking.rs:72:14
[INFO] [stdout]   19:     0x559e6de8e14b - core::panicking::assert_failed_inner::h9f13e27dd63c3a08
[INFO] [stdout]                                at /rustc/0e09125c6c3c2fd70d7de961bcf0e51575235fad/library/core/src/panicking.rs:342:17
[INFO] [stdout]   20:     0x559e6df05e0e - core::panicking::assert_failed::h1952de29763a6c36
[INFO] [stdout]                                at /rustc/0e09125c6c3c2fd70d7de961bcf0e51575235fad/library/core/src/panicking.rs:297:5
[INFO] [stdout]   21:     0x559e6dea074b - bats_async::command::tests::command_size_is_reasonable::hedcdfc4342a0ab20
[INFO] [stdout]                                at /opt/rustwide/workdir/bats-async/src/command.rs:143:9
[INFO] [stdout]   22:     0x559e6dea06b7 - bats_async::command::tests::command_size_is_reasonable::{{closure}}::h4bb406432b61850e
[INFO] [stdout]                                at /opt/rustwide/workdir/bats-async/src/command.rs:141:36
[INFO] [stdout]   23:     0x559e6dead7f6 - core::ops::function::FnOnce::call_once::hb01f648e6b97a5cc
[INFO] [stdout]                                at /rustc/0e09125c6c3c2fd70d7de961bcf0e51575235fad/library/core/src/ops/function.rs:250:5
[INFO] [stdout]   24:     0x559e6defa04f - core::ops::function::FnOnce::call_once::hd64d26f405258157
[INFO] [stdout]                                at /rustc/0e09125c6c3c2fd70d7de961bcf0e51575235fad/library/core/src/ops/function.rs:250:5
[INFO] [stdout]   25:     0x559e6defa04f - test::__rust_begin_short_backtrace::he21b0b7a6d731bf9
[INFO] [stdout]                                at /rustc/0e09125c6c3c2fd70d7de961bcf0e51575235fad/library/test/src/lib.rs:627:18
[INFO] [stdout]   26:     0x559e6def8dd1 - test::run_test_in_process::{{closure}}::hf5c73986d7bdfde2
[INFO] [stdout]                                at /rustc/0e09125c6c3c2fd70d7de961bcf0e51575235fad/library/test/src/lib.rs:650:60
[INFO] [stdout]   27:     0x559e6def8dd1 - <core::panic::unwind_safe::AssertUnwindSafe<F> as core::ops::function::FnOnce<()>>::call_once::h330011ad032aadc0
[INFO] [stdout]                                at /rustc/0e09125c6c3c2fd70d7de961bcf0e51575235fad/library/core/src/panic/unwind_safe.rs:272:9
[INFO] [stdout]   28:     0x559e6def8dd1 - std::panicking::try::do_call::he61b0a958b795a41
[INFO] [stdout]                                at /rustc/0e09125c6c3c2fd70d7de961bcf0e51575235fad/library/std/src/panicking.rs:552:40
[INFO] [stdout]   29:     0x559e6def8dd1 - std::panicking::try::h7309da130f906eb7
[INFO] [stdout]                                at /rustc/0e09125c6c3c2fd70d7de961bcf0e51575235fad/library/std/src/panicking.rs:516:19
[INFO] [stdout]   30:     0x559e6def8dd1 - std::panic::catch_unwind::hc5c3a06fdaf0a92a
[INFO] [stdout]                                at /rustc/0e09125c6c3c2fd70d7de961bcf0e51575235fad/library/std/src/panic.rs:142:14
[INFO] [stdout]   31:     0x559e6def8dd1 - test::run_test_in_process::h7e7b7c71c3324e0f
[INFO] [stdout]                                at /rustc/0e09125c6c3c2fd70d7de961bcf0e51575235fad/library/test/src/lib.rs:650:27
[INFO] [stdout]   32:     0x559e6def8dd1 - test::run_test::{{closure}}::h1f509f28f5cf20b1
[INFO] [stdout]                                at /rustc/0e09125c6c3c2fd70d7de961bcf0e51575235fad/library/test/src/lib.rs:573:43
[INFO] [stdout]   33:     0x559e6dec0106 - test::run_test::{{closure}}::h1754218abf443f6d
[INFO] [stdout]                                at /rustc/0e09125c6c3c2fd70d7de961bcf0e51575235fad/library/test/src/lib.rs:601:41
[INFO] [stdout]   34:     0x559e6dec0106 - std::sys_common::backtrace::__rust_begin_short_backtrace::h2ee174b9d5954948
[INFO] [stdout]                                at /rustc/0e09125c6c3c2fd70d7de961bcf0e51575235fad/library/std/src/sys_common/backtrace.rs:155:18
[INFO] [stdout]   35:     0x559e6dec5167 - std::thread::Builder::spawn_unchecked_::{{closure}}::{{closure}}::hf60bee9c1a17ef09
[INFO] [stdout]                                at /rustc/0e09125c6c3c2fd70d7de961bcf0e51575235fad/library/std/src/thread/mod.rs:529:17
[INFO] [stdout]   36:     0x559e6dec5167 - <core::panic::unwind_safe::AssertUnwindSafe<F> as core::ops::function::FnOnce<()>>::call_once::h33d0dddec5216160
[INFO] [stdout]                                at /rustc/0e09125c6c3c2fd70d7de961bcf0e51575235fad/library/core/src/panic/unwind_safe.rs:272:9
[INFO] [stdout]   37:     0x559e6dec5167 - std::panicking::try::do_call::h144b3048b546f835
[INFO] [stdout]                                at /rustc/0e09125c6c3c2fd70d7de961bcf0e51575235fad/library/std/src/panicking.rs:552:40
[INFO] [stdout]   38:     0x559e6dec5167 - std::panicking::try::h978244d04646189f
[INFO] [stdout]                                at /rustc/0e09125c6c3c2fd70d7de961bcf0e51575235fad/library/std/src/panicking.rs:516:19
[INFO] [stdout]   39:     0x559e6dec5167 - std::panic::catch_unwind::hdf436369d188fe86
[INFO] [stdout]                                at /rustc/0e09125c6c3c2fd70d7de961bcf0e51575235fad/library/std/src/panic.rs:142:14
[INFO] [stdout]   40:     0x559e6dec5167 - std::thread::Builder::spawn_unchecked_::{{closure}}::h87329cbdd33c79ec
[INFO] [stdout]                                at /rustc/0e09125c6c3c2fd70d7de961bcf0e51575235fad/library/std/src/thread/mod.rs:528:30
[INFO] [stdout]   41:     0x559e6dec5167 - core::ops::function::FnOnce::call_once{{vtable.shim}}::h401abbe67897d450
[INFO] [stdout]                                at /rustc/0e09125c6c3c2fd70d7de961bcf0e51575235fad/library/core/src/ops/function.rs:250:5
[INFO] [stdout]   42:     0x559e6df40005 - <alloc::boxed::Box<F,A> as core::ops::function::FnOnce<Args>>::call_once::h5d7c8f150ab9c84c
[INFO] [stdout]                                at /rustc/0e09125c6c3c2fd70d7de961bcf0e51575235fad/library/alloc/src/boxed.rs:2015:9
[INFO] [stdout]   43:     0x559e6df40005 - <alloc::boxed::Box<F,A> as core::ops::function::FnOnce<Args>>::call_once::h570d5b005c242c15
[INFO] [stdout]                                at /rustc/0e09125c6c3c2fd70d7de961bcf0e51575235fad/library/alloc/src/boxed.rs:2015:9
[INFO] [stdout]   44:     0x559e6df40005 - std::sys::unix::thread::Thread::new::thread_start::h36b0a20c0b2361ad
[INFO] [stdout]                                at /rustc/0e09125c6c3c2fd70d7de961bcf0e51575235fad/library/std/src/sys/unix/thread.rs:108:17
[INFO] [stdout]   45:     0x7f1c5f2beac3 - <unknown>
[INFO] [stdout]   46:     0x7f1c5f34fbf4 - __clone
[INFO] [stdout]   47:                0x0 - <unknown>
[INFO] [stdout] 
[INFO] [stdout] ---- notification::tests::notification_size_is_reasonable stdout ----
[INFO] [stdout] thread 'notification::tests::notification_size_is_reasonable' panicked at bats-async/src/notification.rs:17:9:
[INFO] [stdout] assertion `left == right` failed
[INFO] [stdout]   left: 32
[INFO] [stdout]  right: 40
[INFO] [stdout] stack backtrace:
[INFO] [stdout]    0:     0x559e6df393e6 - std::backtrace_rs::backtrace::libunwind::trace::h261606ad26a499c1
[INFO] [stdout]                                at /rustc/0e09125c6c3c2fd70d7de961bcf0e51575235fad/library/std/src/../../backtrace/src/backtrace/libunwind.rs:104:5
[INFO] [stdout]    1:     0x559e6df393e6 - std::backtrace_rs::backtrace::trace_unsynchronized::hd183f0625477fb28
[INFO] [stdout]                                at /rustc/0e09125c6c3c2fd70d7de961bcf0e51575235fad/library/std/src/../../backtrace/src/backtrace/mod.rs:66:5
[INFO] [stdout]    2:     0x559e6df393e6 - std::sys_common::backtrace::_print_fmt::hd7f8fef21b4eda67
[INFO] [stdout]                                at /rustc/0e09125c6c3c2fd70d7de961bcf0e51575235fad/library/std/src/sys_common/backtrace.rs:68:5
[INFO] [stdout]    3:     0x559e6df393e6 - <std::sys_common::backtrace::_print::DisplayBacktrace as core::fmt::Display>::fmt::h623d9b51f2f453f1
[INFO] [stdout]                                at /rustc/0e09125c6c3c2fd70d7de961bcf0e51575235fad/library/std/src/sys_common/backtrace.rs:44:22
[INFO] [stdout]    4:     0x559e6df62c40 - core::fmt::rt::Argument::fmt::h9f417ac76a86f368
[INFO] [stdout]                                at /rustc/0e09125c6c3c2fd70d7de961bcf0e51575235fad/library/core/src/fmt/rt.rs:142:9
[INFO] [stdout]    5:     0x559e6df62c40 - core::fmt::write::hc9b6faf4ac2aeff7
[INFO] [stdout]                                at /rustc/0e09125c6c3c2fd70d7de961bcf0e51575235fad/library/core/src/fmt/mod.rs:1120:17
[INFO] [stdout]    6:     0x559e6df36e4f - std::io::Write::write_fmt::he04625a3a989fec3
[INFO] [stdout]                                at /rustc/0e09125c6c3c2fd70d7de961bcf0e51575235fad/library/std/src/io/mod.rs:1810:15
[INFO] [stdout]    7:     0x559e6df391c4 - std::sys_common::backtrace::_print::hd5d66399c7df88a2
[INFO] [stdout]                                at /rustc/0e09125c6c3c2fd70d7de961bcf0e51575235fad/library/std/src/sys_common/backtrace.rs:47:5
[INFO] [stdout]    8:     0x559e6df391c4 - std::sys_common::backtrace::print::he81ed2da642d37e5
[INFO] [stdout]                                at /rustc/0e09125c6c3c2fd70d7de961bcf0e51575235fad/library/std/src/sys_common/backtrace.rs:34:9
[INFO] [stdout]    9:     0x559e6df3af37 - std::panicking::default_hook::{{closure}}::h85773f4fa117163d
[INFO] [stdout]   10:     0x559e6df3ac1d - std::panicking::default_hook::h6a1694a91d09b278
[INFO] [stdout]                                at /rustc/0e09125c6c3c2fd70d7de961bcf0e51575235fad/library/std/src/panicking.rs:289:9
[INFO] [stdout]   11:     0x559e6def4777 - <alloc::boxed::Box<F,A> as core::ops::function::Fn<Args>>::call::h616ac37fa3cd6c8f
[INFO] [stdout]                                at /rustc/0e09125c6c3c2fd70d7de961bcf0e51575235fad/library/alloc/src/boxed.rs:2029:9
[INFO] [stdout]   12:     0x559e6def4777 - test::test_main::{{closure}}::h00d84697cefdcbb6
[INFO] [stdout]                                at /rustc/0e09125c6c3c2fd70d7de961bcf0e51575235fad/library/test/src/lib.rs:138:21
[INFO] [stdout]   13:     0x559e6df3b556 - <alloc::boxed::Box<F,A> as core::ops::function::Fn<Args>>::call::hcb3fe3b9bb537ba8
[INFO] [stdout]                                at /rustc/0e09125c6c3c2fd70d7de961bcf0e51575235fad/library/alloc/src/boxed.rs:2029:9
[INFO] [stdout]   14:     0x559e6df3b556 - std::panicking::rust_panic_with_hook::h0a7ad96e90f7145b
[INFO] [stdout]                                at /rustc/0e09125c6c3c2fd70d7de961bcf0e51575235fad/library/std/src/panicking.rs:783:13
[INFO] [stdout]   15:     0x559e6df3b2a2 - std::panicking::begin_panic_handler::{{closure}}::h7919090525c6485e
[INFO] [stdout]                                at /rustc/0e09125c6c3c2fd70d7de961bcf0e51575235fad/library/std/src/panicking.rs:657:13
[INFO] [stdout]   16:     0x559e6df398e6 - std::sys_common::backtrace::__rust_end_short_backtrace::hf3289479464f7dfe
[INFO] [stdout]                                at /rustc/0e09125c6c3c2fd70d7de961bcf0e51575235fad/library/std/src/sys_common/backtrace.rs:171:18
[INFO] [stdout]   17:     0x559e6df3b000 - rust_begin_unwind
[INFO] [stdout]                                at /rustc/0e09125c6c3c2fd70d7de961bcf0e51575235fad/library/std/src/panicking.rs:645:5
[INFO] [stdout]   18:     0x559e6de8dcd5 - core::panicking::panic_fmt::hcc9f77c5c132af55
[INFO] [stdout]                                at /rustc/0e09125c6c3c2fd70d7de961bcf0e51575235fad/library/core/src/panicking.rs:72:14
[INFO] [stdout]   19:     0x559e6de8e14b - core::panicking::assert_failed_inner::h9f13e27dd63c3a08
[INFO] [stdout]                                at /rustc/0e09125c6c3c2fd70d7de961bcf0e51575235fad/library/core/src/panicking.rs:342:17
[INFO] [stdout]   20:     0x559e6df05e0e - core::panicking::assert_failed::h1952de29763a6c36
[INFO] [stdout]                                at /rustc/0e09125c6c3c2fd70d7de961bcf0e51575235fad/library/core/src/panicking.rs:297:5
[INFO] [stdout]   21:     0x559e6de9c1ab - bats_async::notification::tests::notification_size_is_reasonable::h959445799dda1abb
[INFO] [stdout]                                at /opt/rustwide/workdir/bats-async/src/notification.rs:17:9
[INFO] [stdout]   22:     0x559e6de9c117 - bats_async::notification::tests::notification_size_is_reasonable::{{closure}}::h9979c0b2d7949a5d
[INFO] [stdout]                                at /opt/rustwide/workdir/bats-async/src/notification.rs:15:41
[INFO] [stdout]   23:     0x559e6dead536 - core::ops::function::FnOnce::call_once::h04fbb69b3c73c555
[INFO] [stdout]                                at /rustc/0e09125c6c3c2fd70d7de961bcf0e51575235fad/library/core/src/ops/function.rs:250:5
[INFO] [stdout]   24:     0x559e6defa04f - core::ops::function::FnOnce::call_once::hd64d26f405258157
[INFO] [stdout]                                at /rustc/0e09125c6c3c2fd70d7de961bcf0e51575235fad/library/core/src/ops/function.rs:250:5
[INFO] [stdout]   25:     0x559e6defa04f - test::__rust_begin_short_backtrace::he21b0b7a6d731bf9
[INFO] [stdout]                                at /rustc/0e09125c6c3c2fd70d7de961bcf0e51575235fad/library/test/src/lib.rs:627:18
[INFO] [stdout]   26:     0x559e6def8dd1 - test::run_test_in_process::{{closure}}::hf5c73986d7bdfde2
[INFO] [stdout]                                at /rustc/0e09125c6c3c2fd70d7de961bcf0e51575235fad/library/test/src/lib.rs:650:60
[INFO] [stdout]   27:     0x559e6def8dd1 - <core::panic::unwind_safe::AssertUnwindSafe<F> as core::ops::function::FnOnce<()>>::call_once::h330011ad032aadc0
[INFO] [stdout]                                at /rustc/0e09125c6c3c2fd70d7de961bcf0e51575235fad/library/core/src/panic/unwind_safe.rs:272:9
[INFO] [stdout]   28:     0x559e6def8dd1 - std::panicking::try::do_call::he61b0a958b795a41
[INFO] [stdout]                                at /rustc/0e09125c6c3c2fd70d7de961bcf0e51575235fad/library/std/src/panicking.rs:552:40
[INFO] [stdout]   29:     0x559e6def8dd1 - std::panicking::try::h7309da130f906eb7
[INFO] [stdout]                                at /rustc/0e09125c6c3c2fd70d7de961bcf0e51575235fad/library/std/src/panicking.rs:516:19
[INFO] [stdout]   30:     0x559e6def8dd1 - std::panic::catch_unwind::hc5c3a06fdaf0a92a
[INFO] [stdout]                                at /rustc/0e09125c6c3c2fd70d7de961bcf0e51575235fad/library/std/src/panic.rs:142:14
[INFO] [stdout]   31:     0x559e6def8dd1 - test::run_test_in_process::h7e7b7c71c3324e0f
[INFO] [stdout]                                at /rustc/0e09125c6c3c2fd70d7de961bcf0e51575235fad/library/test/src/lib.rs:650:27
[INFO] [stdout]   32:     0x559e6def8dd1 - test::run_test::{{closure}}::h1f509f28f5cf20b1
[INFO] [stdout]                                at /rustc/0e09125c6c3c2fd70d7de961bcf0e51575235fad/library/test/src/lib.rs:573:43
[INFO] [stdout]   33:     0x559e6dec0106 - test::run_test::{{closure}}::h1754218abf443f6d
[INFO] [stdout]                                at /rustc/0e09125c6c3c2fd70d7de961bcf0e51575235fad/library/test/src/lib.rs:601:41
[INFO] [stdout]   34:     0x559e6dec0106 - std::sys_common::backtrace::__rust_begin_short_backtrace::h2ee174b9d5954948
[INFO] [stdout]                                at /rustc/0e09125c6c3c2fd70d7de961bcf0e51575235fad/library/std/src/sys_common/backtrace.rs:155:18
[INFO] [stdout]   35:     0x559e6dec5167 - std::thread::Builder::spawn_unchecked_::{{closure}}::{{closure}}::hf60bee9c1a17ef09
[INFO] [stdout]                                at /rustc/0e09125c6c3c2fd70d7de961bcf0e51575235fad/library/std/src/thread/mod.rs:529:17
[INFO] [stdout]   36:     0x559e6dec5167 - <core::panic::unwind_safe::AssertUnwindSafe<F> as core::ops::function::FnOnce<()>>::call_once::h33d0dddec5216160
[INFO] [stdout]                                at /rustc/0e09125c6c3c2fd70d7de961bcf0e51575235fad/library/core/src/panic/unwind_safe.rs:272:9
[INFO] [stdout]   37:     0x559e6dec5167 - std::panicking::try::do_call::h144b3048b546f835
[INFO] [stdout]                                at /rustc/0e09125c6c3c2fd70d7de961bcf0e51575235fad/library/std/src/panicking.rs:552:40
[INFO] [stdout]   38:     0x559e6dec5167 - std::panicking::try::h978244d04646189f
[INFO] [stdout]                                at /rustc/0e09125c6c3c2fd70d7de961bcf0e51575235fad/library/std/src/panicking.rs:516:19
[INFO] [stdout]   39:     0x559e6dec5167 - std::panic::catch_unwind::hdf436369d188fe86
[INFO] [stdout]                                at /rustc/0e09125c6c3c2fd70d7de961bcf0e51575235fad/library/std/src/panic.rs:142:14
[INFO] [stdout]   40:     0x559e6dec5167 - std::thread::Builder::spawn_unchecked_::{{closure}}::h87329cbdd33c79ec
[INFO] [stdout]                                at /rustc/0e09125c6c3c2fd70d7de961bcf0e51575235fad/library/std/src/thread/mod.rs:528:30
[INFO] [stdout]   41:     0x559e6dec5167 - core::ops::function::FnOnce::call_once{{vtable.shim}}::h401abbe67897d450
[INFO] [stdout]                                at /rustc/0e09125c6c3c2fd70d7de961bcf0e51575235fad/library/core/src/ops/function.rs:250:5
[INFO] [stdout]   42:     0x559e6df40005 - <alloc::boxed::Box<F,A> as core::ops::function::FnOnce<Args>>::call_once::h5d7c8f150ab9c84c
[INFO] [stdout]                                at /rustc/0e09125c6c3c2fd70d7de961bcf0e51575235fad/library/alloc/src/boxed.rs:2015:9
[INFO] [stdout]   43:     0x559e6df40005 - <alloc::boxed::Box<F,A> as core::ops::function::FnOnce<Args>>::call_once::h570d5b005c242c15
[INFO] [stdout]                                at /rustc/0e09125c6c3c2fd70d7de961bcf0e51575235fad/library/alloc/src/boxed.rs:2015:9
[INFO] [stdout]   44:     0x559e6df40005 - std::sys::unix::thread::Thread::new::thread_start::h36b0a20c0b2361ad
[INFO] [stdout]                                at /rustc/0e09125c6c3c2fd70d7de961bcf0e51575235fad/library/std/src/sys/unix/thread.rs:108:17
[INFO] [stdout]   45:     0x7f1c5f2beac3 - <unknown>
[INFO] [stdout]   46:     0x7f1c5f34fbf4 - __clone
[INFO] [stdout]   47:                0x0 - <unknown>
[INFO] [stdout] 
[INFO] [stdout] 
[INFO] [stdout] failures:
[INFO] [stdout]     command::tests::command_size_is_reasonable
[INFO] [stdout]     notification::tests::notification_size_is_reasonable
[INFO] [stdout] 
[INFO] [stdout] test result: FAILED. 11 passed; 2 failed; 0 ignored; 0 measured; 0 filtered out; finished in 0.02s
[INFO] [stdout] 
[INFO] [stderr] error: test failed, to rerun pass `-p bats-async --lib`
[INFO] running `Command { std: "docker" "inspect" "3f7fee64a89c649c8c63250a029e19d0f6adb172ad50199bad0a19cc3472d2e4", kill_on_drop: false }`
[INFO] running `Command { std: "docker" "rm" "-f" "3f7fee64a89c649c8c63250a029e19d0f6adb172ad50199bad0a19cc3472d2e4", kill_on_drop: false }`
[INFO] [stdout] 3f7fee64a89c649c8c63250a029e19d0f6adb172ad50199bad0a19cc3472d2e4
