[INFO] cloning repository https://github.com/willb0/gsdmm_server
[INFO] running `Command { std: "git" "-c" "credential.helper=" "-c" "credential.helper=/workspace/cargo-home/bin/git-credential-null" "clone" "--bare" "https://github.com/willb0/gsdmm_server" "/workspace/cache/git-repos/https%3A%2F%2Fgithub.com%2Fwillb0%2Fgsdmm_server", kill_on_drop: false }`
[INFO] [stderr] Cloning into bare repository '/workspace/cache/git-repos/https%3A%2F%2Fgithub.com%2Fwillb0%2Fgsdmm_server'...
[INFO] running `Command { std: "git" "rev-parse" "HEAD", kill_on_drop: false }`
[INFO] [stdout] 3f8a1b3f01b9746085cfb49e19056df695e0603d
[INFO] testing willb0/gsdmm_server against 1.75.0 for beta-1.76-1
[INFO] running `Command { std: "git" "clone" "/workspace/cache/git-repos/https%3A%2F%2Fgithub.com%2Fwillb0%2Fgsdmm_server" "/workspace/builds/worker-6-tc1/source", kill_on_drop: false }`
[INFO] [stderr] Cloning into '/workspace/builds/worker-6-tc1/source'...
[INFO] [stderr] done.
[INFO] validating manifest of git repo https://github.com/willb0/gsdmm_server on toolchain 1.75.0
[INFO] running `Command { std: CARGO_HOME="/workspace/cargo-home" RUSTUP_HOME="/workspace/rustup-home" "/workspace/cargo-home/bin/cargo" "+1.75.0" "metadata" "--manifest-path" "Cargo.toml" "--no-deps", kill_on_drop: false }`
[INFO] started tweaking git repo https://github.com/willb0/gsdmm_server
[INFO] finished tweaking git repo https://github.com/willb0/gsdmm_server
[INFO] tweaked toml for git repo https://github.com/willb0/gsdmm_server written to /workspace/builds/worker-6-tc1/source/Cargo.toml
[INFO] crate git repo https://github.com/willb0/gsdmm_server already has a lockfile, it will not be regenerated
[INFO] running `Command { std: CARGO_HOME="/workspace/cargo-home" RUSTUP_HOME="/workspace/rustup-home" "/workspace/cargo-home/bin/cargo" "+1.75.0" "fetch" "--manifest-path" "Cargo.toml", kill_on_drop: false }`
[INFO] [stderr]     Updating git repository `https://github.com/rwalk/gsdmm-rust.git`
[INFO] [stderr]     Updating crates.io index
[INFO] [stderr]  Downloading crates ...
[INFO] [stderr]   Downloaded ucd-util v0.1.9
[INFO] [stderr]   Downloaded random_choice v0.3.2
[INFO] running `Command { std: "docker" "create" "-v" "/var/lib/crater-agent-workspace/builds/worker-6-tc1/target:/opt/rustwide/target:rw,Z" "-v" "/var/lib/crater-agent-workspace/builds/worker-6-tc1/source:/opt/rustwide/workdir:ro,Z" "-v" "/var/lib/crater-agent-workspace/cargo-home:/opt/rustwide/cargo-home:ro,Z" "-v" "/var/lib/crater-agent-workspace/rustup-home:/opt/rustwide/rustup-home:ro,Z" "-e" "SOURCE_DIR=/opt/rustwide/workdir" "-e" "CARGO_TARGET_DIR=/opt/rustwide/target" "-e" "CARGO_HOME=/opt/rustwide/cargo-home" "-e" "RUSTUP_HOME=/opt/rustwide/rustup-home" "-w" "/opt/rustwide/workdir" "-m" "1610612736" "--user" "0:0" "--network" "none" "ghcr.io/rust-lang/crates-build-env/linux@sha256:2788e3201cd34a07e3172128adcd8b3090168a8e3bcc40d7c032b9dda1df7d1c" "/opt/rustwide/cargo-home/bin/cargo" "+1.75.0" "metadata" "--no-deps" "--format-version=1", kill_on_drop: false }`
[INFO] [stdout] 4ba9f4da49d0c6c3085633153c5a070cc5d97d6d56e1b5891ac4b3602c326159
[INFO] running `Command { std: "docker" "start" "-a" "4ba9f4da49d0c6c3085633153c5a070cc5d97d6d56e1b5891ac4b3602c326159", kill_on_drop: false }`
[INFO] running `Command { std: "docker" "inspect" "4ba9f4da49d0c6c3085633153c5a070cc5d97d6d56e1b5891ac4b3602c326159", kill_on_drop: false }`
[INFO] running `Command { std: "docker" "rm" "-f" "4ba9f4da49d0c6c3085633153c5a070cc5d97d6d56e1b5891ac4b3602c326159", kill_on_drop: false }`
[INFO] [stdout] 4ba9f4da49d0c6c3085633153c5a070cc5d97d6d56e1b5891ac4b3602c326159
[INFO] running `Command { std: "docker" "create" "-v" "/var/lib/crater-agent-workspace/builds/worker-6-tc1/target:/opt/rustwide/target:rw,Z" "-v" "/var/lib/crater-agent-workspace/builds/worker-6-tc1/source:/opt/rustwide/workdir:ro,Z" "-v" "/var/lib/crater-agent-workspace/cargo-home:/opt/rustwide/cargo-home:ro,Z" "-v" "/var/lib/crater-agent-workspace/rustup-home:/opt/rustwide/rustup-home:ro,Z" "-e" "SOURCE_DIR=/opt/rustwide/workdir" "-e" "CARGO_TARGET_DIR=/opt/rustwide/target" "-e" "CARGO_INCREMENTAL=0" "-e" "RUST_BACKTRACE=full" "-e" "RUSTFLAGS=--cap-lints=warn" "-e" "RUSTDOCFLAGS=--cap-lints=warn" "-e" "CARGO_HOME=/opt/rustwide/cargo-home" "-e" "RUSTUP_HOME=/opt/rustwide/rustup-home" "-w" "/opt/rustwide/workdir" "-m" "1610612736" "--user" "0:0" "--network" "none" "ghcr.io/rust-lang/crates-build-env/linux@sha256:2788e3201cd34a07e3172128adcd8b3090168a8e3bcc40d7c032b9dda1df7d1c" "/opt/rustwide/cargo-home/bin/cargo" "+1.75.0" "build" "--frozen" "--message-format=json", kill_on_drop: false }`
[INFO] [stdout] 89554ed41633a42540cea73e51de317ff3fea8f989386cc415a255e658166a1e
[INFO] running `Command { std: "docker" "start" "-a" "89554ed41633a42540cea73e51de317ff3fea8f989386cc415a255e658166a1e", kill_on_drop: false }`
[INFO] [stderr]    Compiling libc v0.2.139
[INFO] [stderr]    Compiling cfg-if v1.0.0
[INFO] [stderr]    Compiling version_check v0.9.4
[INFO] [stderr]    Compiling memchr v2.5.0
[INFO] [stderr]    Compiling autocfg v1.1.0
[INFO] [stderr]    Compiling proc-macro2 v1.0.50
[INFO] [stderr]    Compiling quote v1.0.23
[INFO] [stderr]    Compiling pin-project-lite v0.2.9
[INFO] [stderr]    Compiling unicode-ident v1.0.6
[INFO] [stderr]    Compiling log v0.4.17
[INFO] [stderr]    Compiling syn v1.0.107
[INFO] [stderr]    Compiling bytes v1.3.0
[INFO] [stderr]    Compiling itoa v1.0.5
[INFO] [stderr]    Compiling futures-core v0.3.25
[INFO] [stderr]    Compiling lock_api v0.4.9
[INFO] [stderr]    Compiling parking_lot_core v0.9.6
[INFO] [stderr]    Compiling once_cell v1.17.0
[INFO] [stderr]    Compiling scopeguard v1.1.0
[INFO] [stderr]    Compiling smallvec v1.10.0
[INFO] [stderr]    Compiling jobserver v0.1.25
[INFO] [stderr]    Compiling tokio v1.24.2
[INFO] [stderr]    Compiling typenum v1.16.0
[INFO] [stderr]    Compiling cc v1.0.78
[INFO] [stderr]    Compiling signal-hook-registry v1.4.0
[INFO] [stderr]    Compiling socket2 v0.4.7
[INFO] [stderr]    Compiling parking_lot v0.12.1
[INFO] [stderr]    Compiling mio v0.8.5
[INFO] [stderr]    Compiling tracing-core v0.1.30
[INFO] [stderr]    Compiling generic-array v0.14.6
[INFO] [stderr]    Compiling serde_derive v1.0.152
[INFO] [stderr]    Compiling pkg-config v0.3.26
[INFO] [stderr]    Compiling fnv v1.0.7
[INFO] [stderr]    Compiling futures-task v0.3.25
[INFO] [stderr]    Compiling tracing v0.1.37
[INFO] [stderr]    Compiling aho-corasick v0.7.20
[INFO] [stderr]    Compiling percent-encoding v2.2.0
[INFO] [stderr]    Compiling regex-syntax v0.6.28
[INFO] [stderr]    Compiling serde v1.0.152
[INFO] [stderr]    Compiling tinyvec_macros v0.1.0
[INFO] [stderr]    Compiling zstd-sys v2.0.5+zstd.1.5.2
[INFO] [stderr]    Compiling futures-util v0.3.25
[INFO] [stderr]    Compiling tinyvec v1.6.0
[INFO] [stderr]    Compiling http v0.2.8
[INFO] [stderr]    Compiling getrandom v0.2.8
[INFO] [stderr]    Compiling futures-sink v0.3.25
[INFO] [stderr]    Compiling pin-utils v0.1.0
[INFO] [stderr]    Compiling lazy_static v1.4.0
[INFO] [stderr]    Compiling paste v1.0.11
[INFO] [stderr]    Compiling unicode-normalization v0.1.22
[INFO] [stderr]    Compiling bytestring v1.2.0
[INFO] [stderr]    Compiling slab v0.4.7
[INFO] [stderr]    Compiling indexmap v1.9.2
[INFO] [stderr]    Compiling proc-macro-error-attr v1.0.4
[INFO] [stderr]    Compiling zstd-safe v5.0.2+zstd.1.5.2
[INFO] [stderr]    Compiling regex v1.7.1
[INFO] [stderr]    Compiling unicode-bidi v0.3.8
[INFO] [stderr]    Compiling crc32fast v1.3.2
[INFO] [stderr]    Compiling alloc-no-stdlib v2.0.4
[INFO] [stderr]    Compiling local-waker v0.1.3
[INFO] [stderr]    Compiling alloc-stdlib v0.2.2
[INFO] [stderr]    Compiling block-buffer v0.10.3
[INFO] [stderr]    Compiling crypto-common v0.1.6
[INFO] [stderr]    Compiling rand_core v0.6.4
[INFO] [stderr]    Compiling form_urlencoded v1.1.0
[INFO] [stderr]    Compiling proc-macro-error v1.0.4
[INFO] [stderr]    Compiling ahash v0.7.6
[INFO] [stderr]    Compiling httparse v1.8.0
[INFO] [stderr]    Compiling encoding_rs v0.8.31
[INFO] [stderr]    Compiling regex v0.2.11
[INFO] [stderr]    Compiling tokio-util v0.7.4
[INFO] [stderr]    Compiling ppv-lite86 v0.2.17
[INFO] [stderr]    Compiling adler v1.0.2
[INFO] [stderr]    Compiling hashbrown v0.12.3
[INFO] [stderr]    Compiling ryu v1.0.12
[INFO] [stderr]    Compiling ucd-util v0.1.9
[INFO] [stderr]    Compiling time-core v0.1.0
[INFO] [stderr]    Compiling serde_json v1.0.91
[INFO] [stderr]    Compiling time-macros v0.2.6
[INFO] [stderr]    Compiling regex-syntax v0.5.6
[INFO] [stderr]    Compiling rand_chacha v0.3.1
[INFO] [stderr]    Compiling miniz_oxide v0.6.2
[INFO] [stderr]    Compiling actix-rt v2.7.0
[INFO] [stderr]    Compiling actix-service v2.0.2
[INFO] [stderr]    Compiling digest v0.10.6
[INFO] [stderr]    Compiling brotli-decompressor v2.3.4
[INFO] [stderr]    Compiling actix-utils v3.0.1
[INFO] [stderr]    Compiling idna v0.3.0
[INFO] [stderr]    Compiling thread_local v0.3.6
[INFO] [stderr]    Compiling rand v0.4.6
[INFO] [stderr]    Compiling aho-corasick v0.6.10
[INFO] [stderr]    Compiling cookie v0.16.2
[INFO] [stderr]    Compiling convert_case v0.4.0
[INFO] [stderr]    Compiling cpufeatures v0.2.5
[INFO] [stderr]    Compiling bitflags v1.3.2
[INFO] [stderr]    Compiling utf8-ranges v1.0.5
[INFO] [stderr]    Compiling actix-codec v0.5.0
[INFO] [stderr]    Compiling derive_more v0.99.17
[INFO] [stderr]    Compiling sha1 v0.10.5
[INFO] [stderr]    Compiling rand v0.3.23
[INFO] [stderr]    Compiling brotli v3.3.4
[INFO] [stderr]    Compiling url v2.3.1
[INFO] [stderr]    Compiling flate2 v1.0.25
[INFO] [stderr]    Compiling h2 v0.3.15
[INFO] [stderr]    Compiling actix-router v0.5.1
[INFO] [stderr]    Compiling time v0.3.17
[INFO] [stderr]    Compiling rand v0.8.5
[INFO] [stderr]    Compiling local-channel v0.1.3
[INFO] [stderr]    Compiling num_cpus v1.15.0
[INFO] [stderr]    Compiling language-tags v0.3.2
[INFO] [stderr]    Compiling if_chain v1.0.2
[INFO] [stderr]    Compiling lazy_static v0.2.11
[INFO] [stderr]    Compiling matches v0.1.9
[INFO] [stderr]    Compiling base64 v0.13.1
[INFO] [stderr]    Compiling strsim v0.6.0
[INFO] [stderr]    Compiling validator_types v0.12.0
[INFO] [stderr]    Compiling rustc-serialize v0.3.24
[INFO] [stderr]    Compiling httpdate v1.0.2
[INFO] [stderr]    Compiling mime v0.3.16
[INFO] [stderr]    Compiling validator_derive v0.12.0
[INFO] [stderr]    Compiling idna v0.2.3
[INFO] [stderr]    Compiling actix-server v2.1.1
[INFO] [stderr]    Compiling serde_urlencoded v0.7.1
[INFO] [stderr]    Compiling actix-web-codegen v4.1.0
[INFO] [stderr]    Compiling docopt v0.7.0
[INFO] [stderr]    Compiling random_choice v0.3.2
[INFO] [stderr]    Compiling actix-macros v0.2.3
[INFO] [stderr]    Compiling validator v0.12.0
[INFO] [stderr]    Compiling gsdmm v0.1.0 (https://github.com/rwalk/gsdmm-rust.git#157ae45f)
[INFO] [stderr]    Compiling zstd v0.11.2+zstd.1.5.2
[INFO] [stderr]    Compiling actix-http v3.2.2
[INFO] [stderr]    Compiling actix-web v4.2.1
[INFO] [stderr]    Compiling gsdmm_server v0.1.0 (/opt/rustwide/workdir)
[INFO] [stdout] warning: unused imports: `Deserialize`, `Serialize`
[INFO] [stdout]  --> src/lib.rs:1:13
[INFO] [stdout]   |
[INFO] [stdout] 1 | use serde::{Deserialize, Serialize};
[INFO] [stdout]   |             ^^^^^^^^^^^  ^^^^^^^^^
[INFO] [stdout]   |
[INFO] [stdout]   = note: `#[warn(unused_imports)]` on by default
[INFO] [stdout] 
[INFO] [stdout] 
[INFO] [stdout] warning: unused import: `validator::Validate`
[INFO] [stdout]  --> src/lib.rs:3:5
[INFO] [stdout]   |
[INFO] [stdout] 3 | use validator::Validate;
[INFO] [stdout]   |     ^^^^^^^^^^^^^^^^^^^
[INFO] [stdout] 
[INFO] [stdout] 
[INFO] [stdout] warning: unused imports: `Error`, `self`
[INFO] [stdout]  --> src/routes.rs:1:17
[INFO] [stdout]   |
[INFO] [stdout] 1 | use actix_web::{Error, post, web::{self,Json}, Responder, HttpResponse};
[INFO] [stdout]   |                 ^^^^^              ^^^^
[INFO] [stdout] 
[INFO] [stdout] 
[INFO] [stdout] warning: unused import: `std::fs::File`
[INFO] [stdout]  --> src/utils.rs:7:5
[INFO] [stdout]   |
[INFO] [stdout] 7 | use std::fs::File;
[INFO] [stdout]   |     ^^^^^^^^^^^^^
[INFO] [stdout] 
[INFO] [stdout] 
[INFO] [stdout] warning: unused imports: `BufRead`, `BufReader`
[INFO] [stdout]  --> src/utils.rs:8:15
[INFO] [stdout]   |
[INFO] [stdout] 8 | use std::io::{BufRead, BufReader};
[INFO] [stdout]   |               ^^^^^^^  ^^^^^^^^^
[INFO] [stdout] 
[INFO] [stdout] 
[INFO] [stdout] warning: function `row_has_nan` is never used
[INFO] [stdout]   --> src/utils.rs:35:4
[INFO] [stdout]    |
[INFO] [stdout] 35 | fn row_has_nan(row: &Vec<(usize, &f64)>, doc: &String) -> bool {
[INFO] [stdout]    |    ^^^^^^^^^^^
[INFO] [stdout]    |
[INFO] [stdout]    = note: `#[warn(dead_code)]` on by default
[INFO] [stdout] 
[INFO] [stdout] 
[INFO] [stdout] warning: 6 warnings emitted
[INFO] [stdout] 
[INFO] [stdout] 
[INFO] [stdout] warning: unused imports: `http::header`, `test`, `web`
[INFO] [stdout]  --> src/main.rs:1:17
[INFO] [stdout]   |
[INFO] [stdout] 1 | use actix_web::{http::header, test, web, App, HttpServer};
[INFO] [stdout]   |                 ^^^^^^^^^^^^  ^^^^  ^^^
[INFO] [stdout]   |
[INFO] [stdout]   = note: `#[warn(unused_imports)]` on by default
[INFO] [stdout] 
[INFO] [stdout] 
[INFO] [stdout] warning: unused import: `gsdmm_server::models`
[INFO] [stdout]  --> src/main.rs:3:5
[INFO] [stdout]   |
[INFO] [stdout] 3 | use gsdmm_server::models;
[INFO] [stdout]   |     ^^^^^^^^^^^^^^^^^^^^
[INFO] [stdout] 
[INFO] [stdout] 
[INFO] [stdout] warning: unused import: `gsdmm_server::utils`
[INFO] [stdout]  --> src/main.rs:5:5
[INFO] [stdout]   |
[INFO] [stdout] 5 | use gsdmm_server::utils;
[INFO] [stdout]   |     ^^^^^^^^^^^^^^^^^^^
[INFO] [stdout] 
[INFO] [stdout] 
[INFO] [stdout] warning: 3 warnings emitted
[INFO] [stdout] 
[INFO] [stdout] 
[INFO] [stderr]     Finished dev [unoptimized + debuginfo] target(s) in 26.03s
[INFO] [stderr] warning: the following packages contain code that will be rejected by a future version of Rust: rustc-serialize v0.3.24
[INFO] [stderr] note: to see what the problems were, use the option `--future-incompat-report`, or run `cargo report future-incompatibilities --id 1`
[INFO] running `Command { std: "docker" "inspect" "89554ed41633a42540cea73e51de317ff3fea8f989386cc415a255e658166a1e", kill_on_drop: false }`
[INFO] running `Command { std: "docker" "rm" "-f" "89554ed41633a42540cea73e51de317ff3fea8f989386cc415a255e658166a1e", kill_on_drop: false }`
[INFO] [stdout] 89554ed41633a42540cea73e51de317ff3fea8f989386cc415a255e658166a1e
[INFO] running `Command { std: "docker" "create" "-v" "/var/lib/crater-agent-workspace/builds/worker-6-tc1/target:/opt/rustwide/target:rw,Z" "-v" "/var/lib/crater-agent-workspace/builds/worker-6-tc1/source:/opt/rustwide/workdir:ro,Z" "-v" "/var/lib/crater-agent-workspace/cargo-home:/opt/rustwide/cargo-home:ro,Z" "-v" "/var/lib/crater-agent-workspace/rustup-home:/opt/rustwide/rustup-home:ro,Z" "-e" "SOURCE_DIR=/opt/rustwide/workdir" "-e" "CARGO_TARGET_DIR=/opt/rustwide/target" "-e" "CARGO_INCREMENTAL=0" "-e" "RUST_BACKTRACE=full" "-e" "RUSTFLAGS=--cap-lints=warn" "-e" "RUSTDOCFLAGS=--cap-lints=warn" "-e" "CARGO_HOME=/opt/rustwide/cargo-home" "-e" "RUSTUP_HOME=/opt/rustwide/rustup-home" "-w" "/opt/rustwide/workdir" "-m" "1610612736" "--user" "0:0" "--network" "none" "ghcr.io/rust-lang/crates-build-env/linux@sha256:2788e3201cd34a07e3172128adcd8b3090168a8e3bcc40d7c032b9dda1df7d1c" "/opt/rustwide/cargo-home/bin/cargo" "+1.75.0" "test" "--frozen" "--no-run" "--message-format=json", kill_on_drop: false }`
[INFO] [stdout] 00e18f2b764bc58742f8d713f6b3eb9bdc7b0ef589cb39babf7d810d7bd7e409
[INFO] running `Command { std: "docker" "start" "-a" "00e18f2b764bc58742f8d713f6b3eb9bdc7b0ef589cb39babf7d810d7bd7e409", kill_on_drop: false }`
[INFO] [stdout] warning: unused imports: `Deserialize`, `Serialize`
[INFO] [stdout]  --> src/lib.rs:1:13
[INFO] [stdout]   |
[INFO] [stdout] 1 | use serde::{Deserialize, Serialize};
[INFO] [stdout]   |             ^^^^^^^^^^^  ^^^^^^^^^
[INFO] [stdout]   |
[INFO] [stdout]   = note: `#[warn(unused_imports)]` on by default
[INFO] [stdout] 
[INFO] [stdout] 
[INFO] [stdout] warning: unused import: `validator::Validate`
[INFO] [stdout]  --> src/lib.rs:3:5
[INFO] [stdout]   |
[INFO] [stdout] 3 | use validator::Validate;
[INFO] [stdout]   |     ^^^^^^^^^^^^^^^^^^^
[INFO] [stdout] 
[INFO] [stdout] 
[INFO] [stdout] warning: unused imports: `Error`, `self`
[INFO] [stdout]  --> src/routes.rs:1:17
[INFO] [stdout]   |
[INFO] [stdout] 1 | use actix_web::{Error, post, web::{self,Json}, Responder, HttpResponse};
[INFO] [stdout]   |                 ^^^^^              ^^^^
[INFO] [stdout] 
[INFO] [stdout] 
[INFO] [stdout] warning: unused import: `std::fs::File`
[INFO] [stdout]  --> src/utils.rs:7:5
[INFO] [stdout]   |
[INFO] [stdout] 7 | use std::fs::File;
[INFO] [stdout]   |     ^^^^^^^^^^^^^
[INFO] [stdout] 
[INFO] [stdout] 
[INFO] [stdout] warning: unused imports: `BufRead`, `BufReader`
[INFO] [stdout]  --> src/utils.rs:8:15
[INFO] [stdout]   |
[INFO] [stdout] 8 | use std::io::{BufRead, BufReader};
[INFO] [stdout]   |               ^^^^^^^  ^^^^^^^^^
[INFO] [stdout] 
[INFO] [stdout] 
[INFO] [stdout] warning: function `row_has_nan` is never used
[INFO] [stdout]   --> src/utils.rs:35:4
[INFO] [stdout]    |
[INFO] [stdout] 35 | fn row_has_nan(row: &Vec<(usize, &f64)>, doc: &String) -> bool {
[INFO] [stdout]    |    ^^^^^^^^^^^
[INFO] [stdout]    |
[INFO] [stdout]    = note: `#[warn(dead_code)]` on by default
[INFO] [stdout] 
[INFO] [stdout] 
[INFO] [stdout] warning: 6 warnings emitted
[INFO] [stdout] 
[INFO] [stdout] 
[INFO] [stderr]    Compiling gsdmm_server v0.1.0 (/opt/rustwide/workdir)
[INFO] [stdout] warning: unused imports: `http::header`, `test`, `web`
[INFO] [stdout]  --> src/main.rs:1:17
[INFO] [stdout]   |
[INFO] [stdout] 1 | use actix_web::{http::header, test, web, App, HttpServer};
[INFO] [stdout]   |                 ^^^^^^^^^^^^  ^^^^  ^^^
[INFO] [stdout]   |
[INFO] [stdout]   = note: `#[warn(unused_imports)]` on by default
[INFO] [stdout] 
[INFO] [stdout] 
[INFO] [stdout] warning: unused import: `gsdmm_server::models`
[INFO] [stdout]  --> src/main.rs:3:5
[INFO] [stdout]   |
[INFO] [stdout] 3 | use gsdmm_server::models;
[INFO] [stdout]   |     ^^^^^^^^^^^^^^^^^^^^
[INFO] [stdout] 
[INFO] [stdout] 
[INFO] [stdout] warning: unused import: `gsdmm_server::utils`
[INFO] [stdout]  --> src/main.rs:5:5
[INFO] [stdout]   |
[INFO] [stdout] 5 | use gsdmm_server::utils;
[INFO] [stdout]   |     ^^^^^^^^^^^^^^^^^^^
[INFO] [stdout] 
[INFO] [stdout] 
[INFO] [stdout] warning: 3 warnings emitted
[INFO] [stdout] 
[INFO] [stdout] 
[INFO] [stdout] warning: unused imports: `http::header`, `test`, `web`
[INFO] [stdout]  --> src/main.rs:1:17
[INFO] [stdout]   |
[INFO] [stdout] 1 | use actix_web::{http::header, test, web, App, HttpServer};
[INFO] [stdout]   |                 ^^^^^^^^^^^^  ^^^^  ^^^
[INFO] [stdout]   |
[INFO] [stdout]   = note: `#[warn(unused_imports)]` on by default
[INFO] [stdout] 
[INFO] [stdout] 
[INFO] [stdout] warning: unused import: `gsdmm_server::models`
[INFO] [stdout]  --> src/main.rs:3:5
[INFO] [stdout]   |
[INFO] [stdout] 3 | use gsdmm_server::models;
[INFO] [stdout]   |     ^^^^^^^^^^^^^^^^^^^^
[INFO] [stdout] 
[INFO] [stdout] 
[INFO] [stdout] warning: unused import: `gsdmm_server::utils`
[INFO] [stdout]  --> src/main.rs:5:5
[INFO] [stdout]   |
[INFO] [stdout] 5 | use gsdmm_server::utils;
[INFO] [stdout]   |     ^^^^^^^^^^^^^^^^^^^
[INFO] [stdout] 
[INFO] [stdout] 
[INFO] [stdout] warning: unused imports: `ContentType`, `guard::Patch`, `self`, `self`
[INFO] [stdout]  --> tests/tests.rs:2:20
[INFO] [stdout]   |
[INFO] [stdout] 2 |     http::header::{self, ContentType},
[INFO] [stdout]   |                    ^^^^  ^^^^^^^^^^^
[INFO] [stdout] 3 |     test, web::{self, Bytes}, App, body::to_bytes, guard::Patch,
[INFO] [stdout]   |                 ^^^^                               ^^^^^^^^^^^^
[INFO] [stdout]   |
[INFO] [stdout]   = note: `#[warn(unused_imports)]` on by default
[INFO] [stdout] 
[INFO] [stdout] 
[INFO] [stdout] warning: unused import: `Value`
[INFO] [stdout]  --> tests/tests.rs:8:24
[INFO] [stdout]   |
[INFO] [stdout] 8 | use serde_json::{self, Value};
[INFO] [stdout]   |                        ^^^^^
[INFO] [stdout] 
[INFO] [stdout] 
[INFO] [stdout] warning: unused imports: `Deserialize`, `Serialize`
[INFO] [stdout]  --> src/lib.rs:1:13
[INFO] [stdout]   |
[INFO] [stdout] 1 | use serde::{Deserialize, Serialize};
[INFO] [stdout]   |             ^^^^^^^^^^^  ^^^^^^^^^
[INFO] [stdout]   |
[INFO] [stdout]   = note: `#[warn(unused_imports)]` on by default
[INFO] [stdout] 
[INFO] [stdout] 
[INFO] [stdout] warning: unused import: `validator::Validate`
[INFO] [stdout]  --> src/lib.rs:3:5
[INFO] [stdout]   |
[INFO] [stdout] 3 | use validator::Validate;
[INFO] [stdout]   |     ^^^^^^^^^^^^^^^^^^^
[INFO] [stdout] 
[INFO] [stdout] 
[INFO] [stdout] warning: unused imports: `Error`, `self`
[INFO] [stdout]  --> src/routes.rs:1:17
[INFO] [stdout]   |
[INFO] [stdout] 1 | use actix_web::{Error, post, web::{self,Json}, Responder, HttpResponse};
[INFO] [stdout]   |                 ^^^^^              ^^^^
[INFO] [stdout] 
[INFO] [stdout] 
[INFO] [stdout] warning: unused import: `std::fs::File`
[INFO] [stdout]  --> src/utils.rs:7:5
[INFO] [stdout]   |
[INFO] [stdout] 7 | use std::fs::File;
[INFO] [stdout]   |     ^^^^^^^^^^^^^
[INFO] [stdout] 
[INFO] [stdout] 
[INFO] [stdout] warning: unused imports: `BufRead`, `BufReader`
[INFO] [stdout]  --> src/utils.rs:8:15
[INFO] [stdout]   |
[INFO] [stdout] 8 | use std::io::{BufRead, BufReader};
[INFO] [stdout]   |               ^^^^^^^  ^^^^^^^^^
[INFO] [stdout] 
[INFO] [stdout] 
[INFO] [stdout] warning: function `row_has_nan` is never used
[INFO] [stdout]   --> src/utils.rs:35:4
[INFO] [stdout]    |
[INFO] [stdout] 35 | fn row_has_nan(row: &Vec<(usize, &f64)>, doc: &String) -> bool {
[INFO] [stdout]    |    ^^^^^^^^^^^
[INFO] [stdout]    |
[INFO] [stdout]    = note: `#[warn(dead_code)]` on by default
[INFO] [stdout] 
[INFO] [stdout] 
[INFO] [stdout] warning: 3 warnings emitted
[INFO] [stdout] 
[INFO] [stdout] 
[INFO] [stdout] warning: 6 warnings emitted
[INFO] [stdout] 
[INFO] [stdout] 
[INFO] [stdout] warning: 2 warnings emitted
[INFO] [stdout] 
[INFO] [stdout] 
[INFO] [stderr]     Finished test [unoptimized + debuginfo] target(s) in 2.30s
[INFO] [stderr] warning: the following packages contain code that will be rejected by a future version of Rust: rustc-serialize v0.3.24
[INFO] [stderr] note: to see what the problems were, use the option `--future-incompat-report`, or run `cargo report future-incompatibilities --id 1`
[INFO] running `Command { std: "docker" "inspect" "00e18f2b764bc58742f8d713f6b3eb9bdc7b0ef589cb39babf7d810d7bd7e409", kill_on_drop: false }`
[INFO] running `Command { std: "docker" "rm" "-f" "00e18f2b764bc58742f8d713f6b3eb9bdc7b0ef589cb39babf7d810d7bd7e409", kill_on_drop: false }`
[INFO] [stdout] 00e18f2b764bc58742f8d713f6b3eb9bdc7b0ef589cb39babf7d810d7bd7e409
[INFO] running `Command { std: "docker" "create" "-v" "/var/lib/crater-agent-workspace/builds/worker-6-tc1/target:/opt/rustwide/target:rw,Z" "-v" "/var/lib/crater-agent-workspace/builds/worker-6-tc1/source:/opt/rustwide/workdir:ro,Z" "-v" "/var/lib/crater-agent-workspace/cargo-home:/opt/rustwide/cargo-home:ro,Z" "-v" "/var/lib/crater-agent-workspace/rustup-home:/opt/rustwide/rustup-home:ro,Z" "-e" "SOURCE_DIR=/opt/rustwide/workdir" "-e" "CARGO_TARGET_DIR=/opt/rustwide/target" "-e" "CARGO_INCREMENTAL=0" "-e" "RUST_BACKTRACE=full" "-e" "RUSTFLAGS=--cap-lints=warn" "-e" "RUSTDOCFLAGS=--cap-lints=warn" "-e" "CARGO_HOME=/opt/rustwide/cargo-home" "-e" "RUSTUP_HOME=/opt/rustwide/rustup-home" "-w" "/opt/rustwide/workdir" "-m" "1610612736" "--user" "0:0" "--network" "none" "ghcr.io/rust-lang/crates-build-env/linux@sha256:2788e3201cd34a07e3172128adcd8b3090168a8e3bcc40d7c032b9dda1df7d1c" "/opt/rustwide/cargo-home/bin/cargo" "+1.75.0" "test" "--frozen", kill_on_drop: false }`
[INFO] [stdout] 6361d3b85719e9e5acad6b2d5f5da503de26cfe4a85b183604e3e3f531c1afda
[INFO] running `Command { std: "docker" "start" "-a" "6361d3b85719e9e5acad6b2d5f5da503de26cfe4a85b183604e3e3f531c1afda", kill_on_drop: false }`
[INFO] [stderr] warning: unused imports: `Deserialize`, `Serialize`
[INFO] [stderr]  --> src/lib.rs:1:13
[INFO] [stderr]   |
[INFO] [stderr] 1 | use serde::{Deserialize, Serialize};
[INFO] [stderr]   |             ^^^^^^^^^^^  ^^^^^^^^^
[INFO] [stderr]   |
[INFO] [stderr]   = note: `#[warn(unused_imports)]` on by default
[INFO] [stderr] 
[INFO] [stderr] warning: unused import: `validator::Validate`
[INFO] [stderr]  --> src/lib.rs:3:5
[INFO] [stderr]   |
[INFO] [stderr] 3 | use validator::Validate;
[INFO] [stderr]   |     ^^^^^^^^^^^^^^^^^^^
[INFO] [stderr] 
[INFO] [stderr] warning: unused imports: `Error`, `self`
[INFO] [stderr]  --> src/routes.rs:1:17
[INFO] [stderr]   |
[INFO] [stderr] 1 | use actix_web::{Error, post, web::{self,Json}, Responder, HttpResponse};
[INFO] [stderr]   |                 ^^^^^              ^^^^
[INFO] [stderr] 
[INFO] [stderr] warning: unused import: `std::fs::File`
[INFO] [stderr]  --> src/utils.rs:7:5
[INFO] [stderr]   |
[INFO] [stderr] 7 | use std::fs::File;
[INFO] [stderr]   |     ^^^^^^^^^^^^^
[INFO] [stderr] 
[INFO] [stderr] warning: unused imports: `BufRead`, `BufReader`
[INFO] [stderr]  --> src/utils.rs:8:15
[INFO] [stderr]   |
[INFO] [stderr] 8 | use std::io::{BufRead, BufReader};
[INFO] [stderr]   |               ^^^^^^^  ^^^^^^^^^
[INFO] [stderr] 
[INFO] [stderr] warning: function `row_has_nan` is never used
[INFO] [stderr]   --> src/utils.rs:35:4
[INFO] [stderr]    |
[INFO] [stderr] 35 | fn row_has_nan(row: &Vec<(usize, &f64)>, doc: &String) -> bool {
[INFO] [stderr]    |    ^^^^^^^^^^^
[INFO] [stderr]    |
[INFO] [stderr]    = note: `#[warn(dead_code)]` on by default
[INFO] [stderr] 
[INFO] [stderr] warning: `gsdmm_server` (lib) generated 6 warnings (run `cargo fix --lib -p gsdmm_server` to apply 5 suggestions)
[INFO] [stderr] warning: `gsdmm_server` (lib test) generated 6 warnings (6 duplicates)
[INFO] [stderr] warning: unused imports: `ContentType`, `guard::Patch`, `self`, `self`
[INFO] [stderr]  --> tests/tests.rs:2:20
[INFO] [stderr]   |
[INFO] [stderr] 2 |     http::header::{self, ContentType},
[INFO] [stderr]   |                    ^^^^  ^^^^^^^^^^^
[INFO] [stderr] 3 |     test, web::{self, Bytes}, App, body::to_bytes, guard::Patch,
[INFO] [stderr]   |                 ^^^^                               ^^^^^^^^^^^^
[INFO] [stderr]   |
[INFO] [stderr]   = note: `#[warn(unused_imports)]` on by default
[INFO] [stderr] 
[INFO] [stderr] warning: unused import: `Value`
[INFO] [stderr]  --> tests/tests.rs:8:24
[INFO] [stderr]   |
[INFO] [stderr] 8 | use serde_json::{self, Value};
[INFO] [stderr]   |                        ^^^^^
[INFO] [stderr] 
[INFO] [stderr] warning: unused imports: `http::header`, `test`, `web`
[INFO] [stderr]  --> src/main.rs:1:17
[INFO] [stderr]   |
[INFO] [stderr] 1 | use actix_web::{http::header, test, web, App, HttpServer};
[INFO] [stderr]   |                 ^^^^^^^^^^^^  ^^^^  ^^^
[INFO] [stderr]   |
[INFO] [stderr]   = note: `#[warn(unused_imports)]` on by default
[INFO] [stderr] 
[INFO] [stderr] warning: unused import: `gsdmm_server::models`
[INFO] [stderr]  --> src/main.rs:3:5
[INFO] [stderr]   |
[INFO] [stderr] 3 | use gsdmm_server::models;
[INFO] [stderr]   |     ^^^^^^^^^^^^^^^^^^^^
[INFO] [stderr] 
[INFO] [stderr] warning: unused import: `gsdmm_server::utils`
[INFO] [stderr]  --> src/main.rs:5:5
[INFO] [stderr]   |
[INFO] [stderr] 5 | use gsdmm_server::utils;
[INFO] [stderr]   |     ^^^^^^^^^^^^^^^^^^^
[INFO] [stderr] 
[INFO] [stderr] warning: `gsdmm_server` (test "tests") generated 2 warnings (run `cargo fix --test "tests"` to apply 2 suggestions)
[INFO] [stderr] warning: `gsdmm_server` (bin "gsdmm_server") generated 3 warnings (run `cargo fix --bin "gsdmm_server"` to apply 3 suggestions)
[INFO] [stderr] warning: `gsdmm_server` (bin "gsdmm_server" test) generated 3 warnings (3 duplicates)
[INFO] [stderr]     Finished test [unoptimized + debuginfo] target(s) in 0.07s
[INFO] [stderr] warning: the following packages contain code that will be rejected by a future version of Rust: rustc-serialize v0.3.24
[INFO] [stderr] note: to see what the problems were, use the option `--future-incompat-report`, or run `cargo report future-incompatibilities --id 1`
[INFO] [stderr]      Running unittests src/lib.rs (/opt/rustwide/target/debug/deps/gsdmm_server-b3598666f447fbde)
[INFO] [stdout] 
[INFO] [stdout] running 0 tests
[INFO] [stdout] 
[INFO] [stdout] test result: ok. 0 passed; 0 failed; 0 ignored; 0 measured; 0 filtered out; finished in 0.00s
[INFO] [stdout] 
[INFO] [stderr]      Running unittests src/main.rs (/opt/rustwide/target/debug/deps/gsdmm_server-2239e69ac0c2296a)
[INFO] [stdout] 
[INFO] [stdout] running 0 tests
[INFO] [stdout] 
[INFO] [stdout] test result: ok. 0 passed; 0 failed; 0 ignored; 0 measured; 0 filtered out; finished in 0.00s
[INFO] [stdout] 
[INFO] [stderr]      Running tests/tests.rs (/opt/rustwide/target/debug/deps/tests-b4d32ceec14862c1)
[INFO] [stdout] 
[INFO] [stdout] running 2 tests
[INFO] [stdout] test test_validate_body_not_ok ... FAILED
[INFO] [stdout] test test_validate_body_ok ... FAILED
[INFO] [stdout] 
[INFO] [stdout] failures:
[INFO] [stdout] 
[INFO] [stdout] ---- test_validate_body_not_ok stdout ----
[INFO] [stdout] thread 'test_validate_body_not_ok' panicked at tests/tests.rs:52:39:
[INFO] [stdout] index out of bounds: the len is 1 but the index is 1
[INFO] [stdout] stack backtrace:
[INFO] [stdout]    0:     0x55adeeaacccc - std::backtrace_rs::backtrace::libunwind::trace::ha637c64ce894333a
[INFO] [stdout]                                at /rustc/82e1608dfa6e0b5569232559e3d385fea5a93112/library/std/src/../../backtrace/src/backtrace/libunwind.rs:104:5
[INFO] [stdout]    1:     0x55adeeaacccc - std::backtrace_rs::backtrace::trace_unsynchronized::h47f62dea28e0c88d
[INFO] [stdout]                                at /rustc/82e1608dfa6e0b5569232559e3d385fea5a93112/library/std/src/../../backtrace/src/backtrace/mod.rs:66:5
[INFO] [stdout]    2:     0x55adeeaacccc - std::sys_common::backtrace::_print_fmt::h9eef0abe20ede486
[INFO] [stdout]                                at /rustc/82e1608dfa6e0b5569232559e3d385fea5a93112/library/std/src/sys_common/backtrace.rs:67:5
[INFO] [stdout]    3:     0x55adeeaacccc - <std::sys_common::backtrace::_print::DisplayBacktrace as core::fmt::Display>::fmt::hed7f999df88cc644
[INFO] [stdout]                                at /rustc/82e1608dfa6e0b5569232559e3d385fea5a93112/library/std/src/sys_common/backtrace.rs:44:22
[INFO] [stdout]    4:     0x55adeead8140 - core::fmt::rt::Argument::fmt::h1539a9308b8d058d
[INFO] [stdout]                                at /rustc/82e1608dfa6e0b5569232559e3d385fea5a93112/library/core/src/fmt/rt.rs:142:9
[INFO] [stdout]    5:     0x55adeead8140 - core::fmt::write::h3a39390d8560d9c9
[INFO] [stdout]                                at /rustc/82e1608dfa6e0b5569232559e3d385fea5a93112/library/core/src/fmt/mod.rs:1120:17
[INFO] [stdout]    6:     0x55adeeaaa55f - std::io::Write::write_fmt::h040b369f3a0f9cbc
[INFO] [stdout]                                at /rustc/82e1608dfa6e0b5569232559e3d385fea5a93112/library/std/src/io/mod.rs:1762:15
[INFO] [stdout]    7:     0x55adeeaacab4 - std::sys_common::backtrace::_print::h894006fb5c6f3d45
[INFO] [stdout]                                at /rustc/82e1608dfa6e0b5569232559e3d385fea5a93112/library/std/src/sys_common/backtrace.rs:47:5
[INFO] [stdout]    8:     0x55adeeaacab4 - std::sys_common::backtrace::print::h23a2d212c6fff936
[INFO] [stdout]                                at /rustc/82e1608dfa6e0b5569232559e3d385fea5a93112/library/std/src/sys_common/backtrace.rs:34:9
[INFO] [stdout]    9:     0x55adeeaae777 - std::panicking::default_hook::{{closure}}::h8a1d2ee00185001a
[INFO] [stdout]   10:     0x55adeeaae463 - std::panicking::default_hook::h6038f2eba384e475
[INFO] [stdout]                                at /rustc/82e1608dfa6e0b5569232559e3d385fea5a93112/library/std/src/panicking.rs:289:9
[INFO] [stdout]   11:     0x55adee67d447 - <alloc::boxed::Box<F,A> as core::ops::function::Fn<Args>>::call::h0ad024c9bdc6d768
[INFO] [stdout]                                at /rustc/82e1608dfa6e0b5569232559e3d385fea5a93112/library/alloc/src/boxed.rs:2021:9
[INFO] [stdout]   12:     0x55adee67d447 - test::test_main::{{closure}}::h7500b54257359db6
[INFO] [stdout]                                at /rustc/82e1608dfa6e0b5569232559e3d385fea5a93112/library/test/src/lib.rs:138:21
[INFO] [stdout]   13:     0x55adeeaaed88 - <alloc::boxed::Box<F,A> as core::ops::function::Fn<Args>>::call::h1f8f335eaa9cfaee
[INFO] [stdout]                                at /rustc/82e1608dfa6e0b5569232559e3d385fea5a93112/library/alloc/src/boxed.rs:2021:9
[INFO] [stdout]   14:     0x55adeeaaed88 - std::panicking::rust_panic_with_hook::h2b5517d590cab22e
[INFO] [stdout]                                at /rustc/82e1608dfa6e0b5569232559e3d385fea5a93112/library/std/src/panicking.rs:783:13
[INFO] [stdout]   15:     0x55adeeaaeade - std::panicking::begin_panic_handler::{{closure}}::h233112c06e0ef43e
[INFO] [stdout]                                at /rustc/82e1608dfa6e0b5569232559e3d385fea5a93112/library/std/src/panicking.rs:657:13
[INFO] [stdout]   16:     0x55adeeaad196 - std::sys_common::backtrace::__rust_end_short_backtrace::h6e893f24d7ebbff8
[INFO] [stdout]                                at /rustc/82e1608dfa6e0b5569232559e3d385fea5a93112/library/std/src/sys_common/backtrace.rs:170:18
[INFO] [stdout]   17:     0x55adeeaae842 - rust_begin_unwind
[INFO] [stdout]                                at /rustc/82e1608dfa6e0b5569232559e3d385fea5a93112/library/std/src/panicking.rs:645:5
[INFO] [stdout]   18:     0x55adee6122f5 - core::panicking::panic_fmt::hbf0e066aabfa482c
[INFO] [stdout]                                at /rustc/82e1608dfa6e0b5569232559e3d385fea5a93112/library/core/src/panicking.rs:72:14
[INFO] [stdout]   19:     0x55adee6124b2 - core::panicking::panic_bounds_check::h326a19b32dc06d6d
[INFO] [stdout]                                at /rustc/82e1608dfa6e0b5569232559e3d385fea5a93112/library/core/src/panicking.rs:190:5
[INFO] [stdout]   20:     0x55adee63195e - <usize as core::slice::index::SliceIndex<[T]>>::index::h8c993ff92a3c34d1
[INFO] [stdout]                                at /rustc/82e1608dfa6e0b5569232559e3d385fea5a93112/library/core/src/slice/index.rs:258:10
[INFO] [stdout]   21:     0x55adee61e990 - core::slice::index::<impl core::ops::index::Index<I> for [T]>::index::h8575ac4be19a7af8
[INFO] [stdout]                                at /rustc/82e1608dfa6e0b5569232559e3d385fea5a93112/library/core/src/slice/index.rs:18:9
[INFO] [stdout]   22:     0x55adee61e990 - <alloc::vec::Vec<T,A> as core::ops::index::Index<I>>::index::hf8fcb0aa424bf375
[INFO] [stdout]                                at /rustc/82e1608dfa6e0b5569232559e3d385fea5a93112/library/alloc/src/vec/mod.rs:2732:9
[INFO] [stdout]   23:     0x55adee62a3d3 - tests::test_validate_body_not_ok::{{closure}}::h489308d4bc127eb2
[INFO] [stdout]                                at /opt/rustwide/workdir/tests/tests.rs:52:39
[INFO] [stdout]   24:     0x55adee642ed7 - <tokio::task::local::RunUntil<T> as core::future::future::Future>::poll::{{closure}}::h5b92b382e7940793
[INFO] [stdout]                                at /opt/rustwide/cargo-home/registry/src/index.crates.io-6f17d22bba15001f/tokio-1.24.2/src/task/local.rs:924:42
[INFO] [stdout]   25:     0x55adee641b31 - tokio::task::local::LocalSet::with::{{closure}}::h1943a2d8fddb2aa9
[INFO] [stdout]                                at /opt/rustwide/cargo-home/registry/src/index.crates.io-6f17d22bba15001f/tokio-1.24.2/src/task/local.rs:685:13
[INFO] [stdout]   26:     0x55adee63e1f4 - std::thread::local::LocalKey<T>::try_with::hca12d71d5ae951f4
[INFO] [stdout]                                at /rustc/82e1608dfa6e0b5569232559e3d385fea5a93112/library/std/src/thread/local.rs:270:16
[INFO] [stdout]   27:     0x55adee63d31a - std::thread::local::LocalKey<T>::with::h7e22d39ff7388f3c
[INFO] [stdout]                                at /rustc/82e1608dfa6e0b5569232559e3d385fea5a93112/library/std/src/thread/local.rs:246:9
[INFO] [stdout]   28:     0x55adee641a0b - tokio::task::local::LocalSet::with::h8c30598a103cdf6e
[INFO] [stdout]                                at /opt/rustwide/cargo-home/registry/src/index.crates.io-6f17d22bba15001f/tokio-1.24.2/src/task/local.rs:668:9
[INFO] [stdout]   29:     0x55adee642e3a - <tokio::task::local::RunUntil<T> as core::future::future::Future>::poll::h59b06001f313c5bc
[INFO] [stdout]                                at /opt/rustwide/cargo-home/registry/src/index.crates.io-6f17d22bba15001f/tokio-1.24.2/src/task/local.rs:914:9
[INFO] [stdout]   30:     0x55adee642265 - tokio::task::local::LocalSet::run_until::{{closure}}::h7a5f0f173eceb874
[INFO] [stdout]                                at /opt/rustwide/cargo-home/registry/src/index.crates.io-6f17d22bba15001f/tokio-1.24.2/src/task/local.rs:574:19
[INFO] [stdout]   31:     0x55adee648d6b - <core::pin::Pin<P> as core::future::future::Future>::poll::hd1c2eee9b64d542f
[INFO] [stdout]                                at /rustc/82e1608dfa6e0b5569232559e3d385fea5a93112/library/core/src/future/future.rs:125:9
[INFO] [stdout]   32:     0x55adee6317f4 - tokio::runtime::scheduler::current_thread::CoreGuard::block_on::{{closure}}::{{closure}}::{{closure}}::h1d0f02b3986cdcbe
[INFO] [stdout]                                at /opt/rustwide/cargo-home/registry/src/index.crates.io-6f17d22bba15001f/tokio-1.24.2/src/runtime/scheduler/current_thread.rs:541:57
[INFO] [stdout]   33:     0x55adee63149a - tokio::runtime::coop::with_budget::h6671d6d4eefe0600
[INFO] [stdout]                                at /opt/rustwide/cargo-home/registry/src/index.crates.io-6f17d22bba15001f/tokio-1.24.2/src/runtime/coop.rs:102:5
[INFO] [stdout]   34:     0x55adee63149a - tokio::runtime::coop::budget::ha68f2c30331d7d9b
[INFO] [stdout]                                at /opt/rustwide/cargo-home/registry/src/index.crates.io-6f17d22bba15001f/tokio-1.24.2/src/runtime/coop.rs:68:5
[INFO] [stdout]   35:     0x55adee63149a - tokio::runtime::scheduler::current_thread::CoreGuard::block_on::{{closure}}::{{closure}}::h0ba0ef80b6b923ba
[INFO] [stdout]                                at /opt/rustwide/cargo-home/registry/src/index.crates.io-6f17d22bba15001f/tokio-1.24.2/src/runtime/scheduler/current_thread.rs:541:25
[INFO] [stdout]   36:     0x55adee62eabc - tokio::runtime::scheduler::current_thread::Context::enter::h612ce75e2fe7db29
[INFO] [stdout]                                at /opt/rustwide/cargo-home/registry/src/index.crates.io-6f17d22bba15001f/tokio-1.24.2/src/runtime/scheduler/current_thread.rs:350:19
[INFO] [stdout]   37:     0x55adee62ff72 - tokio::runtime::scheduler::current_thread::CoreGuard::block_on::{{closure}}::h1d07ddf70f7c346b
[INFO] [stdout]                                at /opt/rustwide/cargo-home/registry/src/index.crates.io-6f17d22bba15001f/tokio-1.24.2/src/runtime/scheduler/current_thread.rs:540:36
[INFO] [stdout]   38:     0x55adee62fc2b - tokio::runtime::scheduler::current_thread::CoreGuard::enter::{{closure}}::h7e9989fcc5f85b9e
[INFO] [stdout]                                at /opt/rustwide/cargo-home/registry/src/index.crates.io-6f17d22bba15001f/tokio-1.24.2/src/runtime/scheduler/current_thread.rs:615:57
[INFO] [stdout]   39:     0x55adee6371dd - tokio::macros::scoped_tls::ScopedKey<T>::set::h22900beefe00d532
[INFO] [stdout]                                at /opt/rustwide/cargo-home/registry/src/index.crates.io-6f17d22bba15001f/tokio-1.24.2/src/macros/scoped_tls.rs:61:9
[INFO] [stdout]   40:     0x55adee62f97f - tokio::runtime::scheduler::current_thread::CoreGuard::enter::hb7904bd57b5ec119
[INFO] [stdout]                                at /opt/rustwide/cargo-home/registry/src/index.crates.io-6f17d22bba15001f/tokio-1.24.2/src/runtime/scheduler/current_thread.rs:615:27
[INFO] [stdout]   41:     0x55adee62fcbc - tokio::runtime::scheduler::current_thread::CoreGuard::block_on::hb310dae411c9c0e6
[INFO] [stdout]                                at /opt/rustwide/cargo-home/registry/src/index.crates.io-6f17d22bba15001f/tokio-1.24.2/src/runtime/scheduler/current_thread.rs:530:19
[INFO] [stdout]   42:     0x55adee62d99b - tokio::runtime::scheduler::current_thread::CurrentThread::block_on::h1ca43a15e2f348dd
[INFO] [stdout]                                at /opt/rustwide/cargo-home/registry/src/index.crates.io-6f17d22bba15001f/tokio-1.24.2/src/runtime/scheduler/current_thread.rs:154:24
[INFO] [stdout]   43:     0x55adee647aff - tokio::runtime::runtime::Runtime::block_on::h370072f5aef77664
[INFO] [stdout]                                at /opt/rustwide/cargo-home/registry/src/index.crates.io-6f17d22bba15001f/tokio-1.24.2/src/runtime/runtime.rs:282:47
[INFO] [stdout]   44:     0x55adee641d63 - tokio::task::local::LocalSet::block_on::h5b0efdc4e5d0d33c
[INFO] [stdout]                                at /opt/rustwide/cargo-home/registry/src/index.crates.io-6f17d22bba15001f/tokio-1.24.2/src/task/local.rs:535:9
[INFO] [stdout]   45:     0x55adee628d6b - actix_rt::runtime::Runtime::block_on::hfeedd67a4ed24ed2
[INFO] [stdout]                                at /opt/rustwide/cargo-home/registry/src/index.crates.io-6f17d22bba15001f/actix-rt-2.7.0/src/runtime.rs:80:9
[INFO] [stdout]   46:     0x55adee63f97a - actix_rt::system::SystemRunner::block_on::ha6b206456fae22e8
[INFO] [stdout]                                at /opt/rustwide/cargo-home/registry/src/index.crates.io-6f17d22bba15001f/actix-rt-2.7.0/src/system.rs:209:9
[INFO] [stdout]   47:     0x55adee629f7f - tests::test_validate_body_not_ok::h7bb25a72338a1a43
[INFO] [stdout]                                at /opt/rustwide/workdir/tests/tests.rs:47:1
[INFO] [stdout]   48:     0x55adee629f37 - tests::test_validate_body_not_ok::{{closure}}::h9ea1ef337852db98
[INFO] [stdout]                                at /opt/rustwide/workdir/tests/tests.rs:48:37
[INFO] [stdout]   49:     0x55adee632d76 - core::ops::function::FnOnce::call_once::h0757a6f47e6e15e4
[INFO] [stdout]                                at /rustc/82e1608dfa6e0b5569232559e3d385fea5a93112/library/core/src/ops/function.rs:250:5
[INFO] [stdout]   50:     0x55adee682a9f - core::ops::function::FnOnce::call_once::h2b5d431d5046312d
[INFO] [stdout]                                at /rustc/82e1608dfa6e0b5569232559e3d385fea5a93112/library/core/src/ops/function.rs:250:5
[INFO] [stdout]   51:     0x55adee682a9f - test::__rust_begin_short_backtrace::h7714669af176e207
[INFO] [stdout]                                at /rustc/82e1608dfa6e0b5569232559e3d385fea5a93112/library/test/src/lib.rs:628:18
[INFO] [stdout]   52:     0x55adee681ab5 - test::run_test_in_process::{{closure}}::h85218797dcbcec12
[INFO] [stdout]                                at /rustc/82e1608dfa6e0b5569232559e3d385fea5a93112/library/test/src/lib.rs:651:60
[INFO] [stdout]   53:     0x55adee681ab5 - <core::panic::unwind_safe::AssertUnwindSafe<F> as core::ops::function::FnOnce<()>>::call_once::h76c106ea31c14d7b
[INFO] [stdout]                                at /rustc/82e1608dfa6e0b5569232559e3d385fea5a93112/library/core/src/panic/unwind_safe.rs:272:9
[INFO] [stdout]   54:     0x55adee681ab5 - std::panicking::try::do_call::h3bd5d0f6620ee946
[INFO] [stdout]                                at /rustc/82e1608dfa6e0b5569232559e3d385fea5a93112/library/std/src/panicking.rs:552:40
[INFO] [stdout]   55:     0x55adee681ab5 - std::panicking::try::h232e535e4744fe31
[INFO] [stdout]                                at /rustc/82e1608dfa6e0b5569232559e3d385fea5a93112/library/std/src/panicking.rs:516:19
[INFO] [stdout]   56:     0x55adee681ab5 - std::panic::catch_unwind::h3ce3bd6ca8dbac68
[INFO] [stdout]                                at /rustc/82e1608dfa6e0b5569232559e3d385fea5a93112/library/std/src/panic.rs:142:14
[INFO] [stdout]   57:     0x55adee681ab5 - test::run_test_in_process::hc97b257c9621286a
[INFO] [stdout]                                at /rustc/82e1608dfa6e0b5569232559e3d385fea5a93112/library/test/src/lib.rs:651:27
[INFO] [stdout]   58:     0x55adee681ab5 - test::run_test::{{closure}}::h2aa798823a438d38
[INFO] [stdout]                                at /rustc/82e1608dfa6e0b5569232559e3d385fea5a93112/library/test/src/lib.rs:574:43
[INFO] [stdout]   59:     0x55adee649d76 - test::run_test::{{closure}}::h87d231c78fb59832
[INFO] [stdout]                                at /rustc/82e1608dfa6e0b5569232559e3d385fea5a93112/library/test/src/lib.rs:602:41
[INFO] [stdout]   60:     0x55adee649d76 - std::sys_common::backtrace::__rust_begin_short_backtrace::he6df152596625789
[INFO] [stdout]                                at /rustc/82e1608dfa6e0b5569232559e3d385fea5a93112/library/std/src/sys_common/backtrace.rs:154:18
[INFO] [stdout]   61:     0x55adee64ee27 - std::thread::Builder::spawn_unchecked_::{{closure}}::{{closure}}::ha94be15d1e0acf36
[INFO] [stdout]                                at /rustc/82e1608dfa6e0b5569232559e3d385fea5a93112/library/std/src/thread/mod.rs:529:17
[INFO] [stdout]   62:     0x55adee64ee27 - <core::panic::unwind_safe::AssertUnwindSafe<F> as core::ops::function::FnOnce<()>>::call_once::h9dc6bd6372f16606
[INFO] [stdout]                                at /rustc/82e1608dfa6e0b5569232559e3d385fea5a93112/library/core/src/panic/unwind_safe.rs:272:9
[INFO] [stdout]   63:     0x55adee64ee27 - std::panicking::try::do_call::h9057517f80303cd4
[INFO] [stdout]                                at /rustc/82e1608dfa6e0b5569232559e3d385fea5a93112/library/std/src/panicking.rs:552:40
[INFO] [stdout]   64:     0x55adee64ee27 - std::panicking::try::he3a30b11ee45340c
[INFO] [stdout]                                at /rustc/82e1608dfa6e0b5569232559e3d385fea5a93112/library/std/src/panicking.rs:516:19
[INFO] [stdout]   65:     0x55adee64ee27 - std::panic::catch_unwind::h410458cfd3528b8b
[INFO] [stdout]                                at /rustc/82e1608dfa6e0b5569232559e3d385fea5a93112/library/std/src/panic.rs:142:14
[INFO] [stdout]   66:     0x55adee64ee27 - std::thread::Builder::spawn_unchecked_::{{closure}}::h72ac3bdb567b737b
[INFO] [stdout]                                at /rustc/82e1608dfa6e0b5569232559e3d385fea5a93112/library/std/src/thread/mod.rs:528:30
[INFO] [stdout]   67:     0x55adee64ee27 - core::ops::function::FnOnce::call_once{{vtable.shim}}::h38f34da3654a8344
[INFO] [stdout]                                at /rustc/82e1608dfa6e0b5569232559e3d385fea5a93112/library/core/src/ops/function.rs:250:5
[INFO] [stdout]   68:     0x55adeeab3965 - <alloc::boxed::Box<F,A> as core::ops::function::FnOnce<Args>>::call_once::hc7eafaff61e32df9
[INFO] [stdout]                                at /rustc/82e1608dfa6e0b5569232559e3d385fea5a93112/library/alloc/src/boxed.rs:2007:9
[INFO] [stdout]   69:     0x55adeeab3965 - <alloc::boxed::Box<F,A> as core::ops::function::FnOnce<Args>>::call_once::h6ba4a5de48dd2304
[INFO] [stdout]                                at /rustc/82e1608dfa6e0b5569232559e3d385fea5a93112/library/alloc/src/boxed.rs:2007:9
[INFO] [stdout]   70:     0x55adeeab3965 - std::sys::unix::thread::Thread::new::thread_start::he469335aef763e45
[INFO] [stdout]                                at /rustc/82e1608dfa6e0b5569232559e3d385fea5a93112/library/std/src/sys/unix/thread.rs:108:17
[INFO] [stdout]   71:     0x7f80bc4a1ac3 - <unknown>
[INFO] [stdout]   72:     0x7f80bc532bf4 - __clone
[INFO] [stdout]   73:                0x0 - <unknown>
[INFO] [stdout] 
[INFO] [stdout] ---- test_validate_body_ok stdout ----
[INFO] [stdout] [["food", "munchers"], ["munchers"]] ["food", "munchers"] 10 0.1 0.2
[INFO] [stdout] Json deserialize error: invalid type: string "food", expected a sequence at line 1 column 8
[INFO] [stdout] thread 'test_validate_body_ok' panicked at tests/tests.rs:42:79:
[INFO] [stdout] Couldn't parse the json : Error("expected value", line: 1, column: 1)
[INFO] [stdout] stack backtrace:
[INFO] [stdout]    0:     0x55adeeaacccc - std::backtrace_rs::backtrace::libunwind::trace::ha637c64ce894333a
[INFO] [stdout]                                at /rustc/82e1608dfa6e0b5569232559e3d385fea5a93112/library/std/src/../../backtrace/src/backtrace/libunwind.rs:104:5
[INFO] [stdout]    1:     0x55adeeaacccc - std::backtrace_rs::backtrace::trace_unsynchronized::h47f62dea28e0c88d
[INFO] [stdout]                                at /rustc/82e1608dfa6e0b5569232559e3d385fea5a93112/library/std/src/../../backtrace/src/backtrace/mod.rs:66:5
[INFO] [stdout]    2:     0x55adeeaacccc - std::sys_common::backtrace::_print_fmt::h9eef0abe20ede486
[INFO] [stdout]                                at /rustc/82e1608dfa6e0b5569232559e3d385fea5a93112/library/std/src/sys_common/backtrace.rs:67:5
[INFO] [stdout]    3:     0x55adeeaacccc - <std::sys_common::backtrace::_print::DisplayBacktrace as core::fmt::Display>::fmt::hed7f999df88cc644
[INFO] [stdout]                                at /rustc/82e1608dfa6e0b5569232559e3d385fea5a93112/library/std/src/sys_common/backtrace.rs:44:22
[INFO] [stdout]    4:     0x55adeead8140 - core::fmt::rt::Argument::fmt::h1539a9308b8d058d
[INFO] [stdout]                                at /rustc/82e1608dfa6e0b5569232559e3d385fea5a93112/library/core/src/fmt/rt.rs:142:9
[INFO] [stdout]    5:     0x55adeead8140 - core::fmt::write::h3a39390d8560d9c9
[INFO] [stdout]                                at /rustc/82e1608dfa6e0b5569232559e3d385fea5a93112/library/core/src/fmt/mod.rs:1120:17
[INFO] [stdout]    6:     0x55adeeaaa55f - std::io::Write::write_fmt::h040b369f3a0f9cbc
[INFO] [stdout]                                at /rustc/82e1608dfa6e0b5569232559e3d385fea5a93112/library/std/src/io/mod.rs:1762:15
[INFO] [stdout]    7:     0x55adeeaacab4 - std::sys_common::backtrace::_print::h894006fb5c6f3d45
[INFO] [stdout]                                at /rustc/82e1608dfa6e0b5569232559e3d385fea5a93112/library/std/src/sys_common/backtrace.rs:47:5
[INFO] [stdout]    8:     0x55adeeaacab4 - std::sys_common::backtrace::print::h23a2d212c6fff936
[INFO] [stdout]                                at /rustc/82e1608dfa6e0b5569232559e3d385fea5a93112/library/std/src/sys_common/backtrace.rs:34:9
[INFO] [stdout]    9:     0x55adeeaae777 - std::panicking::default_hook::{{closure}}::h8a1d2ee00185001a
[INFO] [stdout]   10:     0x55adeeaae463 - std::panicking::default_hook::h6038f2eba384e475
[INFO] [stdout]                                at /rustc/82e1608dfa6e0b5569232559e3d385fea5a93112/library/std/src/panicking.rs:289:9
[INFO] [stdout]   11:     0x55adee67d447 - <alloc::boxed::Box<F,A> as core::ops::function::Fn<Args>>::call::h0ad024c9bdc6d768
[INFO] [stdout]                                at /rustc/82e1608dfa6e0b5569232559e3d385fea5a93112/library/alloc/src/boxed.rs:2021:9
[INFO] [stdout]   12:     0x55adee67d447 - test::test_main::{{closure}}::h7500b54257359db6
[INFO] [stdout]                                at /rustc/82e1608dfa6e0b5569232559e3d385fea5a93112/library/test/src/lib.rs:138:21
[INFO] [stdout]   13:     0x55adeeaaed88 - <alloc::boxed::Box<F,A> as core::ops::function::Fn<Args>>::call::h1f8f335eaa9cfaee
[INFO] [stdout]                                at /rustc/82e1608dfa6e0b5569232559e3d385fea5a93112/library/alloc/src/boxed.rs:2021:9
[INFO] [stdout]   14:     0x55adeeaaed88 - std::panicking::rust_panic_with_hook::h2b5517d590cab22e
[INFO] [stdout]                                at /rustc/82e1608dfa6e0b5569232559e3d385fea5a93112/library/std/src/panicking.rs:783:13
[INFO] [stdout]   15:     0x55adeeaaeade - std::panicking::begin_panic_handler::{{closure}}::h233112c06e0ef43e
[INFO] [stdout]                                at /rustc/82e1608dfa6e0b5569232559e3d385fea5a93112/library/std/src/panicking.rs:657:13
[INFO] [stdout]   16:     0x55adeeaad196 - std::sys_common::backtrace::__rust_end_short_backtrace::h6e893f24d7ebbff8
[INFO] [stdout]                                at /rustc/82e1608dfa6e0b5569232559e3d385fea5a93112/library/std/src/sys_common/backtrace.rs:170:18
[INFO] [stdout]   17:     0x55adeeaae842 - rust_begin_unwind
[INFO] [stdout]                                at /rustc/82e1608dfa6e0b5569232559e3d385fea5a93112/library/std/src/panicking.rs:645:5
[INFO] [stdout]   18:     0x55adee6122f5 - core::panicking::panic_fmt::hbf0e066aabfa482c
[INFO] [stdout]                                at /rustc/82e1608dfa6e0b5569232559e3d385fea5a93112/library/core/src/panicking.rs:72:14
[INFO] [stdout]   19:     0x55adee6128c3 - core::result::unwrap_failed::hddb4fea594200c52
[INFO] [stdout]                                at /rustc/82e1608dfa6e0b5569232559e3d385fea5a93112/library/core/src/result.rs:1653:5
[INFO] [stdout]   20:     0x55adee62cfe2 - core::result::Result<T,E>::expect::hc41d282f1d2bc68c
[INFO] [stdout]                                at /rustc/82e1608dfa6e0b5569232559e3d385fea5a93112/library/core/src/result.rs:1034:23
[INFO] [stdout]   21:     0x55adee629e1f - tests::test_validate_body_ok::{{closure}}::he979c4dce7c06cc4
[INFO] [stdout]                                at /opt/rustwide/workdir/tests/tests.rs:42:43
[INFO] [stdout]   22:     0x55adee643037 - <tokio::task::local::RunUntil<T> as core::future::future::Future>::poll::{{closure}}::hd445ae3c5729002e
[INFO] [stdout]                                at /opt/rustwide/cargo-home/registry/src/index.crates.io-6f17d22bba15001f/tokio-1.24.2/src/task/local.rs:924:42
[INFO] [stdout]   23:     0x55adee641c61 - tokio::task::local::LocalSet::with::{{closure}}::h8bfe468ba7a43f4d
[INFO] [stdout]                                at /opt/rustwide/cargo-home/registry/src/index.crates.io-6f17d22bba15001f/tokio-1.24.2/src/task/local.rs:685:13
[INFO] [stdout]   24:     0x55adee63ddf4 - std::thread::local::LocalKey<T>::try_with::ha207df957d23d27f
[INFO] [stdout]                                at /rustc/82e1608dfa6e0b5569232559e3d385fea5a93112/library/std/src/thread/local.rs:270:16
[INFO] [stdout]   25:     0x55adee63d2ea - std::thread::local::LocalKey<T>::with::h4af1b51b06825739
[INFO] [stdout]                                at /rustc/82e1608dfa6e0b5569232559e3d385fea5a93112/library/std/src/thread/local.rs:246:9
[INFO] [stdout]   26:     0x55adee641a5b - tokio::task::local::LocalSet::with::hd5e0297f2bc1e3e5
[INFO] [stdout]                                at /opt/rustwide/cargo-home/registry/src/index.crates.io-6f17d22bba15001f/tokio-1.24.2/src/task/local.rs:668:9
[INFO] [stdout]   27:     0x55adee642dda - <tokio::task::local::RunUntil<T> as core::future::future::Future>::poll::h41ad2f5f867a00dc
[INFO] [stdout]                                at /opt/rustwide/cargo-home/registry/src/index.crates.io-6f17d22bba15001f/tokio-1.24.2/src/task/local.rs:914:9
[INFO] [stdout]   28:     0x55adee641ff5 - tokio::task::local::LocalSet::run_until::{{closure}}::h284b189d16ffb00f
[INFO] [stdout]                                at /opt/rustwide/cargo-home/registry/src/index.crates.io-6f17d22bba15001f/tokio-1.24.2/src/task/local.rs:574:19
[INFO] [stdout]   29:     0x55adee648d1b - <core::pin::Pin<P> as core::future::future::Future>::poll::hc05099a510ca375d
[INFO] [stdout]                                at /rustc/82e1608dfa6e0b5569232559e3d385fea5a93112/library/core/src/future/future.rs:125:9
[INFO] [stdout]   30:     0x55adee631834 - tokio::runtime::scheduler::current_thread::CoreGuard::block_on::{{closure}}::{{closure}}::{{closure}}::h89aa98389a47ffe2
[INFO] [stdout]                                at /opt/rustwide/cargo-home/registry/src/index.crates.io-6f17d22bba15001f/tokio-1.24.2/src/runtime/scheduler/current_thread.rs:541:57
[INFO] [stdout]   31:     0x55adee6316da - tokio::runtime::coop::with_budget::hbe1917be53ddda7e
[INFO] [stdout]                                at /opt/rustwide/cargo-home/registry/src/index.crates.io-6f17d22bba15001f/tokio-1.24.2/src/runtime/coop.rs:102:5
[INFO] [stdout]   32:     0x55adee6316da - tokio::runtime::coop::budget::he239f5f814e1d5de
[INFO] [stdout]                                at /opt/rustwide/cargo-home/registry/src/index.crates.io-6f17d22bba15001f/tokio-1.24.2/src/runtime/coop.rs:68:5
[INFO] [stdout]   33:     0x55adee6316da - tokio::runtime::scheduler::current_thread::CoreGuard::block_on::{{closure}}::{{closure}}::h668ef4a246fc6968
[INFO] [stdout]                                at /opt/rustwide/cargo-home/registry/src/index.crates.io-6f17d22bba15001f/tokio-1.24.2/src/runtime/scheduler/current_thread.rs:541:25
[INFO] [stdout]   34:     0x55adee62e76c - tokio::runtime::scheduler::current_thread::Context::enter::h53b48e13ca28f53a
[INFO] [stdout]                                at /opt/rustwide/cargo-home/registry/src/index.crates.io-6f17d22bba15001f/tokio-1.24.2/src/runtime/scheduler/current_thread.rs:350:19
[INFO] [stdout]   35:     0x55adee630a92 - tokio::runtime::scheduler::current_thread::CoreGuard::block_on::{{closure}}::h61c7253712bccaac
[INFO] [stdout]                                at /opt/rustwide/cargo-home/registry/src/index.crates.io-6f17d22bba15001f/tokio-1.24.2/src/runtime/scheduler/current_thread.rs:540:36
[INFO] [stdout]   36:     0x55adee62fbeb - tokio::runtime::scheduler::current_thread::CoreGuard::enter::{{closure}}::h1295357dd97e9096
[INFO] [stdout]                                at /opt/rustwide/cargo-home/registry/src/index.crates.io-6f17d22bba15001f/tokio-1.24.2/src/runtime/scheduler/current_thread.rs:615:57
[INFO] [stdout]   37:     0x55adee63731d - tokio::macros::scoped_tls::ScopedKey<T>::set::h3199a9e90fc7640d
[INFO] [stdout]                                at /opt/rustwide/cargo-home/registry/src/index.crates.io-6f17d22bba15001f/tokio-1.24.2/src/macros/scoped_tls.rs:61:9
[INFO] [stdout]   38:     0x55adee62f58f - tokio::runtime::scheduler::current_thread::CoreGuard::enter::haa67533eabb818e0
[INFO] [stdout]                                at /opt/rustwide/cargo-home/registry/src/index.crates.io-6f17d22bba15001f/tokio-1.24.2/src/runtime/scheduler/current_thread.rs:615:27
[INFO] [stdout]   39:     0x55adee62fc5c - tokio::runtime::scheduler::current_thread::CoreGuard::block_on::h290bbe7b794f3749
[INFO] [stdout]                                at /opt/rustwide/cargo-home/registry/src/index.crates.io-6f17d22bba15001f/tokio-1.24.2/src/runtime/scheduler/current_thread.rs:530:19
[INFO] [stdout]   40:     0x55adee62de2b - tokio::runtime::scheduler::current_thread::CurrentThread::block_on::hc8d06e7e861d8a56
[INFO] [stdout]                                at /opt/rustwide/cargo-home/registry/src/index.crates.io-6f17d22bba15001f/tokio-1.24.2/src/runtime/scheduler/current_thread.rs:154:24
[INFO] [stdout]   41:     0x55adee647c2f - tokio::runtime::runtime::Runtime::block_on::hd0b6db34c195fbc9
[INFO] [stdout]                                at /opt/rustwide/cargo-home/registry/src/index.crates.io-6f17d22bba15001f/tokio-1.24.2/src/runtime/runtime.rs:282:47
[INFO] [stdout]   42:     0x55adee641d13 - tokio::task::local::LocalSet::block_on::h39fdeaacd3952c5b
[INFO] [stdout]                                at /opt/rustwide/cargo-home/registry/src/index.crates.io-6f17d22bba15001f/tokio-1.24.2/src/task/local.rs:535:9
[INFO] [stdout]   43:     0x55adee628d4b - actix_rt::runtime::Runtime::block_on::hded47616d3ed8bb3
[INFO] [stdout]                                at /opt/rustwide/cargo-home/registry/src/index.crates.io-6f17d22bba15001f/actix-rt-2.7.0/src/runtime.rs:80:9
[INFO] [stdout]   44:     0x55adee63f96a - actix_rt::system::SystemRunner::block_on::h9c3f02f1ddf28c11
[INFO] [stdout]                                at /opt/rustwide/cargo-home/registry/src/index.crates.io-6f17d22bba15001f/actix-rt-2.7.0/src/system.rs:209:9
[INFO] [stdout]   45:     0x55adee6292df - tests::test_validate_body_ok::ha186d1cf71b9c1df
[INFO] [stdout]                                at /opt/rustwide/workdir/tests/tests.rs:27:1
[INFO] [stdout]   46:     0x55adee629297 - tests::test_validate_body_ok::{{closure}}::h576f3b5b61e629e0
[INFO] [stdout]                                at /opt/rustwide/workdir/tests/tests.rs:28:33
[INFO] [stdout]   47:     0x55adee632e36 - core::ops::function::FnOnce::call_once::hfcff9268a162ef34
[INFO] [stdout]                                at /rustc/82e1608dfa6e0b5569232559e3d385fea5a93112/library/core/src/ops/function.rs:250:5
[INFO] [stdout]   48:     0x55adee682a9f - core::ops::function::FnOnce::call_once::h2b5d431d5046312d
[INFO] [stdout]                                at /rustc/82e1608dfa6e0b5569232559e3d385fea5a93112/library/core/src/ops/function.rs:250:5
[INFO] [stdout]   49:     0x55adee682a9f - test::__rust_begin_short_backtrace::h7714669af176e207
[INFO] [stdout]                                at /rustc/82e1608dfa6e0b5569232559e3d385fea5a93112/library/test/src/lib.rs:628:18
[INFO] [stdout]   50:     0x55adee681ab5 - test::run_test_in_process::{{closure}}::h85218797dcbcec12
[INFO] [stdout]                                at /rustc/82e1608dfa6e0b5569232559e3d385fea5a93112/library/test/src/lib.rs:651:60
[INFO] [stdout]   51:     0x55adee681ab5 - <core::panic::unwind_safe::AssertUnwindSafe<F> as core::ops::function::FnOnce<()>>::call_once::h76c106ea31c14d7b
[INFO] [stdout]                                at /rustc/82e1608dfa6e0b5569232559e3d385fea5a93112/library/core/src/panic/unwind_safe.rs:272:9
[INFO] [stdout]   52:     0x55adee681ab5 - std::panicking::try::do_call::h3bd5d0f6620ee946
[INFO] [stdout]                                at /rustc/82e1608dfa6e0b5569232559e3d385fea5a93112/library/std/src/panicking.rs:552:40
[INFO] [stdout]   53:     0x55adee681ab5 - std::panicking::try::h232e535e4744fe31
[INFO] [stdout]                                at /rustc/82e1608dfa6e0b5569232559e3d385fea5a93112/library/std/src/panicking.rs:516:19
[INFO] [stdout]   54:     0x55adee681ab5 - std::panic::catch_unwind::h3ce3bd6ca8dbac68
[INFO] [stdout]                                at /rustc/82e1608dfa6e0b5569232559e3d385fea5a93112/library/std/src/panic.rs:142:14
[INFO] [stdout]   55:     0x55adee681ab5 - test::run_test_in_process::hc97b257c9621286a
[INFO] [stdout]                                at /rustc/82e1608dfa6e0b5569232559e3d385fea5a93112/library/test/src/lib.rs:651:27
[INFO] [stdout]   56:     0x55adee681ab5 - test::run_test::{{closure}}::h2aa798823a438d38
[INFO] [stdout]                                at /rustc/82e1608dfa6e0b5569232559e3d385fea5a93112/library/test/src/lib.rs:574:43
[INFO] [stdout]   57:     0x55adee649d76 - test::run_test::{{closure}}::h87d231c78fb59832
[INFO] [stdout]                                at /rustc/82e1608dfa6e0b5569232559e3d385fea5a93112/library/test/src/lib.rs:602:41
[INFO] [stdout]   58:     0x55adee649d76 - std::sys_common::backtrace::__rust_begin_short_backtrace::he6df152596625789
[INFO] [stdout]                                at /rustc/82e1608dfa6e0b5569232559e3d385fea5a93112/library/std/src/sys_common/backtrace.rs:154:18
[INFO] [stdout]   59:     0x55adee64ee27 - std::thread::Builder::spawn_unchecked_::{{closure}}::{{closure}}::ha94be15d1e0acf36
[INFO] [stdout]                                at /rustc/82e1608dfa6e0b5569232559e3d385fea5a93112/library/std/src/thread/mod.rs:529:17
[INFO] [stdout]   60:     0x55adee64ee27 - <core::panic::unwind_safe::AssertUnwindSafe<F> as core::ops::function::FnOnce<()>>::call_once::h9dc6bd6372f16606
[INFO] [stdout]                                at /rustc/82e1608dfa6e0b5569232559e3d385fea5a93112/library/core/src/panic/unwind_safe.rs:272:9
[INFO] [stdout]   61:     0x55adee64ee27 - std::panicking::try::do_call::h9057517f80303cd4
[INFO] [stdout]                                at /rustc/82e1608dfa6e0b5569232559e3d385fea5a93112/library/std/src/panicking.rs:552:40
[INFO] [stdout]   62:     0x55adee64ee27 - std::panicking::try::he3a30b11ee45340c
[INFO] [stdout]                                at /rustc/82e1608dfa6e0b5569232559e3d385fea5a93112/library/std/src/panicking.rs:516:19
[INFO] [stdout]   63:     0x55adee64ee27 - std::panic::catch_unwind::h410458cfd3528b8b
[INFO] [stdout]                                at /rustc/82e1608dfa6e0b5569232559e3d385fea5a93112/library/std/src/panic.rs:142:14
[INFO] [stdout]   64:     0x55adee64ee27 - std::thread::Builder::spawn_unchecked_::{{closure}}::h72ac3bdb567b737b
[INFO] [stdout]                                at /rustc/82e1608dfa6e0b5569232559e3d385fea5a93112/library/std/src/thread/mod.rs:528:30
[INFO] [stdout]   65:     0x55adee64ee27 - core::ops::function::FnOnce::call_once{{vtable.shim}}::h38f34da3654a8344
[INFO] [stdout]                                at /rustc/82e1608dfa6e0b5569232559e3d385fea5a93112/library/core/src/ops/function.rs:250:5
[INFO] [stdout]   66:     0x55adeeab3965 - <alloc::boxed::Box<F,A> as core::ops::function::FnOnce<Args>>::call_once::hc7eafaff61e32df9
[INFO] [stdout]                                at /rustc/82e1608dfa6e0b5569232559e3d385fea5a93112/library/alloc/src/boxed.rs:2007:9
[INFO] [stdout]   67:     0x55adeeab3965 - <alloc::boxed::Box<F,A> as core::ops::function::FnOnce<Args>>::call_once::h6ba4a5de48dd2304
[INFO] [stdout]                                at /rustc/82e1608dfa6e0b5569232559e3d385fea5a93112/library/alloc/src/boxed.rs:2007:9
[INFO] [stdout]   68:     0x55adeeab3965 - std::sys::unix::thread::Thread::new::thread_start::he469335aef763e45
[INFO] [stdout]                                at /rustc/82e1608dfa6e0b5569232559e3d385fea5a93112/library/std/src/sys/unix/thread.rs:108:17
[INFO] [stdout]   69:     0x7f80bc4a1ac3 - <unknown>
[INFO] [stdout]   70:     0x7f80bc532bf4 - __clone
[INFO] [stdout]   71:                0x0 - <unknown>
[INFO] [stdout] 
[INFO] [stdout] 
[INFO] [stdout] failures:
[INFO] [stdout]     test_validate_body_not_ok
[INFO] [stdout]     test_validate_body_ok
[INFO] [stdout] 
[INFO] [stdout] test result: FAILED. 0 passed; 2 failed; 0 ignored; 0 measured; 0 filtered out; finished in 0.04s
[INFO] [stdout] 
[INFO] [stderr] error: test failed, to rerun pass `--test tests`
[INFO] running `Command { std: "docker" "inspect" "6361d3b85719e9e5acad6b2d5f5da503de26cfe4a85b183604e3e3f531c1afda", kill_on_drop: false }`
[INFO] running `Command { std: "docker" "rm" "-f" "6361d3b85719e9e5acad6b2d5f5da503de26cfe4a85b183604e3e3f531c1afda", kill_on_drop: false }`
[INFO] [stdout] 6361d3b85719e9e5acad6b2d5f5da503de26cfe4a85b183604e3e3f531c1afda
[INFO] testing willb0/gsdmm_server against beta-2023-12-22 for beta-1.76-1
[INFO] running `Command { std: "git" "clone" "/workspace/cache/git-repos/https%3A%2F%2Fgithub.com%2Fwillb0%2Fgsdmm_server" "/workspace/builds/worker-6-tc2/source", kill_on_drop: false }`
[INFO] [stderr] Cloning into '/workspace/builds/worker-6-tc2/source'...
[INFO] [stderr] done.
[INFO] validating manifest of git repo https://github.com/willb0/gsdmm_server on toolchain beta-2023-12-22
[INFO] running `Command { std: CARGO_HOME="/workspace/cargo-home" RUSTUP_HOME="/workspace/rustup-home" "/workspace/cargo-home/bin/cargo" "+beta-2023-12-22" "metadata" "--manifest-path" "Cargo.toml" "--no-deps", kill_on_drop: false }`
[INFO] started tweaking git repo https://github.com/willb0/gsdmm_server
[INFO] finished tweaking git repo https://github.com/willb0/gsdmm_server
[INFO] tweaked toml for git repo https://github.com/willb0/gsdmm_server written to /workspace/builds/worker-6-tc2/source/Cargo.toml
[INFO] crate git repo https://github.com/willb0/gsdmm_server already has a lockfile, it will not be regenerated
[INFO] running `Command { std: CARGO_HOME="/workspace/cargo-home" RUSTUP_HOME="/workspace/rustup-home" "/workspace/cargo-home/bin/cargo" "+beta-2023-12-22" "fetch" "--manifest-path" "Cargo.toml", kill_on_drop: false }`
[INFO] running `Command { std: "docker" "create" "-v" "/var/lib/crater-agent-workspace/builds/worker-6-tc2/target:/opt/rustwide/target:rw,Z" "-v" "/var/lib/crater-agent-workspace/builds/worker-6-tc2/source:/opt/rustwide/workdir:ro,Z" "-v" "/var/lib/crater-agent-workspace/cargo-home:/opt/rustwide/cargo-home:ro,Z" "-v" "/var/lib/crater-agent-workspace/rustup-home:/opt/rustwide/rustup-home:ro,Z" "-e" "SOURCE_DIR=/opt/rustwide/workdir" "-e" "CARGO_TARGET_DIR=/opt/rustwide/target" "-e" "CARGO_HOME=/opt/rustwide/cargo-home" "-e" "RUSTUP_HOME=/opt/rustwide/rustup-home" "-w" "/opt/rustwide/workdir" "-m" "1610612736" "--user" "0:0" "--network" "none" "ghcr.io/rust-lang/crates-build-env/linux@sha256:2788e3201cd34a07e3172128adcd8b3090168a8e3bcc40d7c032b9dda1df7d1c" "/opt/rustwide/cargo-home/bin/cargo" "+beta-2023-12-22" "metadata" "--no-deps" "--format-version=1", kill_on_drop: false }`
[INFO] [stdout] 651036afdeac441145d6a58ab1eb6c6319eee46e0c7a49de2147cf6d70ab7ebf
[INFO] running `Command { std: "docker" "start" "-a" "651036afdeac441145d6a58ab1eb6c6319eee46e0c7a49de2147cf6d70ab7ebf", kill_on_drop: false }`
[INFO] running `Command { std: "docker" "inspect" "651036afdeac441145d6a58ab1eb6c6319eee46e0c7a49de2147cf6d70ab7ebf", kill_on_drop: false }`
[INFO] running `Command { std: "docker" "rm" "-f" "651036afdeac441145d6a58ab1eb6c6319eee46e0c7a49de2147cf6d70ab7ebf", kill_on_drop: false }`
[INFO] [stdout] 651036afdeac441145d6a58ab1eb6c6319eee46e0c7a49de2147cf6d70ab7ebf
[INFO] running `Command { std: "docker" "create" "-v" "/var/lib/crater-agent-workspace/builds/worker-6-tc2/target:/opt/rustwide/target:rw,Z" "-v" "/var/lib/crater-agent-workspace/builds/worker-6-tc2/source:/opt/rustwide/workdir:ro,Z" "-v" "/var/lib/crater-agent-workspace/cargo-home:/opt/rustwide/cargo-home:ro,Z" "-v" "/var/lib/crater-agent-workspace/rustup-home:/opt/rustwide/rustup-home:ro,Z" "-e" "SOURCE_DIR=/opt/rustwide/workdir" "-e" "CARGO_TARGET_DIR=/opt/rustwide/target" "-e" "CARGO_INCREMENTAL=0" "-e" "RUST_BACKTRACE=full" "-e" "RUSTFLAGS=--cap-lints=warn" "-e" "RUSTDOCFLAGS=--cap-lints=warn" "-e" "CARGO_HOME=/opt/rustwide/cargo-home" "-e" "RUSTUP_HOME=/opt/rustwide/rustup-home" "-w" "/opt/rustwide/workdir" "-m" "1610612736" "--user" "0:0" "--network" "none" "ghcr.io/rust-lang/crates-build-env/linux@sha256:2788e3201cd34a07e3172128adcd8b3090168a8e3bcc40d7c032b9dda1df7d1c" "/opt/rustwide/cargo-home/bin/cargo" "+beta-2023-12-22" "build" "--frozen" "--message-format=json", kill_on_drop: false }`
[INFO] [stdout] 086585314b69071afbaccf8c504551bebede6a50d7c44d1a0435757827cbaee9
[INFO] running `Command { std: "docker" "start" "-a" "086585314b69071afbaccf8c504551bebede6a50d7c44d1a0435757827cbaee9", kill_on_drop: false }`
[INFO] [stderr]    Compiling libc v0.2.139
[INFO] [stderr]    Compiling cfg-if v1.0.0
[INFO] [stderr]    Compiling version_check v0.9.4
[INFO] [stderr]    Compiling memchr v2.5.0
[INFO] [stderr]    Compiling autocfg v1.1.0
[INFO] [stderr]    Compiling proc-macro2 v1.0.50
[INFO] [stderr]    Compiling unicode-ident v1.0.6
[INFO] [stderr]    Compiling pin-project-lite v0.2.9
[INFO] [stderr]    Compiling quote v1.0.23
[INFO] [stderr]    Compiling log v0.4.17
[INFO] [stderr]    Compiling syn v1.0.107
[INFO] [stderr]    Compiling bytes v1.3.0
[INFO] [stderr]    Compiling futures-core v0.3.25
[INFO] [stderr]    Compiling itoa v1.0.5
[INFO] [stderr]    Compiling lock_api v0.4.9
[INFO] [stderr]    Compiling parking_lot_core v0.9.6
[INFO] [stderr]    Compiling smallvec v1.10.0
[INFO] [stderr]    Compiling once_cell v1.17.0
[INFO] [stderr]    Compiling scopeguard v1.1.0
[INFO] [stderr]    Compiling tokio v1.24.2
[INFO] [stderr]    Compiling typenum v1.16.0
[INFO] [stderr]    Compiling jobserver v0.1.25
[INFO] [stderr]    Compiling signal-hook-registry v1.4.0
[INFO] [stderr]    Compiling socket2 v0.4.7
[INFO] [stderr]    Compiling parking_lot v0.12.1
[INFO] [stderr]    Compiling cc v1.0.78
[INFO] [stderr]    Compiling mio v0.8.5
[INFO] [stderr]    Compiling tracing-core v0.1.30
[INFO] [stderr]    Compiling generic-array v0.14.6
[INFO] [stderr]    Compiling futures-task v0.3.25
[INFO] [stderr]    Compiling pkg-config v0.3.26
[INFO] [stderr]    Compiling fnv v1.0.7
[INFO] [stderr]    Compiling serde_derive v1.0.152
[INFO] [stderr]    Compiling tracing v0.1.37
[INFO] [stderr]    Compiling aho-corasick v0.7.20
[INFO] [stderr]    Compiling percent-encoding v2.2.0
[INFO] [stderr]    Compiling serde v1.0.152
[INFO] [stderr]    Compiling futures-util v0.3.25
[INFO] [stderr]    Compiling tinyvec_macros v0.1.0
[INFO] [stderr]    Compiling zstd-sys v2.0.5+zstd.1.5.2
[INFO] [stderr]    Compiling regex-syntax v0.6.28
[INFO] [stderr]    Compiling tinyvec v1.6.0
[INFO] [stderr]    Compiling http v0.2.8
[INFO] [stderr]    Compiling getrandom v0.2.8
[INFO] [stderr]    Compiling paste v1.0.11
[INFO] [stderr]    Compiling pin-utils v0.1.0
[INFO] [stderr]    Compiling lazy_static v1.4.0
[INFO] [stderr]    Compiling futures-sink v0.3.25
[INFO] [stderr]    Compiling unicode-normalization v0.1.22
[INFO] [stderr]    Compiling bytestring v1.2.0
[INFO] [stderr]    Compiling slab v0.4.7
[INFO] [stderr]    Compiling indexmap v1.9.2
[INFO] [stderr]    Compiling proc-macro-error-attr v1.0.4
[INFO] [stderr]    Compiling alloc-no-stdlib v2.0.4
[INFO] [stderr]    Compiling unicode-bidi v0.3.8
[INFO] [stderr]    Compiling local-waker v0.1.3
[INFO] [stderr]    Compiling zstd-safe v5.0.2+zstd.1.5.2
[INFO] [stderr]    Compiling crc32fast v1.3.2
[INFO] [stderr]    Compiling regex v1.7.1
[INFO] [stderr]    Compiling alloc-stdlib v0.2.2
[INFO] [stderr]    Compiling crypto-common v0.1.6
[INFO] [stderr]    Compiling block-buffer v0.10.3
[INFO] [stderr]    Compiling rand_core v0.6.4
[INFO] [stderr]    Compiling form_urlencoded v1.1.0
[INFO] [stderr]    Compiling proc-macro-error v1.0.4
[INFO] [stderr]    Compiling ahash v0.7.6
[INFO] [stderr]    Compiling adler v1.0.2
[INFO] [stderr]    Compiling encoding_rs v0.8.31
[INFO] [stderr]    Compiling tokio-util v0.7.4
[INFO] [stderr]    Compiling serde_json v1.0.91
[INFO] [stderr]    Compiling time-core v0.1.0
[INFO] [stderr]    Compiling hashbrown v0.12.3
[INFO] [stderr]    Compiling regex v0.2.11
[INFO] [stderr]    Compiling httparse v1.8.0
[INFO] [stderr]    Compiling ryu v1.0.12
[INFO] [stderr]    Compiling ppv-lite86 v0.2.17
[INFO] [stderr]    Compiling ucd-util v0.1.9
[INFO] [stderr]    Compiling regex-syntax v0.5.6
[INFO] [stderr]    Compiling time-macros v0.2.6
[INFO] [stderr]    Compiling rand_chacha v0.3.1
[INFO] [stderr]    Compiling miniz_oxide v0.6.2
[INFO] [stderr]    Compiling actix-service v2.0.2
[INFO] [stderr]    Compiling actix-rt v2.7.0
[INFO] [stderr]    Compiling digest v0.10.6
[INFO] [stderr]    Compiling brotli-decompressor v2.3.4
[INFO] [stderr]    Compiling idna v0.3.0
[INFO] [stderr]    Compiling actix-utils v3.0.1
[INFO] [stderr]    Compiling thread_local v0.3.6
[INFO] [stderr]    Compiling rand v0.4.6
[INFO] [stderr]    Compiling aho-corasick v0.6.10
[INFO] [stderr]    Compiling cookie v0.16.2
[INFO] [stderr]    Compiling utf8-ranges v1.0.5
[INFO] [stderr]    Compiling convert_case v0.4.0
[INFO] [stderr]    Compiling bitflags v1.3.2
[INFO] [stderr]    Compiling cpufeatures v0.2.5
[INFO] [stderr]    Compiling sha1 v0.10.5
[INFO] [stderr]    Compiling actix-codec v0.5.0
[INFO] [stderr]    Compiling derive_more v0.99.17
[INFO] [stderr]    Compiling rand v0.3.23
[INFO] [stderr]    Compiling brotli v3.3.4
[INFO] [stderr]    Compiling url v2.3.1
[INFO] [stderr]    Compiling flate2 v1.0.25
[INFO] [stderr]    Compiling time v0.3.17
[INFO] [stderr]    Compiling h2 v0.3.15
[INFO] [stderr]    Compiling rand v0.8.5
[INFO] [stderr]    Compiling actix-router v0.5.1
[INFO] [stderr]    Compiling local-channel v0.1.3
[INFO] [stderr]    Compiling num_cpus v1.15.0
[INFO] [stderr]    Compiling httpdate v1.0.2
[INFO] [stderr]    Compiling validator_types v0.12.0
[INFO] [stderr]    Compiling rustc-serialize v0.3.24
[INFO] [stderr]    Compiling matches v0.1.9
[INFO] [stderr]    Compiling mime v0.3.16
[INFO] [stderr]    Compiling base64 v0.13.1
[INFO] [stdout] error[E0310]: the parameter type `T` may not live long enough
[INFO] [stdout]     --> /opt/rustwide/cargo-home/registry/src/index.crates.io-6f17d22bba15001f/rustc-serialize-0.3.24/src/serialize.rs:1155:5
[INFO] [stdout]      |
[INFO] [stdout] 1155 |     fn decode<D: Decoder>(d: &mut D) -> Result<Cow<'static, T>, D::Error> {
[INFO] [stdout]      |     ^^^^^^^^^^^^^^^^^^^^^^^^^^^^^^^^^^^^^^^^^^^^^^^^^^^^^^^^^^^^^^^^^^^^^
[INFO] [stdout]      |     |
[INFO] [stdout]      |     the parameter type `T` must be valid for the static lifetime...
[INFO] [stdout]      |     ...so that the type `T` will meet its required lifetime bounds...
[INFO] [stdout]      |
[INFO] [stdout] note: ...that is required by this bound
[INFO] [stdout]     --> /rustc/0e09125c6c3c2fd70d7de961bcf0e51575235fad/library/alloc/src/borrow.rs:180:30
[INFO] [stdout] help: consider adding an explicit lifetime bound
[INFO] [stdout]      |
[INFO] [stdout] 1151 | impl<'a, T: ?Sized + 'static> Decodable for Cow<'a, T>
[INFO] [stdout]      |                    +++++++++
[INFO] [stdout] 
[INFO] [stdout] 
[INFO] [stderr]    Compiling language-tags v0.3.2
[INFO] [stderr]    Compiling lazy_static v0.2.11
[INFO] [stderr]    Compiling strsim v0.6.0
[INFO] [stdout] error: aborting due to 1 previous error
[INFO] [stdout] 
[INFO] [stdout] 
[INFO] [stdout] For more information about this error, try `rustc --explain E0310`.
[INFO] [stdout] 
[INFO] [stderr] error: could not compile `rustc-serialize` (lib) due to 2 previous errors
[INFO] [stderr] warning: build failed, waiting for other jobs to finish...
[INFO] running `Command { std: "docker" "inspect" "086585314b69071afbaccf8c504551bebede6a50d7c44d1a0435757827cbaee9", kill_on_drop: false }`
[INFO] running `Command { std: "docker" "rm" "-f" "086585314b69071afbaccf8c504551bebede6a50d7c44d1a0435757827cbaee9", kill_on_drop: false }`
[INFO] [stdout] 086585314b69071afbaccf8c504551bebede6a50d7c44d1a0435757827cbaee9
