[INFO] cloning repository https://github.com/vuichka/game-of-life-rust
[INFO] running `Command { std: "git" "-c" "credential.helper=" "-c" "credential.helper=/workspace/cargo-home/bin/git-credential-null" "clone" "--bare" "https://github.com/vuichka/game-of-life-rust" "/workspace/cache/git-repos/https%3A%2F%2Fgithub.com%2Fvuichka%2Fgame-of-life-rust", kill_on_drop: false }`
[INFO] [stderr] Cloning into bare repository '/workspace/cache/git-repos/https%3A%2F%2Fgithub.com%2Fvuichka%2Fgame-of-life-rust'...
[INFO] running `Command { std: "git" "rev-parse" "HEAD", kill_on_drop: false }`
[INFO] [stdout] 4223f6372b3fb93e3932748858bd160bf50df8d2
[INFO] testing vuichka/game-of-life-rust against 1.75.0 for beta-1.76-1
[INFO] running `Command { std: "git" "clone" "/workspace/cache/git-repos/https%3A%2F%2Fgithub.com%2Fvuichka%2Fgame-of-life-rust" "/workspace/builds/worker-6-tc1/source", kill_on_drop: false }`
[INFO] [stderr] Cloning into '/workspace/builds/worker-6-tc1/source'...
[INFO] [stderr] done.
[INFO] validating manifest of git repo https://github.com/vuichka/game-of-life-rust on toolchain 1.75.0
[INFO] running `Command { std: CARGO_HOME="/workspace/cargo-home" RUSTUP_HOME="/workspace/rustup-home" "/workspace/cargo-home/bin/cargo" "+1.75.0" "metadata" "--manifest-path" "Cargo.toml" "--no-deps", kill_on_drop: false }`
[INFO] started tweaking git repo https://github.com/vuichka/game-of-life-rust
[INFO] finished tweaking git repo https://github.com/vuichka/game-of-life-rust
[INFO] tweaked toml for git repo https://github.com/vuichka/game-of-life-rust written to /workspace/builds/worker-6-tc1/source/Cargo.toml
[INFO] crate git repo https://github.com/vuichka/game-of-life-rust already has a lockfile, it will not be regenerated
[INFO] running `Command { std: CARGO_HOME="/workspace/cargo-home" RUSTUP_HOME="/workspace/rustup-home" "/workspace/cargo-home/bin/cargo" "+1.75.0" "fetch" "--manifest-path" "Cargo.toml", kill_on_drop: false }`
[INFO] [stderr]     Updating crates.io index
[INFO] [stderr]  Downloading crates ...
[INFO] [stderr]   Downloaded ca-formats v0.3.5
[INFO] [stderr]   Downloaded rle v0.2.0
[INFO] running `Command { std: "docker" "create" "-v" "/var/lib/crater-agent-workspace/builds/worker-6-tc1/target:/opt/rustwide/target:rw,Z" "-v" "/var/lib/crater-agent-workspace/builds/worker-6-tc1/source:/opt/rustwide/workdir:ro,Z" "-v" "/var/lib/crater-agent-workspace/cargo-home:/opt/rustwide/cargo-home:ro,Z" "-v" "/var/lib/crater-agent-workspace/rustup-home:/opt/rustwide/rustup-home:ro,Z" "-e" "SOURCE_DIR=/opt/rustwide/workdir" "-e" "CARGO_TARGET_DIR=/opt/rustwide/target" "-e" "CARGO_HOME=/opt/rustwide/cargo-home" "-e" "RUSTUP_HOME=/opt/rustwide/rustup-home" "-w" "/opt/rustwide/workdir" "-m" "1610612736" "--user" "0:0" "--network" "none" "ghcr.io/rust-lang/crates-build-env/linux@sha256:2788e3201cd34a07e3172128adcd8b3090168a8e3bcc40d7c032b9dda1df7d1c" "/opt/rustwide/cargo-home/bin/cargo" "+1.75.0" "metadata" "--no-deps" "--format-version=1", kill_on_drop: false }`
[INFO] [stdout] 1325ff658d654f1a43248b136308d49c11bb10b80269525c66239ad4746c166c
[INFO] running `Command { std: "docker" "start" "-a" "1325ff658d654f1a43248b136308d49c11bb10b80269525c66239ad4746c166c", kill_on_drop: false }`
[INFO] running `Command { std: "docker" "inspect" "1325ff658d654f1a43248b136308d49c11bb10b80269525c66239ad4746c166c", kill_on_drop: false }`
[INFO] running `Command { std: "docker" "rm" "-f" "1325ff658d654f1a43248b136308d49c11bb10b80269525c66239ad4746c166c", kill_on_drop: false }`
[INFO] [stdout] 1325ff658d654f1a43248b136308d49c11bb10b80269525c66239ad4746c166c
[INFO] running `Command { std: "docker" "create" "-v" "/var/lib/crater-agent-workspace/builds/worker-6-tc1/target:/opt/rustwide/target:rw,Z" "-v" "/var/lib/crater-agent-workspace/builds/worker-6-tc1/source:/opt/rustwide/workdir:ro,Z" "-v" "/var/lib/crater-agent-workspace/cargo-home:/opt/rustwide/cargo-home:ro,Z" "-v" "/var/lib/crater-agent-workspace/rustup-home:/opt/rustwide/rustup-home:ro,Z" "-e" "SOURCE_DIR=/opt/rustwide/workdir" "-e" "CARGO_TARGET_DIR=/opt/rustwide/target" "-e" "CARGO_INCREMENTAL=0" "-e" "RUST_BACKTRACE=full" "-e" "RUSTFLAGS=--cap-lints=warn" "-e" "RUSTDOCFLAGS=--cap-lints=warn" "-e" "CARGO_HOME=/opt/rustwide/cargo-home" "-e" "RUSTUP_HOME=/opt/rustwide/rustup-home" "-w" "/opt/rustwide/workdir" "-m" "1610612736" "--user" "0:0" "--network" "none" "ghcr.io/rust-lang/crates-build-env/linux@sha256:2788e3201cd34a07e3172128adcd8b3090168a8e3bcc40d7c032b9dda1df7d1c" "/opt/rustwide/cargo-home/bin/cargo" "+1.75.0" "build" "--frozen" "--message-format=json", kill_on_drop: false }`
[INFO] [stdout] 5070b4de384010b50516afa5c32849026812e40711dace27e3b999f454c291eb
[INFO] running `Command { std: "docker" "start" "-a" "5070b4de384010b50516afa5c32849026812e40711dace27e3b999f454c291eb", kill_on_drop: false }`
[INFO] [stderr]    Compiling cfg-if v1.0.0
[INFO] [stderr]    Compiling libc v0.2.149
[INFO] [stderr]    Compiling proc-macro2 v1.0.69
[INFO] [stderr]    Compiling autocfg v1.1.0
[INFO] [stderr]    Compiling unicode-ident v1.0.12
[INFO] [stderr]    Compiling memchr v2.6.4
[INFO] [stderr]    Compiling bitflags v1.3.2
[INFO] [stderr]    Compiling once_cell v1.18.0
[INFO] [stderr]    Compiling pkg-config v0.3.27
[INFO] [stderr]    Compiling bitflags v2.4.1
[INFO] [stderr]    Compiling log v0.4.20
[INFO] [stderr]    Compiling downcast-rs v1.2.0
[INFO] [stderr]    Compiling smallvec v1.11.1
[INFO] [stderr]    Compiling scoped-tls v1.0.1
[INFO] [stderr]    Compiling thiserror v1.0.50
[INFO] [stderr]    Compiling libloading v0.8.1
[INFO] [stderr]    Compiling rustix v0.38.21
[INFO] [stderr]    Compiling linux-raw-sys v0.4.10
[INFO] [stderr]    Compiling tracing-core v0.1.32
[INFO] [stderr]    Compiling pin-project-lite v0.2.13
[INFO] [stderr]    Compiling dlib v0.5.2
[INFO] [stderr]    Compiling minimal-lexical v0.2.1
[INFO] [stderr]    Compiling syn v1.0.109
[INFO] [stderr]    Compiling regex-syntax v0.8.2
[INFO] [stderr]    Compiling smithay-client-toolkit v0.18.0
[INFO] [stderr]    Compiling fs_extra v1.3.0
[INFO] [stderr]    Compiling x11rb v0.12.0
[INFO] [stderr]    Compiling memoffset v0.7.1
[INFO] [stderr]    Compiling slab v0.4.9
[INFO] [stderr]    Compiling cursor-icon v1.1.0
[INFO] [stderr]    Compiling xkeysym v0.2.0
[INFO] [stderr]    Compiling tracing v0.1.40
[INFO] [stderr]    Compiling quick-xml v0.30.0
[INFO] [stderr]    Compiling aho-corasick v1.1.2
[INFO] [stderr]    Compiling nom v7.1.3
[INFO] [stderr]    Compiling wayland-sys v0.31.1
[INFO] [stderr]    Compiling ppv-lite86 v0.2.17
[INFO] [stderr]    Compiling lazy_static v1.4.0
[INFO] [stderr]    Compiling rle v0.2.0
[INFO] [stderr]    Compiling quote v1.0.33
[INFO] [stderr]    Compiling syn v2.0.38
[INFO] [stderr]    Compiling cc v1.0.83
[INFO] [stderr]    Compiling wayland-scanner v0.31.0
[INFO] [stderr]    Compiling cmake v0.1.50
[INFO] [stderr]    Compiling nix v0.26.4
[INFO] [stderr]    Compiling memmap2 v0.9.0
[INFO] [stderr]    Compiling gethostname v0.3.0
[INFO] [stderr]    Compiling getrandom v0.2.10
[INFO] [stderr]    Compiling regex-automata v0.4.3
[INFO] [stderr]    Compiling rand_core v0.6.4
[INFO] [stderr]    Compiling wayland-backend v0.3.2
[INFO] [stderr]    Compiling raylib-sys v3.7.0
[INFO] [stderr]    Compiling rand_chacha v0.3.1
[INFO] [stderr]    Compiling xcursor v0.3.4
[INFO] [stderr]    Compiling rand v0.8.5
[INFO] [stderr]    Compiling thiserror-impl v1.0.50
[INFO] [stderr]    Compiling displaydoc v0.2.4
[INFO] [stderr]    Compiling x11rb-protocol v0.12.0
[INFO] [stderr]    Compiling polling v3.3.0
[INFO] [stderr]    Compiling wayland-client v0.31.1
[INFO] [stderr]    Compiling wayland-csd-frame v0.3.0
[INFO] [stderr]    Compiling calloop v0.12.3
[INFO] [stderr]    Compiling regex v1.10.2
[INFO] [stderr]    Compiling wayland-protocols v0.31.0
[INFO] [stderr]    Compiling wayland-cursor v0.31.0
[INFO] [stderr]    Compiling calloop-wayland-source v0.2.0
[INFO] [stderr]    Compiling lazy-regex-proc_macros v2.4.1
[INFO] [stderr]    Compiling lazy-regex v2.5.0
[INFO] [stderr]    Compiling ca-formats v0.3.5
[INFO] [stderr]    Compiling wayland-protocols-wlr v0.2.0
[INFO] [stderr]    Compiling smithay-clipboard v0.7.0
[INFO] [stderr]    Compiling x11-clipboard v0.8.1
[INFO] [stderr]    Compiling copypasta v0.10.0
[INFO] [stderr]    Compiling raylib v3.7.0
[INFO] [stderr]    Compiling game-of-life v0.1.0 (/opt/rustwide/workdir)
[INFO] [stderr]     Finished dev [unoptimized + debuginfo] target(s) in 22.01s
[INFO] running `Command { std: "docker" "inspect" "5070b4de384010b50516afa5c32849026812e40711dace27e3b999f454c291eb", kill_on_drop: false }`
[INFO] running `Command { std: "docker" "rm" "-f" "5070b4de384010b50516afa5c32849026812e40711dace27e3b999f454c291eb", kill_on_drop: false }`
[INFO] [stdout] 5070b4de384010b50516afa5c32849026812e40711dace27e3b999f454c291eb
[INFO] running `Command { std: "docker" "create" "-v" "/var/lib/crater-agent-workspace/builds/worker-6-tc1/target:/opt/rustwide/target:rw,Z" "-v" "/var/lib/crater-agent-workspace/builds/worker-6-tc1/source:/opt/rustwide/workdir:ro,Z" "-v" "/var/lib/crater-agent-workspace/cargo-home:/opt/rustwide/cargo-home:ro,Z" "-v" "/var/lib/crater-agent-workspace/rustup-home:/opt/rustwide/rustup-home:ro,Z" "-e" "SOURCE_DIR=/opt/rustwide/workdir" "-e" "CARGO_TARGET_DIR=/opt/rustwide/target" "-e" "CARGO_INCREMENTAL=0" "-e" "RUST_BACKTRACE=full" "-e" "RUSTFLAGS=--cap-lints=warn" "-e" "RUSTDOCFLAGS=--cap-lints=warn" "-e" "CARGO_HOME=/opt/rustwide/cargo-home" "-e" "RUSTUP_HOME=/opt/rustwide/rustup-home" "-w" "/opt/rustwide/workdir" "-m" "1610612736" "--user" "0:0" "--network" "none" "ghcr.io/rust-lang/crates-build-env/linux@sha256:2788e3201cd34a07e3172128adcd8b3090168a8e3bcc40d7c032b9dda1df7d1c" "/opt/rustwide/cargo-home/bin/cargo" "+1.75.0" "test" "--frozen" "--no-run" "--message-format=json", kill_on_drop: false }`
[INFO] [stdout] 6e88ed33f42833fd2ef6af1d44a58ea7972424a0428079166302a92d1e8ac3dc
[INFO] running `Command { std: "docker" "start" "-a" "6e88ed33f42833fd2ef6af1d44a58ea7972424a0428079166302a92d1e8ac3dc", kill_on_drop: false }`
[INFO] [stderr]    Compiling game-of-life v0.1.0 (/opt/rustwide/workdir)
[INFO] [stderr]     Finished test [unoptimized + debuginfo] target(s) in 0.40s
[INFO] running `Command { std: "docker" "inspect" "6e88ed33f42833fd2ef6af1d44a58ea7972424a0428079166302a92d1e8ac3dc", kill_on_drop: false }`
[INFO] running `Command { std: "docker" "rm" "-f" "6e88ed33f42833fd2ef6af1d44a58ea7972424a0428079166302a92d1e8ac3dc", kill_on_drop: false }`
[INFO] [stdout] 6e88ed33f42833fd2ef6af1d44a58ea7972424a0428079166302a92d1e8ac3dc
[INFO] running `Command { std: "docker" "create" "-v" "/var/lib/crater-agent-workspace/builds/worker-6-tc1/target:/opt/rustwide/target:rw,Z" "-v" "/var/lib/crater-agent-workspace/builds/worker-6-tc1/source:/opt/rustwide/workdir:ro,Z" "-v" "/var/lib/crater-agent-workspace/cargo-home:/opt/rustwide/cargo-home:ro,Z" "-v" "/var/lib/crater-agent-workspace/rustup-home:/opt/rustwide/rustup-home:ro,Z" "-e" "SOURCE_DIR=/opt/rustwide/workdir" "-e" "CARGO_TARGET_DIR=/opt/rustwide/target" "-e" "CARGO_INCREMENTAL=0" "-e" "RUST_BACKTRACE=full" "-e" "RUSTFLAGS=--cap-lints=warn" "-e" "RUSTDOCFLAGS=--cap-lints=warn" "-e" "CARGO_HOME=/opt/rustwide/cargo-home" "-e" "RUSTUP_HOME=/opt/rustwide/rustup-home" "-w" "/opt/rustwide/workdir" "-m" "1610612736" "--user" "0:0" "--network" "none" "ghcr.io/rust-lang/crates-build-env/linux@sha256:2788e3201cd34a07e3172128adcd8b3090168a8e3bcc40d7c032b9dda1df7d1c" "/opt/rustwide/cargo-home/bin/cargo" "+1.75.0" "test" "--frozen", kill_on_drop: false }`
[INFO] [stdout] b28025735263a7f5e90f41aeff5878f3a2855f708911ea8ecf1f8dc4ff9bf8bf
[INFO] running `Command { std: "docker" "start" "-a" "b28025735263a7f5e90f41aeff5878f3a2855f708911ea8ecf1f8dc4ff9bf8bf", kill_on_drop: false }`
[INFO] [stderr]     Finished test [unoptimized + debuginfo] target(s) in 0.05s
[INFO] [stderr]      Running unittests src/main.rs (/opt/rustwide/target/debug/deps/game_of_life-e1f57142596ac555)
[INFO] [stdout] 
[INFO] [stdout] running 0 tests
[INFO] [stdout] 
[INFO] [stdout] test result: ok. 0 passed; 0 failed; 0 ignored; 0 measured; 0 filtered out; finished in 0.00s
[INFO] [stdout] 
[INFO] running `Command { std: "docker" "inspect" "b28025735263a7f5e90f41aeff5878f3a2855f708911ea8ecf1f8dc4ff9bf8bf", kill_on_drop: false }`
[INFO] running `Command { std: "docker" "rm" "-f" "b28025735263a7f5e90f41aeff5878f3a2855f708911ea8ecf1f8dc4ff9bf8bf", kill_on_drop: false }`
[INFO] [stdout] b28025735263a7f5e90f41aeff5878f3a2855f708911ea8ecf1f8dc4ff9bf8bf
[INFO] testing vuichka/game-of-life-rust against beta-2023-12-22 for beta-1.76-1
[INFO] running `Command { std: "git" "clone" "/workspace/cache/git-repos/https%3A%2F%2Fgithub.com%2Fvuichka%2Fgame-of-life-rust" "/workspace/builds/worker-6-tc2/source", kill_on_drop: false }`
[INFO] [stderr] Cloning into '/workspace/builds/worker-6-tc2/source'...
[INFO] [stderr] done.
[INFO] validating manifest of git repo https://github.com/vuichka/game-of-life-rust on toolchain beta-2023-12-22
[INFO] running `Command { std: CARGO_HOME="/workspace/cargo-home" RUSTUP_HOME="/workspace/rustup-home" "/workspace/cargo-home/bin/cargo" "+beta-2023-12-22" "metadata" "--manifest-path" "Cargo.toml" "--no-deps", kill_on_drop: false }`
[INFO] started tweaking git repo https://github.com/vuichka/game-of-life-rust
[INFO] finished tweaking git repo https://github.com/vuichka/game-of-life-rust
[INFO] tweaked toml for git repo https://github.com/vuichka/game-of-life-rust written to /workspace/builds/worker-6-tc2/source/Cargo.toml
[INFO] crate git repo https://github.com/vuichka/game-of-life-rust already has a lockfile, it will not be regenerated
[INFO] running `Command { std: CARGO_HOME="/workspace/cargo-home" RUSTUP_HOME="/workspace/rustup-home" "/workspace/cargo-home/bin/cargo" "+beta-2023-12-22" "fetch" "--manifest-path" "Cargo.toml", kill_on_drop: false }`
[INFO] running `Command { std: "docker" "create" "-v" "/var/lib/crater-agent-workspace/builds/worker-6-tc2/target:/opt/rustwide/target:rw,Z" "-v" "/var/lib/crater-agent-workspace/builds/worker-6-tc2/source:/opt/rustwide/workdir:ro,Z" "-v" "/var/lib/crater-agent-workspace/cargo-home:/opt/rustwide/cargo-home:ro,Z" "-v" "/var/lib/crater-agent-workspace/rustup-home:/opt/rustwide/rustup-home:ro,Z" "-e" "SOURCE_DIR=/opt/rustwide/workdir" "-e" "CARGO_TARGET_DIR=/opt/rustwide/target" "-e" "CARGO_HOME=/opt/rustwide/cargo-home" "-e" "RUSTUP_HOME=/opt/rustwide/rustup-home" "-w" "/opt/rustwide/workdir" "-m" "1610612736" "--user" "0:0" "--network" "none" "ghcr.io/rust-lang/crates-build-env/linux@sha256:2788e3201cd34a07e3172128adcd8b3090168a8e3bcc40d7c032b9dda1df7d1c" "/opt/rustwide/cargo-home/bin/cargo" "+beta-2023-12-22" "metadata" "--no-deps" "--format-version=1", kill_on_drop: false }`
[INFO] [stdout] 4575225b5faf3ca20e050abeda2e945b00d7eaaa96d0480a621255dce76cfec3
[INFO] running `Command { std: "docker" "start" "-a" "4575225b5faf3ca20e050abeda2e945b00d7eaaa96d0480a621255dce76cfec3", kill_on_drop: false }`
[INFO] running `Command { std: "docker" "inspect" "4575225b5faf3ca20e050abeda2e945b00d7eaaa96d0480a621255dce76cfec3", kill_on_drop: false }`
[INFO] running `Command { std: "docker" "rm" "-f" "4575225b5faf3ca20e050abeda2e945b00d7eaaa96d0480a621255dce76cfec3", kill_on_drop: false }`
[INFO] [stdout] 4575225b5faf3ca20e050abeda2e945b00d7eaaa96d0480a621255dce76cfec3
[INFO] running `Command { std: "docker" "create" "-v" "/var/lib/crater-agent-workspace/builds/worker-6-tc2/target:/opt/rustwide/target:rw,Z" "-v" "/var/lib/crater-agent-workspace/builds/worker-6-tc2/source:/opt/rustwide/workdir:ro,Z" "-v" "/var/lib/crater-agent-workspace/cargo-home:/opt/rustwide/cargo-home:ro,Z" "-v" "/var/lib/crater-agent-workspace/rustup-home:/opt/rustwide/rustup-home:ro,Z" "-e" "SOURCE_DIR=/opt/rustwide/workdir" "-e" "CARGO_TARGET_DIR=/opt/rustwide/target" "-e" "CARGO_INCREMENTAL=0" "-e" "RUST_BACKTRACE=full" "-e" "RUSTFLAGS=--cap-lints=warn" "-e" "RUSTDOCFLAGS=--cap-lints=warn" "-e" "CARGO_HOME=/opt/rustwide/cargo-home" "-e" "RUSTUP_HOME=/opt/rustwide/rustup-home" "-w" "/opt/rustwide/workdir" "-m" "1610612736" "--user" "0:0" "--network" "none" "ghcr.io/rust-lang/crates-build-env/linux@sha256:2788e3201cd34a07e3172128adcd8b3090168a8e3bcc40d7c032b9dda1df7d1c" "/opt/rustwide/cargo-home/bin/cargo" "+beta-2023-12-22" "build" "--frozen" "--message-format=json", kill_on_drop: false }`
[INFO] [stdout] f99025a34fa0b4a15a5ddfb2f688e3a6934c27a540fa007a471935a16dbf84b4
[INFO] running `Command { std: "docker" "start" "-a" "f99025a34fa0b4a15a5ddfb2f688e3a6934c27a540fa007a471935a16dbf84b4", kill_on_drop: false }`
[INFO] [stderr]    Compiling cfg-if v1.0.0
[INFO] [stderr]    Compiling libc v0.2.149
[INFO] [stderr]    Compiling proc-macro2 v1.0.69
[INFO] [stderr]    Compiling autocfg v1.1.0
[INFO] [stderr]    Compiling unicode-ident v1.0.12
[INFO] [stderr]    Compiling memchr v2.6.4
[INFO] [stderr]    Compiling bitflags v1.3.2
[INFO] [stderr]    Compiling pkg-config v0.3.27
[INFO] [stderr]    Compiling once_cell v1.18.0
[INFO] [stderr]    Compiling log v0.4.20
[INFO] [stderr]    Compiling bitflags v2.4.1
[INFO] [stderr]    Compiling smallvec v1.11.1
[INFO] [stderr]    Compiling downcast-rs v1.2.0
[INFO] [stderr]    Compiling scoped-tls v1.0.1
[INFO] [stderr]    Compiling thiserror v1.0.50
[INFO] [stderr]    Compiling libloading v0.8.1
[INFO] [stderr]    Compiling rustix v0.38.21
[INFO] [stderr]    Compiling tracing-core v0.1.32
[INFO] [stderr]    Compiling linux-raw-sys v0.4.10
[INFO] [stderr]    Compiling pin-project-lite v0.2.13
[INFO] [stderr]    Compiling minimal-lexical v0.2.1
[INFO] [stderr]    Compiling dlib v0.5.2
[INFO] [stderr]    Compiling regex-syntax v0.8.2
[INFO] [stderr]    Compiling syn v1.0.109
[INFO] [stderr]    Compiling fs_extra v1.3.0
[INFO] [stderr]    Compiling cursor-icon v1.1.0
[INFO] [stderr]    Compiling smithay-client-toolkit v0.18.0
[INFO] [stderr]    Compiling x11rb v0.12.0
[INFO] [stderr]    Compiling memoffset v0.7.1
[INFO] [stderr]    Compiling slab v0.4.9
[INFO] [stderr]    Compiling tracing v0.1.40
[INFO] [stderr]    Compiling xkeysym v0.2.0
[INFO] [stderr]    Compiling ppv-lite86 v0.2.17
[INFO] [stderr]    Compiling quick-xml v0.30.0
[INFO] [stderr]    Compiling aho-corasick v1.1.2
[INFO] [stderr]    Compiling nom v7.1.3
[INFO] [stderr]    Compiling wayland-sys v0.31.1
[INFO] [stderr]    Compiling lazy_static v1.4.0
[INFO] [stderr]    Compiling rle v0.2.0
[INFO] [stderr]    Compiling quote v1.0.33
[INFO] [stderr]    Compiling cc v1.0.83
[INFO] [stderr]    Compiling syn v2.0.38
[INFO] [stderr]    Compiling wayland-scanner v0.31.0
[INFO] [stderr]    Compiling cmake v0.1.50
[INFO] [stderr]    Compiling nix v0.26.4
[INFO] [stderr]    Compiling memmap2 v0.9.0
[INFO] [stderr]    Compiling gethostname v0.3.0
[INFO] [stderr]    Compiling getrandom v0.2.10
[INFO] [stderr]    Compiling wayland-backend v0.3.2
[INFO] [stderr]    Compiling rand_core v0.6.4
[INFO] [stderr]    Compiling raylib-sys v3.7.0
[INFO] [stderr]    Compiling rand_chacha v0.3.1
[INFO] [stderr]    Compiling xcursor v0.3.4
[INFO] [stderr]    Compiling rand v0.8.5
[INFO] [stderr]    Compiling regex-automata v0.4.3
[INFO] [stderr]    Compiling thiserror-impl v1.0.50
[INFO] [stderr]    Compiling displaydoc v0.2.4
[INFO] [stderr]    Compiling x11rb-protocol v0.12.0
[INFO] [stderr]    Compiling polling v3.3.0
[INFO] [stderr]    Compiling wayland-client v0.31.1
[INFO] [stderr]    Compiling wayland-csd-frame v0.3.0
[INFO] [stderr]    Compiling regex v1.10.2
[INFO] [stderr]    Compiling calloop v0.12.3
[INFO] [stderr]    Compiling wayland-protocols v0.31.0
[INFO] [stderr]    Compiling wayland-cursor v0.31.0
[INFO] [stderr]    Compiling calloop-wayland-source v0.2.0
[INFO] [stderr]    Compiling lazy-regex-proc_macros v2.4.1
[INFO] [stderr]    Compiling lazy-regex v2.5.0
[INFO] [stderr]    Compiling ca-formats v0.3.5
[INFO] [stderr]    Compiling wayland-protocols-wlr v0.2.0
[INFO] [stderr] LLVM ERROR: IO failure on output stream: No space left on device
[INFO] [stderr] error: could not compile `wayland-protocols` (lib)
[INFO] [stderr] warning: build failed, waiting for other jobs to finish...
[INFO] [stdout] error: couldn't create a temp dir: No space left on device (os error 28) at path "/opt/rustwide/target/debug/deps/rmetapwEPnX"
[INFO] [stdout] 
[INFO] [stdout] 
[INFO] [stderr] error: could not compile `x11rb-protocol` (lib) due to 1 previous error
[INFO] [stdout] error: couldn't create a temp dir: No space left on device (os error 28) at path "/opt/rustwide/target/debug/deps/rmetatwSKB7"
[INFO] [stdout] 
[INFO] [stdout] 
[INFO] [stderr] error: could not compile `wayland-protocols-wlr` (lib) due to 1 previous error
[INFO] [stderr] error: failed to run custom build command for `raylib-sys v3.7.0`
[INFO] [stderr] note: To improve backtraces for build dependencies, set the CARGO_PROFILE_DEV_BUILD_OVERRIDE_DEBUG=true environment variable to enable debug information generation.
[INFO] [stderr] 
[INFO] [stderr] Caused by:
[INFO] [stderr]   process didn't exit successfully: `/opt/rustwide/target/debug/build/raylib-sys-66ebe72d3fe597d6/build-script-build` (exit status: 101)
[INFO] [stderr]   --- stdout
[INFO] [stderr]   CMAKE_TOOLCHAIN_FILE_x86_64-unknown-linux-gnu = None
[INFO] [stderr]   CMAKE_TOOLCHAIN_FILE_x86_64_unknown_linux_gnu = None
[INFO] [stderr]   HOST_CMAKE_TOOLCHAIN_FILE = None
[INFO] [stderr]   CMAKE_TOOLCHAIN_FILE = None
[INFO] [stderr]   CMAKE_GENERATOR_x86_64-unknown-linux-gnu = None
[INFO] [stderr]   CMAKE_GENERATOR_x86_64_unknown_linux_gnu = None
[INFO] [stderr]   HOST_CMAKE_GENERATOR = None
[INFO] [stderr]   CMAKE_GENERATOR = None
[INFO] [stderr]   CMAKE_PREFIX_PATH_x86_64-unknown-linux-gnu = None
[INFO] [stderr]   CMAKE_PREFIX_PATH_x86_64_unknown_linux_gnu = None
[INFO] [stderr]   HOST_CMAKE_PREFIX_PATH = None
[INFO] [stderr]   CMAKE_PREFIX_PATH = None
[INFO] [stderr]   CMAKE_x86_64-unknown-linux-gnu = None
[INFO] [stderr]   CMAKE_x86_64_unknown_linux_gnu = None
[INFO] [stderr]   HOST_CMAKE = None
[INFO] [stderr]   CMAKE = None
[INFO] [stderr]   running: cd "/opt/rustwide/target/debug/build/raylib-sys-5d90809ee71299be/out/build" && CMAKE_PREFIX_PATH="" "cmake" "/opt/rustwide/target/debug/build/raylib-sys-5d90809ee71299be/out/raylib" "-DBUILD_EXAMPLES=OFF" "-DCMAKE_BUILD_TYPE=Release" "-DSUPPORT_BUSY_WAIT_LOOP=OFF" "-DPLATFORM=Desktop" "-DCMAKE_INSTALL_PREFIX=/opt/rustwide/target/debug/build/raylib-sys-5d90809ee71299be/out" "-DCMAKE_C_FLAGS= -ffunction-sections -fdata-sections -fPIC -m64" "-DCMAKE_C_COMPILER=/usr/bin/cc" "-DCMAKE_CXX_FLAGS= -ffunction-sections -fdata-sections -fPIC -m64" "-DCMAKE_CXX_COMPILER=/usr/bin/c++" "-DCMAKE_ASM_FLAGS= -ffunction-sections -fdata-sections -fPIC -m64" "-DCMAKE_ASM_COMPILER=/usr/bin/cc"
[INFO] [stderr]   -- The C compiler identification is GNU 11.4.0
[INFO] [stderr]   -- The CXX compiler identification is GNU 11.4.0
[INFO] [stderr]   -- Detecting C compiler ABI info
[INFO] [stderr]   -- Detecting C compiler ABI info - done
[INFO] [stderr]   -- Check for working C compiler: /usr/bin/cc - skipped
[INFO] [stderr]   -- Detecting C compile features
[INFO] [stderr]   -- Detecting C compile features - done
[INFO] [stderr]   -- Detecting CXX compiler ABI info
[INFO] [stderr]   -- Detecting CXX compiler ABI info - done
[INFO] [stderr]   -- Check for working CXX compiler: /usr/bin/c++ - skipped
[INFO] [stderr]   -- Detecting CXX compile features
[INFO] [stderr]   -- Detecting CXX compile features - done
[INFO] [stderr]   -- Performing Test COMPILER_HAS_THOSE_TOGGLES
[INFO] [stderr]   -- Performing Test COMPILER_HAS_THOSE_TOGGLES - Success
[INFO] [stderr]   -- Testing if -Werror=pointer-arith can be used -- compiles
[INFO] [stderr]   -- Testing if -Werror=implicit-function-declaration can be used -- compiles
[INFO] [stderr]   -- Testing if -fno-strict-aliasing can be used -- compiles
[INFO] [stderr]   -- Using raylib's GLFW
[INFO] [stderr]   -- Looking for pthread.h
[INFO] [stderr]   -- Looking for pthread.h - found
[INFO] [stderr]   -- Performing Test CMAKE_HAVE_LIBC_PTHREAD
[INFO] [stderr]   -- Performing Test CMAKE_HAVE_LIBC_PTHREAD - Success
[INFO] [stderr]   -- Found Threads: TRUE  
[INFO] [stderr]   -- Using X11 for window creation
[INFO] [stderr]   -- Found X11: /usr/include   
[INFO] [stderr]   -- Looking for XOpenDisplay in /usr/lib/x86_64-linux-gnu/libX11.so;/usr/lib/x86_64-linux-gnu/libXext.so
[INFO] [stderr]   -- Looking for XOpenDisplay in /usr/lib/x86_64-linux-gnu/libX11.so;/usr/lib/x86_64-linux-gnu/libXext.so - found
[INFO] [stderr]   -- Looking for gethostbyname
[INFO] [stderr]   -- Looking for gethostbyname - found
[INFO] [stderr]   -- Looking for connect
[INFO] [stderr]   -- Looking for connect - found
[INFO] [stderr]   -- Looking for remove
[INFO] [stderr]   -- Looking for remove - found
[INFO] [stderr]   -- Looking for shmat
[INFO] [stderr]   -- Looking for shmat - found
[INFO] [stderr]   -- Looking for IceConnectionNumber in ICE
[INFO] [stderr]   -- Looking for IceConnectionNumber in ICE - found
[INFO] [stderr]   -- Audio Backend: miniaudio
[INFO] [stderr]   -- Building raylib static library
[INFO] [stderr]   -- Generated build type: Release
[INFO] [stderr]   -- Compiling with the flags:
[INFO] [stderr]   --   PLATFORM=PLATFORM_DESKTOP
[INFO] [stderr]   --   GRAPHICS=GRAPHICS_API_OPENGL_33
[INFO] [stderr]   -- Configuring done
[INFO] [stderr]   -- Generating done
[INFO] [stderr]   -- Build files have been written to: /opt/rustwide/target/debug/build/raylib-sys-5d90809ee71299be/out/build
[INFO] [stderr]   running: cd "/opt/rustwide/target/debug/build/raylib-sys-5d90809ee71299be/out/build" && MAKEFLAGS="-j --jobserver-fds=7,8 --jobserver-auth=7,8" "cmake" "--build" "." "--target" "install" "--config" "Debug"
[INFO] [stderr]   [ 12%] Building C object raylib/external/glfw/src/CMakeFiles/glfw_objlib.dir/init.c.o
[INFO] [stderr]   [ 12%] Building C object raylib/external/glfw/src/CMakeFiles/glfw_objlib.dir/vulkan.c.o
[INFO] [stderr]   [ 12%] Building C object raylib/external/glfw/src/CMakeFiles/glfw_objlib.dir/monitor.c.o
[INFO] [stderr]   [ 16%] Building C object raylib/external/glfw/src/CMakeFiles/glfw_objlib.dir/context.c.o
[INFO] [stderr]   [ 20%] Building C object raylib/external/glfw/src/CMakeFiles/glfw_objlib.dir/input.c.o
[INFO] [stderr]   [ 24%] Building C object raylib/external/glfw/src/CMakeFiles/glfw_objlib.dir/x11_init.c.o
[INFO] [stderr]   [ 28%] Building C object raylib/external/glfw/src/CMakeFiles/glfw_objlib.dir/window.c.o
[INFO] [stderr]   [ 32%] Building C object raylib/external/glfw/src/CMakeFiles/glfw_objlib.dir/x11_monitor.c.o
[INFO] [stderr]   [ 36%] Building C object raylib/external/glfw/src/CMakeFiles/glfw_objlib.dir/x11_window.c.o
[INFO] [stderr]   [ 40%] Building C object raylib/external/glfw/src/CMakeFiles/glfw_objlib.dir/xkb_unicode.c.o
[INFO] [stderr]   [ 44%] Building C object raylib/external/glfw/src/CMakeFiles/glfw_objlib.dir/posix_time.c.o
[INFO] [stderr]   [ 48%] Building C object raylib/external/glfw/src/CMakeFiles/glfw_objlib.dir/posix_thread.c.o
[INFO] [stderr]   [ 52%] Building C object raylib/external/glfw/src/CMakeFiles/glfw_objlib.dir/glx_context.c.o
[INFO] [stderr]   [ 56%] Building C object raylib/external/glfw/src/CMakeFiles/glfw_objlib.dir/egl_context.c.o
[INFO] [stderr]   [ 60%] Building C object raylib/external/glfw/src/CMakeFiles/glfw_objlib.dir/osmesa_context.c.o
[INFO] [stderr]   [ 64%] Building C object raylib/external/glfw/src/CMakeFiles/glfw_objlib.dir/linux_joystick.c.o
[INFO] [stderr]   [ 64%] Built target glfw_objlib
[INFO] [stderr]   [ 68%] Linking C static library libglfw3.a
[INFO] [stderr]   [ 68%] Built target glfw
[INFO] [stderr]   [ 84%] Building C object raylib/CMakeFiles/raylib.dir/models.c.o
[INFO] [stderr]   [ 84%] Building C object raylib/CMakeFiles/raylib.dir/text.c.o
[INFO] [stderr]   [ 84%] Building C object raylib/CMakeFiles/raylib.dir/shapes.c.o
[INFO] [stderr]   [ 84%] Building C object raylib/CMakeFiles/raylib.dir/core.c.o
[INFO] [stderr]   [ 88%] Building C object raylib/CMakeFiles/raylib.dir/textures.c.o
[INFO] [stderr]   [ 92%] Building C object raylib/CMakeFiles/raylib.dir/utils.c.o
[INFO] [stderr]   [ 96%] Building C object raylib/CMakeFiles/raylib.dir/raudio.c.o
[INFO] [stderr] 
[INFO] [stderr]   --- stderr
[INFO] [stderr]   CMake Warning (dev) at /usr/share/cmake-3.22/Modules/FindOpenGL.cmake:315 (message):
[INFO] [stderr]     Policy CMP0072 is not set: FindOpenGL prefers GLVND by default when
[INFO] [stderr]     available.  Run "cmake --help-policy CMP0072" for policy details.  Use the
[INFO] [stderr]     cmake_policy command to set the policy and suppress this warning.
[INFO] [stderr] 
[INFO] [stderr]     FindOpenGL found both a legacy GL library:
[INFO] [stderr] 
[INFO] [stderr]       OPENGL_gl_LIBRARY: /usr/lib/x86_64-linux-gnu/libGL.so
[INFO] [stderr] 
[INFO] [stderr]     and GLVND libraries for OpenGL and GLX:
[INFO] [stderr] 
[INFO] [stderr]       OPENGL_opengl_LIBRARY: /usr/lib/x86_64-linux-gnu/libOpenGL.so
[INFO] [stderr]       OPENGL_glx_LIBRARY: /usr/lib/x86_64-linux-gnu/libGLX.so
[INFO] [stderr] 
[INFO] [stderr]     OpenGL_GL_PREFERENCE has not been set to "GLVND" or "LEGACY", so for
[INFO] [stderr]     compatibility with CMake 3.10 and below the legacy GL library will be used.
[INFO] [stderr]   Call Stack (most recent call first):
[INFO] [stderr]     cmake/LibraryConfigurations.cmake:20 (find_package)
[INFO] [stderr]     src/CMakeLists.txt:56 (include)
[INFO] [stderr]   This warning is for project developers.  Use -Wno-dev to suppress it.
[INFO] [stderr] 
[INFO] [stderr]   CMake Warning:
[INFO] [stderr]     Manually-specified variables were not used by the project:
[INFO] [stderr] 
[INFO] [stderr]       CMAKE_ASM_COMPILER
[INFO] [stderr]       CMAKE_ASM_FLAGS
[INFO] [stderr] 
[INFO] [stderr] 
[INFO] [stderr]   /opt/rustwide/target/debug/build/raylib-sys-5d90809ee71299be/out/raylib/src/core.c: In function 'OpenURL':
[INFO] [stderr]   /opt/rustwide/target/debug/build/raylib-sys-5d90809ee71299be/out/raylib/src/core.c:3085:9: warning: ignoring return value of 'system' declared with attribute 'warn_unused_result' [-Wunused-result]
[INFO] [stderr]    3085 |         system(cmd);
[INFO] [stderr]         |         ^~~~~~~~~~~
[INFO] [stderr]   In file included from /opt/rustwide/target/debug/build/raylib-sys-5d90809ee71299be/out/raylib/src/raudio.c:215:
[INFO] [stderr]   /opt/rustwide/target/debug/build/raylib-sys-5d90809ee71299be/out/raylib/src/external/jar_mod.h: In function 'jar_mod_load_file':
[INFO] [stderr]   /opt/rustwide/target/debug/build/raylib-sys-5d90809ee71299be/out/raylib/src/external/jar_mod.h:1541:13: warning: ignoring return value of 'fread' declared with attribute 'warn_unused_result' [-Wunused-result]
[INFO] [stderr]    1541 |             fread(modctx->modfile, fsize, 1, f);
[INFO] [stderr]         |             ^~~~~~~~~~~~~~~~~~~~~~~~~~~~~~~~~~~
[INFO] [stderr]   In function 'memcopy',
[INFO] [stderr]       inlined from 'jar_mod_load' at /opt/rustwide/target/debug/build/raylib-sys-5d90809ee71299be/out/raylib/src/external/jar_mod.h:1133:13:
[INFO] [stderr]   /opt/rustwide/target/debug/build/raylib-sys-5d90809ee71299be/out/raylib/src/external/jar_mod.h:370:13: warning: writing 1 byte into a region of size 0 [-Wstringop-overflow=]
[INFO] [stderr]     370 |         d[i]=s[i];
[INFO] [stderr]         |         ~~~~^~~~~
[INFO] [stderr]   /opt/rustwide/target/debug/build/raylib-sys-5d90809ee71299be/out/raylib/src/external/jar_mod.h: In function 'jar_mod_load':
[INFO] [stderr]   /opt/rustwide/target/debug/build/raylib-sys-5d90809ee71299be/out/raylib/src/external/jar_mod.h:125:13: note: at offset 1080 into destination object 'title' of size 20
[INFO] [stderr]     125 |     muchar  title[20];
[INFO] [stderr]         |             ^~~~~
[INFO] [stderr]   In function 'memcopy',
[INFO] [stderr]       inlined from 'jar_mod_load' at /opt/rustwide/target/debug/build/raylib-sys-5d90809ee71299be/out/raylib/src/external/jar_mod.h:1133:13:
[INFO] [stderr]   /opt/rustwide/target/debug/build/raylib-sys-5d90809ee71299be/out/raylib/src/external/jar_mod.h:370:13: warning: writing 1 byte into a region of size 0 [-Wstringop-overflow=]
[INFO] [stderr]     370 |         d[i]=s[i];
[INFO] [stderr]         |         ~~~~^~~~~
[INFO] [stderr]   /opt/rustwide/target/debug/build/raylib-sys-5d90809ee71299be/out/raylib/src/external/jar_mod.h: In function 'jar_mod_load':
[INFO] [stderr]   /opt/rustwide/target/debug/build/raylib-sys-5d90809ee71299be/out/raylib/src/external/jar_mod.h:125:13: note: at offset 1081 into destination object 'title' of size 20
[INFO] [stderr]     125 |     muchar  title[20];
[INFO] [stderr]         |             ^~~~~
[INFO] [stderr]   In function 'memcopy',
[INFO] [stderr]       inlined from 'jar_mod_load' at /opt/rustwide/target/debug/build/raylib-sys-5d90809ee71299be/out/raylib/src/external/jar_mod.h:1133:13:
[INFO] [stderr]   /opt/rustwide/target/debug/build/raylib-sys-5d90809ee71299be/out/raylib/src/external/jar_mod.h:370:13: warning: writing 1 byte into a region of size 0 [-Wstringop-overflow=]
[INFO] [stderr]     370 |         d[i]=s[i];
[INFO] [stderr]         |         ~~~~^~~~~
[INFO] [stderr]   /opt/rustwide/target/debug/build/raylib-sys-5d90809ee71299be/out/raylib/src/external/jar_mod.h: In function 'jar_mod_load':
[INFO] [stderr]   /opt/rustwide/target/debug/build/raylib-sys-5d90809ee71299be/out/raylib/src/external/jar_mod.h:125:13: note: at offset 1082 into destination object 'title' of size 20
[INFO] [stderr]     125 |     muchar  title[20];
[INFO] [stderr]         |             ^~~~~
[INFO] [stderr]   In function 'memcopy',
[INFO] [stderr]       inlined from 'jar_mod_load' at /opt/rustwide/target/debug/build/raylib-sys-5d90809ee71299be/out/raylib/src/external/jar_mod.h:1133:13:
[INFO] [stderr]   /opt/rustwide/target/debug/build/raylib-sys-5d90809ee71299be/out/raylib/src/external/jar_mod.h:370:13: warning: writing 1 byte into a region of size 0 [-Wstringop-overflow=]
[INFO] [stderr]     370 |         d[i]=s[i];
[INFO] [stderr]         |         ~~~~^~~~~
[INFO] [stderr]   /opt/rustwide/target/debug/build/raylib-sys-5d90809ee71299be/out/raylib/src/external/jar_mod.h: In function 'jar_mod_load':
[INFO] [stderr]   /opt/rustwide/target/debug/build/raylib-sys-5d90809ee71299be/out/raylib/src/external/jar_mod.h:125:13: note: at offset 1083 into destination object 'title' of size 20
[INFO] [stderr]     125 |     muchar  title[20];
[INFO] [stderr]         |             ^~~~~
[INFO] [stderr]   /opt/rustwide/target/debug/build/raylib-sys-5d90809ee71299be/out/raylib/src/models.c:4827:1: fatal error: error writing to /tmp/cciDKI7U.s: No space left on device
[INFO] [stderr]    4827 | }
[INFO] [stderr]         | ^
[INFO] [stderr]   compilation terminated.
[INFO] [stderr]   gmake[2]: *** [raylib/CMakeFiles/raylib.dir/build.make:90: raylib/CMakeFiles/raylib.dir/models.c.o] Error 1
[INFO] [stderr]   gmake[2]: *** Waiting for unfinished jobs....
[INFO] [stderr]   /opt/rustwide/target/debug/build/raylib-sys-5d90809ee71299be/out/raylib/src/textures.c:4113:1: fatal error: error writing to /tmp/cc2Tkuws.s: No space left on device
[INFO] [stderr]    4113 | }
[INFO] [stderr]         | ^
[INFO] [stderr]   compilation terminated.
[INFO] [stderr]   gmake[2]: *** [raylib/CMakeFiles/raylib.dir/build.make:132: raylib/CMakeFiles/raylib.dir/textures.c.o] Error 1
[INFO] [stderr]   /opt/rustwide/target/debug/build/raylib-sys-5d90809ee71299be/out/raylib/src/raudio.c: At top level:
[INFO] [stderr]   /opt/rustwide/target/debug/build/raylib-sys-5d90809ee71299be/out/raylib/src/raudio.c:2311:1: fatal error: error writing to /tmp/ccOR0SiP.s: No space left on device
[INFO] [stderr]    2311 | }
[INFO] [stderr]         | ^
[INFO] [stderr]   compilation terminated.
[INFO] [stderr]   gmake[2]: *** [raylib/CMakeFiles/raylib.dir/build.make:160: raylib/CMakeFiles/raylib.dir/raudio.c.o] Error 1
[INFO] [stderr]   gmake[1]: *** [CMakeFiles/Makefile2:133: raylib/CMakeFiles/raylib.dir/all] Error 2
[INFO] [stderr]   gmake: *** [Makefile:166: all] Error 2
[INFO] [stderr]   thread 'main' panicked at /opt/rustwide/cargo-home/registry/src/index.crates.io-6f17d22bba15001f/cmake-0.1.50/src/lib.rs:1098:5:
[INFO] [stderr] 
[INFO] [stderr]   command did not execute successfully, got: exit status: 2
[INFO] [stderr] 
[INFO] [stderr]   build script failed, must exit now
[INFO] [stderr]   stack backtrace:
[INFO] [stderr]      0:     0x5580520c1656 - std::backtrace_rs::backtrace::libunwind::trace::h261606ad26a499c1
[INFO] [stderr]                                  at /rustc/0e09125c6c3c2fd70d7de961bcf0e51575235fad/library/std/src/../../backtrace/src/backtrace/libunwind.rs:104:5
[INFO] [stderr]      1:     0x5580520c1656 - std::backtrace_rs::backtrace::trace_unsynchronized::hd183f0625477fb28
[INFO] [stderr]                                  at /rustc/0e09125c6c3c2fd70d7de961bcf0e51575235fad/library/std/src/../../backtrace/src/backtrace/mod.rs:66:5
[INFO] [stderr]      2:     0x5580520c1656 - std::sys_common::backtrace::_print_fmt::hd7f8fef21b4eda67
[INFO] [stderr]                                  at /rustc/0e09125c6c3c2fd70d7de961bcf0e51575235fad/library/std/src/sys_common/backtrace.rs:68:5
[INFO] [stderr]      3:     0x5580520c1656 - <std::sys_common::backtrace::_print::DisplayBacktrace as core::fmt::Display>::fmt::h623d9b51f2f453f1
[INFO] [stderr]                                  at /rustc/0e09125c6c3c2fd70d7de961bcf0e51575235fad/library/std/src/sys_common/backtrace.rs:44:22
[INFO] [stderr]      4:     0x5580520e8a00 - core::fmt::rt::Argument::fmt::h9f417ac76a86f368
[INFO] [stderr]                                  at /rustc/0e09125c6c3c2fd70d7de961bcf0e51575235fad/library/core/src/fmt/rt.rs:142:9
[INFO] [stderr]      5:     0x5580520e8a00 - core::fmt::write::hc9b6faf4ac2aeff7
[INFO] [stderr]                                  at /rustc/0e09125c6c3c2fd70d7de961bcf0e51575235fad/library/core/src/fmt/mod.rs:1120:17
[INFO] [stderr]      6:     0x5580520be80f - std::io::Write::write_fmt::hfead1eee52c2e65e
[INFO] [stderr]                                  at /rustc/0e09125c6c3c2fd70d7de961bcf0e51575235fad/library/std/src/io/mod.rs:1810:15
[INFO] [stderr]      7:     0x5580520c1434 - std::sys_common::backtrace::_print::hd5d66399c7df88a2
[INFO] [stderr]                                  at /rustc/0e09125c6c3c2fd70d7de961bcf0e51575235fad/library/std/src/sys_common/backtrace.rs:47:5
[INFO] [stderr]      8:     0x5580520c1434 - std::sys_common::backtrace::print::he81ed2da642d37e5
[INFO] [stderr]                                  at /rustc/0e09125c6c3c2fd70d7de961bcf0e51575235fad/library/std/src/sys_common/backtrace.rs:34:9
[INFO] [stderr]      9:     0x5580520c3367 - std::panicking::default_hook::{{closure}}::h85773f4fa117163d
[INFO] [stderr]     10:     0x5580520c30c9 - std::panicking::default_hook::h6a1694a91d09b278
[INFO] [stderr]                                  at /rustc/0e09125c6c3c2fd70d7de961bcf0e51575235fad/library/std/src/panicking.rs:292:9
[INFO] [stderr]     11:     0x5580520c37f8 - std::panicking::rust_panic_with_hook::h0a7ad96e90f7145b
[INFO] [stderr]                                  at /rustc/0e09125c6c3c2fd70d7de961bcf0e51575235fad/library/std/src/panicking.rs:779:13
[INFO] [stderr]     12:     0x5580520c36d2 - std::panicking::begin_panic_handler::{{closure}}::h7919090525c6485e
[INFO] [stderr]                                  at /rustc/0e09125c6c3c2fd70d7de961bcf0e51575235fad/library/std/src/panicking.rs:657:13
[INFO] [stderr]     13:     0x5580520c1b56 - std::sys_common::backtrace::__rust_end_short_backtrace::hf3289479464f7dfe
[INFO] [stderr]                                  at /rustc/0e09125c6c3c2fd70d7de961bcf0e51575235fad/library/std/src/sys_common/backtrace.rs:171:18
[INFO] [stderr]     14:     0x5580520c3430 - rust_begin_unwind
[INFO] [stderr]                                  at /rustc/0e09125c6c3c2fd70d7de961bcf0e51575235fad/library/std/src/panicking.rs:645:5
[INFO] [stderr]     15:     0x55805201fc15 - core::panicking::panic_fmt::hcc9f77c5c132af55
[INFO] [stderr]                                  at /rustc/0e09125c6c3c2fd70d7de961bcf0e51575235fad/library/core/src/panicking.rs:72:14
[INFO] [stderr]     16:     0x558052046871 - cmake::fail::h871b8064274aa453
[INFO] [stderr]     17:     0x558052046007 - cmake::run::h64e4ac1709148f09
[INFO] [stderr]     18:     0x55805204293d - cmake::Config::build::h3f0095328588453f
[INFO] [stderr]     19:     0x558052028db2 - build_script_build::build_with_cmake::h436095055506fe92
[INFO] [stderr]     20:     0x55805202a1fd - build_script_build::main::h10f640bf05500a8f
[INFO] [stderr]     21:     0x5580520216e3 - core::ops::function::FnOnce::call_once::h11b835fc63ecdf53
[INFO] [stderr]     22:     0x558052020706 - std::sys_common::backtrace::__rust_begin_short_backtrace::h04622d2b1f360ff9
[INFO] [stderr]     23:     0x558052020ca9 - std::rt::lang_start::{{closure}}::h5546574c008e170f
[INFO] [stderr]     24:     0x5580520b9f81 - core::ops::function::impls::<impl core::ops::function::FnOnce<A> for &F>::call_once::h4eb4c5e1620f29b0
[INFO] [stderr]                                  at /rustc/0e09125c6c3c2fd70d7de961bcf0e51575235fad/library/core/src/ops/function.rs:284:13
[INFO] [stderr]     25:     0x5580520b9f81 - std::panicking::try::do_call::h73fd26535faffcdf
[INFO] [stderr]                                  at /rustc/0e09125c6c3c2fd70d7de961bcf0e51575235fad/library/std/src/panicking.rs:552:40
[INFO] [stderr]     26:     0x5580520b9f81 - std::panicking::try::h77ff1d98f0fb9f39
[INFO] [stderr]                                  at /rustc/0e09125c6c3c2fd70d7de961bcf0e51575235fad/library/std/src/panicking.rs:516:19
[INFO] [stderr]     27:     0x5580520b9f81 - std::panic::catch_unwind::hab3caf2448b95e37
[INFO] [stderr]                                  at /rustc/0e09125c6c3c2fd70d7de961bcf0e51575235fad/library/std/src/panic.rs:142:14
[INFO] [stderr]     28:     0x5580520b9f81 - std::rt::lang_start_internal::{{closure}}::h8086711f9c783f78
[INFO] [stderr]                                  at /rustc/0e09125c6c3c2fd70d7de961bcf0e51575235fad/library/std/src/rt.rs:148:48
[INFO] [stderr]     29:     0x5580520b9f81 - std::panicking::try::do_call::hf920d4dc291cd6ca
[INFO] [stderr]                                  at /rustc/0e09125c6c3c2fd70d7de961bcf0e51575235fad/library/std/src/panicking.rs:552:40
[INFO] [stderr]     30:     0x5580520b9f81 - std::panicking::try::h2b806ccc0a85db74
[INFO] [stderr]                                  at /rustc/0e09125c6c3c2fd70d7de961bcf0e51575235fad/library/std/src/panicking.rs:516:19
[INFO] [stderr]     31:     0x5580520b9f81 - std::panic::catch_unwind::h038489539c507df2
[INFO] [stderr]                                  at /rustc/0e09125c6c3c2fd70d7de961bcf0e51575235fad/library/std/src/panic.rs:142:14
[INFO] [stderr]     32:     0x5580520b9f81 - std::rt::lang_start_internal::h28503b88912e8a5c
[INFO] [stderr]                                  at /rustc/0e09125c6c3c2fd70d7de961bcf0e51575235fad/library/std/src/rt.rs:148:20
[INFO] [stderr]     33:     0x558052020c87 - std::rt::lang_start::ha8401178b62cd511
[INFO] [stderr]     34:     0x55805202b035 - main
[INFO] [stderr]     35:     0x7f2f4e041d90 - <unknown>
[INFO] [stderr]     36:     0x7f2f4e041e40 - __libc_start_main
[INFO] [stderr]     37:     0x558052020345 - _start
[INFO] [stderr]     38:                0x0 - <unknown>
[INFO] running `Command { std: "docker" "inspect" "f99025a34fa0b4a15a5ddfb2f688e3a6934c27a540fa007a471935a16dbf84b4", kill_on_drop: false }`
[INFO] running `Command { std: "docker" "rm" "-f" "f99025a34fa0b4a15a5ddfb2f688e3a6934c27a540fa007a471935a16dbf84b4", kill_on_drop: false }`
[INFO] [stdout] f99025a34fa0b4a15a5ddfb2f688e3a6934c27a540fa007a471935a16dbf84b4
