[INFO] cloning repository https://github.com/vivienbcr/bug-free-octo-giggle
[INFO] running `Command { std: "git" "-c" "credential.helper=" "-c" "credential.helper=/workspace/cargo-home/bin/git-credential-null" "clone" "--bare" "https://github.com/vivienbcr/bug-free-octo-giggle" "/workspace/cache/git-repos/https%3A%2F%2Fgithub.com%2Fvivienbcr%2Fbug-free-octo-giggle", kill_on_drop: false }`
[INFO] [stderr] Cloning into bare repository '/workspace/cache/git-repos/https%3A%2F%2Fgithub.com%2Fvivienbcr%2Fbug-free-octo-giggle'...
[INFO] running `Command { std: "git" "rev-parse" "HEAD", kill_on_drop: false }`
[INFO] [stdout] 2519b64785cf5439e5e0a474f0a27bfcf5c46716
[INFO] testing vivienbcr/bug-free-octo-giggle against 1.75.0 for beta-1.76-1
[INFO] running `Command { std: "git" "clone" "/workspace/cache/git-repos/https%3A%2F%2Fgithub.com%2Fvivienbcr%2Fbug-free-octo-giggle" "/workspace/builds/worker-4-tc1/source", kill_on_drop: false }`
[INFO] [stderr] Cloning into '/workspace/builds/worker-4-tc1/source'...
[INFO] [stderr] done.
[INFO] validating manifest of git repo https://github.com/vivienbcr/bug-free-octo-giggle on toolchain 1.75.0
[INFO] running `Command { std: CARGO_HOME="/workspace/cargo-home" RUSTUP_HOME="/workspace/rustup-home" "/workspace/cargo-home/bin/cargo" "+1.75.0" "metadata" "--manifest-path" "Cargo.toml" "--no-deps", kill_on_drop: false }`
[INFO] started tweaking git repo https://github.com/vivienbcr/bug-free-octo-giggle
[INFO] finished tweaking git repo https://github.com/vivienbcr/bug-free-octo-giggle
[INFO] tweaked toml for git repo https://github.com/vivienbcr/bug-free-octo-giggle written to /workspace/builds/worker-4-tc1/source/Cargo.toml
[INFO] crate git repo https://github.com/vivienbcr/bug-free-octo-giggle already has a lockfile, it will not be regenerated
[INFO] running `Command { std: CARGO_HOME="/workspace/cargo-home" RUSTUP_HOME="/workspace/rustup-home" "/workspace/cargo-home/bin/cargo" "+1.75.0" "fetch" "--manifest-path" "Cargo.toml", kill_on_drop: false }`
[INFO] running `Command { std: "docker" "create" "-v" "/var/lib/crater-agent-workspace/builds/worker-4-tc1/target:/opt/rustwide/target:rw,Z" "-v" "/var/lib/crater-agent-workspace/builds/worker-4-tc1/source:/opt/rustwide/workdir:ro,Z" "-v" "/var/lib/crater-agent-workspace/cargo-home:/opt/rustwide/cargo-home:ro,Z" "-v" "/var/lib/crater-agent-workspace/rustup-home:/opt/rustwide/rustup-home:ro,Z" "-e" "SOURCE_DIR=/opt/rustwide/workdir" "-e" "CARGO_TARGET_DIR=/opt/rustwide/target" "-e" "CARGO_HOME=/opt/rustwide/cargo-home" "-e" "RUSTUP_HOME=/opt/rustwide/rustup-home" "-w" "/opt/rustwide/workdir" "-m" "1610612736" "--user" "0:0" "--network" "none" "ghcr.io/rust-lang/crates-build-env/linux@sha256:2788e3201cd34a07e3172128adcd8b3090168a8e3bcc40d7c032b9dda1df7d1c" "/opt/rustwide/cargo-home/bin/cargo" "+1.75.0" "metadata" "--no-deps" "--format-version=1", kill_on_drop: false }`
[INFO] [stdout] b1c08466370fc0e751b9f2a746445f60b4ccc1ae60eb61315b27684920fc541d
[INFO] running `Command { std: "docker" "start" "-a" "b1c08466370fc0e751b9f2a746445f60b4ccc1ae60eb61315b27684920fc541d", kill_on_drop: false }`
[INFO] running `Command { std: "docker" "inspect" "b1c08466370fc0e751b9f2a746445f60b4ccc1ae60eb61315b27684920fc541d", kill_on_drop: false }`
[INFO] running `Command { std: "docker" "rm" "-f" "b1c08466370fc0e751b9f2a746445f60b4ccc1ae60eb61315b27684920fc541d", kill_on_drop: false }`
[INFO] [stdout] b1c08466370fc0e751b9f2a746445f60b4ccc1ae60eb61315b27684920fc541d
[INFO] running `Command { std: "docker" "create" "-v" "/var/lib/crater-agent-workspace/builds/worker-4-tc1/target:/opt/rustwide/target:rw,Z" "-v" "/var/lib/crater-agent-workspace/builds/worker-4-tc1/source:/opt/rustwide/workdir:ro,Z" "-v" "/var/lib/crater-agent-workspace/cargo-home:/opt/rustwide/cargo-home:ro,Z" "-v" "/var/lib/crater-agent-workspace/rustup-home:/opt/rustwide/rustup-home:ro,Z" "-e" "SOURCE_DIR=/opt/rustwide/workdir" "-e" "CARGO_TARGET_DIR=/opt/rustwide/target" "-e" "CARGO_INCREMENTAL=0" "-e" "RUST_BACKTRACE=full" "-e" "RUSTFLAGS=--cap-lints=warn" "-e" "RUSTDOCFLAGS=--cap-lints=warn" "-e" "CARGO_HOME=/opt/rustwide/cargo-home" "-e" "RUSTUP_HOME=/opt/rustwide/rustup-home" "-w" "/opt/rustwide/workdir" "-m" "1610612736" "--user" "0:0" "--network" "none" "ghcr.io/rust-lang/crates-build-env/linux@sha256:2788e3201cd34a07e3172128adcd8b3090168a8e3bcc40d7c032b9dda1df7d1c" "/opt/rustwide/cargo-home/bin/cargo" "+1.75.0" "build" "--frozen" "--message-format=json", kill_on_drop: false }`
[INFO] [stdout] 9be6f727bbd4addd11f56c2307ea031d627e0f40496f551a78d09867db5e6cca
[INFO] running `Command { std: "docker" "start" "-a" "9be6f727bbd4addd11f56c2307ea031d627e0f40496f551a78d09867db5e6cca", kill_on_drop: false }`
[INFO] [stderr]    Compiling libc v0.2.140
[INFO] [stderr]    Compiling autocfg v1.1.0
[INFO] [stderr]    Compiling cfg-if v1.0.0
[INFO] [stderr]    Compiling proc-macro2 v1.0.52
[INFO] [stderr]    Compiling quote v1.0.26
[INFO] [stderr]    Compiling unicode-ident v1.0.8
[INFO] [stderr]    Compiling syn v1.0.109
[INFO] [stderr]    Compiling version_check v0.9.4
[INFO] [stderr]    Compiling log v0.4.17
[INFO] [stderr]    Compiling cc v1.0.79
[INFO] [stderr]    Compiling memchr v2.5.0
[INFO] [stderr]    Compiling once_cell v1.17.1
[INFO] [stderr]    Compiling bytes v1.4.0
[INFO] [stderr]    Compiling parking_lot_core v0.9.7
[INFO] [stderr]    Compiling pin-project-lite v0.2.9
[INFO] [stderr]    Compiling futures-core v0.3.27
[INFO] [stderr]    Compiling scopeguard v1.1.0
[INFO] [stderr]    Compiling itoa v1.0.6
[INFO] [stderr]    Compiling smallvec v1.10.0
[INFO] [stderr]    Compiling typenum v1.16.0
[INFO] [stderr]    Compiling fnv v1.0.7
[INFO] [stderr]    Compiling futures-task v0.3.27
[INFO] [stderr]    Compiling futures-sink v0.3.27
[INFO] [stderr]    Compiling httparse v1.8.0
[INFO] [stderr]    Compiling futures-util v0.3.27
[INFO] [stderr]    Compiling tinyvec_macros v0.1.1
[INFO] [stderr]    Compiling pin-utils v0.1.0
[INFO] [stderr]    Compiling generic-array v0.14.6
[INFO] [stderr]    Compiling spin v0.5.2
[INFO] [stderr]    Compiling io-lifetimes v1.0.7
[INFO] [stderr]    Compiling lock_api v0.4.9
[INFO] [stderr]    Compiling tokio v1.26.0
[INFO] [stderr]    Compiling slab v0.4.8
[INFO] [stderr]    Compiling http v0.2.9
[INFO] [stderr]    Compiling untrusted v0.7.1
[INFO] [stderr]    Compiling bitflags v1.3.2
[INFO] [stderr]    Compiling indexmap v1.9.2
[INFO] [stderr]    Compiling unicase v2.6.0
[INFO] [stderr]    Compiling tinyvec v1.6.0
[INFO] [stderr]    Compiling tracing-core v0.1.30
[INFO] [stderr]    Compiling serde_derive v1.0.156
[INFO] [stderr]    Compiling rustix v0.36.9
[INFO] [stderr]    Compiling percent-encoding v2.2.0
[INFO] [stderr]    Compiling futures-channel v0.3.27
[INFO] [stderr]    Compiling form_urlencoded v1.1.0
[INFO] [stderr]    Compiling linux-raw-sys v0.1.4
[INFO] [stderr]    Compiling thiserror v1.0.39
[INFO] [stderr]    Compiling tracing v0.1.37
[INFO] [stderr]    Compiling serde v1.0.156
[INFO] [stderr]    Compiling hashbrown v0.12.3
[INFO] [stderr]    Compiling unicode-bidi v0.3.11
[INFO] [stderr]    Compiling ppv-lite86 v0.2.17
[INFO] [stderr]    Compiling cpufeatures v0.2.5
[INFO] [stderr]    Compiling ring v0.16.20
[INFO] [stderr]    Compiling openssl-src v111.25.1+1.1.1t
[INFO] [stderr]    Compiling mime v0.3.16
[INFO] [stderr]    Compiling unicode-normalization v0.1.22
[INFO] [stderr]    Compiling byteorder v1.4.3
[INFO] [stderr]    Compiling try-lock v0.2.4
[INFO] [stderr]    Compiling pkg-config v0.3.26
[INFO] [stderr]    Compiling base64 v0.13.1
[INFO] [stderr]    Compiling rustls v0.20.8
[INFO] [stderr]    Compiling httpdate v1.0.2
[INFO] [stderr]    Compiling want v0.3.0
[INFO] [stderr]    Compiling mime_guess v2.0.4
[INFO] [stderr]    Compiling http-body v0.4.5
[INFO] [stderr]    Compiling num_cpus v1.15.0
[INFO] [stderr]    Compiling socket2 v0.4.9
[INFO] [stderr]    Compiling signal-hook-registry v1.4.1
[INFO] [stderr]    Compiling mio v0.8.6
[INFO] [stderr]    Compiling getrandom v0.2.8
[INFO] [stderr]    Compiling parking_lot v0.12.1
[INFO] [stderr]    Compiling idna v0.3.0
[INFO] [stderr]    Compiling openssl-sys v0.9.81
[INFO] [stderr]    Compiling ryu v1.0.13
[INFO] [stderr]    Compiling rand_core v0.6.4
[INFO] [stderr]    Compiling block-buffer v0.10.4
[INFO] [stderr]    Compiling crypto-common v0.1.6
[INFO] [stderr]    Compiling digest v0.10.6
[INFO] [stderr]    Compiling tower-service v0.3.2
[INFO] [stderr]    Compiling rand_chacha v0.3.1
[INFO] [stderr]    Compiling safemem v0.3.3
[INFO] [stderr]    Compiling utf-8 v0.7.6
[INFO] [stderr]    Compiling fastrand v1.9.0
[INFO] [stderr]    Compiling protobuf v2.28.0
[INFO] [stderr]    Compiling sha-1 v0.10.1
[INFO] [stderr]    Compiling serde_json v1.0.94
[INFO] [stderr]    Compiling procfs v0.14.2
[INFO] [stderr]    Compiling rand v0.8.5
[INFO] [stderr]    Compiling url v2.3.1
[INFO] [stderr]    Compiling sha1 v0.10.5
[INFO] [stderr]    Compiling buf_redux v0.8.4
[INFO] [stderr]    Compiling headers-core v0.2.0
[INFO] [stderr]    Compiling twoway v0.1.8
[INFO] [stderr]    Compiling quick-error v1.2.3
[INFO] [stderr]    Compiling base64 v0.21.0
[INFO] [stderr]    Compiling openssl v0.10.46
[INFO] [stderr]    Compiling lazy_static v1.4.0
[INFO] [stderr]    Compiling hex v0.4.3
[INFO] [stderr]    Compiling prometheus v0.13.3
[INFO] [stderr]    Compiling foreign-types-shared v0.1.1
[INFO] [stderr]    Compiling foreign-types v0.3.2
[INFO] [stderr]    Compiling headers v0.3.8
[INFO] [stderr]    Compiling rustls-pemfile v1.0.2
[INFO] [stderr]    Compiling rustls-pemfile v0.2.1
[INFO] [stderr]    Compiling encoding_rs v0.8.32
[INFO] [stderr]    Compiling scoped-tls v1.0.1
[INFO] [stderr]    Compiling futures-io v0.3.27
[INFO] [stderr]    Compiling ipnet v2.7.1
[INFO] [stderr]    Compiling futures v0.3.27
[INFO] [stderr]    Compiling tempfile v3.4.0
[INFO] [stderr]    Compiling multipart v0.18.0
[INFO] [stderr]    Compiling tokio-macros v1.8.2
[INFO] [stderr]    Compiling thiserror-impl v1.0.39
[INFO] [stderr]    Compiling pin-project-internal v1.0.12
[INFO] [stderr]    Compiling openssl-macros v0.1.0
[INFO] [stderr]    Compiling webpki v0.22.0
[INFO] [stderr]    Compiling sct v0.7.0
[INFO] [stderr]    Compiling webpki-roots v0.22.6
[INFO] [stderr]    Compiling tungstenite v0.17.3
[INFO] [stderr]    Compiling pin-project v1.0.12
[INFO] [stderr]    Compiling tokio-util v0.7.7
[INFO] [stderr]    Compiling tokio-rustls v0.23.4
[INFO] [stderr]    Compiling tokio-stream v0.1.12
[INFO] [stderr]    Compiling tokio-tungstenite v0.17.2
[INFO] [stderr]    Compiling h2 v0.3.16
[INFO] [stderr]    Compiling serde_urlencoded v0.7.1
[INFO] [stderr]    Compiling hyper v0.14.25
[INFO] [stderr]    Compiling hyper-rustls v0.23.2
[INFO] [stderr]    Compiling warp v0.3.3
[INFO] [stderr]    Compiling reqwest v0.11.14
[INFO] [stderr]    Compiling prometheus-metrics-minimal-reprod v0.1.0 (/opt/rustwide/workdir)
[INFO] [stderr]     Finished dev [unoptimized + debuginfo] target(s) in 26.09s
[INFO] [stderr] warning: the following packages contain code that will be rejected by a future version of Rust: buf_redux v0.8.4, multipart v0.18.0
[INFO] [stderr] note: to see what the problems were, use the option `--future-incompat-report`, or run `cargo report future-incompatibilities --id 1`
[INFO] running `Command { std: "docker" "inspect" "9be6f727bbd4addd11f56c2307ea031d627e0f40496f551a78d09867db5e6cca", kill_on_drop: false }`
[INFO] running `Command { std: "docker" "rm" "-f" "9be6f727bbd4addd11f56c2307ea031d627e0f40496f551a78d09867db5e6cca", kill_on_drop: false }`
[INFO] [stdout] 9be6f727bbd4addd11f56c2307ea031d627e0f40496f551a78d09867db5e6cca
[INFO] running `Command { std: "docker" "create" "-v" "/var/lib/crater-agent-workspace/builds/worker-4-tc1/target:/opt/rustwide/target:rw,Z" "-v" "/var/lib/crater-agent-workspace/builds/worker-4-tc1/source:/opt/rustwide/workdir:ro,Z" "-v" "/var/lib/crater-agent-workspace/cargo-home:/opt/rustwide/cargo-home:ro,Z" "-v" "/var/lib/crater-agent-workspace/rustup-home:/opt/rustwide/rustup-home:ro,Z" "-e" "SOURCE_DIR=/opt/rustwide/workdir" "-e" "CARGO_TARGET_DIR=/opt/rustwide/target" "-e" "CARGO_INCREMENTAL=0" "-e" "RUST_BACKTRACE=full" "-e" "RUSTFLAGS=--cap-lints=warn" "-e" "RUSTDOCFLAGS=--cap-lints=warn" "-e" "CARGO_HOME=/opt/rustwide/cargo-home" "-e" "RUSTUP_HOME=/opt/rustwide/rustup-home" "-w" "/opt/rustwide/workdir" "-m" "1610612736" "--user" "0:0" "--network" "none" "ghcr.io/rust-lang/crates-build-env/linux@sha256:2788e3201cd34a07e3172128adcd8b3090168a8e3bcc40d7c032b9dda1df7d1c" "/opt/rustwide/cargo-home/bin/cargo" "+1.75.0" "test" "--frozen" "--no-run" "--message-format=json", kill_on_drop: false }`
[INFO] [stdout] af3fb8609c3977e154f9bcb7115632d8b889d9d6ea6c52128d715d8a789fc02d
[INFO] running `Command { std: "docker" "start" "-a" "af3fb8609c3977e154f9bcb7115632d8b889d9d6ea6c52128d715d8a789fc02d", kill_on_drop: false }`
[INFO] [stderr]    Compiling prometheus-metrics-minimal-reprod v0.1.0 (/opt/rustwide/workdir)
[INFO] [stderr]     Finished test [unoptimized + debuginfo] target(s) in 1.15s
[INFO] [stderr] warning: the following packages contain code that will be rejected by a future version of Rust: buf_redux v0.8.4, multipart v0.18.0
[INFO] [stderr] note: to see what the problems were, use the option `--future-incompat-report`, or run `cargo report future-incompatibilities --id 1`
[INFO] running `Command { std: "docker" "inspect" "af3fb8609c3977e154f9bcb7115632d8b889d9d6ea6c52128d715d8a789fc02d", kill_on_drop: false }`
[INFO] running `Command { std: "docker" "rm" "-f" "af3fb8609c3977e154f9bcb7115632d8b889d9d6ea6c52128d715d8a789fc02d", kill_on_drop: false }`
[INFO] [stdout] af3fb8609c3977e154f9bcb7115632d8b889d9d6ea6c52128d715d8a789fc02d
[INFO] running `Command { std: "docker" "create" "-v" "/var/lib/crater-agent-workspace/builds/worker-4-tc1/target:/opt/rustwide/target:rw,Z" "-v" "/var/lib/crater-agent-workspace/builds/worker-4-tc1/source:/opt/rustwide/workdir:ro,Z" "-v" "/var/lib/crater-agent-workspace/cargo-home:/opt/rustwide/cargo-home:ro,Z" "-v" "/var/lib/crater-agent-workspace/rustup-home:/opt/rustwide/rustup-home:ro,Z" "-e" "SOURCE_DIR=/opt/rustwide/workdir" "-e" "CARGO_TARGET_DIR=/opt/rustwide/target" "-e" "CARGO_INCREMENTAL=0" "-e" "RUST_BACKTRACE=full" "-e" "RUSTFLAGS=--cap-lints=warn" "-e" "RUSTDOCFLAGS=--cap-lints=warn" "-e" "CARGO_HOME=/opt/rustwide/cargo-home" "-e" "RUSTUP_HOME=/opt/rustwide/rustup-home" "-w" "/opt/rustwide/workdir" "-m" "1610612736" "--user" "0:0" "--network" "none" "ghcr.io/rust-lang/crates-build-env/linux@sha256:2788e3201cd34a07e3172128adcd8b3090168a8e3bcc40d7c032b9dda1df7d1c" "/opt/rustwide/cargo-home/bin/cargo" "+1.75.0" "test" "--frozen", kill_on_drop: false }`
[INFO] [stdout] 5f6b6c5ebadd1c05f03331ad0500d1a8fcc8b740aa9be8914d04eb7789fc4a41
[INFO] running `Command { std: "docker" "start" "-a" "5f6b6c5ebadd1c05f03331ad0500d1a8fcc8b740aa9be8914d04eb7789fc4a41", kill_on_drop: false }`
[INFO] [stderr]     Finished test [unoptimized + debuginfo] target(s) in 0.09s
[INFO] [stderr] warning: the following packages contain code that will be rejected by a future version of Rust: buf_redux v0.8.4, multipart v0.18.0
[INFO] [stderr] note: to see what the problems were, use the option `--future-incompat-report`, or run `cargo report future-incompatibilities --id 1`
[INFO] [stderr]      Running unittests src/main.rs (/opt/rustwide/target/debug/deps/prometheus_metrics_minimal_reprod-bacdb093f4e02f4c)
[INFO] [stdout] 
[INFO] [stdout] running 0 tests
[INFO] [stdout] 
[INFO] [stdout] test result: ok. 0 passed; 0 failed; 0 ignored; 0 measured; 0 filtered out; finished in 0.00s
[INFO] [stdout] 
[INFO] running `Command { std: "docker" "inspect" "5f6b6c5ebadd1c05f03331ad0500d1a8fcc8b740aa9be8914d04eb7789fc4a41", kill_on_drop: false }`
[INFO] running `Command { std: "docker" "rm" "-f" "5f6b6c5ebadd1c05f03331ad0500d1a8fcc8b740aa9be8914d04eb7789fc4a41", kill_on_drop: false }`
[INFO] [stdout] 5f6b6c5ebadd1c05f03331ad0500d1a8fcc8b740aa9be8914d04eb7789fc4a41
[INFO] testing vivienbcr/bug-free-octo-giggle against beta-2023-12-22 for beta-1.76-1
[INFO] running `Command { std: "git" "clone" "/workspace/cache/git-repos/https%3A%2F%2Fgithub.com%2Fvivienbcr%2Fbug-free-octo-giggle" "/workspace/builds/worker-4-tc2/source", kill_on_drop: false }`
[INFO] [stderr] Cloning into '/workspace/builds/worker-4-tc2/source'...
[INFO] [stderr] done.
[INFO] validating manifest of git repo https://github.com/vivienbcr/bug-free-octo-giggle on toolchain beta-2023-12-22
[INFO] running `Command { std: CARGO_HOME="/workspace/cargo-home" RUSTUP_HOME="/workspace/rustup-home" "/workspace/cargo-home/bin/cargo" "+beta-2023-12-22" "metadata" "--manifest-path" "Cargo.toml" "--no-deps", kill_on_drop: false }`
[INFO] started tweaking git repo https://github.com/vivienbcr/bug-free-octo-giggle
[INFO] finished tweaking git repo https://github.com/vivienbcr/bug-free-octo-giggle
[INFO] tweaked toml for git repo https://github.com/vivienbcr/bug-free-octo-giggle written to /workspace/builds/worker-4-tc2/source/Cargo.toml
[INFO] crate git repo https://github.com/vivienbcr/bug-free-octo-giggle already has a lockfile, it will not be regenerated
[INFO] running `Command { std: CARGO_HOME="/workspace/cargo-home" RUSTUP_HOME="/workspace/rustup-home" "/workspace/cargo-home/bin/cargo" "+beta-2023-12-22" "fetch" "--manifest-path" "Cargo.toml", kill_on_drop: false }`
[INFO] running `Command { std: "docker" "create" "-v" "/var/lib/crater-agent-workspace/builds/worker-4-tc2/target:/opt/rustwide/target:rw,Z" "-v" "/var/lib/crater-agent-workspace/builds/worker-4-tc2/source:/opt/rustwide/workdir:ro,Z" "-v" "/var/lib/crater-agent-workspace/cargo-home:/opt/rustwide/cargo-home:ro,Z" "-v" "/var/lib/crater-agent-workspace/rustup-home:/opt/rustwide/rustup-home:ro,Z" "-e" "SOURCE_DIR=/opt/rustwide/workdir" "-e" "CARGO_TARGET_DIR=/opt/rustwide/target" "-e" "CARGO_HOME=/opt/rustwide/cargo-home" "-e" "RUSTUP_HOME=/opt/rustwide/rustup-home" "-w" "/opt/rustwide/workdir" "-m" "1610612736" "--user" "0:0" "--network" "none" "ghcr.io/rust-lang/crates-build-env/linux@sha256:2788e3201cd34a07e3172128adcd8b3090168a8e3bcc40d7c032b9dda1df7d1c" "/opt/rustwide/cargo-home/bin/cargo" "+beta-2023-12-22" "metadata" "--no-deps" "--format-version=1", kill_on_drop: false }`
[INFO] [stdout] ab824333ba588feb8a34f21983087292a17ae0626ee161fe23ea1dfc0fd0ab3e
[INFO] running `Command { std: "docker" "start" "-a" "ab824333ba588feb8a34f21983087292a17ae0626ee161fe23ea1dfc0fd0ab3e", kill_on_drop: false }`
[INFO] running `Command { std: "docker" "inspect" "ab824333ba588feb8a34f21983087292a17ae0626ee161fe23ea1dfc0fd0ab3e", kill_on_drop: false }`
[INFO] running `Command { std: "docker" "rm" "-f" "ab824333ba588feb8a34f21983087292a17ae0626ee161fe23ea1dfc0fd0ab3e", kill_on_drop: false }`
[INFO] [stdout] ab824333ba588feb8a34f21983087292a17ae0626ee161fe23ea1dfc0fd0ab3e
[INFO] running `Command { std: "docker" "create" "-v" "/var/lib/crater-agent-workspace/builds/worker-4-tc2/target:/opt/rustwide/target:rw,Z" "-v" "/var/lib/crater-agent-workspace/builds/worker-4-tc2/source:/opt/rustwide/workdir:ro,Z" "-v" "/var/lib/crater-agent-workspace/cargo-home:/opt/rustwide/cargo-home:ro,Z" "-v" "/var/lib/crater-agent-workspace/rustup-home:/opt/rustwide/rustup-home:ro,Z" "-e" "SOURCE_DIR=/opt/rustwide/workdir" "-e" "CARGO_TARGET_DIR=/opt/rustwide/target" "-e" "CARGO_INCREMENTAL=0" "-e" "RUST_BACKTRACE=full" "-e" "RUSTFLAGS=--cap-lints=warn" "-e" "RUSTDOCFLAGS=--cap-lints=warn" "-e" "CARGO_HOME=/opt/rustwide/cargo-home" "-e" "RUSTUP_HOME=/opt/rustwide/rustup-home" "-w" "/opt/rustwide/workdir" "-m" "1610612736" "--user" "0:0" "--network" "none" "ghcr.io/rust-lang/crates-build-env/linux@sha256:2788e3201cd34a07e3172128adcd8b3090168a8e3bcc40d7c032b9dda1df7d1c" "/opt/rustwide/cargo-home/bin/cargo" "+beta-2023-12-22" "build" "--frozen" "--message-format=json", kill_on_drop: false }`
[INFO] [stdout] 78a28bf08b8ca53719c2c15826ff3a2f471facc6af3641f355fc6286921bebc4
[INFO] running `Command { std: "docker" "start" "-a" "78a28bf08b8ca53719c2c15826ff3a2f471facc6af3641f355fc6286921bebc4", kill_on_drop: false }`
[INFO] [stderr]    Compiling libc v0.2.140
[INFO] [stderr]    Compiling autocfg v1.1.0
[INFO] [stderr]    Compiling cfg-if v1.0.0
[INFO] [stderr]    Compiling proc-macro2 v1.0.52
[INFO] [stderr]    Compiling unicode-ident v1.0.8
[INFO] [stderr]    Compiling quote v1.0.26
[INFO] [stderr]    Compiling syn v1.0.109
[INFO] [stderr]    Compiling version_check v0.9.4
[INFO] [stderr]    Compiling log v0.4.17
[INFO] [stderr]    Compiling cc v1.0.79
[INFO] [stderr]    Compiling memchr v2.5.0
[INFO] [stderr]    Compiling once_cell v1.17.1
[INFO] [stderr]    Compiling bytes v1.4.0
[INFO] [stderr]    Compiling pin-project-lite v0.2.9
[INFO] [stderr]    Compiling parking_lot_core v0.9.7
[INFO] [stderr]    Compiling futures-core v0.3.27
[INFO] [stderr]    Compiling itoa v1.0.6
[INFO] [stderr]    Compiling smallvec v1.10.0
[INFO] [stderr]    Compiling scopeguard v1.1.0
[INFO] [stderr]    Compiling fnv v1.0.7
[INFO] [stderr]    Compiling typenum v1.16.0
[INFO] [stderr]    Compiling futures-sink v0.3.27
[INFO] [stderr]    Compiling futures-task v0.3.27
[INFO] [stderr]    Compiling futures-util v0.3.27
[INFO] [stderr]    Compiling httparse v1.8.0
[INFO] [stderr]    Compiling untrusted v0.7.1
[INFO] [stderr]    Compiling io-lifetimes v1.0.7
[INFO] [stderr]    Compiling generic-array v0.14.6
[INFO] [stderr]    Compiling tinyvec_macros v0.1.1
[INFO] [stderr]    Compiling lock_api v0.4.9
[INFO] [stderr]    Compiling tokio v1.26.0
[INFO] [stderr]    Compiling slab v0.4.8
[INFO] [stderr]    Compiling pin-utils v0.1.0
[INFO] [stderr]    Compiling spin v0.5.2
[INFO] [stderr]    Compiling http v0.2.9
[INFO] [stderr]    Compiling bitflags v1.3.2
[INFO] [stderr]    Compiling tinyvec v1.6.0
[INFO] [stderr]    Compiling indexmap v1.9.2
[INFO] [stderr]    Compiling unicase v2.6.0
[INFO] [stderr]    Compiling tracing-core v0.1.30
[INFO] [stderr]    Compiling rustix v0.36.9
[INFO] [stderr]    Compiling futures-channel v0.3.27
[INFO] [stderr]    Compiling serde_derive v1.0.156
[INFO] [stderr]    Compiling percent-encoding v2.2.0
[INFO] [stderr]    Compiling form_urlencoded v1.1.0
[INFO] [stderr]    Compiling cpufeatures v0.2.5
[INFO] [stderr]    Compiling hashbrown v0.12.3
[INFO] [stderr]    Compiling tracing v0.1.37
[INFO] [stderr]    Compiling linux-raw-sys v0.1.4
[INFO] [stderr]    Compiling unicode-bidi v0.3.11
[INFO] [stderr]    Compiling ppv-lite86 v0.2.17
[INFO] [stderr]    Compiling serde v1.0.156
[INFO] [stderr]    Compiling thiserror v1.0.39
[INFO] [stderr]    Compiling ring v0.16.20
[INFO] [stderr]    Compiling unicode-normalization v0.1.22
[INFO] [stderr]    Compiling openssl-src v111.25.1+1.1.1t
[INFO] [stderr]    Compiling rustls v0.20.8
[INFO] [stderr]    Compiling httpdate v1.0.2
[INFO] [stderr]    Compiling mime v0.3.16
[INFO] [stderr]    Compiling pkg-config v0.3.26
[INFO] [stderr]    Compiling try-lock v0.2.4
[INFO] [stderr]    Compiling byteorder v1.4.3
[INFO] [stderr]    Compiling base64 v0.13.1
[INFO] [stderr]    Compiling want v0.3.0
[INFO] [stderr]    Compiling mime_guess v2.0.4
[INFO] [stderr]    Compiling socket2 v0.4.9
[INFO] [stderr]    Compiling mio v0.8.6
[INFO] [stderr]    Compiling num_cpus v1.15.0
[INFO] [stderr]    Compiling signal-hook-registry v1.4.1
[INFO] [stderr]    Compiling parking_lot v0.12.1
[INFO] [stderr]    Compiling getrandom v0.2.8
[INFO] [stderr]    Compiling idna v0.3.0
[INFO] [stderr]    Compiling http-body v0.4.5
[INFO] [stderr]    Compiling rand_core v0.6.4
[INFO] [stderr]    Compiling openssl-sys v0.9.81
[INFO] [stderr]    Compiling tower-service v0.3.2
[INFO] [stderr]    Compiling crypto-common v0.1.6
[INFO] [stderr]    Compiling block-buffer v0.10.4
[INFO] [stderr]    Compiling ryu v1.0.13
[INFO] [stderr]    Compiling rand_chacha v0.3.1
[INFO] [stderr]    Compiling digest v0.10.6
[INFO] [stderr]    Compiling safemem v0.3.3
[INFO] [stderr]    Compiling procfs v0.14.2
[INFO] [stderr]    Compiling serde_json v1.0.94
[INFO] [stderr]    Compiling sha-1 v0.10.1
[INFO] [stderr]    Compiling protobuf v2.28.0
[INFO] [stderr]    Compiling fastrand v1.9.0
[INFO] [stderr]    Compiling rand v0.8.5
[INFO] [stderr]    Compiling utf-8 v0.7.6
[INFO] [stderr]    Compiling url v2.3.1
[INFO] [stderr]    Compiling sha1 v0.10.5
[INFO] [stderr]    Compiling buf_redux v0.8.4
[INFO] [stderr]    Compiling headers-core v0.2.0
[INFO] [stderr]    Compiling twoway v0.1.8
[INFO] [stderr]    Compiling quick-error v1.2.3
[INFO] [stderr]    Compiling lazy_static v1.4.0
[INFO] [stderr]    Compiling foreign-types-shared v0.1.1
[INFO] [stderr]    Compiling openssl v0.10.46
[INFO] [stderr]    Compiling hex v0.4.3
[INFO] [stderr]    Compiling prometheus v0.13.3
[INFO] [stderr]    Compiling base64 v0.21.0
[INFO] [stderr]    Compiling foreign-types v0.3.2
[INFO] [stderr]    Compiling headers v0.3.8
[INFO] [stderr]    Compiling rustls-pemfile v0.2.1
[INFO] [stderr]    Compiling encoding_rs v0.8.32
[INFO] [stderr]    Compiling futures-io v0.3.27
[INFO] [stderr]    Compiling ipnet v2.7.1
[INFO] [stderr]    Compiling scoped-tls v1.0.1
[INFO] [stderr]    Compiling rustls-pemfile v1.0.2
[INFO] [stderr]    Compiling futures v0.3.27
[INFO] [stderr]    Compiling tempfile v3.4.0
[INFO] [stderr]    Compiling multipart v0.18.0
[INFO] [stderr]    Compiling tokio-macros v1.8.2
[INFO] [stderr]    Compiling thiserror-impl v1.0.39
[INFO] [stderr]    Compiling pin-project-internal v1.0.12
[INFO] [stderr]    Compiling openssl-macros v0.1.0
[INFO] [stderr]    Compiling webpki v0.22.0
[INFO] [stderr]    Compiling sct v0.7.0
[INFO] [stderr]    Compiling webpki-roots v0.22.6
[INFO] [stderr]    Compiling pin-project v1.0.12
[INFO] [stderr]    Compiling tungstenite v0.17.3
[INFO] [stderr] LLVM ERROR: IO failure on output stream: No space left on device
[INFO] [stderr] error: could not compile `prometheus` (lib)
[INFO] [stderr] warning: build failed, waiting for other jobs to finish...
[INFO] [stdout] error: linking with `cc` failed: exit status: 1
[INFO] [stdout]   |
[INFO] [stdout]   = note: LC_ALL="C" PATH="/opt/rustwide/rustup-home/toolchains/beta-2023-12-22-x86_64-unknown-linux-gnu/lib/rustlib/x86_64-unknown-linux-gnu/bin:/opt/rustwide/cargo-home/bin:/usr/local/sbin:/usr/local/bin:/usr/sbin:/usr/bin:/sbin:/bin" VSLANG="1033" "cc" "-Wl,--version-script=/tmp/rustcLBmCdH/list" "-Wl,--no-undefined-version" "-m64" "/tmp/rustcLBmCdH/symbols.o" "/opt/rustwide/target/debug/deps/serde_derive-012a479d012f0d4c.serde_derive.d05bc44661ad4bb1-cgu.00.rcgu.o" "/opt/rustwide/target/debug/deps/serde_derive-012a479d012f0d4c.serde_derive.d05bc44661ad4bb1-cgu.01.rcgu.o" "/opt/rustwide/target/debug/deps/serde_derive-012a479d012f0d4c.serde_derive.d05bc44661ad4bb1-cgu.02.rcgu.o" "/opt/rustwide/target/debug/deps/serde_derive-012a479d012f0d4c.serde_derive.d05bc44661ad4bb1-cgu.03.rcgu.o" "/opt/rustwide/target/debug/deps/serde_derive-012a479d012f0d4c.serde_derive.d05bc44661ad4bb1-cgu.04.rcgu.o" "/opt/rustwide/target/debug/deps/serde_derive-012a479d012f0d4c.serde_derive.d05bc44661ad4bb1-cgu.05.rcgu.o" "/opt/rustwide/target/debug/deps/serde_derive-012a479d012f0d4c.serde_derive.d05bc44661ad4bb1-cgu.06.rcgu.o" "/opt/rustwide/target/debug/deps/serde_derive-012a479d012f0d4c.serde_derive.d05bc44661ad4bb1-cgu.07.rcgu.o" "/opt/rustwide/target/debug/deps/serde_derive-012a479d012f0d4c.serde_derive.d05bc44661ad4bb1-cgu.08.rcgu.o" "/opt/rustwide/target/debug/deps/serde_derive-012a479d012f0d4c.serde_derive.d05bc44661ad4bb1-cgu.09.rcgu.o" "/opt/rustwide/target/debug/deps/serde_derive-012a479d012f0d4c.serde_derive.d05bc44661ad4bb1-cgu.10.rcgu.o" "/opt/rustwide/target/debug/deps/serde_derive-012a479d012f0d4c.serde_derive.d05bc44661ad4bb1-cgu.11.rcgu.o" "/opt/rustwide/target/debug/deps/serde_derive-012a479d012f0d4c.serde_derive.d05bc44661ad4bb1-cgu.12.rcgu.o" "/opt/rustwide/target/debug/deps/serde_derive-012a479d012f0d4c.serde_derive.d05bc44661ad4bb1-cgu.13.rcgu.o" "/opt/rustwide/target/debug/deps/serde_derive-012a479d012f0d4c.serde_derive.d05bc44661ad4bb1-cgu.14.rcgu.o" "/opt/rustwide/target/debug/deps/serde_derive-012a479d012f0d4c.serde_derive.d05bc44661ad4bb1-cgu.15.rcgu.o" "/opt/rustwide/target/debug/deps/serde_derive-012a479d012f0d4c.2tml0oom9vjnqdth.rcgu.rmeta" "/opt/rustwide/target/debug/deps/serde_derive-012a479d012f0d4c.1cmxttzvmpn6ruc0.rcgu.o" "-Wl,--as-needed" "-L" "/opt/rustwide/target/debug/deps" "-L" "/opt/rustwide/rustup-home/toolchains/beta-2023-12-22-x86_64-unknown-linux-gnu/lib/rustlib/x86_64-unknown-linux-gnu/lib" "-Wl,-Bstatic" "/opt/rustwide/target/debug/deps/libsyn-1cb72ef0d2fd0e2a.rlib" "/opt/rustwide/target/debug/deps/libquote-f651713dae0775f7.rlib" "/opt/rustwide/target/debug/deps/libproc_macro2-66c758ae5055b7fd.rlib" "/opt/rustwide/target/debug/deps/libunicode_ident-bef9170d146f42bf.rlib" "/opt/rustwide/rustup-home/toolchains/beta-2023-12-22-x86_64-unknown-linux-gnu/lib/rustlib/x86_64-unknown-linux-gnu/lib/libproc_macro-dac9343a0962bb53.rlib" "/opt/rustwide/rustup-home/toolchains/beta-2023-12-22-x86_64-unknown-linux-gnu/lib/rustlib/x86_64-unknown-linux-gnu/lib/libstd-0672489a78b613de.rlib" "/opt/rustwide/rustup-home/toolchains/beta-2023-12-22-x86_64-unknown-linux-gnu/lib/rustlib/x86_64-unknown-linux-gnu/lib/libpanic_unwind-7eb3ffc34a49f675.rlib" "/opt/rustwide/rustup-home/toolchains/beta-2023-12-22-x86_64-unknown-linux-gnu/lib/rustlib/x86_64-unknown-linux-gnu/lib/libobject-6478a9daa4bee8e2.rlib" "/opt/rustwide/rustup-home/toolchains/beta-2023-12-22-x86_64-unknown-linux-gnu/lib/rustlib/x86_64-unknown-linux-gnu/lib/libmemchr-0c75d871a5c3923d.rlib" "/opt/rustwide/rustup-home/toolchains/beta-2023-12-22-x86_64-unknown-linux-gnu/lib/rustlib/x86_64-unknown-linux-gnu/lib/libaddr2line-d163ef63ad37bb71.rlib" "/opt/rustwide/rustup-home/toolchains/beta-2023-12-22-x86_64-unknown-linux-gnu/lib/rustlib/x86_64-unknown-linux-gnu/lib/libgimli-8a3fd810a85b9f4c.rlib" "/opt/rustwide/rustup-home/toolchains/beta-2023-12-22-x86_64-unknown-linux-gnu/lib/rustlib/x86_64-unknown-linux-gnu/lib/librustc_demangle-462a2cde8c5dfc10.rlib" "/opt/rustwide/rustup-home/toolchains/beta-2023-12-22-x86_64-unknown-linux-gnu/lib/rustlib/x86_64-unknown-linux-gnu/lib/libstd_detect-cb06ac9f54713f71.rlib" "/opt/rustwide/rustup-home/toolchains/beta-2023-12-22-x86_64-unknown-linux-gnu/lib/rustlib/x86_64-unknown-linux-gnu/lib/libhashbrown-f20bfd1f8e59b393.rlib" "/opt/rustwide/rustup-home/toolchains/beta-2023-12-22-x86_64-unknown-linux-gnu/lib/rustlib/x86_64-unknown-linux-gnu/lib/librustc_std_workspace_alloc-1ef460949b49da4b.rlib" "/opt/rustwide/rustup-home/toolchains/beta-2023-12-22-x86_64-unknown-linux-gnu/lib/rustlib/x86_64-unknown-linux-gnu/lib/libminiz_oxide-2cb0c0ffe4f87514.rlib" "/opt/rustwide/rustup-home/toolchains/beta-2023-12-22-x86_64-unknown-linux-gnu/lib/rustlib/x86_64-unknown-linux-gnu/lib/libadler-58d841eb322a11a2.rlib" "/opt/rustwide/rustup-home/toolchains/beta-2023-12-22-x86_64-unknown-linux-gnu/lib/rustlib/x86_64-unknown-linux-gnu/lib/libunwind-aa2ae0b0a9d11533.rlib" "/opt/rustwide/rustup-home/toolchains/beta-2023-12-22-x86_64-unknown-linux-gnu/lib/rustlib/x86_64-unknown-linux-gnu/lib/libcfg_if-23874e15830ed336.rlib" "/opt/rustwide/rustup-home/toolchains/beta-2023-12-22-x86_64-unknown-linux-gnu/lib/rustlib/x86_64-unknown-linux-gnu/lib/liblibc-e47cddc003bce885.rlib" "/opt/rustwide/rustup-home/toolchains/beta-2023-12-22-x86_64-unknown-linux-gnu/lib/rustlib/x86_64-unknown-linux-gnu/lib/liballoc-c22b13b48a8f128e.rlib" "/opt/rustwide/rustup-home/toolchains/beta-2023-12-22-x86_64-unknown-linux-gnu/lib/rustlib/x86_64-unknown-linux-gnu/lib/librustc_std_workspace_core-e46bc3da6d7c462f.rlib" "/opt/rustwide/rustup-home/toolchains/beta-2023-12-22-x86_64-unknown-linux-gnu/lib/rustlib/x86_64-unknown-linux-gnu/lib/libcore-8d1ac131d3cb2645.rlib" "/opt/rustwide/rustup-home/toolchains/beta-2023-12-22-x86_64-unknown-linux-gnu/lib/rustlib/x86_64-unknown-linux-gnu/lib/libcompiler_builtins-a1b43df8c6899c1f.rlib" "-Wl,-Bdynamic" "-lgcc_s" "-lutil" "-lrt" "-lpthread" "-lm" "-ldl" "-lc" "-Wl,--eh-frame-hdr" "-Wl,-z,noexecstack" "-L" "/opt/rustwide/rustup-home/toolchains/beta-2023-12-22-x86_64-unknown-linux-gnu/lib/rustlib/x86_64-unknown-linux-gnu/lib" "-o" "/opt/rustwide/target/debug/deps/libserde_derive-012a479d012f0d4c.so" "-Wl,--gc-sections" "-shared" "-Wl,-z,relro,-z,now" "-nodefaultlibs"
[INFO] [stdout]   = note: /usr/bin/ld: final link failed: No space left on device
[INFO] [stdout]           collect2: error: ld returned 1 exit status
[INFO] [stdout]           
[INFO] [stdout] 
[INFO] [stdout] 
[INFO] [stdout] error: aborting due to 1 previous error
[INFO] [stdout] 
[INFO] [stdout] 
[INFO] [stderr] error: could not compile `serde_derive` (lib) due to 2 previous errors
[INFO] [stderr] LLVM ERROR: LLVM ERROR: IO failure on output stream: No space left on deviceIO failure on output stream: No space left on device
[INFO] [stderr] LLVM ERROR: IO failure on output stream: No space left on device
[INFO] [stderr] error: failed to run custom build command for `openssl-sys v0.9.81`
[INFO] [stderr] note: To improve backtraces for build dependencies, set the CARGO_PROFILE_DEV_BUILD_OVERRIDE_DEBUG=true environment variable to enable debug information generation.
[INFO] [stderr] 
[INFO] [stderr] Caused by:
[INFO] [stderr]   process didn't exit successfully: `/opt/rustwide/target/debug/build/openssl-sys-01adf09a8cb29c98/build-script-main` (exit status: 101)
[INFO] [stderr]   --- stdout
[INFO] [stderr]   cargo:rustc-cfg=const_fn
[INFO] [stderr]   cargo:rerun-if-env-changed=X86_64_UNKNOWN_LINUX_GNU_OPENSSL_NO_VENDOR
[INFO] [stderr]   X86_64_UNKNOWN_LINUX_GNU_OPENSSL_NO_VENDOR unset
[INFO] [stderr]   cargo:rerun-if-env-changed=OPENSSL_NO_VENDOR
[INFO] [stderr]   OPENSSL_NO_VENDOR unset
[INFO] [stderr]   cargo:rerun-if-env-changed=CC_x86_64-unknown-linux-gnu
[INFO] [stderr]   CC_x86_64-unknown-linux-gnu = None
[INFO] [stderr]   cargo:rerun-if-env-changed=CC_x86_64_unknown_linux_gnu
[INFO] [stderr]   CC_x86_64_unknown_linux_gnu = None
[INFO] [stderr]   cargo:rerun-if-env-changed=HOST_CC
[INFO] [stderr]   HOST_CC = None
[INFO] [stderr]   cargo:rerun-if-env-changed=CC
[INFO] [stderr]   CC = None
[INFO] [stderr]   cargo:rerun-if-env-changed=CFLAGS_x86_64-unknown-linux-gnu
[INFO] [stderr]   CFLAGS_x86_64-unknown-linux-gnu = None
[INFO] [stderr]   cargo:rerun-if-env-changed=CFLAGS_x86_64_unknown_linux_gnu
[INFO] [stderr]   CFLAGS_x86_64_unknown_linux_gnu = None
[INFO] [stderr]   cargo:rerun-if-env-changed=HOST_CFLAGS
[INFO] [stderr]   HOST_CFLAGS = None
[INFO] [stderr]   cargo:rerun-if-env-changed=CFLAGS
[INFO] [stderr]   CFLAGS = None
[INFO] [stderr]   cargo:rerun-if-env-changed=CRATE_CC_NO_DEFAULTS
[INFO] [stderr]   CRATE_CC_NO_DEFAULTS = None
[INFO] [stderr]   DEBUG = Some("true")
[INFO] [stderr]   CARGO_CFG_TARGET_FEATURE = Some("fxsr,sse,sse2")
[INFO] [stderr]   cargo:rerun-if-env-changed=AR_x86_64-unknown-linux-gnu
[INFO] [stderr]   AR_x86_64-unknown-linux-gnu = None
[INFO] [stderr]   cargo:rerun-if-env-changed=AR_x86_64_unknown_linux_gnu
[INFO] [stderr]   AR_x86_64_unknown_linux_gnu = None
[INFO] [stderr]   cargo:rerun-if-env-changed=HOST_AR
[INFO] [stderr]   HOST_AR = None
[INFO] [stderr]   cargo:rerun-if-env-changed=AR
[INFO] [stderr]   AR = None
[INFO] [stderr]   cargo:rerun-if-env-changed=ARFLAGS_x86_64-unknown-linux-gnu
[INFO] [stderr]   ARFLAGS_x86_64-unknown-linux-gnu = None
[INFO] [stderr]   cargo:rerun-if-env-changed=ARFLAGS_x86_64_unknown_linux_gnu
[INFO] [stderr]   ARFLAGS_x86_64_unknown_linux_gnu = None
[INFO] [stderr]   cargo:rerun-if-env-changed=HOST_ARFLAGS
[INFO] [stderr]   HOST_ARFLAGS = None
[INFO] [stderr]   cargo:rerun-if-env-changed=ARFLAGS
[INFO] [stderr]   ARFLAGS = None
[INFO] [stderr]   cargo:rerun-if-env-changed=RANLIB_x86_64-unknown-linux-gnu
[INFO] [stderr]   RANLIB_x86_64-unknown-linux-gnu = None
[INFO] [stderr]   cargo:rerun-if-env-changed=RANLIB_x86_64_unknown_linux_gnu
[INFO] [stderr]   RANLIB_x86_64_unknown_linux_gnu = None
[INFO] [stderr]   cargo:rerun-if-env-changed=HOST_RANLIB
[INFO] [stderr]   HOST_RANLIB = None
[INFO] [stderr]   cargo:rerun-if-env-changed=RANLIB
[INFO] [stderr]   RANLIB = None
[INFO] [stderr]   cargo:rerun-if-env-changed=RANLIBFLAGS_x86_64-unknown-linux-gnu
[INFO] [stderr]   RANLIBFLAGS_x86_64-unknown-linux-gnu = None
[INFO] [stderr]   cargo:rerun-if-env-changed=RANLIBFLAGS_x86_64_unknown_linux_gnu
[INFO] [stderr]   RANLIBFLAGS_x86_64_unknown_linux_gnu = None
[INFO] [stderr]   cargo:rerun-if-env-changed=HOST_RANLIBFLAGS
[INFO] [stderr]   HOST_RANLIBFLAGS = None
[INFO] [stderr]   cargo:rerun-if-env-changed=RANLIBFLAGS
[INFO] [stderr]   RANLIBFLAGS = None
[INFO] [stderr]   running cd "/opt/rustwide/target/debug/build/openssl-sys-1a469b7eb75885f0/out/openssl-build/build/src" && env -u CROSS_COMPILE AR="ar" ARFLAGS="" CC="cc" RANLIB="ranlib" RANLIBFLAGS="" "perl" "./Configure" "--prefix=/opt/rustwide/target/debug/build/openssl-sys-1a469b7eb75885f0/out/openssl-build/install" "--openssldir=/usr/local/ssl" "no-dso" "no-shared" "no-ssl3" "no-unit-test" "no-comp" "no-zlib" "no-zlib-dynamic" "no-md2" "no-rc5" "no-weak-ssl-ciphers" "no-camellia" "no-idea" "no-seed" "linux-x86_64" "-O2" "-ffunction-sections" "-fdata-sections" "-fPIC" "-gdwarf-4" "-fno-omit-frame-pointer" "-m64"
[INFO] [stderr]   Configuring OpenSSL version 1.1.1t (0x1010114fL) for linux-x86_64
[INFO] [stderr]   Using os-specific seed configuration
[INFO] [stderr]   Creating configdata.pm
[INFO] [stderr]   Creating Makefile
[INFO] [stderr] 
[INFO] [stderr]   **********************************************************************
[INFO] [stderr]   ***                                                                ***
[INFO] [stderr]   ***   OpenSSL has been successfully configured                     ***
[INFO] [stderr]   ***                                                                ***
[INFO] [stderr]   ***   If you encounter a problem while building, please open an    ***
[INFO] [stderr]   ***   issue on GitHub <https://github.com/openssl/openssl/issues>  ***
[INFO] [stderr]   ***   and include the output from the following command:           ***
[INFO] [stderr]   ***                                                                ***
[INFO] [stderr]   ***       perl configdata.pm --dump                                ***
[INFO] [stderr]   ***                                                                ***
[INFO] [stderr]   ***   (If you are new to OpenSSL, you might want to consult the    ***
[INFO] [stderr]   ***   'Troubleshooting' section in the INSTALL file first)         ***
[INFO] [stderr]   ***                                                                ***
[INFO] [stderr]   **********************************************************************
[INFO] [stderr]   running cd "/opt/rustwide/target/debug/build/openssl-sys-1a469b7eb75885f0/out/openssl-build/build/src" && "make" "depend"
[INFO] [stderr]   running cd "/opt/rustwide/target/debug/build/openssl-sys-1a469b7eb75885f0/out/openssl-build/build/src" && MAKEFLAGS="-j --jobserver-fds=7,8 --jobserver-auth=7,8" "make" "build_libs"
[INFO] [stderr]   /usr/bin/perl "-I." -Mconfigdata "util/dofile.pl" \
[INFO] [stderr]       "-oMakefile" include/crypto/bn_conf.h.in > include/crypto/bn_conf.h
[INFO] [stderr]   /usr/bin/perl "-I." -Mconfigdata "util/dofile.pl" \
[INFO] [stderr]       "-oMakefile" include/crypto/dso_conf.h.in > include/crypto/dso_conf.h
[INFO] [stderr]   /usr/bin/perl "-I." -Mconfigdata "util/dofile.pl" \
[INFO] [stderr]       "-oMakefile" include/openssl/opensslconf.h.in > include/openssl/opensslconf.h
[INFO] [stderr]   make depend && make _build_libs
[INFO] [stderr]   make[1]: Entering directory '/opt/rustwide/target/debug/build/openssl-sys-1a469b7eb75885f0/out/openssl-build/build/src'
[INFO] [stderr]   make[1]: Leaving directory '/opt/rustwide/target/debug/build/openssl-sys-1a469b7eb75885f0/out/openssl-build/build/src'
[INFO] [stderr]   make[1]: Entering directory '/opt/rustwide/target/debug/build/openssl-sys-1a469b7eb75885f0/out/openssl-build/build/src'
[INFO] [stderr]   cc  -I. -Iinclude -fPIC -pthread -m64 -Wa,--noexecstack -Wall -O3 -O2 -ffunction-sections -fdata-sections -fPIC -gdwarf-4 -fno-omit-frame-pointer -m64 -DOPENSSL_USE_NODELETE -DL_ENDIAN -DOPENSSL_PIC -DOPENSSL_CPUID_OBJ -DOPENSSL_IA32_SSE2 -DOPENSSL_BN_ASM_MONT -DOPENSSL_BN_ASM_MONT5 -DOPENSSL_BN_ASM_GF2m -DSHA1_ASM -DSHA256_ASM -DSHA512_ASM -DKECCAK1600_ASM -DRC4_ASM -DMD5_ASM -DAESNI_ASM -DVPAES_ASM -DGHASH_ASM -DECP_NISTZ256_ASM -DX25519_ASM -DPOLY1305_ASM -DOPENSSLDIR="\"/usr/local/ssl\"" -DENGINESDIR="\"/opt/rustwide/target/debug/build/openssl-sys-1a469b7eb75885f0/out/openssl-build/install/lib/engines-1.1\"" -DNDEBUG  -MMD -MF apps/app_rand.d.tmp -MT apps/app_rand.o -c -o apps/app_rand.o apps/app_rand.c
[INFO] [stderr]   cc  -I. -Iinclude -fPIC -pthread -m64 -Wa,--noexecstack -Wall -O3 -O2 -ffunction-sections -fdata-sections -fPIC -gdwarf-4 -fno-omit-frame-pointer -m64 -DOPENSSL_USE_NODELETE -DL_ENDIAN -DOPENSSL_PIC -DOPENSSL_CPUID_OBJ -DOPENSSL_IA32_SSE2 -DOPENSSL_BN_ASM_MONT -DOPENSSL_BN_ASM_MONT5 -DOPENSSL_BN_ASM_GF2m -DSHA1_ASM -DSHA256_ASM -DSHA512_ASM -DKECCAK1600_ASM -DRC4_ASM -DMD5_ASM -DAESNI_ASM -DVPAES_ASM -DGHASH_ASM -DECP_NISTZ256_ASM -DX25519_ASM -DPOLY1305_ASM -DOPENSSLDIR="\"/usr/local/ssl\"" -DENGINESDIR="\"/opt/rustwide/target/debug/build/openssl-sys-1a469b7eb75885f0/out/openssl-build/install/lib/engines-1.1\"" -DNDEBUG  -MMD -MF apps/apps.d.tmp -MT apps/apps.o -c -o apps/apps.o apps/apps.c
[INFO] [stderr]   cc  -I. -Iinclude -fPIC -pthread -m64 -Wa,--noexecstack -Wall -O3 -O2 -ffunction-sections -fdata-sections -fPIC -gdwarf-4 -fno-omit-frame-pointer -m64 -DOPENSSL_USE_NODELETE -DL_ENDIAN -DOPENSSL_PIC -DOPENSSL_CPUID_OBJ -DOPENSSL_IA32_SSE2 -DOPENSSL_BN_ASM_MONT -DOPENSSL_BN_ASM_MONT5 -DOPENSSL_BN_ASM_GF2m -DSHA1_ASM -DSHA256_ASM -DSHA512_ASM -DKECCAK1600_ASM -DRC4_ASM -DMD5_ASM -DAESNI_ASM -DVPAES_ASM -DGHASH_ASM -DECP_NISTZ256_ASM -DX25519_ASM -DPOLY1305_ASM -DOPENSSLDIR="\"/usr/local/ssl\"" -DENGINESDIR="\"/opt/rustwide/target/debug/build/openssl-sys-1a469b7eb75885f0/out/openssl-build/install/lib/engines-1.1\"" -DNDEBUG  -MMD -MF apps/bf_prefix.d.tmp -MT apps/bf_prefix.o -c -o apps/bf_prefix.o apps/bf_prefix.c
[INFO] [stderr]   cc  -I. -Iinclude -fPIC -pthread -m64 -Wa,--noexecstack -Wall -O3 -O2 -ffunction-sections -fdata-sections -fPIC -gdwarf-4 -fno-omit-frame-pointer -m64 -DOPENSSL_USE_NODELETE -DL_ENDIAN -DOPENSSL_PIC -DOPENSSL_CPUID_OBJ -DOPENSSL_IA32_SSE2 -DOPENSSL_BN_ASM_MONT -DOPENSSL_BN_ASM_MONT5 -DOPENSSL_BN_ASM_GF2m -DSHA1_ASM -DSHA256_ASM -DSHA512_ASM -DKECCAK1600_ASM -DRC4_ASM -DMD5_ASM -DAESNI_ASM -DVPAES_ASM -DGHASH_ASM -DECP_NISTZ256_ASM -DX25519_ASM -DPOLY1305_ASM -DOPENSSLDIR="\"/usr/local/ssl\"" -DENGINESDIR="\"/opt/rustwide/target/debug/build/openssl-sys-1a469b7eb75885f0/out/openssl-build/install/lib/engines-1.1\"" -DNDEBUG  -MMD -MF apps/opt.d.tmp -MT apps/opt.o -c -o apps/opt.o apps/opt.c
[INFO] [stderr]   cc  -I. -Iinclude -fPIC -pthread -m64 -Wa,--noexecstack -Wall -O3 -O2 -ffunction-sections -fdata-sections -fPIC -gdwarf-4 -fno-omit-frame-pointer -m64 -DOPENSSL_USE_NODELETE -DL_ENDIAN -DOPENSSL_PIC -DOPENSSL_CPUID_OBJ -DOPENSSL_IA32_SSE2 -DOPENSSL_BN_ASM_MONT -DOPENSSL_BN_ASM_MONT5 -DOPENSSL_BN_ASM_GF2m -DSHA1_ASM -DSHA256_ASM -DSHA512_ASM -DKECCAK1600_ASM -DRC4_ASM -DMD5_ASM -DAESNI_ASM -DVPAES_ASM -DGHASH_ASM -DECP_NISTZ256_ASM -DX25519_ASM -DPOLY1305_ASM -DOPENSSLDIR="\"/usr/local/ssl\"" -DENGINESDIR="\"/opt/rustwide/target/debug/build/openssl-sys-1a469b7eb75885f0/out/openssl-build/install/lib/engines-1.1\"" -DNDEBUG  -MMD -MF apps/s_cb.d.tmp -MT apps/s_cb.o -c -o apps/s_cb.o apps/s_cb.c
[INFO] [stderr]   cc  -I. -Iinclude -fPIC -pthread -m64 -Wa,--noexecstack -Wall -O3 -O2 -ffunction-sections -fdata-sections -fPIC -gdwarf-4 -fno-omit-frame-pointer -m64 -DOPENSSL_USE_NODELETE -DL_ENDIAN -DOPENSSL_PIC -DOPENSSL_CPUID_OBJ -DOPENSSL_IA32_SSE2 -DOPENSSL_BN_ASM_MONT -DOPENSSL_BN_ASM_MONT5 -DOPENSSL_BN_ASM_GF2m -DSHA1_ASM -DSHA256_ASM -DSHA512_ASM -DKECCAK1600_ASM -DRC4_ASM -DMD5_ASM -DAESNI_ASM -DVPAES_ASM -DGHASH_ASM -DECP_NISTZ256_ASM -DX25519_ASM -DPOLY1305_ASM -DOPENSSLDIR="\"/usr/local/ssl\"" -DENGINESDIR="\"/opt/rustwide/target/debug/build/openssl-sys-1a469b7eb75885f0/out/openssl-build/install/lib/engines-1.1\"" -DNDEBUG  -MMD -MF apps/s_socket.d.tmp -MT apps/s_socket.o -c -o apps/s_socket.o apps/s_socket.c
[INFO] [stderr]   cc  -I. -Iinclude -fPIC -pthread -m64 -Wa,--noexecstack -Wall -O3 -O2 -ffunction-sections -fdata-sections -fPIC -gdwarf-4 -fno-omit-frame-pointer -m64 -DOPENSSL_USE_NODELETE -DL_ENDIAN -DOPENSSL_PIC -DOPENSSL_CPUID_OBJ -DOPENSSL_IA32_SSE2 -DOPENSSL_BN_ASM_MONT -DOPENSSL_BN_ASM_MONT5 -DOPENSSL_BN_ASM_GF2m -DSHA1_ASM -DSHA256_ASM -DSHA512_ASM -DKECCAK1600_ASM -DRC4_ASM -DMD5_ASM -DAESNI_ASM -DVPAES_ASM -DGHASH_ASM -DECP_NISTZ256_ASM -DX25519_ASM -DPOLY1305_ASM -DOPENSSLDIR="\"/usr/local/ssl\"" -DENGINESDIR="\"/opt/rustwide/target/debug/build/openssl-sys-1a469b7eb75885f0/out/openssl-build/install/lib/engines-1.1\"" -DNDEBUG  -MMD -MF crypto/aes/aes_cbc.d.tmp -MT crypto/aes/aes_cbc.o -c -o crypto/aes/aes_cbc.o crypto/aes/aes_cbc.c
[INFO] [stderr]   cc  -I. -Iinclude -fPIC -pthread -m64 -Wa,--noexecstack -Wall -O3 -O2 -ffunction-sections -fdata-sections -fPIC -gdwarf-4 -fno-omit-frame-pointer -m64 -DOPENSSL_USE_NODELETE -DL_ENDIAN -DOPENSSL_PIC -DOPENSSL_CPUID_OBJ -DOPENSSL_IA32_SSE2 -DOPENSSL_BN_ASM_MONT -DOPENSSL_BN_ASM_MONT5 -DOPENSSL_BN_ASM_GF2m -DSHA1_ASM -DSHA256_ASM -DSHA512_ASM -DKECCAK1600_ASM -DRC4_ASM -DMD5_ASM -DAESNI_ASM -DVPAES_ASM -DGHASH_ASM -DECP_NISTZ256_ASM -DX25519_ASM -DPOLY1305_ASM -DOPENSSLDIR="\"/usr/local/ssl\"" -DENGINESDIR="\"/opt/rustwide/target/debug/build/openssl-sys-1a469b7eb75885f0/out/openssl-build/install/lib/engines-1.1\"" -DNDEBUG  -MMD -MF crypto/aes/aes_cfb.d.tmp -MT crypto/aes/aes_cfb.o -c -o crypto/aes/aes_cfb.o crypto/aes/aes_cfb.c
[INFO] [stderr]   cc  -I. -Iinclude -fPIC -pthread -m64 -Wa,--noexecstack -Wall -O3 -O2 -ffunction-sections -fdata-sections -fPIC -gdwarf-4 -fno-omit-frame-pointer -m64 -DOPENSSL_USE_NODELETE -DL_ENDIAN -DOPENSSL_PIC -DOPENSSL_CPUID_OBJ -DOPENSSL_IA32_SSE2 -DOPENSSL_BN_ASM_MONT -DOPENSSL_BN_ASM_MONT5 -DOPENSSL_BN_ASM_GF2m -DSHA1_ASM -DSHA256_ASM -DSHA512_ASM -DKECCAK1600_ASM -DRC4_ASM -DMD5_ASM -DAESNI_ASM -DVPAES_ASM -DGHASH_ASM -DECP_NISTZ256_ASM -DX25519_ASM -DPOLY1305_ASM -DOPENSSLDIR="\"/usr/local/ssl\"" -DENGINESDIR="\"/opt/rustwide/target/debug/build/openssl-sys-1a469b7eb75885f0/out/openssl-build/install/lib/engines-1.1\"" -DNDEBUG  -MMD -MF crypto/aes/aes_core.d.tmp -MT crypto/aes/aes_core.o -c -o crypto/aes/aes_core.o crypto/aes/aes_core.c
[INFO] [stderr]   cc  -I. -Iinclude -fPIC -pthread -m64 -Wa,--noexecstack -Wall -O3 -O2 -ffunction-sections -fdata-sections -fPIC -gdwarf-4 -fno-omit-frame-pointer -m64 -DOPENSSL_USE_NODELETE -DL_ENDIAN -DOPENSSL_PIC -DOPENSSL_CPUID_OBJ -DOPENSSL_IA32_SSE2 -DOPENSSL_BN_ASM_MONT -DOPENSSL_BN_ASM_MONT5 -DOPENSSL_BN_ASM_GF2m -DSHA1_ASM -DSHA256_ASM -DSHA512_ASM -DKECCAK1600_ASM -DRC4_ASM -DMD5_ASM -DAESNI_ASM -DVPAES_ASM -DGHASH_ASM -DECP_NISTZ256_ASM -DX25519_ASM -DPOLY1305_ASM -DOPENSSLDIR="\"/usr/local/ssl\"" -DENGINESDIR="\"/opt/rustwide/target/debug/build/openssl-sys-1a469b7eb75885f0/out/openssl-build/install/lib/engines-1.1\"" -DNDEBUG  -MMD -MF crypto/aes/aes_ecb.d.tmp -MT crypto/aes/aes_ecb.o -c -o crypto/aes/aes_ecb.o crypto/aes/aes_ecb.c
[INFO] [stderr]   cc  -I. -Iinclude -fPIC -pthread -m64 -Wa,--noexecstack -Wall -O3 -O2 -ffunction-sections -fdata-sections -fPIC -gdwarf-4 -fno-omit-frame-pointer -m64 -DOPENSSL_USE_NODELETE -DL_ENDIAN -DOPENSSL_PIC -DOPENSSL_CPUID_OBJ -DOPENSSL_IA32_SSE2 -DOPENSSL_BN_ASM_MONT -DOPENSSL_BN_ASM_MONT5 -DOPENSSL_BN_ASM_GF2m -DSHA1_ASM -DSHA256_ASM -DSHA512_ASM -DKECCAK1600_ASM -DRC4_ASM -DMD5_ASM -DAESNI_ASM -DVPAES_ASM -DGHASH_ASM -DECP_NISTZ256_ASM -DX25519_ASM -DPOLY1305_ASM -DOPENSSLDIR="\"/usr/local/ssl\"" -DENGINESDIR="\"/opt/rustwide/target/debug/build/openssl-sys-1a469b7eb75885f0/out/openssl-build/install/lib/engines-1.1\"" -DNDEBUG  -MMD -MF crypto/aes/aes_ige.d.tmp -MT crypto/aes/aes_ige.o -c -o crypto/aes/aes_ige.o crypto/aes/aes_ige.c
[INFO] [stderr]   cc  -I. -Iinclude -fPIC -pthread -m64 -Wa,--noexecstack -Wall -O3 -O2 -ffunction-sections -fdata-sections -fPIC -gdwarf-4 -fno-omit-frame-pointer -m64 -DOPENSSL_USE_NODELETE -DL_ENDIAN -DOPENSSL_PIC -DOPENSSL_CPUID_OBJ -DOPENSSL_IA32_SSE2 -DOPENSSL_BN_ASM_MONT -DOPENSSL_BN_ASM_MONT5 -DOPENSSL_BN_ASM_GF2m -DSHA1_ASM -DSHA256_ASM -DSHA512_ASM -DKECCAK1600_ASM -DRC4_ASM -DMD5_ASM -DAESNI_ASM -DVPAES_ASM -DGHASH_ASM -DECP_NISTZ256_ASM -DX25519_ASM -DPOLY1305_ASM -DOPENSSLDIR="\"/usr/local/ssl\"" -DENGINESDIR="\"/opt/rustwide/target/debug/build/openssl-sys-1a469b7eb75885f0/out/openssl-build/install/lib/engines-1.1\"" -DNDEBUG  -MMD -MF crypto/aes/aes_misc.d.tmp -MT crypto/aes/aes_misc.o -c -o crypto/aes/aes_misc.o crypto/aes/aes_misc.c
[INFO] [stderr]   cc  -I. -Iinclude -fPIC -pthread -m64 -Wa,--noexecstack -Wall -O3 -O2 -ffunction-sections -fdata-sections -fPIC -gdwarf-4 -fno-omit-frame-pointer -m64 -DOPENSSL_USE_NODELETE -DL_ENDIAN -DOPENSSL_PIC -DOPENSSL_CPUID_OBJ -DOPENSSL_IA32_SSE2 -DOPENSSL_BN_ASM_MONT -DOPENSSL_BN_ASM_MONT5 -DOPENSSL_BN_ASM_GF2m -DSHA1_ASM -DSHA256_ASM -DSHA512_ASM -DKECCAK1600_ASM -DRC4_ASM -DMD5_ASM -DAESNI_ASM -DVPAES_ASM -DGHASH_ASM -DECP_NISTZ256_ASM -DX25519_ASM -DPOLY1305_ASM -DOPENSSLDIR="\"/usr/local/ssl\"" -DENGINESDIR="\"/opt/rustwide/target/debug/build/openssl-sys-1a469b7eb75885f0/out/openssl-build/install/lib/engines-1.1\"" -DNDEBUG  -MMD -MF crypto/aes/aes_ofb.d.tmp -MT crypto/aes/aes_ofb.o -c -o crypto/aes/aes_ofb.o crypto/aes/aes_ofb.c
[INFO] [stderr]   cc  -I. -Iinclude -fPIC -pthread -m64 -Wa,--noexecstack -Wall -O3 -O2 -ffunction-sections -fdata-sections -fPIC -gdwarf-4 -fno-omit-frame-pointer -m64 -DOPENSSL_USE_NODELETE -DL_ENDIAN -DOPENSSL_PIC -DOPENSSL_CPUID_OBJ -DOPENSSL_IA32_SSE2 -DOPENSSL_BN_ASM_MONT -DOPENSSL_BN_ASM_MONT5 -DOPENSSL_BN_ASM_GF2m -DSHA1_ASM -DSHA256_ASM -DSHA512_ASM -DKECCAK1600_ASM -DRC4_ASM -DMD5_ASM -DAESNI_ASM -DVPAES_ASM -DGHASH_ASM -DECP_NISTZ256_ASM -DX25519_ASM -DPOLY1305_ASM -DOPENSSLDIR="\"/usr/local/ssl\"" -DENGINESDIR="\"/opt/rustwide/target/debug/build/openssl-sys-1a469b7eb75885f0/out/openssl-build/install/lib/engines-1.1\"" -DNDEBUG  -MMD -MF crypto/aes/aes_wrap.d.tmp -MT crypto/aes/aes_wrap.o -c -o crypto/aes/aes_wrap.o crypto/aes/aes_wrap.c
[INFO] [stderr]   CC="cc" /usr/bin/perl crypto/aes/asm/aesni-mb-x86_64.pl elf crypto/aes/aesni-mb-x86_64.s
[INFO] [stderr]   CC="cc" /usr/bin/perl crypto/aes/asm/aesni-sha1-x86_64.pl elf crypto/aes/aesni-sha1-x86_64.s
[INFO] [stderr]   CC="cc" /usr/bin/perl crypto/aes/asm/aesni-sha256-x86_64.pl elf crypto/aes/aesni-sha256-x86_64.s
[INFO] [stderr]   CC="cc" /usr/bin/perl crypto/aes/asm/aesni-x86_64.pl elf crypto/aes/aesni-x86_64.s
[INFO] [stderr]   CC="cc" /usr/bin/perl crypto/aes/asm/vpaes-x86_64.pl elf crypto/aes/vpaes-x86_64.s
[INFO] [stderr]   cc  -I. -Iinclude -fPIC -pthread -m64 -Wa,--noexecstack -Wall -O3 -O2 -ffunction-sections -fdata-sections -fPIC -gdwarf-4 -fno-omit-frame-pointer -m64 -DOPENSSL_USE_NODELETE -DL_ENDIAN -DOPENSSL_PIC -DOPENSSL_CPUID_OBJ -DOPENSSL_IA32_SSE2 -DOPENSSL_BN_ASM_MONT -DOPENSSL_BN_ASM_MONT5 -DOPENSSL_BN_ASM_GF2m -DSHA1_ASM -DSHA256_ASM -DSHA512_ASM -DKECCAK1600_ASM -DRC4_ASM -DMD5_ASM -DAESNI_ASM -DVPAES_ASM -DGHASH_ASM -DECP_NISTZ256_ASM -DX25519_ASM -DPOLY1305_ASM -DOPENSSLDIR="\"/usr/local/ssl\"" -DENGINESDIR="\"/opt/rustwide/target/debug/build/openssl-sys-1a469b7eb75885f0/out/openssl-build/install/lib/engines-1.1\"" -DNDEBUG  -MMD -MF crypto/aria/aria.d.tmp -MT crypto/aria/aria.o -c -o crypto/aria/aria.o crypto/aria/aria.c
[INFO] [stderr]   cc  -I. -Iinclude -fPIC -pthread -m64 -Wa,--noexecstack -Wall -O3 -O2 -ffunction-sections -fdata-sections -fPIC -gdwarf-4 -fno-omit-frame-pointer -m64 -DOPENSSL_USE_NODELETE -DL_ENDIAN -DOPENSSL_PIC -DOPENSSL_CPUID_OBJ -DOPENSSL_IA32_SSE2 -DOPENSSL_BN_ASM_MONT -DOPENSSL_BN_ASM_MONT5 -DOPENSSL_BN_ASM_GF2m -DSHA1_ASM -DSHA256_ASM -DSHA512_ASM -DKECCAK1600_ASM -DRC4_ASM -DMD5_ASM -DAESNI_ASM -DVPAES_ASM -DGHASH_ASM -DECP_NISTZ256_ASM -DX25519_ASM -DPOLY1305_ASM -DOPENSSLDIR="\"/usr/local/ssl\"" -DENGINESDIR="\"/opt/rustwide/target/debug/build/openssl-sys-1a469b7eb75885f0/out/openssl-build/install/lib/engines-1.1\"" -DNDEBUG  -MMD -MF crypto/asn1/a_bitstr.d.tmp -MT crypto/asn1/a_bitstr.o -c -o crypto/asn1/a_bitstr.o crypto/asn1/a_bitstr.c
[INFO] [stderr]   cc  -I. -Iinclude -fPIC -pthread -m64 -Wa,--noexecstack -Wall -O3 -O2 -ffunction-sections -fdata-sections -fPIC -gdwarf-4 -fno-omit-frame-pointer -m64 -DOPENSSL_USE_NODELETE -DL_ENDIAN -DOPENSSL_PIC -DOPENSSL_CPUID_OBJ -DOPENSSL_IA32_SSE2 -DOPENSSL_BN_ASM_MONT -DOPENSSL_BN_ASM_MONT5 -DOPENSSL_BN_ASM_GF2m -DSHA1_ASM -DSHA256_ASM -DSHA512_ASM -DKECCAK1600_ASM -DRC4_ASM -DMD5_ASM -DAESNI_ASM -DVPAES_ASM -DGHASH_ASM -DECP_NISTZ256_ASM -DX25519_ASM -DPOLY1305_ASM -DOPENSSLDIR="\"/usr/local/ssl\"" -DENGINESDIR="\"/opt/rustwide/target/debug/build/openssl-sys-1a469b7eb75885f0/out/openssl-build/install/lib/engines-1.1\"" -DNDEBUG  -MMD -MF crypto/asn1/a_d2i_fp.d.tmp -MT crypto/asn1/a_d2i_fp.o -c -o crypto/asn1/a_d2i_fp.o crypto/asn1/a_d2i_fp.c
[INFO] [stderr]   cc  -I. -Iinclude -fPIC -pthread -m64 -Wa,--noexecstack -Wall -O3 -O2 -ffunction-sections -fdata-sections -fPIC -gdwarf-4 -fno-omit-frame-pointer -m64 -DOPENSSL_USE_NODELETE -DL_ENDIAN -DOPENSSL_PIC -DOPENSSL_CPUID_OBJ -DOPENSSL_IA32_SSE2 -DOPENSSL_BN_ASM_MONT -DOPENSSL_BN_ASM_MONT5 -DOPENSSL_BN_ASM_GF2m -DSHA1_ASM -DSHA256_ASM -DSHA512_ASM -DKECCAK1600_ASM -DRC4_ASM -DMD5_ASM -DAESNI_ASM -DVPAES_ASM -DGHASH_ASM -DECP_NISTZ256_ASM -DX25519_ASM -DPOLY1305_ASM -DOPENSSLDIR="\"/usr/local/ssl\"" -DENGINESDIR="\"/opt/rustwide/target/debug/build/openssl-sys-1a469b7eb75885f0/out/openssl-build/install/lib/engines-1.1\"" -DNDEBUG  -MMD -MF crypto/asn1/a_digest.d.tmp -MT crypto/asn1/a_digest.o -c -o crypto/asn1/a_digest.o crypto/asn1/a_digest.c
[INFO] [stderr]   cc  -I. -Iinclude -fPIC -pthread -m64 -Wa,--noexecstack -Wall -O3 -O2 -ffunction-sections -fdata-sections -fPIC -gdwarf-4 -fno-omit-frame-pointer -m64 -DOPENSSL_USE_NODELETE -DL_ENDIAN -DOPENSSL_PIC -DOPENSSL_CPUID_OBJ -DOPENSSL_IA32_SSE2 -DOPENSSL_BN_ASM_MONT -DOPENSSL_BN_ASM_MONT5 -DOPENSSL_BN_ASM_GF2m -DSHA1_ASM -DSHA256_ASM -DSHA512_ASM -DKECCAK1600_ASM -DRC4_ASM -DMD5_ASM -DAESNI_ASM -DVPAES_ASM -DGHASH_ASM -DECP_NISTZ256_ASM -DX25519_ASM -DPOLY1305_ASM -DOPENSSLDIR="\"/usr/local/ssl\"" -DENGINESDIR="\"/opt/rustwide/target/debug/build/openssl-sys-1a469b7eb75885f0/out/openssl-build/install/lib/engines-1.1\"" -DNDEBUG  -MMD -MF crypto/asn1/a_dup.d.tmp -MT crypto/asn1/a_dup.o -c -o crypto/asn1/a_dup.o crypto/asn1/a_dup.c
[INFO] [stderr]   cc  -I. -Iinclude -fPIC -pthread -m64 -Wa,--noexecstack -Wall -O3 -O2 -ffunction-sections -fdata-sections -fPIC -gdwarf-4 -fno-omit-frame-pointer -m64 -DOPENSSL_USE_NODELETE -DL_ENDIAN -DOPENSSL_PIC -DOPENSSL_CPUID_OBJ -DOPENSSL_IA32_SSE2 -DOPENSSL_BN_ASM_MONT -DOPENSSL_BN_ASM_MONT5 -DOPENSSL_BN_ASM_GF2m -DSHA1_ASM -DSHA256_ASM -DSHA512_ASM -DKECCAK1600_ASM -DRC4_ASM -DMD5_ASM -DAESNI_ASM -DVPAES_ASM -DGHASH_ASM -DECP_NISTZ256_ASM -DX25519_ASM -DPOLY1305_ASM -DOPENSSLDIR="\"/usr/local/ssl\"" -DENGINESDIR="\"/opt/rustwide/target/debug/build/openssl-sys-1a469b7eb75885f0/out/openssl-build/install/lib/engines-1.1\"" -DNDEBUG  -MMD -MF crypto/asn1/a_gentm.d.tmp -MT crypto/asn1/a_gentm.o -c -o crypto/asn1/a_gentm.o crypto/asn1/a_gentm.c
[INFO] [stderr]   cc  -I. -Iinclude -fPIC -pthread -m64 -Wa,--noexecstack -Wall -O3 -O2 -ffunction-sections -fdata-sections -fPIC -gdwarf-4 -fno-omit-frame-pointer -m64 -DOPENSSL_USE_NODELETE -DL_ENDIAN -DOPENSSL_PIC -DOPENSSL_CPUID_OBJ -DOPENSSL_IA32_SSE2 -DOPENSSL_BN_ASM_MONT -DOPENSSL_BN_ASM_MONT5 -DOPENSSL_BN_ASM_GF2m -DSHA1_ASM -DSHA256_ASM -DSHA512_ASM -DKECCAK1600_ASM -DRC4_ASM -DMD5_ASM -DAESNI_ASM -DVPAES_ASM -DGHASH_ASM -DECP_NISTZ256_ASM -DX25519_ASM -DPOLY1305_ASM -DOPENSSLDIR="\"/usr/local/ssl\"" -DENGINESDIR="\"/opt/rustwide/target/debug/build/openssl-sys-1a469b7eb75885f0/out/openssl-build/install/lib/engines-1.1\"" -DNDEBUG  -MMD -MF crypto/asn1/a_i2d_fp.d.tmp -MT crypto/asn1/a_i2d_fp.o -c -o crypto/asn1/a_i2d_fp.o crypto/asn1/a_i2d_fp.c
[INFO] [stderr]   cc  -I. -Iinclude -fPIC -pthread -m64 -Wa,--noexecstack -Wall -O3 -O2 -ffunction-sections -fdata-sections -fPIC -gdwarf-4 -fno-omit-frame-pointer -m64 -DOPENSSL_USE_NODELETE -DL_ENDIAN -DOPENSSL_PIC -DOPENSSL_CPUID_OBJ -DOPENSSL_IA32_SSE2 -DOPENSSL_BN_ASM_MONT -DOPENSSL_BN_ASM_MONT5 -DOPENSSL_BN_ASM_GF2m -DSHA1_ASM -DSHA256_ASM -DSHA512_ASM -DKECCAK1600_ASM -DRC4_ASM -DMD5_ASM -DAESNI_ASM -DVPAES_ASM -DGHASH_ASM -DECP_NISTZ256_ASM -DX25519_ASM -DPOLY1305_ASM -DOPENSSLDIR="\"/usr/local/ssl\"" -DENGINESDIR="\"/opt/rustwide/target/debug/build/openssl-sys-1a469b7eb75885f0/out/openssl-build/install/lib/engines-1.1\"" -DNDEBUG  -MMD -MF crypto/asn1/a_int.d.tmp -MT crypto/asn1/a_int.o -c -o crypto/asn1/a_int.o crypto/asn1/a_int.c
[INFO] [stderr]   cc  -I. -Iinclude -fPIC -pthread -m64 -Wa,--noexecstack -Wall -O3 -O2 -ffunction-sections -fdata-sections -fPIC -gdwarf-4 -fno-omit-frame-pointer -m64 -DOPENSSL_USE_NODELETE -DL_ENDIAN -DOPENSSL_PIC -DOPENSSL_CPUID_OBJ -DOPENSSL_IA32_SSE2 -DOPENSSL_BN_ASM_MONT -DOPENSSL_BN_ASM_MONT5 -DOPENSSL_BN_ASM_GF2m -DSHA1_ASM -DSHA256_ASM -DSHA512_ASM -DKECCAK1600_ASM -DRC4_ASM -DMD5_ASM -DAESNI_ASM -DVPAES_ASM -DGHASH_ASM -DECP_NISTZ256_ASM -DX25519_ASM -DPOLY1305_ASM -DOPENSSLDIR="\"/usr/local/ssl\"" -DENGINESDIR="\"/opt/rustwide/target/debug/build/openssl-sys-1a469b7eb75885f0/out/openssl-build/install/lib/engines-1.1\"" -DNDEBUG  -MMD -MF crypto/asn1/a_mbstr.d.tmp -MT crypto/asn1/a_mbstr.o -c -o crypto/asn1/a_mbstr.o crypto/asn1/a_mbstr.c
[INFO] [stderr]   cc  -I. -Iinclude -fPIC -pthread -m64 -Wa,--noexecstack -Wall -O3 -O2 -ffunction-sections -fdata-sections -fPIC -gdwarf-4 -fno-omit-frame-pointer -m64 -DOPENSSL_USE_NODELETE -DL_ENDIAN -DOPENSSL_PIC -DOPENSSL_CPUID_OBJ -DOPENSSL_IA32_SSE2 -DOPENSSL_BN_ASM_MONT -DOPENSSL_BN_ASM_MONT5 -DOPENSSL_BN_ASM_GF2m -DSHA1_ASM -DSHA256_ASM -DSHA512_ASM -DKECCAK1600_ASM -DRC4_ASM -DMD5_ASM -DAESNI_ASM -DVPAES_ASM -DGHASH_ASM -DECP_NISTZ256_ASM -DX25519_ASM -DPOLY1305_ASM -DOPENSSLDIR="\"/usr/local/ssl\"" -DENGINESDIR="\"/opt/rustwide/target/debug/build/openssl-sys-1a469b7eb75885f0/out/openssl-build/install/lib/engines-1.1\"" -DNDEBUG  -MMD -MF crypto/asn1/a_object.d.tmp -MT crypto/asn1/a_object.o -c -o crypto/asn1/a_object.o crypto/asn1/a_object.c
[INFO] [stderr]   cc  -I. -Iinclude -fPIC -pthread -m64 -Wa,--noexecstack -Wall -O3 -O2 -ffunction-sections -fdata-sections -fPIC -gdwarf-4 -fno-omit-frame-pointer -m64 -DOPENSSL_USE_NODELETE -DL_ENDIAN -DOPENSSL_PIC -DOPENSSL_CPUID_OBJ -DOPENSSL_IA32_SSE2 -DOPENSSL_BN_ASM_MONT -DOPENSSL_BN_ASM_MONT5 -DOPENSSL_BN_ASM_GF2m -DSHA1_ASM -DSHA256_ASM -DSHA512_ASM -DKECCAK1600_ASM -DRC4_ASM -DMD5_ASM -DAESNI_ASM -DVPAES_ASM -DGHASH_ASM -DECP_NISTZ256_ASM -DX25519_ASM -DPOLY1305_ASM -DOPENSSLDIR="\"/usr/local/ssl\"" -DENGINESDIR="\"/opt/rustwide/target/debug/build/openssl-sys-1a469b7eb75885f0/out/openssl-build/install/lib/engines-1.1\"" -DNDEBUG  -MMD -MF crypto/asn1/a_octet.d.tmp -MT crypto/asn1/a_octet.o -c -o crypto/asn1/a_octet.o crypto/asn1/a_octet.c
[INFO] [stderr]   cc  -I. -Iinclude -fPIC -pthread -m64 -Wa,--noexecstack -Wall -O3 -O2 -ffunction-sections -fdata-sections -fPIC -gdwarf-4 -fno-omit-frame-pointer -m64 -DOPENSSL_USE_NODELETE -DL_ENDIAN -DOPENSSL_PIC -DOPENSSL_CPUID_OBJ -DOPENSSL_IA32_SSE2 -DOPENSSL_BN_ASM_MONT -DOPENSSL_BN_ASM_MONT5 -DOPENSSL_BN_ASM_GF2m -DSHA1_ASM -DSHA256_ASM -DSHA512_ASM -DKECCAK1600_ASM -DRC4_ASM -DMD5_ASM -DAESNI_ASM -DVPAES_ASM -DGHASH_ASM -DECP_NISTZ256_ASM -DX25519_ASM -DPOLY1305_ASM -DOPENSSLDIR="\"/usr/local/ssl\"" -DENGINESDIR="\"/opt/rustwide/target/debug/build/openssl-sys-1a469b7eb75885f0/out/openssl-build/install/lib/engines-1.1\"" -DNDEBUG  -MMD -MF crypto/asn1/a_print.d.tmp -MT crypto/asn1/a_print.o -c -o crypto/asn1/a_print.o crypto/asn1/a_print.c
[INFO] [stderr]   cc  -I. -Iinclude -fPIC -pthread -m64 -Wa,--noexecstack -Wall -O3 -O2 -ffunction-sections -fdata-sections -fPIC -gdwarf-4 -fno-omit-frame-pointer -m64 -DOPENSSL_USE_NODELETE -DL_ENDIAN -DOPENSSL_PIC -DOPENSSL_CPUID_OBJ -DOPENSSL_IA32_SSE2 -DOPENSSL_BN_ASM_MONT -DOPENSSL_BN_ASM_MONT5 -DOPENSSL_BN_ASM_GF2m -DSHA1_ASM -DSHA256_ASM -DSHA512_ASM -DKECCAK1600_ASM -DRC4_ASM -DMD5_ASM -DAESNI_ASM -DVPAES_ASM -DGHASH_ASM -DECP_NISTZ256_ASM -DX25519_ASM -DPOLY1305_ASM -DOPENSSLDIR="\"/usr/local/ssl\"" -DENGINESDIR="\"/opt/rustwide/target/debug/build/openssl-sys-1a469b7eb75885f0/out/openssl-build/install/lib/engines-1.1\"" -DNDEBUG  -MMD -MF crypto/asn1/a_sign.d.tmp -MT crypto/asn1/a_sign.o -c -o crypto/asn1/a_sign.o crypto/asn1/a_sign.c
[INFO] [stderr]   cc  -I. -Iinclude -fPIC -pthread -m64 -Wa,--noexecstack -Wall -O3 -O2 -ffunction-sections -fdata-sections -fPIC -gdwarf-4 -fno-omit-frame-pointer -m64 -DOPENSSL_USE_NODELETE -DL_ENDIAN -DOPENSSL_PIC -DOPENSSL_CPUID_OBJ -DOPENSSL_IA32_SSE2 -DOPENSSL_BN_ASM_MONT -DOPENSSL_BN_ASM_MONT5 -DOPENSSL_BN_ASM_GF2m -DSHA1_ASM -DSHA256_ASM -DSHA512_ASM -DKECCAK1600_ASM -DRC4_ASM -DMD5_ASM -DAESNI_ASM -DVPAES_ASM -DGHASH_ASM -DECP_NISTZ256_ASM -DX25519_ASM -DPOLY1305_ASM -DOPENSSLDIR="\"/usr/local/ssl\"" -DENGINESDIR="\"/opt/rustwide/target/debug/build/openssl-sys-1a469b7eb75885f0/out/openssl-build/install/lib/engines-1.1\"" -DNDEBUG  -MMD -MF crypto/asn1/a_strex.d.tmp -MT crypto/asn1/a_strex.o -c -o crypto/asn1/a_strex.o crypto/asn1/a_strex.c
[INFO] [stderr]   cc  -I. -Iinclude -fPIC -pthread -m64 -Wa,--noexecstack -Wall -O3 -O2 -ffunction-sections -fdata-sections -fPIC -gdwarf-4 -fno-omit-frame-pointer -m64 -DOPENSSL_USE_NODELETE -DL_ENDIAN -DOPENSSL_PIC -DOPENSSL_CPUID_OBJ -DOPENSSL_IA32_SSE2 -DOPENSSL_BN_ASM_MONT -DOPENSSL_BN_ASM_MONT5 -DOPENSSL_BN_ASM_GF2m -DSHA1_ASM -DSHA256_ASM -DSHA512_ASM -DKECCAK1600_ASM -DRC4_ASM -DMD5_ASM -DAESNI_ASM -DVPAES_ASM -DGHASH_ASM -DECP_NISTZ256_ASM -DX25519_ASM -DPOLY1305_ASM -DOPENSSLDIR="\"/usr/local/ssl\"" -DENGINESDIR="\"/opt/rustwide/target/debug/build/openssl-sys-1a469b7eb75885f0/out/openssl-build/install/lib/engines-1.1\"" -DNDEBUG  -MMD -MF crypto/asn1/a_strnid.d.tmp -MT crypto/asn1/a_strnid.o -c -o crypto/asn1/a_strnid.o crypto/asn1/a_strnid.c
[INFO] [stderr]   cc  -I. -Iinclude -fPIC -pthread -m64 -Wa,--noexecstack -Wall -O3 -O2 -ffunction-sections -fdata-sections -fPIC -gdwarf-4 -fno-omit-frame-pointer -m64 -DOPENSSL_USE_NODELETE -DL_ENDIAN -DOPENSSL_PIC -DOPENSSL_CPUID_OBJ -DOPENSSL_IA32_SSE2 -DOPENSSL_BN_ASM_MONT -DOPENSSL_BN_ASM_MONT5 -DOPENSSL_BN_ASM_GF2m -DSHA1_ASM -DSHA256_ASM -DSHA512_ASM -DKECCAK1600_ASM -DRC4_ASM -DMD5_ASM -DAESNI_ASM -DVPAES_ASM -DGHASH_ASM -DECP_NISTZ256_ASM -DX25519_ASM -DPOLY1305_ASM -DOPENSSLDIR="\"/usr/local/ssl\"" -DENGINESDIR="\"/opt/rustwide/target/debug/build/openssl-sys-1a469b7eb75885f0/out/openssl-build/install/lib/engines-1.1\"" -DNDEBUG  -MMD -MF crypto/asn1/a_time.d.tmp -MT crypto/asn1/a_time.o -c -o crypto/asn1/a_time.o crypto/asn1/a_time.c
[INFO] [stderr]   cc  -I. -Iinclude -fPIC -pthread -m64 -Wa,--noexecstack -Wall -O3 -O2 -ffunction-sections -fdata-sections -fPIC -gdwarf-4 -fno-omit-frame-pointer -m64 -DOPENSSL_USE_NODELETE -DL_ENDIAN -DOPENSSL_PIC -DOPENSSL_CPUID_OBJ -DOPENSSL_IA32_SSE2 -DOPENSSL_BN_ASM_MONT -DOPENSSL_BN_ASM_MONT5 -DOPENSSL_BN_ASM_GF2m -DSHA1_ASM -DSHA256_ASM -DSHA512_ASM -DKECCAK1600_ASM -DRC4_ASM -DMD5_ASM -DAESNI_ASM -DVPAES_ASM -DGHASH_ASM -DECP_NISTZ256_ASM -DX25519_ASM -DPOLY1305_ASM -DOPENSSLDIR="\"/usr/local/ssl\"" -DENGINESDIR="\"/opt/rustwide/target/debug/build/openssl-sys-1a469b7eb75885f0/out/openssl-build/install/lib/engines-1.1\"" -DNDEBUG  -MMD -MF crypto/asn1/a_type.d.tmp -MT crypto/asn1/a_type.o -c -o crypto/asn1/a_type.o crypto/asn1/a_type.c
[INFO] [stderr]   cc  -I. -Iinclude -fPIC -pthread -m64 -Wa,--noexecstack -Wall -O3 -O2 -ffunction-sections -fdata-sections -fPIC -gdwarf-4 -fno-omit-frame-pointer -m64 -DOPENSSL_USE_NODELETE -DL_ENDIAN -DOPENSSL_PIC -DOPENSSL_CPUID_OBJ -DOPENSSL_IA32_SSE2 -DOPENSSL_BN_ASM_MONT -DOPENSSL_BN_ASM_MONT5 -DOPENSSL_BN_ASM_GF2m -DSHA1_ASM -DSHA256_ASM -DSHA512_ASM -DKECCAK1600_ASM -DRC4_ASM -DMD5_ASM -DAESNI_ASM -DVPAES_ASM -DGHASH_ASM -DECP_NISTZ256_ASM -DX25519_ASM -DPOLY1305_ASM -DOPENSSLDIR="\"/usr/local/ssl\"" -DENGINESDIR="\"/opt/rustwide/target/debug/build/openssl-sys-1a469b7eb75885f0/out/openssl-build/install/lib/engines-1.1\"" -DNDEBUG  -MMD -MF crypto/asn1/a_utctm.d.tmp -MT crypto/asn1/a_utctm.o -c -o crypto/asn1/a_utctm.o crypto/asn1/a_utctm.c
[INFO] [stderr]   cc  -I. -Iinclude -fPIC -pthread -m64 -Wa,--noexecstack -Wall -O3 -O2 -ffunction-sections -fdata-sections -fPIC -gdwarf-4 -fno-omit-frame-pointer -m64 -DOPENSSL_USE_NODELETE -DL_ENDIAN -DOPENSSL_PIC -DOPENSSL_CPUID_OBJ -DOPENSSL_IA32_SSE2 -DOPENSSL_BN_ASM_MONT -DOPENSSL_BN_ASM_MONT5 -DOPENSSL_BN_ASM_GF2m -DSHA1_ASM -DSHA256_ASM -DSHA512_ASM -DKECCAK1600_ASM -DRC4_ASM -DMD5_ASM -DAESNI_ASM -DVPAES_ASM -DGHASH_ASM -DECP_NISTZ256_ASM -DX25519_ASM -DPOLY1305_ASM -DOPENSSLDIR="\"/usr/local/ssl\"" -DENGINESDIR="\"/opt/rustwide/target/debug/build/openssl-sys-1a469b7eb75885f0/out/openssl-build/install/lib/engines-1.1\"" -DNDEBUG  -MMD -MF crypto/asn1/a_utf8.d.tmp -MT crypto/asn1/a_utf8.o -c -o crypto/asn1/a_utf8.o crypto/asn1/a_utf8.c
[INFO] [stderr]   cc  -I. -Iinclude -fPIC -pthread -m64 -Wa,--noexecstack -Wall -O3 -O2 -ffunction-sections -fdata-sections -fPIC -gdwarf-4 -fno-omit-frame-pointer -m64 -DOPENSSL_USE_NODELETE -DL_ENDIAN -DOPENSSL_PIC -DOPENSSL_CPUID_OBJ -DOPENSSL_IA32_SSE2 -DOPENSSL_BN_ASM_MONT -DOPENSSL_BN_ASM_MONT5 -DOPENSSL_BN_ASM_GF2m -DSHA1_ASM -DSHA256_ASM -DSHA512_ASM -DKECCAK1600_ASM -DRC4_ASM -DMD5_ASM -DAESNI_ASM -DVPAES_ASM -DGHASH_ASM -DECP_NISTZ256_ASM -DX25519_ASM -DPOLY1305_ASM -DOPENSSLDIR="\"/usr/local/ssl\"" -DENGINESDIR="\"/opt/rustwide/target/debug/build/openssl-sys-1a469b7eb75885f0/out/openssl-build/install/lib/engines-1.1\"" -DNDEBUG  -MMD -MF crypto/asn1/a_verify.d.tmp -MT crypto/asn1/a_verify.o -c -o crypto/asn1/a_verify.o crypto/asn1/a_verify.c
[INFO] [stderr]   cc  -I. -Iinclude -fPIC -pthread -m64 -Wa,--noexecstack -Wall -O3 -O2 -ffunction-sections -fdata-sections -fPIC -gdwarf-4 -fno-omit-frame-pointer -m64 -DOPENSSL_USE_NODELETE -DL_ENDIAN -DOPENSSL_PIC -DOPENSSL_CPUID_OBJ -DOPENSSL_IA32_SSE2 -DOPENSSL_BN_ASM_MONT -DOPENSSL_BN_ASM_MONT5 -DOPENSSL_BN_ASM_GF2m -DSHA1_ASM -DSHA256_ASM -DSHA512_ASM -DKECCAK1600_ASM -DRC4_ASM -DMD5_ASM -DAESNI_ASM -DVPAES_ASM -DGHASH_ASM -DECP_NISTZ256_ASM -DX25519_ASM -DPOLY1305_ASM -DOPENSSLDIR="\"/usr/local/ssl\"" -DENGINESDIR="\"/opt/rustwide/target/debug/build/openssl-sys-1a469b7eb75885f0/out/openssl-build/install/lib/engines-1.1\"" -DNDEBUG  -MMD -MF crypto/asn1/ameth_lib.d.tmp -MT crypto/asn1/ameth_lib.o -c -o crypto/asn1/ameth_lib.o crypto/asn1/ameth_lib.c
[INFO] [stderr]   cc  -I. -Iinclude -fPIC -pthread -m64 -Wa,--noexecstack -Wall -O3 -O2 -ffunction-sections -fdata-sections -fPIC -gdwarf-4 -fno-omit-frame-pointer -m64 -DOPENSSL_USE_NODELETE -DL_ENDIAN -DOPENSSL_PIC -DOPENSSL_CPUID_OBJ -DOPENSSL_IA32_SSE2 -DOPENSSL_BN_ASM_MONT -DOPENSSL_BN_ASM_MONT5 -DOPENSSL_BN_ASM_GF2m -DSHA1_ASM -DSHA256_ASM -DSHA512_ASM -DKECCAK1600_ASM -DRC4_ASM -DMD5_ASM -DAESNI_ASM -DVPAES_ASM -DGHASH_ASM -DECP_NISTZ256_ASM -DX25519_ASM -DPOLY1305_ASM -DOPENSSLDIR="\"/usr/local/ssl\"" -DENGINESDIR="\"/opt/rustwide/target/debug/build/openssl-sys-1a469b7eb75885f0/out/openssl-build/install/lib/engines-1.1\"" -DNDEBUG  -MMD -MF crypto/asn1/asn1_err.d.tmp -MT crypto/asn1/asn1_err.o -c -o crypto/asn1/asn1_err.o crypto/asn1/asn1_err.c
[INFO] [stderr]   cc  -I. -Iinclude -fPIC -pthread -m64 -Wa,--noexecstack -Wall -O3 -O2 -ffunction-sections -fdata-sections -fPIC -gdwarf-4 -fno-omit-frame-pointer -m64 -DOPENSSL_USE_NODELETE -DL_ENDIAN -DOPENSSL_PIC -DOPENSSL_CPUID_OBJ -DOPENSSL_IA32_SSE2 -DOPENSSL_BN_ASM_MONT -DOPENSSL_BN_ASM_MONT5 -DOPENSSL_BN_ASM_GF2m -DSHA1_ASM -DSHA256_ASM -DSHA512_ASM -DKECCAK1600_ASM -DRC4_ASM -DMD5_ASM -DAESNI_ASM -DVPAES_ASM -DGHASH_ASM -DECP_NISTZ256_ASM -DX25519_ASM -DPOLY1305_ASM -DOPENSSLDIR="\"/usr/local/ssl\"" -DENGINESDIR="\"/opt/rustwide/target/debug/build/openssl-sys-1a469b7eb75885f0/out/openssl-build/install/lib/engines-1.1\"" -DNDEBUG  -MMD -MF crypto/asn1/asn1_gen.d.tmp -MT crypto/asn1/asn1_gen.o -c -o crypto/asn1/asn1_gen.o crypto/asn1/asn1_gen.c
[INFO] [stderr]   cc  -I. -Iinclude -fPIC -pthread -m64 -Wa,--noexecstack -Wall -O3 -O2 -ffunction-sections -fdata-sections -fPIC -gdwarf-4 -fno-omit-frame-pointer -m64 -DOPENSSL_USE_NODELETE -DL_ENDIAN -DOPENSSL_PIC -DOPENSSL_CPUID_OBJ -DOPENSSL_IA32_SSE2 -DOPENSSL_BN_ASM_MONT -DOPENSSL_BN_ASM_MONT5 -DOPENSSL_BN_ASM_GF2m -DSHA1_ASM -DSHA256_ASM -DSHA512_ASM -DKECCAK1600_ASM -DRC4_ASM -DMD5_ASM -DAESNI_ASM -DVPAES_ASM -DGHASH_ASM -DECP_NISTZ256_ASM -DX25519_ASM -DPOLY1305_ASM -DOPENSSLDIR="\"/usr/local/ssl\"" -DENGINESDIR="\"/opt/rustwide/target/debug/build/openssl-sys-1a469b7eb75885f0/out/openssl-build/install/lib/engines-1.1\"" -DNDEBUG  -MMD -MF crypto/asn1/asn1_item_list.d.tmp -MT crypto/asn1/asn1_item_list.o -c -o crypto/asn1/asn1_item_list.o crypto/asn1/asn1_item_list.c
[INFO] [stderr]   cc  -I. -Iinclude -fPIC -pthread -m64 -Wa,--noexecstack -Wall -O3 -O2 -ffunction-sections -fdata-sections -fPIC -gdwarf-4 -fno-omit-frame-pointer -m64 -DOPENSSL_USE_NODELETE -DL_ENDIAN -DOPENSSL_PIC -DOPENSSL_CPUID_OBJ -DOPENSSL_IA32_SSE2 -DOPENSSL_BN_ASM_MONT -DOPENSSL_BN_ASM_MONT5 -DOPENSSL_BN_ASM_GF2m -DSHA1_ASM -DSHA256_ASM -DSHA512_ASM -DKECCAK1600_ASM -DRC4_ASM -DMD5_ASM -DAESNI_ASM -DVPAES_ASM -DGHASH_ASM -DECP_NISTZ256_ASM -DX25519_ASM -DPOLY1305_ASM -DOPENSSLDIR="\"/usr/local/ssl\"" -DENGINESDIR="\"/opt/rustwide/target/debug/build/openssl-sys-1a469b7eb75885f0/out/openssl-build/install/lib/engines-1.1\"" -DNDEBUG  -MMD -MF crypto/asn1/asn1_lib.d.tmp -MT crypto/asn1/asn1_lib.o -c -o crypto/asn1/asn1_lib.o crypto/asn1/asn1_lib.c
[INFO] [stderr]   cc  -I. -Iinclude -fPIC -pthread -m64 -Wa,--noexecstack -Wall -O3 -O2 -ffunction-sections -fdata-sections -fPIC -gdwarf-4 -fno-omit-frame-pointer -m64 -DOPENSSL_USE_NODELETE -DL_ENDIAN -DOPENSSL_PIC -DOPENSSL_CPUID_OBJ -DOPENSSL_IA32_SSE2 -DOPENSSL_BN_ASM_MONT -DOPENSSL_BN_ASM_MONT5 -DOPENSSL_BN_ASM_GF2m -DSHA1_ASM -DSHA256_ASM -DSHA512_ASM -DKECCAK1600_ASM -DRC4_ASM -DMD5_ASM -DAESNI_ASM -DVPAES_ASM -DGHASH_ASM -DECP_NISTZ256_ASM -DX25519_ASM -DPOLY1305_ASM -DOPENSSLDIR="\"/usr/local/ssl\"" -DENGINESDIR="\"/opt/rustwide/target/debug/build/openssl-sys-1a469b7eb75885f0/out/openssl-build/install/lib/engines-1.1\"" -DNDEBUG  -MMD -MF crypto/asn1/asn1_par.d.tmp -MT crypto/asn1/asn1_par.o -c -o crypto/asn1/asn1_par.o crypto/asn1/asn1_par.c
[INFO] [stderr]   cc  -I. -Iinclude -fPIC -pthread -m64 -Wa,--noexecstack -Wall -O3 -O2 -ffunction-sections -fdata-sections -fPIC -gdwarf-4 -fno-omit-frame-pointer -m64 -DOPENSSL_USE_NODELETE -DL_ENDIAN -DOPENSSL_PIC -DOPENSSL_CPUID_OBJ -DOPENSSL_IA32_SSE2 -DOPENSSL_BN_ASM_MONT -DOPENSSL_BN_ASM_MONT5 -DOPENSSL_BN_ASM_GF2m -DSHA1_ASM -DSHA256_ASM -DSHA512_ASM -DKECCAK1600_ASM -DRC4_ASM -DMD5_ASM -DAESNI_ASM -DVPAES_ASM -DGHASH_ASM -DECP_NISTZ256_ASM -DX25519_ASM -DPOLY1305_ASM -DOPENSSLDIR="\"/usr/local/ssl\"" -DENGINESDIR="\"/opt/rustwide/target/debug/build/openssl-sys-1a469b7eb75885f0/out/openssl-build/install/lib/engines-1.1\"" -DNDEBUG  -MMD -MF crypto/asn1/asn_mime.d.tmp -MT crypto/asn1/asn_mime.o -c -o crypto/asn1/asn_mime.o crypto/asn1/asn_mime.c
[INFO] [stderr]   cc  -I. -Iinclude -fPIC -pthread -m64 -Wa,--noexecstack -Wall -O3 -O2 -ffunction-sections -fdata-sections -fPIC -gdwarf-4 -fno-omit-frame-pointer -m64 -DOPENSSL_USE_NODELETE -DL_ENDIAN -DOPENSSL_PIC -DOPENSSL_CPUID_OBJ -DOPENSSL_IA32_SSE2 -DOPENSSL_BN_ASM_MONT -DOPENSSL_BN_ASM_MONT5 -DOPENSSL_BN_ASM_GF2m -DSHA1_ASM -DSHA256_ASM -DSHA512_ASM -DKECCAK1600_ASM -DRC4_ASM -DMD5_ASM -DAESNI_ASM -DVPAES_ASM -DGHASH_ASM -DECP_NISTZ256_ASM -DX25519_ASM -DPOLY1305_ASM -DOPENSSLDIR="\"/usr/local/ssl\"" -DENGINESDIR="\"/opt/rustwide/target/debug/build/openssl-sys-1a469b7eb75885f0/out/openssl-build/install/lib/engines-1.1\"" -DNDEBUG  -MMD -MF crypto/asn1/asn_moid.d.tmp -MT crypto/asn1/asn_moid.o -c -o crypto/asn1/asn_moid.o crypto/asn1/asn_moid.c
[INFO] [stderr]   cc  -I. -Iinclude -fPIC -pthread -m64 -Wa,--noexecstack -Wall -O3 -O2 -ffunction-sections -fdata-sections -fPIC -gdwarf-4 -fno-omit-frame-pointer -m64 -DOPENSSL_USE_NODELETE -DL_ENDIAN -DOPENSSL_PIC -DOPENSSL_CPUID_OBJ -DOPENSSL_IA32_SSE2 -DOPENSSL_BN_ASM_MONT -DOPENSSL_BN_ASM_MONT5 -DOPENSSL_BN_ASM_GF2m -DSHA1_ASM -DSHA256_ASM -DSHA512_ASM -DKECCAK1600_ASM -DRC4_ASM -DMD5_ASM -DAESNI_ASM -DVPAES_ASM -DGHASH_ASM -DECP_NISTZ256_ASM -DX25519_ASM -DPOLY1305_ASM -DOPENSSLDIR="\"/usr/local/ssl\"" -DENGINESDIR="\"/opt/rustwide/target/debug/build/openssl-sys-1a469b7eb75885f0/out/openssl-build/install/lib/engines-1.1\"" -DNDEBUG  -MMD -MF crypto/asn1/asn_mstbl.d.tmp -MT crypto/asn1/asn_mstbl.o -c -o crypto/asn1/asn_mstbl.o crypto/asn1/asn_mstbl.c
[INFO] [stderr]   cc  -I. -Iinclude -fPIC -pthread -m64 -Wa,--noexecstack -Wall -O3 -O2 -ffunction-sections -fdata-sections -fPIC -gdwarf-4 -fno-omit-frame-pointer -m64 -DOPENSSL_USE_NODELETE -DL_ENDIAN -DOPENSSL_PIC -DOPENSSL_CPUID_OBJ -DOPENSSL_IA32_SSE2 -DOPENSSL_BN_ASM_MONT -DOPENSSL_BN_ASM_MONT5 -DOPENSSL_BN_ASM_GF2m -DSHA1_ASM -DSHA256_ASM -DSHA512_ASM -DKECCAK1600_ASM -DRC4_ASM -DMD5_ASM -DAESNI_ASM -DVPAES_ASM -DGHASH_ASM -DECP_NISTZ256_ASM -DX25519_ASM -DPOLY1305_ASM -DOPENSSLDIR="\"/usr/local/ssl\"" -DENGINESDIR="\"/opt/rustwide/target/debug/build/openssl-sys-1a469b7eb75885f0/out/openssl-build/install/lib/engines-1.1\"" -DNDEBUG  -MMD -MF crypto/asn1/asn_pack.d.tmp -MT crypto/asn1/asn_pack.o -c -o crypto/asn1/asn_pack.o crypto/asn1/asn_pack.c
[INFO] [stderr]   cc  -I. -Iinclude -fPIC -pthread -m64 -Wa,--noexecstack -Wall -O3 -O2 -ffunction-sections -fdata-sections -fPIC -gdwarf-4 -fno-omit-frame-pointer -m64 -DOPENSSL_USE_NODELETE -DL_ENDIAN -DOPENSSL_PIC -DOPENSSL_CPUID_OBJ -DOPENSSL_IA32_SSE2 -DOPENSSL_BN_ASM_MONT -DOPENSSL_BN_ASM_MONT5 -DOPENSSL_BN_ASM_GF2m -DSHA1_ASM -DSHA256_ASM -DSHA512_ASM -DKECCAK1600_ASM -DRC4_ASM -DMD5_ASM -DAESNI_ASM -DVPAES_ASM -DGHASH_ASM -DECP_NISTZ256_ASM -DX25519_ASM -DPOLY1305_ASM -DOPENSSLDIR="\"/usr/local/ssl\"" -DENGINESDIR="\"/opt/rustwide/target/debug/build/openssl-sys-1a469b7eb75885f0/out/openssl-build/install/lib/engines-1.1\"" -DNDEBUG  -MMD -MF crypto/asn1/bio_asn1.d.tmp -MT crypto/asn1/bio_asn1.o -c -o crypto/asn1/bio_asn1.o crypto/asn1/bio_asn1.c
[INFO] [stderr]   cc  -I. -Iinclude -fPIC -pthread -m64 -Wa,--noexecstack -Wall -O3 -O2 -ffunction-sections -fdata-sections -fPIC -gdwarf-4 -fno-omit-frame-pointer -m64 -DOPENSSL_USE_NODELETE -DL_ENDIAN -DOPENSSL_PIC -DOPENSSL_CPUID_OBJ -DOPENSSL_IA32_SSE2 -DOPENSSL_BN_ASM_MONT -DOPENSSL_BN_ASM_MONT5 -DOPENSSL_BN_ASM_GF2m -DSHA1_ASM -DSHA256_ASM -DSHA512_ASM -DKECCAK1600_ASM -DRC4_ASM -DMD5_ASM -DAESNI_ASM -DVPAES_ASM -DGHASH_ASM -DECP_NISTZ256_ASM -DX25519_ASM -DPOLY1305_ASM -DOPENSSLDIR="\"/usr/local/ssl\"" -DENGINESDIR="\"/opt/rustwide/target/debug/build/openssl-sys-1a469b7eb75885f0/out/openssl-build/install/lib/engines-1.1\"" -DNDEBUG  -MMD -MF crypto/asn1/bio_ndef.d.tmp -MT crypto/asn1/bio_ndef.o -c -o crypto/asn1/bio_ndef.o crypto/asn1/bio_ndef.c
[INFO] [stderr]   cc  -I. -Iinclude -fPIC -pthread -m64 -Wa,--noexecstack -Wall -O3 -O2 -ffunction-sections -fdata-sections -fPIC -gdwarf-4 -fno-omit-frame-pointer -m64 -DOPENSSL_USE_NODELETE -DL_ENDIAN -DOPENSSL_PIC -DOPENSSL_CPUID_OBJ -DOPENSSL_IA32_SSE2 -DOPENSSL_BN_ASM_MONT -DOPENSSL_BN_ASM_MONT5 -DOPENSSL_BN_ASM_GF2m -DSHA1_ASM -DSHA256_ASM -DSHA512_ASM -DKECCAK1600_ASM -DRC4_ASM -DMD5_ASM -DAESNI_ASM -DVPAES_ASM -DGHASH_ASM -DECP_NISTZ256_ASM -DX25519_ASM -DPOLY1305_ASM -DOPENSSLDIR="\"/usr/local/ssl\"" -DENGINESDIR="\"/opt/rustwide/target/debug/build/openssl-sys-1a469b7eb75885f0/out/openssl-build/install/lib/engines-1.1\"" -DNDEBUG  -MMD -MF crypto/asn1/d2i_pr.d.tmp -MT crypto/asn1/d2i_pr.o -c -o crypto/asn1/d2i_pr.o crypto/asn1/d2i_pr.c
[INFO] [stderr]   cc  -I. -Iinclude -fPIC -pthread -m64 -Wa,--noexecstack -Wall -O3 -O2 -ffunction-sections -fdata-sections -fPIC -gdwarf-4 -fno-omit-frame-pointer -m64 -DOPENSSL_USE_NODELETE -DL_ENDIAN -DOPENSSL_PIC -DOPENSSL_CPUID_OBJ -DOPENSSL_IA32_SSE2 -DOPENSSL_BN_ASM_MONT -DOPENSSL_BN_ASM_MONT5 -DOPENSSL_BN_ASM_GF2m -DSHA1_ASM -DSHA256_ASM -DSHA512_ASM -DKECCAK1600_ASM -DRC4_ASM -DMD5_ASM -DAESNI_ASM -DVPAES_ASM -DGHASH_ASM -DECP_NISTZ256_ASM -DX25519_ASM -DPOLY1305_ASM -DOPENSSLDIR="\"/usr/local/ssl\"" -DENGINESDIR="\"/opt/rustwide/target/debug/build/openssl-sys-1a469b7eb75885f0/out/openssl-build/install/lib/engines-1.1\"" -DNDEBUG  -MMD -MF crypto/asn1/d2i_pu.d.tmp -MT crypto/asn1/d2i_pu.o -c -o crypto/asn1/d2i_pu.o crypto/asn1/d2i_pu.c
[INFO] [stderr]   cc  -I. -Iinclude -fPIC -pthread -m64 -Wa,--noexecstack -Wall -O3 -O2 -ffunction-sections -fdata-sections -fPIC -gdwarf-4 -fno-omit-frame-pointer -m64 -DOPENSSL_USE_NODELETE -DL_ENDIAN -DOPENSSL_PIC -DOPENSSL_CPUID_OBJ -DOPENSSL_IA32_SSE2 -DOPENSSL_BN_ASM_MONT -DOPENSSL_BN_ASM_MONT5 -DOPENSSL_BN_ASM_GF2m -DSHA1_ASM -DSHA256_ASM -DSHA512_ASM -DKECCAK1600_ASM -DRC4_ASM -DMD5_ASM -DAESNI_ASM -DVPAES_ASM -DGHASH_ASM -DECP_NISTZ256_ASM -DX25519_ASM -DPOLY1305_ASM -DOPENSSLDIR="\"/usr/local/ssl\"" -DENGINESDIR="\"/opt/rustwide/target/debug/build/openssl-sys-1a469b7eb75885f0/out/openssl-build/install/lib/engines-1.1\"" -DNDEBUG  -MMD -MF crypto/asn1/evp_asn1.d.tmp -MT crypto/asn1/evp_asn1.o -c -o crypto/asn1/evp_asn1.o crypto/asn1/evp_asn1.c
[INFO] [stderr]   cc  -I. -Iinclude -fPIC -pthread -m64 -Wa,--noexecstack -Wall -O3 -O2 -ffunction-sections -fdata-sections -fPIC -gdwarf-4 -fno-omit-frame-pointer -m64 -DOPENSSL_USE_NODELETE -DL_ENDIAN -DOPENSSL_PIC -DOPENSSL_CPUID_OBJ -DOPENSSL_IA32_SSE2 -DOPENSSL_BN_ASM_MONT -DOPENSSL_BN_ASM_MONT5 -DOPENSSL_BN_ASM_GF2m -DSHA1_ASM -DSHA256_ASM -DSHA512_ASM -DKECCAK1600_ASM -DRC4_ASM -DMD5_ASM -DAESNI_ASM -DVPAES_ASM -DGHASH_ASM -DECP_NISTZ256_ASM -DX25519_ASM -DPOLY1305_ASM -DOPENSSLDIR="\"/usr/local/ssl\"" -DENGINESDIR="\"/opt/rustwide/target/debug/build/openssl-sys-1a469b7eb75885f0/out/openssl-build/install/lib/engines-1.1\"" -DNDEBUG  -MMD -MF crypto/asn1/f_int.d.tmp -MT crypto/asn1/f_int.o -c -o crypto/asn1/f_int.o crypto/asn1/f_int.c
[INFO] [stderr]   cc  -I. -Iinclude -fPIC -pthread -m64 -Wa,--noexecstack -Wall -O3 -O2 -ffunction-sections -fdata-sections -fPIC -gdwarf-4 -fno-omit-frame-pointer -m64 -DOPENSSL_USE_NODELETE -DL_ENDIAN -DOPENSSL_PIC -DOPENSSL_CPUID_OBJ -DOPENSSL_IA32_SSE2 -DOPENSSL_BN_ASM_MONT -DOPENSSL_BN_ASM_MONT5 -DOPENSSL_BN_ASM_GF2m -DSHA1_ASM -DSHA256_ASM -DSHA512_ASM -DKECCAK1600_ASM -DRC4_ASM -DMD5_ASM -DAESNI_ASM -DVPAES_ASM -DGHASH_ASM -DECP_NISTZ256_ASM -DX25519_ASM -DPOLY1305_ASM -DOPENSSLDIR="\"/usr/local/ssl\"" -DENGINESDIR="\"/opt/rustwide/target/debug/build/openssl-sys-1a469b7eb75885f0/out/openssl-build/install/lib/engines-1.1\"" -DNDEBUG  -MMD -MF crypto/asn1/f_string.d.tmp -MT crypto/asn1/f_string.o -c -o crypto/asn1/f_string.o crypto/asn1/f_string.c
[INFO] [stderr]   cc  -I. -Iinclude -fPIC -pthread -m64 -Wa,--noexecstack -Wall -O3 -O2 -ffunction-sections -fdata-sections -fPIC -gdwarf-4 -fno-omit-frame-pointer -m64 -DOPENSSL_USE_NODELETE -DL_ENDIAN -DOPENSSL_PIC -DOPENSSL_CPUID_OBJ -DOPENSSL_IA32_SSE2 -DOPENSSL_BN_ASM_MONT -DOPENSSL_BN_ASM_MONT5 -DOPENSSL_BN_ASM_GF2m -DSHA1_ASM -DSHA256_ASM -DSHA512_ASM -DKECCAK1600_ASM -DRC4_ASM -DMD5_ASM -DAESNI_ASM -DVPAES_ASM -DGHASH_ASM -DECP_NISTZ256_ASM -DX25519_ASM -DPOLY1305_ASM -DOPENSSLDIR="\"/usr/local/ssl\"" -DENGINESDIR="\"/opt/rustwide/target/debug/build/openssl-sys-1a469b7eb75885f0/out/openssl-build/install/lib/engines-1.1\"" -DNDEBUG  -MMD -MF crypto/asn1/i2d_pr.d.tmp -MT crypto/asn1/i2d_pr.o -c -o crypto/asn1/i2d_pr.o crypto/asn1/i2d_pr.c
[INFO] [stderr]   cc  -I. -Iinclude -fPIC -pthread -m64 -Wa,--noexecstack -Wall -O3 -O2 -ffunction-sections -fdata-sections -fPIC -gdwarf-4 -fno-omit-frame-pointer -m64 -DOPENSSL_USE_NODELETE -DL_ENDIAN -DOPENSSL_PIC -DOPENSSL_CPUID_OBJ -DOPENSSL_IA32_SSE2 -DOPENSSL_BN_ASM_MONT -DOPENSSL_BN_ASM_MONT5 -DOPENSSL_BN_ASM_GF2m -DSHA1_ASM -DSHA256_ASM -DSHA512_ASM -DKECCAK1600_ASM -DRC4_ASM -DMD5_ASM -DAESNI_ASM -DVPAES_ASM -DGHASH_ASM -DECP_NISTZ256_ASM -DX25519_ASM -DPOLY1305_ASM -DOPENSSLDIR="\"/usr/local/ssl\"" -DENGINESDIR="\"/opt/rustwide/target/debug/build/openssl-sys-1a469b7eb75885f0/out/openssl-build/install/lib/engines-1.1\"" -DNDEBUG  -MMD -MF crypto/asn1/i2d_pu.d.tmp -MT crypto/asn1/i2d_pu.o -c -o crypto/asn1/i2d_pu.o crypto/asn1/i2d_pu.c
[INFO] [stderr]   cc  -I. -Iinclude -fPIC -pthread -m64 -Wa,--noexecstack -Wall -O3 -O2 -ffunction-sections -fdata-sections -fPIC -gdwarf-4 -fno-omit-frame-pointer -m64 -DOPENSSL_USE_NODELETE -DL_ENDIAN -DOPENSSL_PIC -DOPENSSL_CPUID_OBJ -DOPENSSL_IA32_SSE2 -DOPENSSL_BN_ASM_MONT -DOPENSSL_BN_ASM_MONT5 -DOPENSSL_BN_ASM_GF2m -DSHA1_ASM -DSHA256_ASM -DSHA512_ASM -DKECCAK1600_ASM -DRC4_ASM -DMD5_ASM -DAESNI_ASM -DVPAES_ASM -DGHASH_ASM -DECP_NISTZ256_ASM -DX25519_ASM -DPOLY1305_ASM -DOPENSSLDIR="\"/usr/local/ssl\"" -DENGINESDIR="\"/opt/rustwide/target/debug/build/openssl-sys-1a469b7eb75885f0/out/openssl-build/install/lib/engines-1.1\"" -DNDEBUG  -MMD -MF crypto/asn1/n_pkey.d.tmp -MT crypto/asn1/n_pkey.o -c -o crypto/asn1/n_pkey.o crypto/asn1/n_pkey.c
[INFO] [stderr]   cc  -I. -Iinclude -fPIC -pthread -m64 -Wa,--noexecstack -Wall -O3 -O2 -ffunction-sections -fdata-sections -fPIC -gdwarf-4 -fno-omit-frame-pointer -m64 -DOPENSSL_USE_NODELETE -DL_ENDIAN -DOPENSSL_PIC -DOPENSSL_CPUID_OBJ -DOPENSSL_IA32_SSE2 -DOPENSSL_BN_ASM_MONT -DOPENSSL_BN_ASM_MONT5 -DOPENSSL_BN_ASM_GF2m -DSHA1_ASM -DSHA256_ASM -DSHA512_ASM -DKECCAK1600_ASM -DRC4_ASM -DMD5_ASM -DAESNI_ASM -DVPAES_ASM -DGHASH_ASM -DECP_NISTZ256_ASM -DX25519_ASM -DPOLY1305_ASM -DOPENSSLDIR="\"/usr/local/ssl\"" -DENGINESDIR="\"/opt/rustwide/target/debug/build/openssl-sys-1a469b7eb75885f0/out/openssl-build/install/lib/engines-1.1\"" -DNDEBUG  -MMD -MF crypto/asn1/nsseq.d.tmp -MT crypto/asn1/nsseq.o -c -o crypto/asn1/nsseq.o crypto/asn1/nsseq.c
[INFO] [stderr]   cc  -I. -Iinclude -fPIC -pthread -m64 -Wa,--noexecstack -Wall -O3 -O2 -ffunction-sections -fdata-sections -fPIC -gdwarf-4 -fno-omit-frame-pointer -m64 -DOPENSSL_USE_NODELETE -DL_ENDIAN -DOPENSSL_PIC -DOPENSSL_CPUID_OBJ -DOPENSSL_IA32_SSE2 -DOPENSSL_BN_ASM_MONT -DOPENSSL_BN_ASM_MONT5 -DOPENSSL_BN_ASM_GF2m -DSHA1_ASM -DSHA256_ASM -DSHA512_ASM -DKECCAK1600_ASM -DRC4_ASM -DMD5_ASM -DAESNI_ASM -DVPAES_ASM -DGHASH_ASM -DECP_NISTZ256_ASM -DX25519_ASM -DPOLY1305_ASM -DOPENSSLDIR="\"/usr/local/ssl\"" -DENGINESDIR="\"/opt/rustwide/target/debug/build/openssl-sys-1a469b7eb75885f0/out/openssl-build/install/lib/engines-1.1\"" -DNDEBUG  -MMD -MF crypto/asn1/p5_pbe.d.tmp -MT crypto/asn1/p5_pbe.o -c -o crypto/asn1/p5_pbe.o crypto/asn1/p5_pbe.c
[INFO] [stderr]   cc  -I. -Iinclude -fPIC -pthread -m64 -Wa,--noexecstack -Wall -O3 -O2 -ffunction-sections -fdata-sections -fPIC -gdwarf-4 -fno-omit-frame-pointer -m64 -DOPENSSL_USE_NODELETE -DL_ENDIAN -DOPENSSL_PIC -DOPENSSL_CPUID_OBJ -DOPENSSL_IA32_SSE2 -DOPENSSL_BN_ASM_MONT -DOPENSSL_BN_ASM_MONT5 -DOPENSSL_BN_ASM_GF2m -DSHA1_ASM -DSHA256_ASM -DSHA512_ASM -DKECCAK1600_ASM -DRC4_ASM -DMD5_ASM -DAESNI_ASM -DVPAES_ASM -DGHASH_ASM -DECP_NISTZ256_ASM -DX25519_ASM -DPOLY1305_ASM -DOPENSSLDIR="\"/usr/local/ssl\"" -DENGINESDIR="\"/opt/rustwide/target/debug/build/openssl-sys-1a469b7eb75885f0/out/openssl-build/install/lib/engines-1.1\"" -DNDEBUG  -MMD -MF crypto/asn1/p5_pbev2.d.tmp -MT crypto/asn1/p5_pbev2.o -c -o crypto/asn1/p5_pbev2.o crypto/asn1/p5_pbev2.c
[INFO] [stderr]   cc  -I. -Iinclude -fPIC -pthread -m64 -Wa,--noexecstack -Wall -O3 -O2 -ffunction-sections -fdata-sections -fPIC -gdwarf-4 -fno-omit-frame-pointer -m64 -DOPENSSL_USE_NODELETE -DL_ENDIAN -DOPENSSL_PIC -DOPENSSL_CPUID_OBJ -DOPENSSL_IA32_SSE2 -DOPENSSL_BN_ASM_MONT -DOPENSSL_BN_ASM_MONT5 -DOPENSSL_BN_ASM_GF2m -DSHA1_ASM -DSHA256_ASM -DSHA512_ASM -DKECCAK1600_ASM -DRC4_ASM -DMD5_ASM -DAESNI_ASM -DVPAES_ASM -DGHASH_ASM -DECP_NISTZ256_ASM -DX25519_ASM -DPOLY1305_ASM -DOPENSSLDIR="\"/usr/local/ssl\"" -DENGINESDIR="\"/opt/rustwide/target/debug/build/openssl-sys-1a469b7eb75885f0/out/openssl-build/install/lib/engines-1.1\"" -DNDEBUG  -MMD -MF crypto/asn1/p5_scrypt.d.tmp -MT crypto/asn1/p5_scrypt.o -c -o crypto/asn1/p5_scrypt.o crypto/asn1/p5_scrypt.c
[INFO] [stderr]   cc  -I. -Iinclude -fPIC -pthread -m64 -Wa,--noexecstack -Wall -O3 -O2 -ffunction-sections -fdata-sections -fPIC -gdwarf-4 -fno-omit-frame-pointer -m64 -DOPENSSL_USE_NODELETE -DL_ENDIAN -DOPENSSL_PIC -DOPENSSL_CPUID_OBJ -DOPENSSL_IA32_SSE2 -DOPENSSL_BN_ASM_MONT -DOPENSSL_BN_ASM_MONT5 -DOPENSSL_BN_ASM_GF2m -DSHA1_ASM -DSHA256_ASM -DSHA512_ASM -DKECCAK1600_ASM -DRC4_ASM -DMD5_ASM -DAESNI_ASM -DVPAES_ASM -DGHASH_ASM -DECP_NISTZ256_ASM -DX25519_ASM -DPOLY1305_ASM -DOPENSSLDIR="\"/usr/local/ssl\"" -DENGINESDIR="\"/opt/rustwide/target/debug/build/openssl-sys-1a469b7eb75885f0/out/openssl-build/install/lib/engines-1.1\"" -DNDEBUG  -MMD -MF crypto/asn1/p8_pkey.d.tmp -MT crypto/asn1/p8_pkey.o -c -o crypto/asn1/p8_pkey.o crypto/asn1/p8_pkey.c
[INFO] [stderr]   cc  -I. -Iinclude -fPIC -pthread -m64 -Wa,--noexecstack -Wall -O3 -O2 -ffunction-sections -fdata-sections -fPIC -gdwarf-4 -fno-omit-frame-pointer -m64 -DOPENSSL_USE_NODELETE -DL_ENDIAN -DOPENSSL_PIC -DOPENSSL_CPUID_OBJ -DOPENSSL_IA32_SSE2 -DOPENSSL_BN_ASM_MONT -DOPENSSL_BN_ASM_MONT5 -DOPENSSL_BN_ASM_GF2m -DSHA1_ASM -DSHA256_ASM -DSHA512_ASM -DKECCAK1600_ASM -DRC4_ASM -DMD5_ASM -DAESNI_ASM -DVPAES_ASM -DGHASH_ASM -DECP_NISTZ256_ASM -DX25519_ASM -DPOLY1305_ASM -DOPENSSLDIR="\"/usr/local/ssl\"" -DENGINESDIR="\"/opt/rustwide/target/debug/build/openssl-sys-1a469b7eb75885f0/out/openssl-build/install/lib/engines-1.1\"" -DNDEBUG  -MMD -MF crypto/asn1/t_bitst.d.tmp -MT crypto/asn1/t_bitst.o -c -o crypto/asn1/t_bitst.o crypto/asn1/t_bitst.c
[INFO] [stderr]   cc  -I. -Iinclude -fPIC -pthread -m64 -Wa,--noexecstack -Wall -O3 -O2 -ffunction-sections -fdata-sections -fPIC -gdwarf-4 -fno-omit-frame-pointer -m64 -DOPENSSL_USE_NODELETE -DL_ENDIAN -DOPENSSL_PIC -DOPENSSL_CPUID_OBJ -DOPENSSL_IA32_SSE2 -DOPENSSL_BN_ASM_MONT -DOPENSSL_BN_ASM_MONT5 -DOPENSSL_BN_ASM_GF2m -DSHA1_ASM -DSHA256_ASM -DSHA512_ASM -DKECCAK1600_ASM -DRC4_ASM -DMD5_ASM -DAESNI_ASM -DVPAES_ASM -DGHASH_ASM -DECP_NISTZ256_ASM -DX25519_ASM -DPOLY1305_ASM -DOPENSSLDIR="\"/usr/local/ssl\"" -DENGINESDIR="\"/opt/rustwide/target/debug/build/openssl-sys-1a469b7eb75885f0/out/openssl-build/install/lib/engines-1.1\"" -DNDEBUG  -MMD -MF crypto/asn1/t_pkey.d.tmp -MT crypto/asn1/t_pkey.o -c -o crypto/asn1/t_pkey.o crypto/asn1/t_pkey.c
[INFO] [stderr]   cc  -I. -Iinclude -fPIC -pthread -m64 -Wa,--noexecstack -Wall -O3 -O2 -ffunction-sections -fdata-sections -fPIC -gdwarf-4 -fno-omit-frame-pointer -m64 -DOPENSSL_USE_NODELETE -DL_ENDIAN -DOPENSSL_PIC -DOPENSSL_CPUID_OBJ -DOPENSSL_IA32_SSE2 -DOPENSSL_BN_ASM_MONT -DOPENSSL_BN_ASM_MONT5 -DOPENSSL_BN_ASM_GF2m -DSHA1_ASM -DSHA256_ASM -DSHA512_ASM -DKECCAK1600_ASM -DRC4_ASM -DMD5_ASM -DAESNI_ASM -DVPAES_ASM -DGHASH_ASM -DECP_NISTZ256_ASM -DX25519_ASM -DPOLY1305_ASM -DOPENSSLDIR="\"/usr/local/ssl\"" -DENGINESDIR="\"/opt/rustwide/target/debug/build/openssl-sys-1a469b7eb75885f0/out/openssl-build/install/lib/engines-1.1\"" -DNDEBUG  -MMD -MF crypto/asn1/t_spki.d.tmp -MT crypto/asn1/t_spki.o -c -o crypto/asn1/t_spki.o crypto/asn1/t_spki.c
[INFO] [stderr]   cc  -I. -Iinclude -fPIC -pthread -m64 -Wa,--noexecstack -Wall -O3 -O2 -ffunction-sections -fdata-sections -fPIC -gdwarf-4 -fno-omit-frame-pointer -m64 -DOPENSSL_USE_NODELETE -DL_ENDIAN -DOPENSSL_PIC -DOPENSSL_CPUID_OBJ -DOPENSSL_IA32_SSE2 -DOPENSSL_BN_ASM_MONT -DOPENSSL_BN_ASM_MONT5 -DOPENSSL_BN_ASM_GF2m -DSHA1_ASM -DSHA256_ASM -DSHA512_ASM -DKECCAK1600_ASM -DRC4_ASM -DMD5_ASM -DAESNI_ASM -DVPAES_ASM -DGHASH_ASM -DECP_NISTZ256_ASM -DX25519_ASM -DPOLY1305_ASM -DOPENSSLDIR="\"/usr/local/ssl\"" -DENGINESDIR="\"/opt/rustwide/target/debug/build/openssl-sys-1a469b7eb75885f0/out/openssl-build/install/lib/engines-1.1\"" -DNDEBUG  -MMD -MF crypto/asn1/tasn_dec.d.tmp -MT crypto/asn1/tasn_dec.o -c -o crypto/asn1/tasn_dec.o crypto/asn1/tasn_dec.c
[INFO] [stderr]   cc  -I. -Iinclude -fPIC -pthread -m64 -Wa,--noexecstack -Wall -O3 -O2 -ffunction-sections -fdata-sections -fPIC -gdwarf-4 -fno-omit-frame-pointer -m64 -DOPENSSL_USE_NODELETE -DL_ENDIAN -DOPENSSL_PIC -DOPENSSL_CPUID_OBJ -DOPENSSL_IA32_SSE2 -DOPENSSL_BN_ASM_MONT -DOPENSSL_BN_ASM_MONT5 -DOPENSSL_BN_ASM_GF2m -DSHA1_ASM -DSHA256_ASM -DSHA512_ASM -DKECCAK1600_ASM -DRC4_ASM -DMD5_ASM -DAESNI_ASM -DVPAES_ASM -DGHASH_ASM -DECP_NISTZ256_ASM -DX25519_ASM -DPOLY1305_ASM -DOPENSSLDIR="\"/usr/local/ssl\"" -DENGINESDIR="\"/opt/rustwide/target/debug/build/openssl-sys-1a469b7eb75885f0/out/openssl-build/install/lib/engines-1.1\"" -DNDEBUG  -MMD -MF crypto/asn1/tasn_enc.d.tmp -MT crypto/asn1/tasn_enc.o -c -o crypto/asn1/tasn_enc.o crypto/asn1/tasn_enc.c
[INFO] [stderr]   cc  -I. -Iinclude -fPIC -pthread -m64 -Wa,--noexecstack -Wall -O3 -O2 -ffunction-sections -fdata-sections -fPIC -gdwarf-4 -fno-omit-frame-pointer -m64 -DOPENSSL_USE_NODELETE -DL_ENDIAN -DOPENSSL_PIC -DOPENSSL_CPUID_OBJ -DOPENSSL_IA32_SSE2 -DOPENSSL_BN_ASM_MONT -DOPENSSL_BN_ASM_MONT5 -DOPENSSL_BN_ASM_GF2m -DSHA1_ASM -DSHA256_ASM -DSHA512_ASM -DKECCAK1600_ASM -DRC4_ASM -DMD5_ASM -DAESNI_ASM -DVPAES_ASM -DGHASH_ASM -DECP_NISTZ256_ASM -DX25519_ASM -DPOLY1305_ASM -DOPENSSLDIR="\"/usr/local/ssl\"" -DENGINESDIR="\"/opt/rustwide/target/debug/build/openssl-sys-1a469b7eb75885f0/out/openssl-build/install/lib/engines-1.1\"" -DNDEBUG  -MMD -MF crypto/asn1/tasn_fre.d.tmp -MT crypto/asn1/tasn_fre.o -c -o crypto/asn1/tasn_fre.o crypto/asn1/tasn_fre.c
[INFO] [stderr]   cc  -I. -Iinclude -fPIC -pthread -m64 -Wa,--noexecstack -Wall -O3 -O2 -ffunction-sections -fdata-sections -fPIC -gdwarf-4 -fno-omit-frame-pointer -m64 -DOPENSSL_USE_NODELETE -DL_ENDIAN -DOPENSSL_PIC -DOPENSSL_CPUID_OBJ -DOPENSSL_IA32_SSE2 -DOPENSSL_BN_ASM_MONT -DOPENSSL_BN_ASM_MONT5 -DOPENSSL_BN_ASM_GF2m -DSHA1_ASM -DSHA256_ASM -DSHA512_ASM -DKECCAK1600_ASM -DRC4_ASM -DMD5_ASM -DAESNI_ASM -DVPAES_ASM -DGHASH_ASM -DECP_NISTZ256_ASM -DX25519_ASM -DPOLY1305_ASM -DOPENSSLDIR="\"/usr/local/ssl\"" -DENGINESDIR="\"/opt/rustwide/target/debug/build/openssl-sys-1a469b7eb75885f0/out/openssl-build/install/lib/engines-1.1\"" -DNDEBUG  -MMD -MF crypto/asn1/tasn_new.d.tmp -MT crypto/asn1/tasn_new.o -c -o crypto/asn1/tasn_new.o crypto/asn1/tasn_new.c
[INFO] [stderr]   cc  -I. -Iinclude -fPIC -pthread -m64 -Wa,--noexecstack -Wall -O3 -O2 -ffunction-sections -fdata-sections -fPIC -gdwarf-4 -fno-omit-frame-pointer -m64 -DOPENSSL_USE_NODELETE -DL_ENDIAN -DOPENSSL_PIC -DOPENSSL_CPUID_OBJ -DOPENSSL_IA32_SSE2 -DOPENSSL_BN_ASM_MONT -DOPENSSL_BN_ASM_MONT5 -DOPENSSL_BN_ASM_GF2m -DSHA1_ASM -DSHA256_ASM -DSHA512_ASM -DKECCAK1600_ASM -DRC4_ASM -DMD5_ASM -DAESNI_ASM -DVPAES_ASM -DGHASH_ASM -DECP_NISTZ256_ASM -DX25519_ASM -DPOLY1305_ASM -DOPENSSLDIR="\"/usr/local/ssl\"" -DENGINESDIR="\"/opt/rustwide/target/debug/build/openssl-sys-1a469b7eb75885f0/out/openssl-build/install/lib/engines-1.1\"" -DNDEBUG  -MMD -MF crypto/asn1/tasn_prn.d.tmp -MT crypto/asn1/tasn_prn.o -c -o crypto/asn1/tasn_prn.o crypto/asn1/tasn_prn.c
[INFO] [stderr]   cc  -I. -Iinclude -fPIC -pthread -m64 -Wa,--noexecstack -Wall -O3 -O2 -ffunction-sections -fdata-sections -fPIC -gdwarf-4 -fno-omit-frame-pointer -m64 -DOPENSSL_USE_NODELETE -DL_ENDIAN -DOPENSSL_PIC -DOPENSSL_CPUID_OBJ -DOPENSSL_IA32_SSE2 -DOPENSSL_BN_ASM_MONT -DOPENSSL_BN_ASM_MONT5 -DOPENSSL_BN_ASM_GF2m -DSHA1_ASM -DSHA256_ASM -DSHA512_ASM -DKECCAK1600_ASM -DRC4_ASM -DMD5_ASM -DAESNI_ASM -DVPAES_ASM -DGHASH_ASM -DECP_NISTZ256_ASM -DX25519_ASM -DPOLY1305_ASM -DOPENSSLDIR="\"/usr/local/ssl\"" -DENGINESDIR="\"/opt/rustwide/target/debug/build/openssl-sys-1a469b7eb75885f0/out/openssl-build/install/lib/engines-1.1\"" -DNDEBUG  -MMD -MF crypto/asn1/tasn_scn.d.tmp -MT crypto/asn1/tasn_scn.o -c -o crypto/asn1/tasn_scn.o crypto/asn1/tasn_scn.c
[INFO] [stderr]   cc  -I. -Iinclude -fPIC -pthread -m64 -Wa,--noexecstack -Wall -O3 -O2 -ffunction-sections -fdata-sections -fPIC -gdwarf-4 -fno-omit-frame-pointer -m64 -DOPENSSL_USE_NODELETE -DL_ENDIAN -DOPENSSL_PIC -DOPENSSL_CPUID_OBJ -DOPENSSL_IA32_SSE2 -DOPENSSL_BN_ASM_MONT -DOPENSSL_BN_ASM_MONT5 -DOPENSSL_BN_ASM_GF2m -DSHA1_ASM -DSHA256_ASM -DSHA512_ASM -DKECCAK1600_ASM -DRC4_ASM -DMD5_ASM -DAESNI_ASM -DVPAES_ASM -DGHASH_ASM -DECP_NISTZ256_ASM -DX25519_ASM -DPOLY1305_ASM -DOPENSSLDIR="\"/usr/local/ssl\"" -DENGINESDIR="\"/opt/rustwide/target/debug/build/openssl-sys-1a469b7eb75885f0/out/openssl-build/install/lib/engines-1.1\"" -DNDEBUG  -MMD -MF crypto/asn1/tasn_typ.d.tmp -MT crypto/asn1/tasn_typ.o -c -o crypto/asn1/tasn_typ.o crypto/asn1/tasn_typ.c
[INFO] [stderr]   cc  -I. -Iinclude -fPIC -pthread -m64 -Wa,--noexecstack -Wall -O3 -O2 -ffunction-sections -fdata-sections -fPIC -gdwarf-4 -fno-omit-frame-pointer -m64 -DOPENSSL_USE_NODELETE -DL_ENDIAN -DOPENSSL_PIC -DOPENSSL_CPUID_OBJ -DOPENSSL_IA32_SSE2 -DOPENSSL_BN_ASM_MONT -DOPENSSL_BN_ASM_MONT5 -DOPENSSL_BN_ASM_GF2m -DSHA1_ASM -DSHA256_ASM -DSHA512_ASM -DKECCAK1600_ASM -DRC4_ASM -DMD5_ASM -DAESNI_ASM -DVPAES_ASM -DGHASH_ASM -DECP_NISTZ256_ASM -DX25519_ASM -DPOLY1305_ASM -DOPENSSLDIR="\"/usr/local/ssl\"" -DENGINESDIR="\"/opt/rustwide/target/debug/build/openssl-sys-1a469b7eb75885f0/out/openssl-build/install/lib/engines-1.1\"" -DNDEBUG  -MMD -MF crypto/asn1/tasn_utl.d.tmp -MT crypto/asn1/tasn_utl.o -c -o crypto/asn1/tasn_utl.o crypto/asn1/tasn_utl.c
[INFO] [stderr]   cc  -I. -Iinclude -fPIC -pthread -m64 -Wa,--noexecstack -Wall -O3 -O2 -ffunction-sections -fdata-sections -fPIC -gdwarf-4 -fno-omit-frame-pointer -m64 -DOPENSSL_USE_NODELETE -DL_ENDIAN -DOPENSSL_PIC -DOPENSSL_CPUID_OBJ -DOPENSSL_IA32_SSE2 -DOPENSSL_BN_ASM_MONT -DOPENSSL_BN_ASM_MONT5 -DOPENSSL_BN_ASM_GF2m -DSHA1_ASM -DSHA256_ASM -DSHA512_ASM -DKECCAK1600_ASM -DRC4_ASM -DMD5_ASM -DAESNI_ASM -DVPAES_ASM -DGHASH_ASM -DECP_NISTZ256_ASM -DX25519_ASM -DPOLY1305_ASM -DOPENSSLDIR="\"/usr/local/ssl\"" -DENGINESDIR="\"/opt/rustwide/target/debug/build/openssl-sys-1a469b7eb75885f0/out/openssl-build/install/lib/engines-1.1\"" -DNDEBUG  -MMD -MF crypto/asn1/x_algor.d.tmp -MT crypto/asn1/x_algor.o -c -o crypto/asn1/x_algor.o crypto/asn1/x_algor.c
[INFO] [stderr]   cc  -I. -Iinclude -fPIC -pthread -m64 -Wa,--noexecstack -Wall -O3 -O2 -ffunction-sections -fdata-sections -fPIC -gdwarf-4 -fno-omit-frame-pointer -m64 -DOPENSSL_USE_NODELETE -DL_ENDIAN -DOPENSSL_PIC -DOPENSSL_CPUID_OBJ -DOPENSSL_IA32_SSE2 -DOPENSSL_BN_ASM_MONT -DOPENSSL_BN_ASM_MONT5 -DOPENSSL_BN_ASM_GF2m -DSHA1_ASM -DSHA256_ASM -DSHA512_ASM -DKECCAK1600_ASM -DRC4_ASM -DMD5_ASM -DAESNI_ASM -DVPAES_ASM -DGHASH_ASM -DECP_NISTZ256_ASM -DX25519_ASM -DPOLY1305_ASM -DOPENSSLDIR="\"/usr/local/ssl\"" -DENGINESDIR="\"/opt/rustwide/target/debug/build/openssl-sys-1a469b7eb75885f0/out/openssl-build/install/lib/engines-1.1\"" -DNDEBUG  -MMD -MF crypto/asn1/x_bignum.d.tmp -MT crypto/asn1/x_bignum.o -c -o crypto/asn1/x_bignum.o crypto/asn1/x_bignum.c
[INFO] [stderr]   cc  -I. -Iinclude -fPIC -pthread -m64 -Wa,--noexecstack -Wall -O3 -O2 -ffunction-sections -fdata-sections -fPIC -gdwarf-4 -fno-omit-frame-pointer -m64 -DOPENSSL_USE_NODELETE -DL_ENDIAN -DOPENSSL_PIC -DOPENSSL_CPUID_OBJ -DOPENSSL_IA32_SSE2 -DOPENSSL_BN_ASM_MONT -DOPENSSL_BN_ASM_MONT5 -DOPENSSL_BN_ASM_GF2m -DSHA1_ASM -DSHA256_ASM -DSHA512_ASM -DKECCAK1600_ASM -DRC4_ASM -DMD5_ASM -DAESNI_ASM -DVPAES_ASM -DGHASH_ASM -DECP_NISTZ256_ASM -DX25519_ASM -DPOLY1305_ASM -DOPENSSLDIR="\"/usr/local/ssl\"" -DENGINESDIR="\"/opt/rustwide/target/debug/build/openssl-sys-1a469b7eb75885f0/out/openssl-build/install/lib/engines-1.1\"" -DNDEBUG  -MMD -MF crypto/asn1/x_info.d.tmp -MT crypto/asn1/x_info.o -c -o crypto/asn1/x_info.o crypto/asn1/x_info.c
[INFO] [stderr]   cc  -I. -Iinclude -fPIC -pthread -m64 -Wa,--noexecstack -Wall -O3 -O2 -ffunction-sections -fdata-sections -fPIC -gdwarf-4 -fno-omit-frame-pointer -m64 -DOPENSSL_USE_NODELETE -DL_ENDIAN -DOPENSSL_PIC -DOPENSSL_CPUID_OBJ -DOPENSSL_IA32_SSE2 -DOPENSSL_BN_ASM_MONT -DOPENSSL_BN_ASM_MONT5 -DOPENSSL_BN_ASM_GF2m -DSHA1_ASM -DSHA256_ASM -DSHA512_ASM -DKECCAK1600_ASM -DRC4_ASM -DMD5_ASM -DAESNI_ASM -DVPAES_ASM -DGHASH_ASM -DECP_NISTZ256_ASM -DX25519_ASM -DPOLY1305_ASM -DOPENSSLDIR="\"/usr/local/ssl\"" -DENGINESDIR="\"/opt/rustwide/target/debug/build/openssl-sys-1a469b7eb75885f0/out/openssl-build/install/lib/engines-1.1\"" -DNDEBUG  -MMD -MF crypto/asn1/x_int64.d.tmp -MT crypto/asn1/x_int64.o -c -o crypto/asn1/x_int64.o crypto/asn1/x_int64.c
[INFO] [stderr]   cc  -I. -Iinclude -fPIC -pthread -m64 -Wa,--noexecstack -Wall -O3 -O2 -ffunction-sections -fdata-sections -fPIC -gdwarf-4 -fno-omit-frame-pointer -m64 -DOPENSSL_USE_NODELETE -DL_ENDIAN -DOPENSSL_PIC -DOPENSSL_CPUID_OBJ -DOPENSSL_IA32_SSE2 -DOPENSSL_BN_ASM_MONT -DOPENSSL_BN_ASM_MONT5 -DOPENSSL_BN_ASM_GF2m -DSHA1_ASM -DSHA256_ASM -DSHA512_ASM -DKECCAK1600_ASM -DRC4_ASM -DMD5_ASM -DAESNI_ASM -DVPAES_ASM -DGHASH_ASM -DECP_NISTZ256_ASM -DX25519_ASM -DPOLY1305_ASM -DOPENSSLDIR="\"/usr/local/ssl\"" -DENGINESDIR="\"/opt/rustwide/target/debug/build/openssl-sys-1a469b7eb75885f0/out/openssl-build/install/lib/engines-1.1\"" -DNDEBUG  -MMD -MF crypto/asn1/x_long.d.tmp -MT crypto/asn1/x_long.o -c -o crypto/asn1/x_long.o crypto/asn1/x_long.c
[INFO] [stderr]   cc  -I. -Iinclude -fPIC -pthread -m64 -Wa,--noexecstack -Wall -O3 -O2 -ffunction-sections -fdata-sections -fPIC -gdwarf-4 -fno-omit-frame-pointer -m64 -DOPENSSL_USE_NODELETE -DL_ENDIAN -DOPENSSL_PIC -DOPENSSL_CPUID_OBJ -DOPENSSL_IA32_SSE2 -DOPENSSL_BN_ASM_MONT -DOPENSSL_BN_ASM_MONT5 -DOPENSSL_BN_ASM_GF2m -DSHA1_ASM -DSHA256_ASM -DSHA512_ASM -DKECCAK1600_ASM -DRC4_ASM -DMD5_ASM -DAESNI_ASM -DVPAES_ASM -DGHASH_ASM -DECP_NISTZ256_ASM -DX25519_ASM -DPOLY1305_ASM -DOPENSSLDIR="\"/usr/local/ssl\"" -DENGINESDIR="\"/opt/rustwide/target/debug/build/openssl-sys-1a469b7eb75885f0/out/openssl-build/install/lib/engines-1.1\"" -DNDEBUG  -MMD -MF crypto/asn1/x_pkey.d.tmp -MT crypto/asn1/x_pkey.o -c -o crypto/asn1/x_pkey.o crypto/asn1/x_pkey.c
[INFO] [stderr]   cc  -I. -Iinclude -fPIC -pthread -m64 -Wa,--noexecstack -Wall -O3 -O2 -ffunction-sections -fdata-sections -fPIC -gdwarf-4 -fno-omit-frame-pointer -m64 -DOPENSSL_USE_NODELETE -DL_ENDIAN -DOPENSSL_PIC -DOPENSSL_CPUID_OBJ -DOPENSSL_IA32_SSE2 -DOPENSSL_BN_ASM_MONT -DOPENSSL_BN_ASM_MONT5 -DOPENSSL_BN_ASM_GF2m -DSHA1_ASM -DSHA256_ASM -DSHA512_ASM -DKECCAK1600_ASM -DRC4_ASM -DMD5_ASM -DAESNI_ASM -DVPAES_ASM -DGHASH_ASM -DECP_NISTZ256_ASM -DX25519_ASM -DPOLY1305_ASM -DOPENSSLDIR="\"/usr/local/ssl\"" -DENGINESDIR="\"/opt/rustwide/target/debug/build/openssl-sys-1a469b7eb75885f0/out/openssl-build/install/lib/engines-1.1\"" -DNDEBUG  -MMD -MF crypto/asn1/x_sig.d.tmp -MT crypto/asn1/x_sig.o -c -o crypto/asn1/x_sig.o crypto/asn1/x_sig.c
[INFO] [stderr]   cc  -I. -Iinclude -fPIC -pthread -m64 -Wa,--noexecstack -Wall -O3 -O2 -ffunction-sections -fdata-sections -fPIC -gdwarf-4 -fno-omit-frame-pointer -m64 -DOPENSSL_USE_NODELETE -DL_ENDIAN -DOPENSSL_PIC -DOPENSSL_CPUID_OBJ -DOPENSSL_IA32_SSE2 -DOPENSSL_BN_ASM_MONT -DOPENSSL_BN_ASM_MONT5 -DOPENSSL_BN_ASM_GF2m -DSHA1_ASM -DSHA256_ASM -DSHA512_ASM -DKECCAK1600_ASM -DRC4_ASM -DMD5_ASM -DAESNI_ASM -DVPAES_ASM -DGHASH_ASM -DECP_NISTZ256_ASM -DX25519_ASM -DPOLY1305_ASM -DOPENSSLDIR="\"/usr/local/ssl\"" -DENGINESDIR="\"/opt/rustwide/target/debug/build/openssl-sys-1a469b7eb75885f0/out/openssl-build/install/lib/engines-1.1\"" -DNDEBUG  -MMD -MF crypto/asn1/x_spki.d.tmp -MT crypto/asn1/x_spki.o -c -o crypto/asn1/x_spki.o crypto/asn1/x_spki.c
[INFO] [stderr]   cc  -I. -Iinclude -fPIC -pthread -m64 -Wa,--noexecstack -Wall -O3 -O2 -ffunction-sections -fdata-sections -fPIC -gdwarf-4 -fno-omit-frame-pointer -m64 -DOPENSSL_USE_NODELETE -DL_ENDIAN -DOPENSSL_PIC -DOPENSSL_CPUID_OBJ -DOPENSSL_IA32_SSE2 -DOPENSSL_BN_ASM_MONT -DOPENSSL_BN_ASM_MONT5 -DOPENSSL_BN_ASM_GF2m -DSHA1_ASM -DSHA256_ASM -DSHA512_ASM -DKECCAK1600_ASM -DRC4_ASM -DMD5_ASM -DAESNI_ASM -DVPAES_ASM -DGHASH_ASM -DECP_NISTZ256_ASM -DX25519_ASM -DPOLY1305_ASM -DOPENSSLDIR="\"/usr/local/ssl\"" -DENGINESDIR="\"/opt/rustwide/target/debug/build/openssl-sys-1a469b7eb75885f0/out/openssl-build/install/lib/engines-1.1\"" -DNDEBUG  -MMD -MF crypto/asn1/x_val.d.tmp -MT crypto/asn1/x_val.o -c -o crypto/asn1/x_val.o crypto/asn1/x_val.c
[INFO] [stderr]   cc  -I. -Iinclude -fPIC -pthread -m64 -Wa,--noexecstack -Wall -O3 -O2 -ffunction-sections -fdata-sections -fPIC -gdwarf-4 -fno-omit-frame-pointer -m64 -DOPENSSL_USE_NODELETE -DL_ENDIAN -DOPENSSL_PIC -DOPENSSL_CPUID_OBJ -DOPENSSL_IA32_SSE2 -DOPENSSL_BN_ASM_MONT -DOPENSSL_BN_ASM_MONT5 -DOPENSSL_BN_ASM_GF2m -DSHA1_ASM -DSHA256_ASM -DSHA512_ASM -DKECCAK1600_ASM -DRC4_ASM -DMD5_ASM -DAESNI_ASM -DVPAES_ASM -DGHASH_ASM -DECP_NISTZ256_ASM -DX25519_ASM -DPOLY1305_ASM -DOPENSSLDIR="\"/usr/local/ssl\"" -DENGINESDIR="\"/opt/rustwide/target/debug/build/openssl-sys-1a469b7eb75885f0/out/openssl-build/install/lib/engines-1.1\"" -DNDEBUG  -MMD -MF crypto/async/arch/async_null.d.tmp -MT crypto/async/arch/async_null.o -c -o crypto/async/arch/async_null.o crypto/async/arch/async_null.c
[INFO] [stderr]   cc  -I. -Iinclude -fPIC -pthread -m64 -Wa,--noexecstack -Wall -O3 -O2 -ffunction-sections -fdata-sections -fPIC -gdwarf-4 -fno-omit-frame-pointer -m64 -DOPENSSL_USE_NODELETE -DL_ENDIAN -DOPENSSL_PIC -DOPENSSL_CPUID_OBJ -DOPENSSL_IA32_SSE2 -DOPENSSL_BN_ASM_MONT -DOPENSSL_BN_ASM_MONT5 -DOPENSSL_BN_ASM_GF2m -DSHA1_ASM -DSHA256_ASM -DSHA512_ASM -DKECCAK1600_ASM -DRC4_ASM -DMD5_ASM -DAESNI_ASM -DVPAES_ASM -DGHASH_ASM -DECP_NISTZ256_ASM -DX25519_ASM -DPOLY1305_ASM -DOPENSSLDIR="\"/usr/local/ssl\"" -DENGINESDIR="\"/opt/rustwide/target/debug/build/openssl-sys-1a469b7eb75885f0/out/openssl-build/install/lib/engines-1.1\"" -DNDEBUG  -MMD -MF crypto/async/arch/async_posix.d.tmp -MT crypto/async/arch/async_posix.o -c -o crypto/async/arch/async_posix.o crypto/async/arch/async_posix.c
[INFO] [stderr]   cc  -I. -Iinclude -fPIC -pthread -m64 -Wa,--noexecstack -Wall -O3 -O2 -ffunction-sections -fdata-sections -fPIC -gdwarf-4 -fno-omit-frame-pointer -m64 -DOPENSSL_USE_NODELETE -DL_ENDIAN -DOPENSSL_PIC -DOPENSSL_CPUID_OBJ -DOPENSSL_IA32_SSE2 -DOPENSSL_BN_ASM_MONT -DOPENSSL_BN_ASM_MONT5 -DOPENSSL_BN_ASM_GF2m -DSHA1_ASM -DSHA256_ASM -DSHA512_ASM -DKECCAK1600_ASM -DRC4_ASM -DMD5_ASM -DAESNI_ASM -DVPAES_ASM -DGHASH_ASM -DECP_NISTZ256_ASM -DX25519_ASM -DPOLY1305_ASM -DOPENSSLDIR="\"/usr/local/ssl\"" -DENGINESDIR="\"/opt/rustwide/target/debug/build/openssl-sys-1a469b7eb75885f0/out/openssl-build/install/lib/engines-1.1\"" -DNDEBUG  -MMD -MF crypto/async/arch/async_win.d.tmp -MT crypto/async/arch/async_win.o -c -o crypto/async/arch/async_win.o crypto/async/arch/async_win.c
[INFO] [stderr]   cc  -I. -Iinclude -fPIC -pthread -m64 -Wa,--noexecstack -Wall -O3 -O2 -ffunction-sections -fdata-sections -fPIC -gdwarf-4 -fno-omit-frame-pointer -m64 -DOPENSSL_USE_NODELETE -DL_ENDIAN -DOPENSSL_PIC -DOPENSSL_CPUID_OBJ -DOPENSSL_IA32_SSE2 -DOPENSSL_BN_ASM_MONT -DOPENSSL_BN_ASM_MONT5 -DOPENSSL_BN_ASM_GF2m -DSHA1_ASM -DSHA256_ASM -DSHA512_ASM -DKECCAK1600_ASM -DRC4_ASM -DMD5_ASM -DAESNI_ASM -DVPAES_ASM -DGHASH_ASM -DECP_NISTZ256_ASM -DX25519_ASM -DPOLY1305_ASM -DOPENSSLDIR="\"/usr/local/ssl\"" -DENGINESDIR="\"/opt/rustwide/target/debug/build/openssl-sys-1a469b7eb75885f0/out/openssl-build/install/lib/engines-1.1\"" -DNDEBUG  -MMD -MF crypto/async/async.d.tmp -MT crypto/async/async.o -c -o crypto/async/async.o crypto/async/async.c
[INFO] [stderr]   cc  -I. -Iinclude -fPIC -pthread -m64 -Wa,--noexecstack -Wall -O3 -O2 -ffunction-sections -fdata-sections -fPIC -gdwarf-4 -fno-omit-frame-pointer -m64 -DOPENSSL_USE_NODELETE -DL_ENDIAN -DOPENSSL_PIC -DOPENSSL_CPUID_OBJ -DOPENSSL_IA32_SSE2 -DOPENSSL_BN_ASM_MONT -DOPENSSL_BN_ASM_MONT5 -DOPENSSL_BN_ASM_GF2m -DSHA1_ASM -DSHA256_ASM -DSHA512_ASM -DKECCAK1600_ASM -DRC4_ASM -DMD5_ASM -DAESNI_ASM -DVPAES_ASM -DGHASH_ASM -DECP_NISTZ256_ASM -DX25519_ASM -DPOLY1305_ASM -DOPENSSLDIR="\"/usr/local/ssl\"" -DENGINESDIR="\"/opt/rustwide/target/debug/build/openssl-sys-1a469b7eb75885f0/out/openssl-build/install/lib/engines-1.1\"" -DNDEBUG  -MMD -MF crypto/async/async_err.d.tmp -MT crypto/async/async_err.o -c -o crypto/async/async_err.o crypto/async/async_err.c
[INFO] [stderr]   cc  -I. -Iinclude -fPIC -pthread -m64 -Wa,--noexecstack -Wall -O3 -O2 -ffunction-sections -fdata-sections -fPIC -gdwarf-4 -fno-omit-frame-pointer -m64 -DOPENSSL_USE_NODELETE -DL_ENDIAN -DOPENSSL_PIC -DOPENSSL_CPUID_OBJ -DOPENSSL_IA32_SSE2 -DOPENSSL_BN_ASM_MONT -DOPENSSL_BN_ASM_MONT5 -DOPENSSL_BN_ASM_GF2m -DSHA1_ASM -DSHA256_ASM -DSHA512_ASM -DKECCAK1600_ASM -DRC4_ASM -DMD5_ASM -DAESNI_ASM -DVPAES_ASM -DGHASH_ASM -DECP_NISTZ256_ASM -DX25519_ASM -DPOLY1305_ASM -DOPENSSLDIR="\"/usr/local/ssl\"" -DENGINESDIR="\"/opt/rustwide/target/debug/build/openssl-sys-1a469b7eb75885f0/out/openssl-build/install/lib/engines-1.1\"" -DNDEBUG  -MMD -MF crypto/async/async_wait.d.tmp -MT crypto/async/async_wait.o -c -o crypto/async/async_wait.o crypto/async/async_wait.c
[INFO] [stderr]   cc  -I. -Iinclude -fPIC -pthread -m64 -Wa,--noexecstack -Wall -O3 -O2 -ffunction-sections -fdata-sections -fPIC -gdwarf-4 -fno-omit-frame-pointer -m64 -DOPENSSL_USE_NODELETE -DL_ENDIAN -DOPENSSL_PIC -DOPENSSL_CPUID_OBJ -DOPENSSL_IA32_SSE2 -DOPENSSL_BN_ASM_MONT -DOPENSSL_BN_ASM_MONT5 -DOPENSSL_BN_ASM_GF2m -DSHA1_ASM -DSHA256_ASM -DSHA512_ASM -DKECCAK1600_ASM -DRC4_ASM -DMD5_ASM -DAESNI_ASM -DVPAES_ASM -DGHASH_ASM -DECP_NISTZ256_ASM -DX25519_ASM -DPOLY1305_ASM -DOPENSSLDIR="\"/usr/local/ssl\"" -DENGINESDIR="\"/opt/rustwide/target/debug/build/openssl-sys-1a469b7eb75885f0/out/openssl-build/install/lib/engines-1.1\"" -DNDEBUG  -MMD -MF crypto/bf/bf_cfb64.d.tmp -MT crypto/bf/bf_cfb64.o -c -o crypto/bf/bf_cfb64.o crypto/bf/bf_cfb64.c
[INFO] [stderr]   cc  -I. -Iinclude -fPIC -pthread -m64 -Wa,--noexecstack -Wall -O3 -O2 -ffunction-sections -fdata-sections -fPIC -gdwarf-4 -fno-omit-frame-pointer -m64 -DOPENSSL_USE_NODELETE -DL_ENDIAN -DOPENSSL_PIC -DOPENSSL_CPUID_OBJ -DOPENSSL_IA32_SSE2 -DOPENSSL_BN_ASM_MONT -DOPENSSL_BN_ASM_MONT5 -DOPENSSL_BN_ASM_GF2m -DSHA1_ASM -DSHA256_ASM -DSHA512_ASM -DKECCAK1600_ASM -DRC4_ASM -DMD5_ASM -DAESNI_ASM -DVPAES_ASM -DGHASH_ASM -DECP_NISTZ256_ASM -DX25519_ASM -DPOLY1305_ASM -DOPENSSLDIR="\"/usr/local/ssl\"" -DENGINESDIR="\"/opt/rustwide/target/debug/build/openssl-sys-1a469b7eb75885f0/out/openssl-build/install/lib/engines-1.1\"" -DNDEBUG  -MMD -MF crypto/bf/bf_ecb.d.tmp -MT crypto/bf/bf_ecb.o -c -o crypto/bf/bf_ecb.o crypto/bf/bf_ecb.c
[INFO] [stderr]   cc  -I. -Iinclude -fPIC -pthread -m64 -Wa,--noexecstack -Wall -O3 -O2 -ffunction-sections -fdata-sections -fPIC -gdwarf-4 -fno-omit-frame-pointer -m64 -DOPENSSL_USE_NODELETE -DL_ENDIAN -DOPENSSL_PIC -DOPENSSL_CPUID_OBJ -DOPENSSL_IA32_SSE2 -DOPENSSL_BN_ASM_MONT -DOPENSSL_BN_ASM_MONT5 -DOPENSSL_BN_ASM_GF2m -DSHA1_ASM -DSHA256_ASM -DSHA512_ASM -DKECCAK1600_ASM -DRC4_ASM -DMD5_ASM -DAESNI_ASM -DVPAES_ASM -DGHASH_ASM -DECP_NISTZ256_ASM -DX25519_ASM -DPOLY1305_ASM -DOPENSSLDIR="\"/usr/local/ssl\"" -DENGINESDIR="\"/opt/rustwide/target/debug/build/openssl-sys-1a469b7eb75885f0/out/openssl-build/install/lib/engines-1.1\"" -DNDEBUG  -MMD -MF crypto/bf/bf_enc.d.tmp -MT crypto/bf/bf_enc.o -c -o crypto/bf/bf_enc.o crypto/bf/bf_enc.c
[INFO] [stderr]   cc  -I. -Iinclude -fPIC -pthread -m64 -Wa,--noexecstack -Wall -O3 -O2 -ffunction-sections -fdata-sections -fPIC -gdwarf-4 -fno-omit-frame-pointer -m64 -DOPENSSL_USE_NODELETE -DL_ENDIAN -DOPENSSL_PIC -DOPENSSL_CPUID_OBJ -DOPENSSL_IA32_SSE2 -DOPENSSL_BN_ASM_MONT -DOPENSSL_BN_ASM_MONT5 -DOPENSSL_BN_ASM_GF2m -DSHA1_ASM -DSHA256_ASM -DSHA512_ASM -DKECCAK1600_ASM -DRC4_ASM -DMD5_ASM -DAESNI_ASM -DVPAES_ASM -DGHASH_ASM -DECP_NISTZ256_ASM -DX25519_ASM -DPOLY1305_ASM -DOPENSSLDIR="\"/usr/local/ssl\"" -DENGINESDIR="\"/opt/rustwide/target/debug/build/openssl-sys-1a469b7eb75885f0/out/openssl-build/install/lib/engines-1.1\"" -DNDEBUG  -MMD -MF crypto/bf/bf_ofb64.d.tmp -MT crypto/bf/bf_ofb64.o -c -o crypto/bf/bf_ofb64.o crypto/bf/bf_ofb64.c
[INFO] [stderr]   cc  -I. -Iinclude -fPIC -pthread -m64 -Wa,--noexecstack -Wall -O3 -O2 -ffunction-sections -fdata-sections -fPIC -gdwarf-4 -fno-omit-frame-pointer -m64 -DOPENSSL_USE_NODELETE -DL_ENDIAN -DOPENSSL_PIC -DOPENSSL_CPUID_OBJ -DOPENSSL_IA32_SSE2 -DOPENSSL_BN_ASM_MONT -DOPENSSL_BN_ASM_MONT5 -DOPENSSL_BN_ASM_GF2m -DSHA1_ASM -DSHA256_ASM -DSHA512_ASM -DKECCAK1600_ASM -DRC4_ASM -DMD5_ASM -DAESNI_ASM -DVPAES_ASM -DGHASH_ASM -DECP_NISTZ256_ASM -DX25519_ASM -DPOLY1305_ASM -DOPENSSLDIR="\"/usr/local/ssl\"" -DENGINESDIR="\"/opt/rustwide/target/debug/build/openssl-sys-1a469b7eb75885f0/out/openssl-build/install/lib/engines-1.1\"" -DNDEBUG  -MMD -MF crypto/bf/bf_skey.d.tmp -MT crypto/bf/bf_skey.o -c -o crypto/bf/bf_skey.o crypto/bf/bf_skey.c
[INFO] [stderr]   cc  -I. -Iinclude -fPIC -pthread -m64 -Wa,--noexecstack -Wall -O3 -O2 -ffunction-sections -fdata-sections -fPIC -gdwarf-4 -fno-omit-frame-pointer -m64 -DOPENSSL_USE_NODELETE -DL_ENDIAN -DOPENSSL_PIC -DOPENSSL_CPUID_OBJ -DOPENSSL_IA32_SSE2 -DOPENSSL_BN_ASM_MONT -DOPENSSL_BN_ASM_MONT5 -DOPENSSL_BN_ASM_GF2m -DSHA1_ASM -DSHA256_ASM -DSHA512_ASM -DKECCAK1600_ASM -DRC4_ASM -DMD5_ASM -DAESNI_ASM -DVPAES_ASM -DGHASH_ASM -DECP_NISTZ256_ASM -DX25519_ASM -DPOLY1305_ASM -DOPENSSLDIR="\"/usr/local/ssl\"" -DENGINESDIR="\"/opt/rustwide/target/debug/build/openssl-sys-1a469b7eb75885f0/out/openssl-build/install/lib/engines-1.1\"" -DNDEBUG  -MMD -MF crypto/bio/b_addr.d.tmp -MT crypto/bio/b_addr.o -c -o crypto/bio/b_addr.o crypto/bio/b_addr.c
[INFO] [stderr]   cc  -I. -Iinclude -fPIC -pthread -m64 -Wa,--noexecstack -Wall -O3 -O2 -ffunction-sections -fdata-sections -fPIC -gdwarf-4 -fno-omit-frame-pointer -m64 -DOPENSSL_USE_NODELETE -DL_ENDIAN -DOPENSSL_PIC -DOPENSSL_CPUID_OBJ -DOPENSSL_IA32_SSE2 -DOPENSSL_BN_ASM_MONT -DOPENSSL_BN_ASM_MONT5 -DOPENSSL_BN_ASM_GF2m -DSHA1_ASM -DSHA256_ASM -DSHA512_ASM -DKECCAK1600_ASM -DRC4_ASM -DMD5_ASM -DAESNI_ASM -DVPAES_ASM -DGHASH_ASM -DECP_NISTZ256_ASM -DX25519_ASM -DPOLY1305_ASM -DOPENSSLDIR="\"/usr/local/ssl\"" -DENGINESDIR="\"/opt/rustwide/target/debug/build/openssl-sys-1a469b7eb75885f0/out/openssl-build/install/lib/engines-1.1\"" -DNDEBUG  -MMD -MF crypto/bio/b_dump.d.tmp -MT crypto/bio/b_dump.o -c -o crypto/bio/b_dump.o crypto/bio/b_dump.c
[INFO] [stderr]   cc  -I. -Iinclude -fPIC -pthread -m64 -Wa,--noexecstack -Wall -O3 -O2 -ffunction-sections -fdata-sections -fPIC -gdwarf-4 -fno-omit-frame-pointer -m64 -DOPENSSL_USE_NODELETE -DL_ENDIAN -DOPENSSL_PIC -DOPENSSL_CPUID_OBJ -DOPENSSL_IA32_SSE2 -DOPENSSL_BN_ASM_MONT -DOPENSSL_BN_ASM_MONT5 -DOPENSSL_BN_ASM_GF2m -DSHA1_ASM -DSHA256_ASM -DSHA512_ASM -DKECCAK1600_ASM -DRC4_ASM -DMD5_ASM -DAESNI_ASM -DVPAES_ASM -DGHASH_ASM -DECP_NISTZ256_ASM -DX25519_ASM -DPOLY1305_ASM -DOPENSSLDIR="\"/usr/local/ssl\"" -DENGINESDIR="\"/opt/rustwide/target/debug/build/openssl-sys-1a469b7eb75885f0/out/openssl-build/install/lib/engines-1.1\"" -DNDEBUG  -MMD -MF crypto/bio/b_print.d.tmp -MT crypto/bio/b_print.o -c -o crypto/bio/b_print.o crypto/bio/b_print.c
[INFO] [stderr]   cc  -I. -Iinclude -fPIC -pthread -m64 -Wa,--noexecstack -Wall -O3 -O2 -ffunction-sections -fdata-sections -fPIC -gdwarf-4 -fno-omit-frame-pointer -m64 -DOPENSSL_USE_NODELETE -DL_ENDIAN -DOPENSSL_PIC -DOPENSSL_CPUID_OBJ -DOPENSSL_IA32_SSE2 -DOPENSSL_BN_ASM_MONT -DOPENSSL_BN_ASM_MONT5 -DOPENSSL_BN_ASM_GF2m -DSHA1_ASM -DSHA256_ASM -DSHA512_ASM -DKECCAK1600_ASM -DRC4_ASM -DMD5_ASM -DAESNI_ASM -DVPAES_ASM -DGHASH_ASM -DECP_NISTZ256_ASM -DX25519_ASM -DPOLY1305_ASM -DOPENSSLDIR="\"/usr/local/ssl\"" -DENGINESDIR="\"/opt/rustwide/target/debug/build/openssl-sys-1a469b7eb75885f0/out/openssl-build/install/lib/engines-1.1\"" -DNDEBUG  -MMD -MF crypto/bio/b_sock.d.tmp -MT crypto/bio/b_sock.o -c -o crypto/bio/b_sock.o crypto/bio/b_sock.c
[INFO] [stderr]   cc  -I. -Iinclude -fPIC -pthread -m64 -Wa,--noexecstack -Wall -O3 -O2 -ffunction-sections -fdata-sections -fPIC -gdwarf-4 -fno-omit-frame-pointer -m64 -DOPENSSL_USE_NODELETE -DL_ENDIAN -DOPENSSL_PIC -DOPENSSL_CPUID_OBJ -DOPENSSL_IA32_SSE2 -DOPENSSL_BN_ASM_MONT -DOPENSSL_BN_ASM_MONT5 -DOPENSSL_BN_ASM_GF2m -DSHA1_ASM -DSHA256_ASM -DSHA512_ASM -DKECCAK1600_ASM -DRC4_ASM -DMD5_ASM -DAESNI_ASM -DVPAES_ASM -DGHASH_ASM -DECP_NISTZ256_ASM -DX25519_ASM -DPOLY1305_ASM -DOPENSSLDIR="\"/usr/local/ssl\"" -DENGINESDIR="\"/opt/rustwide/target/debug/build/openssl-sys-1a469b7eb75885f0/out/openssl-build/install/lib/engines-1.1\"" -DNDEBUG  -MMD -MF crypto/bio/b_sock2.d.tmp -MT crypto/bio/b_sock2.o -c -o crypto/bio/b_sock2.o crypto/bio/b_sock2.c
[INFO] [stderr]   cc  -I. -Iinclude -fPIC -pthread -m64 -Wa,--noexecstack -Wall -O3 -O2 -ffunction-sections -fdata-sections -fPIC -gdwarf-4 -fno-omit-frame-pointer -m64 -DOPENSSL_USE_NODELETE -DL_ENDIAN -DOPENSSL_PIC -DOPENSSL_CPUID_OBJ -DOPENSSL_IA32_SSE2 -DOPENSSL_BN_ASM_MONT -DOPENSSL_BN_ASM_MONT5 -DOPENSSL_BN_ASM_GF2m -DSHA1_ASM -DSHA256_ASM -DSHA512_ASM -DKECCAK1600_ASM -DRC4_ASM -DMD5_ASM -DAESNI_ASM -DVPAES_ASM -DGHASH_ASM -DECP_NISTZ256_ASM -DX25519_ASM -DPOLY1305_ASM -DOPENSSLDIR="\"/usr/local/ssl\"" -DENGINESDIR="\"/opt/rustwide/target/debug/build/openssl-sys-1a469b7eb75885f0/out/openssl-build/install/lib/engines-1.1\"" -DNDEBUG  -MMD -MF crypto/bio/bf_buff.d.tmp -MT crypto/bio/bf_buff.o -c -o crypto/bio/bf_buff.o crypto/bio/bf_buff.c
[INFO] [stderr]   cc  -I. -Iinclude -fPIC -pthread -m64 -Wa,--noexecstack -Wall -O3 -O2 -ffunction-sections -fdata-sections -fPIC -gdwarf-4 -fno-omit-frame-pointer -m64 -DOPENSSL_USE_NODELETE -DL_ENDIAN -DOPENSSL_PIC -DOPENSSL_CPUID_OBJ -DOPENSSL_IA32_SSE2 -DOPENSSL_BN_ASM_MONT -DOPENSSL_BN_ASM_MONT5 -DOPENSSL_BN_ASM_GF2m -DSHA1_ASM -DSHA256_ASM -DSHA512_ASM -DKECCAK1600_ASM -DRC4_ASM -DMD5_ASM -DAESNI_ASM -DVPAES_ASM -DGHASH_ASM -DECP_NISTZ256_ASM -DX25519_ASM -DPOLY1305_ASM -DOPENSSLDIR="\"/usr/local/ssl\"" -DENGINESDIR="\"/opt/rustwide/target/debug/build/openssl-sys-1a469b7eb75885f0/out/openssl-build/install/lib/engines-1.1\"" -DNDEBUG  -MMD -MF crypto/bio/bf_lbuf.d.tmp -MT crypto/bio/bf_lbuf.o -c -o crypto/bio/bf_lbuf.o crypto/bio/bf_lbuf.c
[INFO] [stderr]   cc  -I. -Iinclude -fPIC -pthread -m64 -Wa,--noexecstack -Wall -O3 -O2 -ffunction-sections -fdata-sections -fPIC -gdwarf-4 -fno-omit-frame-pointer -m64 -DOPENSSL_USE_NODELETE -DL_ENDIAN -DOPENSSL_PIC -DOPENSSL_CPUID_OBJ -DOPENSSL_IA32_SSE2 -DOPENSSL_BN_ASM_MONT -DOPENSSL_BN_ASM_MONT5 -DOPENSSL_BN_ASM_GF2m -DSHA1_ASM -DSHA256_ASM -DSHA512_ASM -DKECCAK1600_ASM -DRC4_ASM -DMD5_ASM -DAESNI_ASM -DVPAES_ASM -DGHASH_ASM -DECP_NISTZ256_ASM -DX25519_ASM -DPOLY1305_ASM -DOPENSSLDIR="\"/usr/local/ssl\"" -DENGINESDIR="\"/opt/rustwide/target/debug/build/openssl-sys-1a469b7eb75885f0/out/openssl-build/install/lib/engines-1.1\"" -DNDEBUG  -MMD -MF crypto/bio/bf_nbio.d.tmp -MT crypto/bio/bf_nbio.o -c -o crypto/bio/bf_nbio.o crypto/bio/bf_nbio.c
[INFO] [stderr]   cc  -I. -Iinclude -fPIC -pthread -m64 -Wa,--noexecstack -Wall -O3 -O2 -ffunction-sections -fdata-sections -fPIC -gdwarf-4 -fno-omit-frame-pointer -m64 -DOPENSSL_USE_NODELETE -DL_ENDIAN -DOPENSSL_PIC -DOPENSSL_CPUID_OBJ -DOPENSSL_IA32_SSE2 -DOPENSSL_BN_ASM_MONT -DOPENSSL_BN_ASM_MONT5 -DOPENSSL_BN_ASM_GF2m -DSHA1_ASM -DSHA256_ASM -DSHA512_ASM -DKECCAK1600_ASM -DRC4_ASM -DMD5_ASM -DAESNI_ASM -DVPAES_ASM -DGHASH_ASM -DECP_NISTZ256_ASM -DX25519_ASM -DPOLY1305_ASM -DOPENSSLDIR="\"/usr/local/ssl\"" -DENGINESDIR="\"/opt/rustwide/target/debug/build/openssl-sys-1a469b7eb75885f0/out/openssl-build/install/lib/engines-1.1\"" -DNDEBUG  -MMD -MF crypto/bio/bf_null.d.tmp -MT crypto/bio/bf_null.o -c -o crypto/bio/bf_null.o crypto/bio/bf_null.c
[INFO] [stderr]   cc  -I. -Iinclude -fPIC -pthread -m64 -Wa,--noexecstack -Wall -O3 -O2 -ffunction-sections -fdata-sections -fPIC -gdwarf-4 -fno-omit-frame-pointer -m64 -DOPENSSL_USE_NODELETE -DL_ENDIAN -DOPENSSL_PIC -DOPENSSL_CPUID_OBJ -DOPENSSL_IA32_SSE2 -DOPENSSL_BN_ASM_MONT -DOPENSSL_BN_ASM_MONT5 -DOPENSSL_BN_ASM_GF2m -DSHA1_ASM -DSHA256_ASM -DSHA512_ASM -DKECCAK1600_ASM -DRC4_ASM -DMD5_ASM -DAESNI_ASM -DVPAES_ASM -DGHASH_ASM -DECP_NISTZ256_ASM -DX25519_ASM -DPOLY1305_ASM -DOPENSSLDIR="\"/usr/local/ssl\"" -DENGINESDIR="\"/opt/rustwide/target/debug/build/openssl-sys-1a469b7eb75885f0/out/openssl-build/install/lib/engines-1.1\"" -DNDEBUG  -MMD -MF crypto/bio/bio_cb.d.tmp -MT crypto/bio/bio_cb.o -c -o crypto/bio/bio_cb.o crypto/bio/bio_cb.c
[INFO] [stderr]   cc  -I. -Iinclude -fPIC -pthread -m64 -Wa,--noexecstack -Wall -O3 -O2 -ffunction-sections -fdata-sections -fPIC -gdwarf-4 -fno-omit-frame-pointer -m64 -DOPENSSL_USE_NODELETE -DL_ENDIAN -DOPENSSL_PIC -DOPENSSL_CPUID_OBJ -DOPENSSL_IA32_SSE2 -DOPENSSL_BN_ASM_MONT -DOPENSSL_BN_ASM_MONT5 -DOPENSSL_BN_ASM_GF2m -DSHA1_ASM -DSHA256_ASM -DSHA512_ASM -DKECCAK1600_ASM -DRC4_ASM -DMD5_ASM -DAESNI_ASM -DVPAES_ASM -DGHASH_ASM -DECP_NISTZ256_ASM -DX25519_ASM -DPOLY1305_ASM -DOPENSSLDIR="\"/usr/local/ssl\"" -DENGINESDIR="\"/opt/rustwide/target/debug/build/openssl-sys-1a469b7eb75885f0/out/openssl-build/install/lib/engines-1.1\"" -DNDEBUG  -MMD -MF crypto/bio/bio_err.d.tmp -MT crypto/bio/bio_err.o -c -o crypto/bio/bio_err.o crypto/bio/bio_err.c
[INFO] [stderr]   cc  -I. -Iinclude -fPIC -pthread -m64 -Wa,--noexecstack -Wall -O3 -O2 -ffunction-sections -fdata-sections -fPIC -gdwarf-4 -fno-omit-frame-pointer -m64 -DOPENSSL_USE_NODELETE -DL_ENDIAN -DOPENSSL_PIC -DOPENSSL_CPUID_OBJ -DOPENSSL_IA32_SSE2 -DOPENSSL_BN_ASM_MONT -DOPENSSL_BN_ASM_MONT5 -DOPENSSL_BN_ASM_GF2m -DSHA1_ASM -DSHA256_ASM -DSHA512_ASM -DKECCAK1600_ASM -DRC4_ASM -DMD5_ASM -DAESNI_ASM -DVPAES_ASM -DGHASH_ASM -DECP_NISTZ256_ASM -DX25519_ASM -DPOLY1305_ASM -DOPENSSLDIR="\"/usr/local/ssl\"" -DENGINESDIR="\"/opt/rustwide/target/debug/build/openssl-sys-1a469b7eb75885f0/out/openssl-build/install/lib/engines-1.1\"" -DNDEBUG  -MMD -MF crypto/bio/bio_lib.d.tmp -MT crypto/bio/bio_lib.o -c -o crypto/bio/bio_lib.o crypto/bio/bio_lib.c
[INFO] [stderr]   cc  -I. -Iinclude -fPIC -pthread -m64 -Wa,--noexecstack -Wall -O3 -O2 -ffunction-sections -fdata-sections -fPIC -gdwarf-4 -fno-omit-frame-pointer -m64 -DOPENSSL_USE_NODELETE -DL_ENDIAN -DOPENSSL_PIC -DOPENSSL_CPUID_OBJ -DOPENSSL_IA32_SSE2 -DOPENSSL_BN_ASM_MONT -DOPENSSL_BN_ASM_MONT5 -DOPENSSL_BN_ASM_GF2m -DSHA1_ASM -DSHA256_ASM -DSHA512_ASM -DKECCAK1600_ASM -DRC4_ASM -DMD5_ASM -DAESNI_ASM -DVPAES_ASM -DGHASH_ASM -DECP_NISTZ256_ASM -DX25519_ASM -DPOLY1305_ASM -DOPENSSLDIR="\"/usr/local/ssl\"" -DENGINESDIR="\"/opt/rustwide/target/debug/build/openssl-sys-1a469b7eb75885f0/out/openssl-build/install/lib/engines-1.1\"" -DNDEBUG  -MMD -MF crypto/bio/bio_meth.d.tmp -MT crypto/bio/bio_meth.o -c -o crypto/bio/bio_meth.o crypto/bio/bio_meth.c
[INFO] [stderr]   cc  -I. -Iinclude -fPIC -pthread -m64 -Wa,--noexecstack -Wall -O3 -O2 -ffunction-sections -fdata-sections -fPIC -gdwarf-4 -fno-omit-frame-pointer -m64 -DOPENSSL_USE_NODELETE -DL_ENDIAN -DOPENSSL_PIC -DOPENSSL_CPUID_OBJ -DOPENSSL_IA32_SSE2 -DOPENSSL_BN_ASM_MONT -DOPENSSL_BN_ASM_MONT5 -DOPENSSL_BN_ASM_GF2m -DSHA1_ASM -DSHA256_ASM -DSHA512_ASM -DKECCAK1600_ASM -DRC4_ASM -DMD5_ASM -DAESNI_ASM -DVPAES_ASM -DGHASH_ASM -DECP_NISTZ256_ASM -DX25519_ASM -DPOLY1305_ASM -DOPENSSLDIR="\"/usr/local/ssl\"" -DENGINESDIR="\"/opt/rustwide/target/debug/build/openssl-sys-1a469b7eb75885f0/out/openssl-build/install/lib/engines-1.1\"" -DNDEBUG  -MMD -MF crypto/bio/bss_acpt.d.tmp -MT crypto/bio/bss_acpt.o -c -o crypto/bio/bss_acpt.o crypto/bio/bss_acpt.c
[INFO] [stderr]   cc  -I. -Iinclude -fPIC -pthread -m64 -Wa,--noexecstack -Wall -O3 -O2 -ffunction-sections -fdata-sections -fPIC -gdwarf-4 -fno-omit-frame-pointer -m64 -DOPENSSL_USE_NODELETE -DL_ENDIAN -DOPENSSL_PIC -DOPENSSL_CPUID_OBJ -DOPENSSL_IA32_SSE2 -DOPENSSL_BN_ASM_MONT -DOPENSSL_BN_ASM_MONT5 -DOPENSSL_BN_ASM_GF2m -DSHA1_ASM -DSHA256_ASM -DSHA512_ASM -DKECCAK1600_ASM -DRC4_ASM -DMD5_ASM -DAESNI_ASM -DVPAES_ASM -DGHASH_ASM -DECP_NISTZ256_ASM -DX25519_ASM -DPOLY1305_ASM -DOPENSSLDIR="\"/usr/local/ssl\"" -DENGINESDIR="\"/opt/rustwide/target/debug/build/openssl-sys-1a469b7eb75885f0/out/openssl-build/install/lib/engines-1.1\"" -DNDEBUG  -MMD -MF crypto/bio/bss_bio.d.tmp -MT crypto/bio/bss_bio.o -c -o crypto/bio/bss_bio.o crypto/bio/bss_bio.c
[INFO] [stderr]   cc  -I. -Iinclude -fPIC -pthread -m64 -Wa,--noexecstack -Wall -O3 -O2 -ffunction-sections -fdata-sections -fPIC -gdwarf-4 -fno-omit-frame-pointer -m64 -DOPENSSL_USE_NODELETE -DL_ENDIAN -DOPENSSL_PIC -DOPENSSL_CPUID_OBJ -DOPENSSL_IA32_SSE2 -DOPENSSL_BN_ASM_MONT -DOPENSSL_BN_ASM_MONT5 -DOPENSSL_BN_ASM_GF2m -DSHA1_ASM -DSHA256_ASM -DSHA512_ASM -DKECCAK1600_ASM -DRC4_ASM -DMD5_ASM -DAESNI_ASM -DVPAES_ASM -DGHASH_ASM -DECP_NISTZ256_ASM -DX25519_ASM -DPOLY1305_ASM -DOPENSSLDIR="\"/usr/local/ssl\"" -DENGINESDIR="\"/opt/rustwide/target/debug/build/openssl-sys-1a469b7eb75885f0/out/openssl-build/install/lib/engines-1.1\"" -DNDEBUG  -MMD -MF crypto/bio/bss_conn.d.tmp -MT crypto/bio/bss_conn.o -c -o crypto/bio/bss_conn.o crypto/bio/bss_conn.c
[INFO] [stderr]   cc  -I. -Iinclude -fPIC -pthread -m64 -Wa,--noexecstack -Wall -O3 -O2 -ffunction-sections -fdata-sections -fPIC -gdwarf-4 -fno-omit-frame-pointer -m64 -DOPENSSL_USE_NODELETE -DL_ENDIAN -DOPENSSL_PIC -DOPENSSL_CPUID_OBJ -DOPENSSL_IA32_SSE2 -DOPENSSL_BN_ASM_MONT -DOPENSSL_BN_ASM_MONT5 -DOPENSSL_BN_ASM_GF2m -DSHA1_ASM -DSHA256_ASM -DSHA512_ASM -DKECCAK1600_ASM -DRC4_ASM -DMD5_ASM -DAESNI_ASM -DVPAES_ASM -DGHASH_ASM -DECP_NISTZ256_ASM -DX25519_ASM -DPOLY1305_ASM -DOPENSSLDIR="\"/usr/local/ssl\"" -DENGINESDIR="\"/opt/rustwide/target/debug/build/openssl-sys-1a469b7eb75885f0/out/openssl-build/install/lib/engines-1.1\"" -DNDEBUG  -MMD -MF crypto/bio/bss_dgram.d.tmp -MT crypto/bio/bss_dgram.o -c -o crypto/bio/bss_dgram.o crypto/bio/bss_dgram.c
[INFO] [stderr]   cc  -I. -Iinclude -fPIC -pthread -m64 -Wa,--noexecstack -Wall -O3 -O2 -ffunction-sections -fdata-sections -fPIC -gdwarf-4 -fno-omit-frame-pointer -m64 -DOPENSSL_USE_NODELETE -DL_ENDIAN -DOPENSSL_PIC -DOPENSSL_CPUID_OBJ -DOPENSSL_IA32_SSE2 -DOPENSSL_BN_ASM_MONT -DOPENSSL_BN_ASM_MONT5 -DOPENSSL_BN_ASM_GF2m -DSHA1_ASM -DSHA256_ASM -DSHA512_ASM -DKECCAK1600_ASM -DRC4_ASM -DMD5_ASM -DAESNI_ASM -DVPAES_ASM -DGHASH_ASM -DECP_NISTZ256_ASM -DX25519_ASM -DPOLY1305_ASM -DOPENSSLDIR="\"/usr/local/ssl\"" -DENGINESDIR="\"/opt/rustwide/target/debug/build/openssl-sys-1a469b7eb75885f0/out/openssl-build/install/lib/engines-1.1\"" -DNDEBUG  -MMD -MF crypto/bio/bss_fd.d.tmp -MT crypto/bio/bss_fd.o -c -o crypto/bio/bss_fd.o crypto/bio/bss_fd.c
[INFO] [stderr]   cc  -I. -Iinclude -fPIC -pthread -m64 -Wa,--noexecstack -Wall -O3 -O2 -ffunction-sections -fdata-sections -fPIC -gdwarf-4 -fno-omit-frame-pointer -m64 -DOPENSSL_USE_NODELETE -DL_ENDIAN -DOPENSSL_PIC -DOPENSSL_CPUID_OBJ -DOPENSSL_IA32_SSE2 -DOPENSSL_BN_ASM_MONT -DOPENSSL_BN_ASM_MONT5 -DOPENSSL_BN_ASM_GF2m -DSHA1_ASM -DSHA256_ASM -DSHA512_ASM -DKECCAK1600_ASM -DRC4_ASM -DMD5_ASM -DAESNI_ASM -DVPAES_ASM -DGHASH_ASM -DECP_NISTZ256_ASM -DX25519_ASM -DPOLY1305_ASM -DOPENSSLDIR="\"/usr/local/ssl\"" -DENGINESDIR="\"/opt/rustwide/target/debug/build/openssl-sys-1a469b7eb75885f0/out/openssl-build/install/lib/engines-1.1\"" -DNDEBUG  -MMD -MF crypto/bio/bss_file.d.tmp -MT crypto/bio/bss_file.o -c -o crypto/bio/bss_file.o crypto/bio/bss_file.c
[INFO] [stderr]   cc  -I. -Iinclude -fPIC -pthread -m64 -Wa,--noexecstack -Wall -O3 -O2 -ffunction-sections -fdata-sections -fPIC -gdwarf-4 -fno-omit-frame-pointer -m64 -DOPENSSL_USE_NODELETE -DL_ENDIAN -DOPENSSL_PIC -DOPENSSL_CPUID_OBJ -DOPENSSL_IA32_SSE2 -DOPENSSL_BN_ASM_MONT -DOPENSSL_BN_ASM_MONT5 -DOPENSSL_BN_ASM_GF2m -DSHA1_ASM -DSHA256_ASM -DSHA512_ASM -DKECCAK1600_ASM -DRC4_ASM -DMD5_ASM -DAESNI_ASM -DVPAES_ASM -DGHASH_ASM -DECP_NISTZ256_ASM -DX25519_ASM -DPOLY1305_ASM -DOPENSSLDIR="\"/usr/local/ssl\"" -DENGINESDIR="\"/opt/rustwide/target/debug/build/openssl-sys-1a469b7eb75885f0/out/openssl-build/install/lib/engines-1.1\"" -DNDEBUG  -MMD -MF crypto/bio/bss_log.d.tmp -MT crypto/bio/bss_log.o -c -o crypto/bio/bss_log.o crypto/bio/bss_log.c
[INFO] [stderr]   cc  -I. -Iinclude -fPIC -pthread -m64 -Wa,--noexecstack -Wall -O3 -O2 -ffunction-sections -fdata-sections -fPIC -gdwarf-4 -fno-omit-frame-pointer -m64 -DOPENSSL_USE_NODELETE -DL_ENDIAN -DOPENSSL_PIC -DOPENSSL_CPUID_OBJ -DOPENSSL_IA32_SSE2 -DOPENSSL_BN_ASM_MONT -DOPENSSL_BN_ASM_MONT5 -DOPENSSL_BN_ASM_GF2m -DSHA1_ASM -DSHA256_ASM -DSHA512_ASM -DKECCAK1600_ASM -DRC4_ASM -DMD5_ASM -DAESNI_ASM -DVPAES_ASM -DGHASH_ASM -DECP_NISTZ256_ASM -DX25519_ASM -DPOLY1305_ASM -DOPENSSLDIR="\"/usr/local/ssl\"" -DENGINESDIR="\"/opt/rustwide/target/debug/build/openssl-sys-1a469b7eb75885f0/out/openssl-build/install/lib/engines-1.1\"" -DNDEBUG  -MMD -MF crypto/bio/bss_mem.d.tmp -MT crypto/bio/bss_mem.o -c -o crypto/bio/bss_mem.o crypto/bio/bss_mem.c
[INFO] [stderr]   cc  -I. -Iinclude -fPIC -pthread -m64 -Wa,--noexecstack -Wall -O3 -O2 -ffunction-sections -fdata-sections -fPIC -gdwarf-4 -fno-omit-frame-pointer -m64 -DOPENSSL_USE_NODELETE -DL_ENDIAN -DOPENSSL_PIC -DOPENSSL_CPUID_OBJ -DOPENSSL_IA32_SSE2 -DOPENSSL_BN_ASM_MONT -DOPENSSL_BN_ASM_MONT5 -DOPENSSL_BN_ASM_GF2m -DSHA1_ASM -DSHA256_ASM -DSHA512_ASM -DKECCAK1600_ASM -DRC4_ASM -DMD5_ASM -DAESNI_ASM -DVPAES_ASM -DGHASH_ASM -DECP_NISTZ256_ASM -DX25519_ASM -DPOLY1305_ASM -DOPENSSLDIR="\"/usr/local/ssl\"" -DENGINESDIR="\"/opt/rustwide/target/debug/build/openssl-sys-1a469b7eb75885f0/out/openssl-build/install/lib/engines-1.1\"" -DNDEBUG  -MMD -MF crypto/bio/bss_null.d.tmp -MT crypto/bio/bss_null.o -c -o crypto/bio/bss_null.o crypto/bio/bss_null.c
[INFO] [stderr]   cc  -I. -Iinclude -fPIC -pthread -m64 -Wa,--noexecstack -Wall -O3 -O2 -ffunction-sections -fdata-sections -fPIC -gdwarf-4 -fno-omit-frame-pointer -m64 -DOPENSSL_USE_NODELETE -DL_ENDIAN -DOPENSSL_PIC -DOPENSSL_CPUID_OBJ -DOPENSSL_IA32_SSE2 -DOPENSSL_BN_ASM_MONT -DOPENSSL_BN_ASM_MONT5 -DOPENSSL_BN_ASM_GF2m -DSHA1_ASM -DSHA256_ASM -DSHA512_ASM -DKECCAK1600_ASM -DRC4_ASM -DMD5_ASM -DAESNI_ASM -DVPAES_ASM -DGHASH_ASM -DECP_NISTZ256_ASM -DX25519_ASM -DPOLY1305_ASM -DOPENSSLDIR="\"/usr/local/ssl\"" -DENGINESDIR="\"/opt/rustwide/target/debug/build/openssl-sys-1a469b7eb75885f0/out/openssl-build/install/lib/engines-1.1\"" -DNDEBUG  -MMD -MF crypto/bio/bss_sock.d.tmp -MT crypto/bio/bss_sock.o -c -o crypto/bio/bss_sock.o crypto/bio/bss_sock.c
[INFO] [stderr]   cc  -I. -Iinclude -fPIC -pthread -m64 -Wa,--noexecstack -Wall -O3 -O2 -ffunction-sections -fdata-sections -fPIC -gdwarf-4 -fno-omit-frame-pointer -m64 -DOPENSSL_USE_NODELETE -DL_ENDIAN -DOPENSSL_PIC -DOPENSSL_CPUID_OBJ -DOPENSSL_IA32_SSE2 -DOPENSSL_BN_ASM_MONT -DOPENSSL_BN_ASM_MONT5 -DOPENSSL_BN_ASM_GF2m -DSHA1_ASM -DSHA256_ASM -DSHA512_ASM -DKECCAK1600_ASM -DRC4_ASM -DMD5_ASM -DAESNI_ASM -DVPAES_ASM -DGHASH_ASM -DECP_NISTZ256_ASM -DX25519_ASM -DPOLY1305_ASM -DOPENSSLDIR="\"/usr/local/ssl\"" -DENGINESDIR="\"/opt/rustwide/target/debug/build/openssl-sys-1a469b7eb75885f0/out/openssl-build/install/lib/engines-1.1\"" -DNDEBUG  -MMD -MF crypto/blake2/blake2b.d.tmp -MT crypto/blake2/blake2b.o -c -o crypto/blake2/blake2b.o crypto/blake2/blake2b.c
[INFO] [stderr]   cc  -I. -Iinclude -fPIC -pthread -m64 -Wa,--noexecstack -Wall -O3 -O2 -ffunction-sections -fdata-sections -fPIC -gdwarf-4 -fno-omit-frame-pointer -m64 -DOPENSSL_USE_NODELETE -DL_ENDIAN -DOPENSSL_PIC -DOPENSSL_CPUID_OBJ -DOPENSSL_IA32_SSE2 -DOPENSSL_BN_ASM_MONT -DOPENSSL_BN_ASM_MONT5 -DOPENSSL_BN_ASM_GF2m -DSHA1_ASM -DSHA256_ASM -DSHA512_ASM -DKECCAK1600_ASM -DRC4_ASM -DMD5_ASM -DAESNI_ASM -DVPAES_ASM -DGHASH_ASM -DECP_NISTZ256_ASM -DX25519_ASM -DPOLY1305_ASM -DOPENSSLDIR="\"/usr/local/ssl\"" -DENGINESDIR="\"/opt/rustwide/target/debug/build/openssl-sys-1a469b7eb75885f0/out/openssl-build/install/lib/engines-1.1\"" -DNDEBUG  -MMD -MF crypto/blake2/blake2s.d.tmp -MT crypto/blake2/blake2s.o -c -o crypto/blake2/blake2s.o crypto/blake2/blake2s.c
[INFO] [stderr]   cc  -I. -Iinclude -fPIC -pthread -m64 -Wa,--noexecstack -Wall -O3 -O2 -ffunction-sections -fdata-sections -fPIC -gdwarf-4 -fno-omit-frame-pointer -m64 -DOPENSSL_USE_NODELETE -DL_ENDIAN -DOPENSSL_PIC -DOPENSSL_CPUID_OBJ -DOPENSSL_IA32_SSE2 -DOPENSSL_BN_ASM_MONT -DOPENSSL_BN_ASM_MONT5 -DOPENSSL_BN_ASM_GF2m -DSHA1_ASM -DSHA256_ASM -DSHA512_ASM -DKECCAK1600_ASM -DRC4_ASM -DMD5_ASM -DAESNI_ASM -DVPAES_ASM -DGHASH_ASM -DECP_NISTZ256_ASM -DX25519_ASM -DPOLY1305_ASM -DOPENSSLDIR="\"/usr/local/ssl\"" -DENGINESDIR="\"/opt/rustwide/target/debug/build/openssl-sys-1a469b7eb75885f0/out/openssl-build/install/lib/engines-1.1\"" -DNDEBUG  -MMD -MF crypto/blake2/m_blake2b.d.tmp -MT crypto/blake2/m_blake2b.o -c -o crypto/blake2/m_blake2b.o crypto/blake2/m_blake2b.c
[INFO] [stderr]   cc  -I. -Iinclude -fPIC -pthread -m64 -Wa,--noexecstack -Wall -O3 -O2 -ffunction-sections -fdata-sections -fPIC -gdwarf-4 -fno-omit-frame-pointer -m64 -DOPENSSL_USE_NODELETE -DL_ENDIAN -DOPENSSL_PIC -DOPENSSL_CPUID_OBJ -DOPENSSL_IA32_SSE2 -DOPENSSL_BN_ASM_MONT -DOPENSSL_BN_ASM_MONT5 -DOPENSSL_BN_ASM_GF2m -DSHA1_ASM -DSHA256_ASM -DSHA512_ASM -DKECCAK1600_ASM -DRC4_ASM -DMD5_ASM -DAESNI_ASM -DVPAES_ASM -DGHASH_ASM -DECP_NISTZ256_ASM -DX25519_ASM -DPOLY1305_ASM -DOPENSSLDIR="\"/usr/local/ssl\"" -DENGINESDIR="\"/opt/rustwide/target/debug/build/openssl-sys-1a469b7eb75885f0/out/openssl-build/install/lib/engines-1.1\"" -DNDEBUG  -MMD -MF crypto/blake2/m_blake2s.d.tmp -MT crypto/blake2/m_blake2s.o -c -o crypto/blake2/m_blake2s.o crypto/blake2/m_blake2s.c
[INFO] [stderr]   cc  -I. -Iinclude -fPIC -pthread -m64 -Wa,--noexecstack -Wall -O3 -O2 -ffunction-sections -fdata-sections -fPIC -gdwarf-4 -fno-omit-frame-pointer -m64 -DOPENSSL_USE_NODELETE -DL_ENDIAN -DOPENSSL_PIC -DOPENSSL_CPUID_OBJ -DOPENSSL_IA32_SSE2 -DOPENSSL_BN_ASM_MONT -DOPENSSL_BN_ASM_MONT5 -DOPENSSL_BN_ASM_GF2m -DSHA1_ASM -DSHA256_ASM -DSHA512_ASM -DKECCAK1600_ASM -DRC4_ASM -DMD5_ASM -DAESNI_ASM -DVPAES_ASM -DGHASH_ASM -DECP_NISTZ256_ASM -DX25519_ASM -DPOLY1305_ASM -DOPENSSLDIR="\"/usr/local/ssl\"" -DENGINESDIR="\"/opt/rustwide/target/debug/build/openssl-sys-1a469b7eb75885f0/out/openssl-build/install/lib/engines-1.1\"" -DNDEBUG  -MMD -MF crypto/bn/asm/x86_64-gcc.d.tmp -MT crypto/bn/asm/x86_64-gcc.o -c -o crypto/bn/asm/x86_64-gcc.o crypto/bn/asm/x86_64-gcc.c
[INFO] [stderr]   cc  -I. -Iinclude -fPIC -pthread -m64 -Wa,--noexecstack -Wall -O3 -O2 -ffunction-sections -fdata-sections -fPIC -gdwarf-4 -fno-omit-frame-pointer -m64 -DOPENSSL_USE_NODELETE -DL_ENDIAN -DOPENSSL_PIC -DOPENSSL_CPUID_OBJ -DOPENSSL_IA32_SSE2 -DOPENSSL_BN_ASM_MONT -DOPENSSL_BN_ASM_MONT5 -DOPENSSL_BN_ASM_GF2m -DSHA1_ASM -DSHA256_ASM -DSHA512_ASM -DKECCAK1600_ASM -DRC4_ASM -DMD5_ASM -DAESNI_ASM -DVPAES_ASM -DGHASH_ASM -DECP_NISTZ256_ASM -DX25519_ASM -DPOLY1305_ASM -DOPENSSLDIR="\"/usr/local/ssl\"" -DENGINESDIR="\"/opt/rustwide/target/debug/build/openssl-sys-1a469b7eb75885f0/out/openssl-build/install/lib/engines-1.1\"" -DNDEBUG  -MMD -MF crypto/bn/bn_add.d.tmp -MT crypto/bn/bn_add.o -c -o crypto/bn/bn_add.o crypto/bn/bn_add.c
[INFO] [stderr]   cc  -I. -Iinclude -fPIC -pthread -m64 -Wa,--noexecstack -Wall -O3 -O2 -ffunction-sections -fdata-sections -fPIC -gdwarf-4 -fno-omit-frame-pointer -m64 -DOPENSSL_USE_NODELETE -DL_ENDIAN -DOPENSSL_PIC -DOPENSSL_CPUID_OBJ -DOPENSSL_IA32_SSE2 -DOPENSSL_BN_ASM_MONT -DOPENSSL_BN_ASM_MONT5 -DOPENSSL_BN_ASM_GF2m -DSHA1_ASM -DSHA256_ASM -DSHA512_ASM -DKECCAK1600_ASM -DRC4_ASM -DMD5_ASM -DAESNI_ASM -DVPAES_ASM -DGHASH_ASM -DECP_NISTZ256_ASM -DX25519_ASM -DPOLY1305_ASM -DOPENSSLDIR="\"/usr/local/ssl\"" -DENGINESDIR="\"/opt/rustwide/target/debug/build/openssl-sys-1a469b7eb75885f0/out/openssl-build/install/lib/engines-1.1\"" -DNDEBUG  -MMD -MF crypto/bn/bn_blind.d.tmp -MT crypto/bn/bn_blind.o -c -o crypto/bn/bn_blind.o crypto/bn/bn_blind.c
[INFO] [stderr]   cc  -I. -Iinclude -fPIC -pthread -m64 -Wa,--noexecstack -Wall -O3 -O2 -ffunction-sections -fdata-sections -fPIC -gdwarf-4 -fno-omit-frame-pointer -m64 -DOPENSSL_USE_NODELETE -DL_ENDIAN -DOPENSSL_PIC -DOPENSSL_CPUID_OBJ -DOPENSSL_IA32_SSE2 -DOPENSSL_BN_ASM_MONT -DOPENSSL_BN_ASM_MONT5 -DOPENSSL_BN_ASM_GF2m -DSHA1_ASM -DSHA256_ASM -DSHA512_ASM -DKECCAK1600_ASM -DRC4_ASM -DMD5_ASM -DAESNI_ASM -DVPAES_ASM -DGHASH_ASM -DECP_NISTZ256_ASM -DX25519_ASM -DPOLY1305_ASM -DOPENSSLDIR="\"/usr/local/ssl\"" -DENGINESDIR="\"/opt/rustwide/target/debug/build/openssl-sys-1a469b7eb75885f0/out/openssl-build/install/lib/engines-1.1\"" -DNDEBUG  -MMD -MF crypto/bn/bn_const.d.tmp -MT crypto/bn/bn_const.o -c -o crypto/bn/bn_const.o crypto/bn/bn_const.c
[INFO] [stderr]   cc  -I. -Iinclude -fPIC -pthread -m64 -Wa,--noexecstack -Wall -O3 -O2 -ffunction-sections -fdata-sections -fPIC -gdwarf-4 -fno-omit-frame-pointer -m64 -DOPENSSL_USE_NODELETE -DL_ENDIAN -DOPENSSL_PIC -DOPENSSL_CPUID_OBJ -DOPENSSL_IA32_SSE2 -DOPENSSL_BN_ASM_MONT -DOPENSSL_BN_ASM_MONT5 -DOPENSSL_BN_ASM_GF2m -DSHA1_ASM -DSHA256_ASM -DSHA512_ASM -DKECCAK1600_ASM -DRC4_ASM -DMD5_ASM -DAESNI_ASM -DVPAES_ASM -DGHASH_ASM -DECP_NISTZ256_ASM -DX25519_ASM -DPOLY1305_ASM -DOPENSSLDIR="\"/usr/local/ssl\"" -DENGINESDIR="\"/opt/rustwide/target/debug/build/openssl-sys-1a469b7eb75885f0/out/openssl-build/install/lib/engines-1.1\"" -DNDEBUG  -MMD -MF crypto/bn/bn_ctx.d.tmp -MT crypto/bn/bn_ctx.o -c -o crypto/bn/bn_ctx.o crypto/bn/bn_ctx.c
[INFO] [stderr]   cc  -I. -Iinclude -fPIC -pthread -m64 -Wa,--noexecstack -Wall -O3 -O2 -ffunction-sections -fdata-sections -fPIC -gdwarf-4 -fno-omit-frame-pointer -m64 -DOPENSSL_USE_NODELETE -DL_ENDIAN -DOPENSSL_PIC -DOPENSSL_CPUID_OBJ -DOPENSSL_IA32_SSE2 -DOPENSSL_BN_ASM_MONT -DOPENSSL_BN_ASM_MONT5 -DOPENSSL_BN_ASM_GF2m -DSHA1_ASM -DSHA256_ASM -DSHA512_ASM -DKECCAK1600_ASM -DRC4_ASM -DMD5_ASM -DAESNI_ASM -DVPAES_ASM -DGHASH_ASM -DECP_NISTZ256_ASM -DX25519_ASM -DPOLY1305_ASM -DOPENSSLDIR="\"/usr/local/ssl\"" -DENGINESDIR="\"/opt/rustwide/target/debug/build/openssl-sys-1a469b7eb75885f0/out/openssl-build/install/lib/engines-1.1\"" -DNDEBUG  -MMD -MF crypto/bn/bn_depr.d.tmp -MT crypto/bn/bn_depr.o -c -o crypto/bn/bn_depr.o crypto/bn/bn_depr.c
[INFO] [stderr]   cc  -I. -Iinclude -fPIC -pthread -m64 -Wa,--noexecstack -Wall -O3 -O2 -ffunction-sections -fdata-sections -fPIC -gdwarf-4 -fno-omit-frame-pointer -m64 -DOPENSSL_USE_NODELETE -DL_ENDIAN -DOPENSSL_PIC -DOPENSSL_CPUID_OBJ -DOPENSSL_IA32_SSE2 -DOPENSSL_BN_ASM_MONT -DOPENSSL_BN_ASM_MONT5 -DOPENSSL_BN_ASM_GF2m -DSHA1_ASM -DSHA256_ASM -DSHA512_ASM -DKECCAK1600_ASM -DRC4_ASM -DMD5_ASM -DAESNI_ASM -DVPAES_ASM -DGHASH_ASM -DECP_NISTZ256_ASM -DX25519_ASM -DPOLY1305_ASM -DOPENSSLDIR="\"/usr/local/ssl\"" -DENGINESDIR="\"/opt/rustwide/target/debug/build/openssl-sys-1a469b7eb75885f0/out/openssl-build/install/lib/engines-1.1\"" -DNDEBUG  -MMD -MF crypto/bn/bn_dh.d.tmp -MT crypto/bn/bn_dh.o -c -o crypto/bn/bn_dh.o crypto/bn/bn_dh.c
[INFO] [stderr]   cc  -I. -Iinclude -fPIC -pthread -m64 -Wa,--noexecstack -Wall -O3 -O2 -ffunction-sections -fdata-sections -fPIC -gdwarf-4 -fno-omit-frame-pointer -m64 -DOPENSSL_USE_NODELETE -DL_ENDIAN -DOPENSSL_PIC -DOPENSSL_CPUID_OBJ -DOPENSSL_IA32_SSE2 -DOPENSSL_BN_ASM_MONT -DOPENSSL_BN_ASM_MONT5 -DOPENSSL_BN_ASM_GF2m -DSHA1_ASM -DSHA256_ASM -DSHA512_ASM -DKECCAK1600_ASM -DRC4_ASM -DMD5_ASM -DAESNI_ASM -DVPAES_ASM -DGHASH_ASM -DECP_NISTZ256_ASM -DX25519_ASM -DPOLY1305_ASM -DOPENSSLDIR="\"/usr/local/ssl\"" -DENGINESDIR="\"/opt/rustwide/target/debug/build/openssl-sys-1a469b7eb75885f0/out/openssl-build/install/lib/engines-1.1\"" -DNDEBUG  -MMD -MF crypto/bn/bn_div.d.tmp -MT crypto/bn/bn_div.o -c -o crypto/bn/bn_div.o crypto/bn/bn_div.c
[INFO] [stderr]   cc  -I. -Iinclude -fPIC -pthread -m64 -Wa,--noexecstack -Wall -O3 -O2 -ffunction-sections -fdata-sections -fPIC -gdwarf-4 -fno-omit-frame-pointer -m64 -DOPENSSL_USE_NODELETE -DL_ENDIAN -DOPENSSL_PIC -DOPENSSL_CPUID_OBJ -DOPENSSL_IA32_SSE2 -DOPENSSL_BN_ASM_MONT -DOPENSSL_BN_ASM_MONT5 -DOPENSSL_BN_ASM_GF2m -DSHA1_ASM -DSHA256_ASM -DSHA512_ASM -DKECCAK1600_ASM -DRC4_ASM -DMD5_ASM -DAESNI_ASM -DVPAES_ASM -DGHASH_ASM -DECP_NISTZ256_ASM -DX25519_ASM -DPOLY1305_ASM -DOPENSSLDIR="\"/usr/local/ssl\"" -DENGINESDIR="\"/opt/rustwide/target/debug/build/openssl-sys-1a469b7eb75885f0/out/openssl-build/install/lib/engines-1.1\"" -DNDEBUG  -MMD -MF crypto/bn/bn_err.d.tmp -MT crypto/bn/bn_err.o -c -o crypto/bn/bn_err.o crypto/bn/bn_err.c
[INFO] [stderr]   cc  -I. -Iinclude -Icrypto -fPIC -pthread -m64 -Wa,--noexecstack -Wall -O3 -O2 -ffunction-sections -fdata-sections -fPIC -gdwarf-4 -fno-omit-frame-pointer -m64 -DOPENSSL_USE_NODELETE -DL_ENDIAN -DOPENSSL_PIC -DOPENSSL_CPUID_OBJ -DOPENSSL_IA32_SSE2 -DOPENSSL_BN_ASM_MONT -DOPENSSL_BN_ASM_MONT5 -DOPENSSL_BN_ASM_GF2m -DSHA1_ASM -DSHA256_ASM -DSHA512_ASM -DKECCAK1600_ASM -DRC4_ASM -DMD5_ASM -DAESNI_ASM -DVPAES_ASM -DGHASH_ASM -DECP_NISTZ256_ASM -DX25519_ASM -DPOLY1305_ASM -DOPENSSLDIR="\"/usr/local/ssl\"" -DENGINESDIR="\"/opt/rustwide/target/debug/build/openssl-sys-1a469b7eb75885f0/out/openssl-build/install/lib/engines-1.1\"" -DNDEBUG  -MMD -MF crypto/bn/bn_exp.d.tmp -MT crypto/bn/bn_exp.o -c -o crypto/bn/bn_exp.o crypto/bn/bn_exp.c
[INFO] [stderr]   cc  -I. -Iinclude -fPIC -pthread -m64 -Wa,--noexecstack -Wall -O3 -O2 -ffunction-sections -fdata-sections -fPIC -gdwarf-4 -fno-omit-frame-pointer -m64 -DOPENSSL_USE_NODELETE -DL_ENDIAN -DOPENSSL_PIC -DOPENSSL_CPUID_OBJ -DOPENSSL_IA32_SSE2 -DOPENSSL_BN_ASM_MONT -DOPENSSL_BN_ASM_MONT5 -DOPENSSL_BN_ASM_GF2m -DSHA1_ASM -DSHA256_ASM -DSHA512_ASM -DKECCAK1600_ASM -DRC4_ASM -DMD5_ASM -DAESNI_ASM -DVPAES_ASM -DGHASH_ASM -DECP_NISTZ256_ASM -DX25519_ASM -DPOLY1305_ASM -DOPENSSLDIR="\"/usr/local/ssl\"" -DENGINESDIR="\"/opt/rustwide/target/debug/build/openssl-sys-1a469b7eb75885f0/out/openssl-build/install/lib/engines-1.1\"" -DNDEBUG  -MMD -MF crypto/bn/bn_exp2.d.tmp -MT crypto/bn/bn_exp2.o -c -o crypto/bn/bn_exp2.o crypto/bn/bn_exp2.c
[INFO] [stderr]   cc  -I. -Iinclude -fPIC -pthread -m64 -Wa,--noexecstack -Wall -O3 -O2 -ffunction-sections -fdata-sections -fPIC -gdwarf-4 -fno-omit-frame-pointer -m64 -DOPENSSL_USE_NODELETE -DL_ENDIAN -DOPENSSL_PIC -DOPENSSL_CPUID_OBJ -DOPENSSL_IA32_SSE2 -DOPENSSL_BN_ASM_MONT -DOPENSSL_BN_ASM_MONT5 -DOPENSSL_BN_ASM_GF2m -DSHA1_ASM -DSHA256_ASM -DSHA512_ASM -DKECCAK1600_ASM -DRC4_ASM -DMD5_ASM -DAESNI_ASM -DVPAES_ASM -DGHASH_ASM -DECP_NISTZ256_ASM -DX25519_ASM -DPOLY1305_ASM -DOPENSSLDIR="\"/usr/local/ssl\"" -DENGINESDIR="\"/opt/rustwide/target/debug/build/openssl-sys-1a469b7eb75885f0/out/openssl-build/install/lib/engines-1.1\"" -DNDEBUG  -MMD -MF crypto/bn/bn_gcd.d.tmp -MT crypto/bn/bn_gcd.o -c -o crypto/bn/bn_gcd.o crypto/bn/bn_gcd.c
[INFO] [stderr]   make[1]: Leaving directory '/opt/rustwide/target/debug/build/openssl-sys-1a469b7eb75885f0/out/openssl-build/build/src'
[INFO] [stderr] 
[INFO] [stderr]   --- stderr
[INFO] [stderr]   /tmp/ccPYD8kX.s: Assembler messages:
[INFO] [stderr]   /tmp/ccPYD8kX.s: Fatal error: can't write 54 bytes to section .text.bn_div_fixed_top of crypto/bn/bn_div.o: 'No space left on device'
[INFO] [stderr]   /tmp/ccPYD8kX.s: Fatal error: crypto/bn/bn_div.o: No space left on device
[INFO] [stderr]   make[1]: *** [Makefile:1694: crypto/bn/bn_div.o] Error 1
[INFO] [stderr]   make[1]: *** Waiting for unfinished jobs....
[INFO] [stderr]   crypto/blake2/blake2b.c:269:1: fatal error: error writing to /tmp/ccpzfZFQ.s: No space left on device
[INFO] [stderr]     269 | }
[INFO] [stderr]         | ^
[INFO] [stderr]   compilation terminated.
[INFO] [stderr]   make[1]: *** [Makefile:1606: crypto/blake2/blake2b.o] Error 1
[INFO] [stderr]   make: *** [Makefile:177: build_libs] Error 2
[INFO] [stderr]   thread 'main' panicked at /opt/rustwide/cargo-home/registry/src/index.crates.io-6f17d22bba15001f/openssl-src-111.25.1+1.1.1t/src/lib.rs:509:13:
[INFO] [stderr] 
[INFO] [stderr] 
[INFO] [stderr] 
[INFO] [stderr]   Error building OpenSSL:
[INFO] [stderr]       Command: cd "/opt/rustwide/target/debug/build/openssl-sys-1a469b7eb75885f0/out/openssl-build/build/src" && MAKEFLAGS="-j --jobserver-fds=7,8 --jobserver-auth=7,8" "make" "build_libs"
[INFO] [stderr]       Exit status: exit status: 2
[INFO] [stderr] 
[INFO] [stderr] 
[INFO] [stderr]       
[INFO] [stderr]   stack backtrace:
[INFO] [stderr]      0:     0x555a41478a26 - std::backtrace_rs::backtrace::libunwind::trace::h261606ad26a499c1
[INFO] [stderr]                                  at /rustc/0e09125c6c3c2fd70d7de961bcf0e51575235fad/library/std/src/../../backtrace/src/backtrace/libunwind.rs:104:5
[INFO] [stderr]      1:     0x555a41478a26 - std::backtrace_rs::backtrace::trace_unsynchronized::hd183f0625477fb28
[INFO] [stderr]                                  at /rustc/0e09125c6c3c2fd70d7de961bcf0e51575235fad/library/std/src/../../backtrace/src/backtrace/mod.rs:66:5
[INFO] [stderr]      2:     0x555a41478a26 - std::sys_common::backtrace::_print_fmt::hd7f8fef21b4eda67
[INFO] [stderr]                                  at /rustc/0e09125c6c3c2fd70d7de961bcf0e51575235fad/library/std/src/sys_common/backtrace.rs:68:5
[INFO] [stderr]      3:     0x555a41478a26 - <std::sys_common::backtrace::_print::DisplayBacktrace as core::fmt::Display>::fmt::h623d9b51f2f453f1
[INFO] [stderr]                                  at /rustc/0e09125c6c3c2fd70d7de961bcf0e51575235fad/library/std/src/sys_common/backtrace.rs:44:22
[INFO] [stderr]      4:     0x555a4149ff20 - core::fmt::rt::Argument::fmt::h9f417ac76a86f368
[INFO] [stderr]                                  at /rustc/0e09125c6c3c2fd70d7de961bcf0e51575235fad/library/core/src/fmt/rt.rs:142:9
[INFO] [stderr]      5:     0x555a4149ff20 - core::fmt::write::hc9b6faf4ac2aeff7
[INFO] [stderr]                                  at /rustc/0e09125c6c3c2fd70d7de961bcf0e51575235fad/library/core/src/fmt/mod.rs:1120:17
[INFO] [stderr]      6:     0x555a41475adf - std::io::Write::write_fmt::hfead1eee52c2e65e
[INFO] [stderr]                                  at /rustc/0e09125c6c3c2fd70d7de961bcf0e51575235fad/library/std/src/io/mod.rs:1810:15
[INFO] [stderr]      7:     0x555a41478804 - std::sys_common::backtrace::_print::hd5d66399c7df88a2
[INFO] [stderr]                                  at /rustc/0e09125c6c3c2fd70d7de961bcf0e51575235fad/library/std/src/sys_common/backtrace.rs:47:5
[INFO] [stderr]      8:     0x555a41478804 - std::sys_common::backtrace::print::he81ed2da642d37e5
[INFO] [stderr]                                  at /rustc/0e09125c6c3c2fd70d7de961bcf0e51575235fad/library/std/src/sys_common/backtrace.rs:34:9
[INFO] [stderr]      9:     0x555a4147a737 - std::panicking::default_hook::{{closure}}::h85773f4fa117163d
[INFO] [stderr]     10:     0x555a4147a499 - std::panicking::default_hook::h6a1694a91d09b278
[INFO] [stderr]                                  at /rustc/0e09125c6c3c2fd70d7de961bcf0e51575235fad/library/std/src/panicking.rs:292:9
[INFO] [stderr]     11:     0x555a4147abc8 - std::panicking::rust_panic_with_hook::h0a7ad96e90f7145b
[INFO] [stderr]                                  at /rustc/0e09125c6c3c2fd70d7de961bcf0e51575235fad/library/std/src/panicking.rs:779:13
[INFO] [stderr]     12:     0x555a4147aaa2 - std::panicking::begin_panic_handler::{{closure}}::h7919090525c6485e
[INFO] [stderr]                                  at /rustc/0e09125c6c3c2fd70d7de961bcf0e51575235fad/library/std/src/panicking.rs:657:13
[INFO] [stderr]     13:     0x555a41478f26 - std::sys_common::backtrace::__rust_end_short_backtrace::hf3289479464f7dfe
[INFO] [stderr]                                  at /rustc/0e09125c6c3c2fd70d7de961bcf0e51575235fad/library/std/src/sys_common/backtrace.rs:171:18
[INFO] [stderr]     14:     0x555a4147a800 - rust_begin_unwind
[INFO] [stderr]                                  at /rustc/0e09125c6c3c2fd70d7de961bcf0e51575235fad/library/std/src/panicking.rs:645:5
[INFO] [stderr]     15:     0x555a413b2c15 - core::panicking::panic_fmt::hcc9f77c5c132af55
[INFO] [stderr]                                  at /rustc/0e09125c6c3c2fd70d7de961bcf0e51575235fad/library/core/src/panicking.rs:72:14
[INFO] [stderr]     16:     0x555a413edd69 - openssl_src::Build::run_command::h16e15465516a9876
[INFO] [stderr]     17:     0x555a413ed005 - openssl_src::Build::build::hd3f22cc65d94fb55
[INFO] [stderr]     18:     0x555a413b7679 - build_script_main::find_vendored::get_openssl::h855b39c5ed6176ed
[INFO] [stderr]     19:     0x555a413b8e48 - build_script_main::find_openssl::h83974e634b4df3cc
[INFO] [stderr]     20:     0x555a413b9026 - build_script_main::main::h1a739f4558321dde
[INFO] [stderr]     21:     0x555a413b3ec3 - core::ops::function::FnOnce::call_once::h4349a46224f2741d
[INFO] [stderr]     22:     0x555a413bf0b6 - std::sys_common::backtrace::__rust_begin_short_backtrace::h5ab1566160df967d
[INFO] [stderr]     23:     0x555a413bf199 - std::rt::lang_start::{{closure}}::hc87f1159d99d1dd5
[INFO] [stderr]     24:     0x555a41470a01 - core::ops::function::impls::<impl core::ops::function::FnOnce<A> for &F>::call_once::h4eb4c5e1620f29b0
[INFO] [stderr]                                  at /rustc/0e09125c6c3c2fd70d7de961bcf0e51575235fad/library/core/src/ops/function.rs:284:13
[INFO] [stderr]     25:     0x555a41470a01 - std::panicking::try::do_call::h73fd26535faffcdf
[INFO] [stderr]                                  at /rustc/0e09125c6c3c2fd70d7de961bcf0e51575235fad/library/std/src/panicking.rs:552:40
[INFO] [stderr]     26:     0x555a41470a01 - std::panicking::try::h77ff1d98f0fb9f39
[INFO] [stderr]                                  at /rustc/0e09125c6c3c2fd70d7de961bcf0e51575235fad/library/std/src/panicking.rs:516:19
[INFO] [stderr]     27:     0x555a41470a01 - std::panic::catch_unwind::hab3caf2448b95e37
[INFO] [stderr]                                  at /rustc/0e09125c6c3c2fd70d7de961bcf0e51575235fad/library/std/src/panic.rs:142:14
[INFO] [stderr]     28:     0x555a41470a01 - std::rt::lang_start_internal::{{closure}}::h8086711f9c783f78
[INFO] [stderr]                                  at /rustc/0e09125c6c3c2fd70d7de961bcf0e51575235fad/library/std/src/rt.rs:148:48
[INFO] [stderr]     29:     0x555a41470a01 - std::panicking::try::do_call::hf920d4dc291cd6ca
[INFO] [stderr]                                  at /rustc/0e09125c6c3c2fd70d7de961bcf0e51575235fad/library/std/src/panicking.rs:552:40
[INFO] [stderr]     30:     0x555a41470a01 - std::panicking::try::h2b806ccc0a85db74
[INFO] [stderr]                                  at /rustc/0e09125c6c3c2fd70d7de961bcf0e51575235fad/library/std/src/panicking.rs:516:19
[INFO] [stderr]     31:     0x555a41470a01 - std::panic::catch_unwind::h038489539c507df2
[INFO] [stderr]                                  at /rustc/0e09125c6c3c2fd70d7de961bcf0e51575235fad/library/std/src/panic.rs:142:14
[INFO] [stderr]     32:     0x555a41470a01 - std::rt::lang_start_internal::h28503b88912e8a5c
[INFO] [stderr]                                  at /rustc/0e09125c6c3c2fd70d7de961bcf0e51575235fad/library/std/src/rt.rs:148:20
[INFO] [stderr]     33:     0x555a413bf177 - std::rt::lang_start::h3eb3bb659085f97d
[INFO] [stderr]     34:     0x555a413bcd45 - main
[INFO] [stderr]     35:     0x7f1c0734cd90 - <unknown>
[INFO] [stderr]     36:     0x7f1c0734ce40 - __libc_start_main
[INFO] [stderr]     37:     0x555a413b3435 - _start
[INFO] [stderr]     38:                0x0 - <unknown>
[INFO] [stderr] error: could not compile `protobuf` (lib)
[INFO] [stdout] error: couldn't create a temp dir: No space left on device (os error 28) at path "/opt/rustwide/target/debug/deps/rmetag9Pdwg"
[INFO] [stdout] 
[INFO] [stdout] 
[INFO] [stderr] error: could not compile `tokio` (lib) due to 1 previous error
[INFO] [stderr] error: could not compile `rustls` (lib)
[INFO] [stderr] 
[INFO] [stderr] Caused by:
[INFO] [stderr]   No space left on device (os error 28)
[INFO] [stderr] 
[INFO] [stderr] Caused by:
[INFO] [stderr]   failed to parse process output: `/opt/rustwide/rustup-home/toolchains/beta-2023-12-22-x86_64-unknown-linux-gnu/bin/rustc --crate-name rustls --edition=2018 /opt/rustwide/cargo-home/registry/src/index.crates.io-6f17d22bba15001f/rustls-0.20.8/src/lib.rs --error-format=json --json=diagnostic-rendered-ansi,artifacts,future-incompat --crate-type lib --emit=dep-info,metadata,link -C embed-bitcode=no -C debuginfo=2 --cfg 'feature="dangerous_configuration"' --cfg 'feature="default"' --cfg 'feature="log"' --cfg 'feature="logging"' --cfg 'feature="tls12"' -C metadata=01c78c62997dd0fe -C extra-filename=-01c78c62997dd0fe --out-dir /opt/rustwide/target/debug/deps -L dependency=/opt/rustwide/target/debug/deps --extern log=/opt/rustwide/target/debug/deps/liblog-c50132996933641a.rmeta --extern ring=/opt/rustwide/target/debug/deps/libring-087ef340a7999148.rmeta --extern sct=/opt/rustwide/target/debug/deps/libsct-7a797305e6ab1cb7.rmeta --extern webpki=/opt/rustwide/target/debug/deps/libwebpki-7e0535f855f10228.rmeta --cap-lints allow --cap-lints=warn -L native=/opt/rustwide/target/debug/build/ring-5a241151c7d2b8ee/out` (signal: 11, SIGSEGV: invalid memory reference)
[INFO] running `Command { std: "docker" "inspect" "78a28bf08b8ca53719c2c15826ff3a2f471facc6af3641f355fc6286921bebc4", kill_on_drop: false }`
[INFO] running `Command { std: "docker" "rm" "-f" "78a28bf08b8ca53719c2c15826ff3a2f471facc6af3641f355fc6286921bebc4", kill_on_drop: false }`
[INFO] [stdout] 78a28bf08b8ca53719c2c15826ff3a2f471facc6af3641f355fc6286921bebc4
