[INFO] cloning repository https://github.com/viking-sudo-rm/rusty-dawg
[INFO] running `Command { std: "git" "-c" "credential.helper=" "-c" "credential.helper=/workspace/cargo-home/bin/git-credential-null" "clone" "--bare" "https://github.com/viking-sudo-rm/rusty-dawg" "/workspace/cache/git-repos/https%3A%2F%2Fgithub.com%2Fviking-sudo-rm%2Frusty-dawg", kill_on_drop: false }`
[INFO] [stderr] Cloning into bare repository '/workspace/cache/git-repos/https%3A%2F%2Fgithub.com%2Fviking-sudo-rm%2Frusty-dawg'...
[INFO] running `Command { std: "git" "rev-parse" "HEAD", kill_on_drop: false }`
[INFO] [stdout] 6589f6e3c2be8928d23b15a43a0a15380df44350
[INFO] testing viking-sudo-rm/rusty-dawg against 1.75.0 for beta-1.76-1
[INFO] running `Command { std: "git" "clone" "/workspace/cache/git-repos/https%3A%2F%2Fgithub.com%2Fviking-sudo-rm%2Frusty-dawg" "/workspace/builds/worker-1-tc1/source", kill_on_drop: false }`
[INFO] [stderr] Cloning into '/workspace/builds/worker-1-tc1/source'...
[INFO] [stderr] done.
[INFO] validating manifest of git repo https://github.com/viking-sudo-rm/rusty-dawg on toolchain 1.75.0
[INFO] running `Command { std: CARGO_HOME="/workspace/cargo-home" RUSTUP_HOME="/workspace/rustup-home" "/workspace/cargo-home/bin/cargo" "+1.75.0" "metadata" "--manifest-path" "Cargo.toml" "--no-deps", kill_on_drop: false }`
[INFO] started tweaking git repo https://github.com/viking-sudo-rm/rusty-dawg
[INFO] finished tweaking git repo https://github.com/viking-sudo-rm/rusty-dawg
[INFO] tweaked toml for git repo https://github.com/viking-sudo-rm/rusty-dawg written to /workspace/builds/worker-1-tc1/source/Cargo.toml
[INFO] crate git repo https://github.com/viking-sudo-rm/rusty-dawg already has a lockfile, it will not be regenerated
[INFO] running `Command { std: CARGO_HOME="/workspace/cargo-home" RUSTUP_HOME="/workspace/rustup-home" "/workspace/cargo-home/bin/cargo" "+1.75.0" "fetch" "--manifest-path" "Cargo.toml", kill_on_drop: false }`
[INFO] [stderr]     Updating crates.io index
[INFO] [stderr]  Downloading crates ...
[INFO] [stderr]   Downloaded memory-stats v1.1.0
[INFO] [stderr]   Downloaded bit-struct v0.3.2
[INFO] [stderr]   Downloaded fslock v0.2.1
[INFO] [stderr]   Downloaded type-layout v0.2.0
[INFO] [stderr]   Downloaded kdam v0.3.0
[INFO] [stderr]   Downloaded type-layout-derive v0.2.0
[INFO] [stderr]   Downloaded test-temp-file v0.1.2
[INFO] running `Command { std: "docker" "create" "-v" "/var/lib/crater-agent-workspace/builds/worker-1-tc1/target:/opt/rustwide/target:rw,Z" "-v" "/var/lib/crater-agent-workspace/builds/worker-1-tc1/source:/opt/rustwide/workdir:ro,Z" "-v" "/var/lib/crater-agent-workspace/cargo-home:/opt/rustwide/cargo-home:ro,Z" "-v" "/var/lib/crater-agent-workspace/rustup-home:/opt/rustwide/rustup-home:ro,Z" "-e" "SOURCE_DIR=/opt/rustwide/workdir" "-e" "CARGO_TARGET_DIR=/opt/rustwide/target" "-e" "CARGO_HOME=/opt/rustwide/cargo-home" "-e" "RUSTUP_HOME=/opt/rustwide/rustup-home" "-w" "/opt/rustwide/workdir" "-m" "1610612736" "--user" "0:0" "--network" "none" "ghcr.io/rust-lang/crates-build-env/linux@sha256:2788e3201cd34a07e3172128adcd8b3090168a8e3bcc40d7c032b9dda1df7d1c" "/opt/rustwide/cargo-home/bin/cargo" "+1.75.0" "metadata" "--no-deps" "--format-version=1", kill_on_drop: false }`
[INFO] [stdout] 67e9b7e7e33dbee28454f681929cdaca5089cfe772756d326ca2edb14a17fe63
[INFO] running `Command { std: "docker" "start" "-a" "67e9b7e7e33dbee28454f681929cdaca5089cfe772756d326ca2edb14a17fe63", kill_on_drop: false }`
[INFO] running `Command { std: "docker" "inspect" "67e9b7e7e33dbee28454f681929cdaca5089cfe772756d326ca2edb14a17fe63", kill_on_drop: false }`
[INFO] running `Command { std: "docker" "rm" "-f" "67e9b7e7e33dbee28454f681929cdaca5089cfe772756d326ca2edb14a17fe63", kill_on_drop: false }`
[INFO] [stdout] 67e9b7e7e33dbee28454f681929cdaca5089cfe772756d326ca2edb14a17fe63
[INFO] running `Command { std: "docker" "create" "-v" "/var/lib/crater-agent-workspace/builds/worker-1-tc1/target:/opt/rustwide/target:rw,Z" "-v" "/var/lib/crater-agent-workspace/builds/worker-1-tc1/source:/opt/rustwide/workdir:ro,Z" "-v" "/var/lib/crater-agent-workspace/cargo-home:/opt/rustwide/cargo-home:ro,Z" "-v" "/var/lib/crater-agent-workspace/rustup-home:/opt/rustwide/rustup-home:ro,Z" "-e" "SOURCE_DIR=/opt/rustwide/workdir" "-e" "CARGO_TARGET_DIR=/opt/rustwide/target" "-e" "CARGO_INCREMENTAL=0" "-e" "RUST_BACKTRACE=full" "-e" "RUSTFLAGS=--cap-lints=warn" "-e" "RUSTDOCFLAGS=--cap-lints=warn" "-e" "CARGO_HOME=/opt/rustwide/cargo-home" "-e" "RUSTUP_HOME=/opt/rustwide/rustup-home" "-w" "/opt/rustwide/workdir" "-m" "1610612736" "--user" "0:0" "--network" "none" "ghcr.io/rust-lang/crates-build-env/linux@sha256:2788e3201cd34a07e3172128adcd8b3090168a8e3bcc40d7c032b9dda1df7d1c" "/opt/rustwide/cargo-home/bin/cargo" "+1.75.0" "build" "--frozen" "--message-format=json", kill_on_drop: false }`
[INFO] [stdout] 838e077f3236f63a839870a945cc8c628cfeaced0ff5c9b0777c2dcd2406e919
[INFO] running `Command { std: "docker" "start" "-a" "838e077f3236f63a839870a945cc8c628cfeaced0ff5c9b0777c2dcd2406e919", kill_on_drop: false }`
[INFO] [stderr]    Compiling libc v0.2.147
[INFO] [stderr]    Compiling autocfg v1.1.0
[INFO] [stderr]    Compiling cfg-if v1.0.0
[INFO] [stderr]    Compiling proc-macro2 v1.0.66
[INFO] [stderr]    Compiling pkg-config v0.3.27
[INFO] [stderr]    Compiling unicode-ident v1.0.11
[INFO] [stderr]    Compiling memchr v2.5.0
[INFO] [stderr]    Compiling typenum v1.16.0
[INFO] [stderr]    Compiling version_check v0.9.4
[INFO] [stderr]    Compiling fnv v1.0.7
[INFO] [stderr]    Compiling once_cell v1.18.0
[INFO] [stderr]    Compiling vcpkg v0.2.15
[INFO] [stderr]    Compiling pin-project-lite v0.2.12
[INFO] [stderr]    Compiling syn v1.0.109
[INFO] [stderr]    Compiling serde v1.0.183
[INFO] [stderr]    Compiling bitflags v1.3.2
[INFO] [stderr]    Compiling bytes v1.4.0
[INFO] [stderr]    Compiling futures-core v0.3.28
[INFO] [stderr]    Compiling serde_derive v1.0.183
[INFO] [stderr]    Compiling itoa v1.0.9
[INFO] [stderr]    Compiling subtle v2.5.0
[INFO] [stderr]    Compiling strsim v0.10.0
[INFO] [stderr]    Compiling crossbeam-utils v0.8.16
[INFO] [stderr]    Compiling futures-task v0.3.28
[INFO] [stderr]    Compiling generic-array v0.14.7
[INFO] [stderr]    Compiling tracing-core v0.1.31
[INFO] [stderr]    Compiling openssl v0.10.56
[INFO] [stderr]    Compiling slab v0.4.8
[INFO] [stderr]    Compiling num-traits v0.2.16
[INFO] [stderr]    Compiling indexmap v1.9.3
[INFO] [stderr]    Compiling memoffset v0.9.0
[INFO] [stderr]    Compiling hashbrown v0.12.3
[INFO] [stderr]    Compiling futures-util v0.3.28
[INFO] [stderr]    Compiling foreign-types-shared v0.1.1
[INFO] [stderr]    Compiling foreign-types v0.3.2
[INFO] [stderr]    Compiling quote v1.0.32
[INFO] [stderr]    Compiling tracing v0.1.37
[INFO] [stderr]    Compiling http v0.2.9
[INFO] [stderr]    Compiling crossbeam-epoch v0.9.15
[INFO] [stderr]    Compiling futures-io v0.3.28
[INFO] [stderr]    Compiling cpufeatures v0.2.9
[INFO] [stderr]    Compiling native-tls v0.2.11
[INFO] [stderr]    Compiling syn v2.0.28
[INFO] [stderr]    Compiling ppv-lite86 v0.2.17
[INFO] [stderr]    Compiling futures-channel v0.3.28
[INFO] [stderr]    Compiling futures-sink v0.3.28
[INFO] [stderr]    Compiling pin-utils v0.1.0
[INFO] [stderr]    Compiling httparse v1.8.0
[INFO] [stderr]    Compiling tinyvec_macros v0.1.1
[INFO] [stderr]    Compiling ident_case v1.0.1
[INFO] [stderr]    Compiling tinyvec v1.6.0
[INFO] [stderr]    Compiling aho-corasick v1.0.3
[INFO] [stderr]    Compiling num-integer v0.1.45
[INFO] [stderr]    Compiling crc32fast v1.3.2
[INFO] [stderr]    Compiling percent-encoding v2.3.0
[INFO] [stderr]    Compiling zstd-safe v5.0.2+zstd.1.5.2
[INFO] [stderr]    Compiling scopeguard v1.2.0
[INFO] [stderr]    Compiling regex-syntax v0.7.4
[INFO] [stderr]    Compiling try-lock v0.2.4
[INFO] [stderr]    Compiling lazy_static v1.4.0
[INFO] [stderr]    Compiling getrandom v0.1.16
[INFO] [stderr]    Compiling openssl-probe v0.1.5
[INFO] [stderr]    Compiling log v0.4.19
[INFO] [stderr]    Compiling want v0.3.1
[INFO] [stderr]    Compiling http-body v0.4.5
[INFO] [stderr]    Compiling jobserver v0.1.26
[INFO] [stderr]    Compiling num_cpus v1.16.0
[INFO] [stderr]    Compiling mio v0.8.8
[INFO] [stderr]    Compiling socket2 v0.5.3
[INFO] [stderr]    Compiling getrandom v0.2.10
[INFO] [stderr]    Compiling cc v1.0.82
[INFO] [stderr]    Compiling rand_core v0.6.4
[INFO] [stderr]    Compiling crypto-common v0.1.6
[INFO] [stderr]    Compiling block-buffer v0.10.4
[INFO] [stderr]    Compiling inout v0.1.3
[INFO] [stderr]    Compiling unicode-normalization v0.1.22
[INFO] [stderr]    Compiling socket2 v0.4.9
[INFO] [stderr]    Compiling digest v0.10.7
[INFO] [stderr]    Compiling tokio v1.30.0
[INFO] [stderr]    Compiling form_urlencoded v1.2.0
[INFO] [stderr]    Compiling base64ct v1.6.0
[INFO] [stderr]    Compiling unicode-width v0.1.10
[INFO] [stderr]    Compiling rustix v0.38.8
[INFO] [stderr]    Compiling httpdate v1.0.2
[INFO] [stderr]    Compiling openssl-src v111.27.0+1.1.1v
[INFO] [stderr]    Compiling ryu v1.0.15
[INFO] [stderr]    Compiling adler v1.0.2
[INFO] [stderr]    Compiling io-lifetimes v1.0.11
[INFO] [stderr]    Compiling tower-service v0.3.2
[INFO] [stderr]    Compiling either v1.9.0
[INFO] [stderr]    Compiling rayon-core v1.11.0
[INFO] [stderr]    Compiling unicode-bidi v0.3.13
[INFO] [stderr]    Compiling miniz_oxide v0.7.1
[INFO] [stderr]    Compiling password-hash v0.4.2
[INFO] [stderr]    Compiling console v0.15.7
[INFO] [stderr]    Compiling crossbeam-deque v0.8.3
[INFO] [stderr]    Compiling sha2 v0.10.7
[INFO] [stderr]    Compiling idna v0.4.0
[INFO] [stderr]    Compiling hmac v0.12.1
[INFO] [stderr]    Compiling cipher v0.4.4
[INFO] [stderr]    Compiling regex-automata v0.3.6
[INFO] [stderr]    Compiling crossbeam-channel v0.5.8
[INFO] [stderr]    Compiling openssl-sys v0.9.91
[INFO] [stderr]    Compiling zstd-sys v2.0.8+zstd.1.5.5
[INFO] [stderr]    Compiling bzip2-sys v0.1.11+1.0.8
[INFO] [stderr]    Compiling onig_sys v69.8.1
[INFO] [stderr]    Compiling num-bigint v0.4.3
[INFO] [stderr]    Compiling deranged v0.3.7
[INFO] [stderr]    Compiling utf8parse v0.2.1
[INFO] [stderr]    Compiling bitflags v2.3.3
[INFO] [stderr]    Compiling serde_json v1.0.107
[INFO] [stderr]    Compiling rustix v0.37.23
[INFO] [stderr]    Compiling time-core v0.1.1
[INFO] [stderr]    Compiling darling_core v0.14.4
[INFO] [stderr]    Compiling paste v1.0.14
[INFO] [stderr]    Compiling linux-raw-sys v0.4.5
[INFO] [stderr]    Compiling thiserror v1.0.44
[INFO] [stderr]    Compiling anstyle-parse v0.2.1
[INFO] [stderr]    Compiling serde_urlencoded v0.7.1
[INFO] [stderr]    Compiling flate2 v1.0.27
[INFO] [stderr]    Compiling aes v0.8.3
[INFO] [stderr]    Compiling url v2.4.0
[INFO] [stderr]    Compiling time v0.3.25
[INFO] [stderr]    Compiling rand_core v0.5.1
[INFO] [stderr]    Compiling pbkdf2 v0.11.0
[INFO] [stderr]    Compiling sha1 v0.10.5
[INFO] [stderr]    Compiling rand_chacha v0.3.1
[INFO] [stderr]    Compiling xattr v1.0.1
[INFO] [stderr]    Compiling filetime v0.2.22
[INFO] [stderr]    Compiling memoffset v0.5.6
[INFO] [stderr]    Compiling num-iter v0.1.43
[INFO] [stderr]    Compiling num-rational v0.4.1
[INFO] [stderr]    Compiling encoding_rs v0.8.32
[INFO] [stderr]    Compiling byteorder v1.4.3
[INFO] [stderr]    Compiling anstyle v1.0.1
[INFO] [stderr]    Compiling fastrand v2.0.0
[INFO] [stderr]    Compiling ipnet v2.8.0
[INFO] [stderr]    Compiling esaxx-rs v0.1.8
[INFO] [stderr]    Compiling mime v0.3.17
[INFO] [stderr]    Compiling linux-raw-sys v0.3.8
[INFO] [stderr]    Compiling radium v0.7.0
[INFO] [stderr]    Compiling base64 v0.21.2
[INFO] [stderr]    Compiling openssl-macros v0.1.1
[INFO] [stderr]    Compiling thiserror-impl v1.0.44
[INFO] [stderr]    Compiling regex v1.9.3
[INFO] [stderr]    Compiling number_prefix v0.4.0
[INFO] [stderr]    Compiling unicode-segmentation v1.10.1
[INFO] [stderr]    Compiling anstyle-query v1.0.0
[INFO] [stderr]    Compiling colorchoice v1.0.0
[INFO] [stderr]    Compiling tokio-util v0.7.8
[INFO] [stderr]    Compiling constant_time_eq v0.1.5
[INFO] [stderr]    Compiling minimal-lexical v0.2.1
[INFO] [stderr]    Compiling indicatif v0.16.2
[INFO] [stderr]    Compiling tempfile v3.7.1
[INFO] [stderr]    Compiling anstream v0.6.4
[INFO] [stderr]    Compiling nom v7.1.3
[INFO] [stderr]    Compiling monostate-impl v0.1.9
[INFO] [stderr]    Compiling h2 v0.3.20
[INFO] [stderr]    Compiling tar v0.4.40
[INFO] [stderr]    Compiling rand v0.8.5
[INFO] [stderr]    Compiling darling_macro v0.14.4
[INFO] [stderr]    Compiling rayon v1.7.0
[INFO] [stderr]    Compiling rand_chacha v0.2.2
[INFO] [stderr]    Compiling itertools v0.8.2
[INFO] [stderr]    Compiling dirs-sys v0.3.7
[INFO] [stderr]    Compiling fs2 v0.4.3
[INFO] [stderr]    Compiling darling v0.14.4
[INFO] [stderr]    Compiling substring v1.4.5
[INFO] [stderr]    Compiling derive_builder_core v0.12.0
[INFO] [stderr]    Compiling tap v1.0.1
[INFO] [stderr]    Compiling glob v0.3.1
[INFO] [stderr]    Compiling heck v0.4.1
[INFO] [stderr]    Compiling base64 v0.13.1
[INFO] [stderr]    Compiling macro_rules_attribute-proc_macro v0.1.3
[INFO] [stderr]    Compiling smallvec v1.11.0
[INFO] [stderr]    Compiling number_prefix v0.3.0
[INFO] [stderr]    Compiling anyhow v1.0.73
[INFO] [stderr]    Compiling clap_lex v0.5.0
[INFO] [stderr]    Compiling spm_precompiled v0.1.4
[INFO] [stderr]    Compiling unicode-normalization-alignments v0.1.12
[INFO] [stderr]    Compiling clap_builder v4.4.6
[INFO] [stderr]    Compiling indicatif v0.15.0
[INFO] [stderr]    Compiling clap_derive v4.4.2
[INFO] [stderr]    Compiling wyz v0.5.1
[INFO] [stderr]    Compiling macro_rules_attribute v0.1.3
[INFO] [stderr]    Compiling dirs v4.0.0
[INFO] [stderr]    Compiling terminal_size v0.2.6
[INFO] [stderr]    Compiling monostate v0.1.9
[INFO] [stderr]    Compiling rand v0.7.3
[INFO] [stderr]    Compiling type-layout-derive v0.2.0
[INFO] [stderr]    Compiling derive_builder_macro v0.12.0
[INFO] [stderr]    Compiling rayon-cond v0.1.0
[INFO] [stderr]    Compiling itertools v0.9.0
[INFO] [stderr]    Compiling num-complex v0.4.3
[INFO] [stderr]    Compiling aho-corasick v0.7.20
[INFO] [stderr]    Compiling funty v2.0.0
[INFO] [stderr]    Compiling hyper v0.14.27
[INFO] [stderr]    Compiling unicode_categories v0.1.1
[INFO] [stderr]    Compiling fixedbitset v0.4.2
[INFO] [stderr]    Compiling test-temp-file v0.1.2
[INFO] [stderr]    Compiling petgraph v0.6.3
[INFO] [stderr]    Compiling bitvec v1.0.1
[INFO] [stderr]    Compiling num v0.4.1
[INFO] [stderr]    Compiling type-layout v0.2.0
[INFO] [stderr]    Compiling kdam v0.3.0
[INFO] [stderr]    Compiling bincode v1.3.3
[INFO] [stderr]    Compiling bit-struct v0.3.2
[INFO] [stderr]    Compiling derive_builder v0.12.0
[INFO] [stderr]    Compiling memmap2 v0.9.0
[INFO] [stderr]    Compiling fslock v0.2.1
[INFO] [stderr]    Compiling memory-stats v1.1.0
[INFO] [stderr]    Compiling ux v0.1.5
[INFO] [stderr]    Compiling bzip2 v0.4.4
[INFO] [stderr]    Compiling clap v4.4.6
[INFO] [stderr]    Compiling onig v6.4.0
[INFO] [stderr]    Compiling zstd v0.11.2+zstd.1.5.2
[INFO] [stderr]    Compiling zip v0.6.6
[INFO] [stderr]    Compiling tokio-native-tls v0.3.1
[INFO] [stderr]    Compiling hyper-tls v0.5.0
[INFO] [stderr]    Compiling reqwest v0.11.18
[INFO] [stderr]    Compiling cached-path v0.6.1
[INFO] [stderr]    Compiling tokenizers v0.13.4
[INFO] [stderr]    Compiling rusty-dawg v0.1.0 (/opt/rustwide/workdir)
[INFO] [stdout] warning: cross-crate traits with a default impl, like `Send`, should not be specialized
[INFO] [stdout]    --> src/dawg/mod.rs:381:1
[INFO] [stdout]     |
[INFO] [stdout] 381 | / unsafe impl<Mb> Send for Dawg<u16, DefaultWeight, DefaultIx, Mb>
[INFO] [stdout] 382 | | where Mb: MemoryBacking<DefaultWeight, u16, DefaultIx> {}
[INFO] [stdout]     | |______________________________________________________^
[INFO] [stdout]     |
[INFO] [stdout]     = warning: this will change its meaning in a future release!
[INFO] [stdout]     = note: for more information, see issue #93367 <https://github.com/rust-lang/rust/issues/93367>
[INFO] [stdout]     = note: `u16` is not a generic parameter
[INFO] [stdout] note: try using the same sequence of generic parameters as the struct definition
[INFO] [stdout]    --> src/dawg/mod.rs:30:1
[INFO] [stdout]     |
[INFO] [stdout] 30  | pub struct Dawg<E, W, Ix = DefaultIx, Mb = RamBacking<W, E, Ix>>
[INFO] [stdout]     | ^^^^^^^^^^^^^^^^^^^^^^^^^^^^^^^^^^^^^^^^^^^^^^^^^^^^^^^^^^^^^^^^
[INFO] [stdout]     = note: `#[warn(suspicious_auto_trait_impls)]` on by default
[INFO] [stdout] 
[INFO] [stdout] 
[INFO] [stdout] warning: 1 warning emitted
[INFO] [stdout] 
[INFO] [stdout] 
[INFO] [stdout] warning: unused imports: `EdgeRef`, `NodeRef`
[INFO] [stdout]  --> src/graph/mod.rs:6:27
[INFO] [stdout]   |
[INFO] [stdout] 6 | pub use self::avl_graph::{EdgeRef, NodeRef};
[INFO] [stdout]   |                           ^^^^^^^  ^^^^^^^
[INFO] [stdout]   |
[INFO] [stdout]   = note: `#[warn(unused_imports)]` on by default
[INFO] [stdout] 
[INFO] [stdout] 
[INFO] [stdout] warning: unused import: `self::indexing::NodeIndex`
[INFO] [stdout]  --> src/graph/mod.rs:7:9
[INFO] [stdout]   |
[INFO] [stdout] 7 | pub use self::indexing::NodeIndex;
[INFO] [stdout]   |         ^^^^^^^^^^^^^^^^^^^^^^^^^
[INFO] [stdout] 
[INFO] [stdout] 
[INFO] [stdout] warning: unused import: `self::load::Load`
[INFO] [stdout]  --> src/io/mod.rs:3:9
[INFO] [stdout]   |
[INFO] [stdout] 3 | pub use self::load::Load;
[INFO] [stdout]   |         ^^^^^^^^^^^^^^^^
[INFO] [stdout] 
[INFO] [stdout] 
[INFO] [stdout] warning: unused imports: `Weight40`, `WeightMinimal`
[INFO] [stdout]   --> src/weight/mod.rs:46:26
[INFO] [stdout]    |
[INFO] [stdout] 46 | pub use self::weight40::{Weight40, WeightMinimal};
[INFO] [stdout]    |                          ^^^^^^^^  ^^^^^^^^^^^^^
[INFO] [stdout] 
[INFO] [stdout] 
[INFO] [stdout] warning: cross-crate traits with a default impl, like `Send`, should not be specialized
[INFO] [stdout]    --> src/dawg/mod.rs:381:1
[INFO] [stdout]     |
[INFO] [stdout] 381 | / unsafe impl<Mb> Send for Dawg<u16, DefaultWeight, DefaultIx, Mb>
[INFO] [stdout] 382 | | where Mb: MemoryBacking<DefaultWeight, u16, DefaultIx> {}
[INFO] [stdout]     | |______________________________________________________^
[INFO] [stdout]     |
[INFO] [stdout]     = warning: this will change its meaning in a future release!
[INFO] [stdout]     = note: for more information, see issue #93367 <https://github.com/rust-lang/rust/issues/93367>
[INFO] [stdout]     = note: `u16` is not a generic parameter
[INFO] [stdout] note: try using the same sequence of generic parameters as the struct definition
[INFO] [stdout]    --> src/dawg/mod.rs:30:1
[INFO] [stdout]     |
[INFO] [stdout] 30  | pub struct Dawg<E, W, Ix = DefaultIx, Mb = RamBacking<W, E, Ix>>
[INFO] [stdout]     | ^^^^^^^^^^^^^^^^^^^^^^^^^^^^^^^^^^^^^^^^^^^^^^^^^^^^^^^^^^^^^^^^
[INFO] [stdout]     = note: `#[warn(suspicious_auto_trait_impls)]` on by default
[INFO] [stdout] 
[INFO] [stdout] 
[INFO] [stdout] warning: methods `build`, `recompute_lengths`, `get_length`, and `get_max_factor_length` are never used
[INFO] [stdout]    --> src/dawg/mod.rs:111:12
[INFO] [stdout]     |
[INFO] [stdout] 76  | / impl<E, W, Mb> Dawg<E, W, DefaultIx, Mb>
[INFO] [stdout] 77  | | where
[INFO] [stdout] 78  | |     E: Eq + Ord + Serialize + for<'de> Deserialize<'de> + Copy + Debug,
[INFO] [stdout] 79  | |     W: Weight + Serialize + for<'de> Deserialize<'de> + Clone,
[INFO] [stdout] 80  | |     Mb: MemoryBacking<W, E, DefaultIx>,
[INFO] [stdout] 81  | |     Mb::EdgeRef: Copy,
[INFO] [stdout]     | |______________________- methods in this implementation
[INFO] [stdout] ...
[INFO] [stdout] 111 |       pub fn build(&mut self, text: &[E]) {
[INFO] [stdout]     |              ^^^^^
[INFO] [stdout] ...
[INFO] [stdout] 243 |       pub fn recompute_lengths(&mut self) {
[INFO] [stdout]     |              ^^^^^^^^^^^^^^^^^
[INFO] [stdout] ...
[INFO] [stdout] 269 |       pub fn get_length(&self, mut state: NodeIndex) -> u64 {
[INFO] [stdout]     |              ^^^^^^^^^^
[INFO] [stdout] ...
[INFO] [stdout] 333 |       pub fn get_max_factor_length(&self, query: Vec<E>) -> u64 {
[INFO] [stdout]     |              ^^^^^^^^^^^^^^^^^^^^^
[INFO] [stdout]     |
[INFO] [stdout]     = note: `#[warn(dead_code)]` on by default
[INFO] [stdout] 
[INFO] [stdout] 
[INFO] [stdout] warning: method `get` is never used
[INFO] [stdout]   --> src/evaluator.rs:34:12
[INFO] [stdout]    |
[INFO] [stdout] 30 | / impl<E> Evaluator<'_, E>
[INFO] [stdout] 31 | | where
[INFO] [stdout] 32 | |     E: Eq + Ord + serde::Serialize + Copy + Debug,
[INFO] [stdout]    | |__________________________________________________- method in this implementation
[INFO] [stdout] 33 |   {
[INFO] [stdout] 34 |       pub fn get(&self, key: &str) -> &Vec<f64> {
[INFO] [stdout]    |              ^^^
[INFO] [stdout] 
[INFO] [stdout] 
[INFO] [stdout] warning: associated function `new` is never used
[INFO] [stdout]   --> src/graph/avl_graph/mod.rs:52:12
[INFO] [stdout]    |
[INFO] [stdout] 46 | / impl<N, E, Ix> AvlGraph<N, E, Ix>
[INFO] [stdout] 47 | | where
[INFO] [stdout] 48 | |     E: Eq + Ord + Copy + Debug,
[INFO] [stdout] 49 | |     Ix: IndexType,
[INFO] [stdout] 50 | |     N: Weight + Clone,
[INFO] [stdout]    | |______________________- associated function in this implementation
[INFO] [stdout] 51 |   {
[INFO] [stdout] 52 |       pub fn new() -> Self {
[INFO] [stdout]    |              ^^^
[INFO] [stdout] 
[INFO] [stdout] 
[INFO] [stdout] warning: methods `add_edge` and `edges` are never used
[INFO] [stdout]    --> src/graph/avl_graph/mod.rs:206:12
[INFO] [stdout]     |
[INFO] [stdout] 104 | / impl<N, E, Ix, Mb> AvlGraph<N, E, Ix, Mb>
[INFO] [stdout] 105 | | where
[INFO] [stdout] 106 | |     Mb: MemoryBacking<N, E, Ix>,
[INFO] [stdout] 107 | |     E: Eq + Ord + Copy + Debug,
[INFO] [stdout] 108 | |     N: Weight,
[INFO] [stdout] 109 | |     Ix: IndexType,
[INFO] [stdout]     | |__________________- methods in this implementation
[INFO] [stdout] ...
[INFO] [stdout] 206 |       pub fn add_edge(
[INFO] [stdout]     |              ^^^^^^^^
[INFO] [stdout] ...
[INFO] [stdout] 476 |       pub fn edges(&self, edges: NodeIndex<Ix>) -> Edges<N, E, Ix, Mb> {
[INFO] [stdout]     |              ^^^^^
[INFO] [stdout] 
[INFO] [stdout] 
[INFO] [stdout] warning: associated items `from_vec`, `make_read_only`, and `is_empty` are never used
[INFO] [stdout]    --> src/graph/memory_backing/disk_backing/disk_vec.rs:75:12
[INFO] [stdout]     |
[INFO] [stdout] 29  | / impl<T> DiskVec<T>
[INFO] [stdout] 30  | | where
[INFO] [stdout] 31  | |     T: Serialize + DeserializeOwned + Default,
[INFO] [stdout]     | |______________________________________________- associated items in this implementation
[INFO] [stdout] ...
[INFO] [stdout] 75  |       pub fn from_vec<P: AsRef<Path> + std::fmt::Debug>(vec: Vec<T>, path: P) -> Result<Self> {
[INFO] [stdout]     |              ^^^^^^^^
[INFO] [stdout] ...
[INFO] [stdout] 85  |       pub fn make_read_only(mut self) -> Result<Self> {
[INFO] [stdout]     |              ^^^^^^^^^^^^^^
[INFO] [stdout] ...
[INFO] [stdout] 150 |       pub fn is_empty(&self) -> bool {
[INFO] [stdout]     |              ^^^^^^^^
[INFO] [stdout] 
[INFO] [stdout] 
[INFO] [stdout] warning: methods `token` and `eos` are never used
[INFO] [stdout]   --> src/tokenize/token_index.rs:49:12
[INFO] [stdout]    |
[INFO] [stdout] 29 | / impl<E> TokenIndex<E>
[INFO] [stdout] 30 | | where
[INFO] [stdout] 31 | |     E: Eq + serde::Serialize + Copy + Debug + TryInto<usize> + TryFrom<usize>,
[INFO] [stdout] 32 | |     usize: TryFrom<E>,
[INFO] [stdout]    | |______________________- methods in this implementation
[INFO] [stdout] ...
[INFO] [stdout] 49 |       pub fn token(&self, index: E) -> &str {
[INFO] [stdout]    |              ^^^^^
[INFO] [stdout] ...
[INFO] [stdout] 57 |       pub fn eos(&self) -> E {
[INFO] [stdout]    |              ^^^
[INFO] [stdout] 
[INFO] [stdout] 
[INFO] [stdout] warning: 11 warnings emitted
[INFO] [stdout] 
[INFO] [stdout] 
[INFO] [stderr]     Finished dev [unoptimized + debuginfo] target(s) in 44.35s
[INFO] running `Command { std: "docker" "inspect" "838e077f3236f63a839870a945cc8c628cfeaced0ff5c9b0777c2dcd2406e919", kill_on_drop: false }`
[INFO] running `Command { std: "docker" "rm" "-f" "838e077f3236f63a839870a945cc8c628cfeaced0ff5c9b0777c2dcd2406e919", kill_on_drop: false }`
[INFO] [stdout] 838e077f3236f63a839870a945cc8c628cfeaced0ff5c9b0777c2dcd2406e919
[INFO] running `Command { std: "docker" "create" "-v" "/var/lib/crater-agent-workspace/builds/worker-1-tc1/target:/opt/rustwide/target:rw,Z" "-v" "/var/lib/crater-agent-workspace/builds/worker-1-tc1/source:/opt/rustwide/workdir:ro,Z" "-v" "/var/lib/crater-agent-workspace/cargo-home:/opt/rustwide/cargo-home:ro,Z" "-v" "/var/lib/crater-agent-workspace/rustup-home:/opt/rustwide/rustup-home:ro,Z" "-e" "SOURCE_DIR=/opt/rustwide/workdir" "-e" "CARGO_TARGET_DIR=/opt/rustwide/target" "-e" "CARGO_INCREMENTAL=0" "-e" "RUST_BACKTRACE=full" "-e" "RUSTFLAGS=--cap-lints=warn" "-e" "RUSTDOCFLAGS=--cap-lints=warn" "-e" "CARGO_HOME=/opt/rustwide/cargo-home" "-e" "RUSTUP_HOME=/opt/rustwide/rustup-home" "-w" "/opt/rustwide/workdir" "-m" "1610612736" "--user" "0:0" "--network" "none" "ghcr.io/rust-lang/crates-build-env/linux@sha256:2788e3201cd34a07e3172128adcd8b3090168a8e3bcc40d7c032b9dda1df7d1c" "/opt/rustwide/cargo-home/bin/cargo" "+1.75.0" "test" "--frozen" "--no-run" "--message-format=json", kill_on_drop: false }`
[INFO] [stdout] 8fb4dc08fa93afa6251a5c993f6d2a73e865decdda2bf2462bb7c2e4d9d8fb19
[INFO] running `Command { std: "docker" "start" "-a" "8fb4dc08fa93afa6251a5c993f6d2a73e865decdda2bf2462bb7c2e4d9d8fb19", kill_on_drop: false }`
[INFO] [stdout] warning: cross-crate traits with a default impl, like `Send`, should not be specialized
[INFO] [stdout]    --> src/dawg/mod.rs:381:1
[INFO] [stdout]     |
[INFO] [stdout] 381 | / unsafe impl<Mb> Send for Dawg<u16, DefaultWeight, DefaultIx, Mb>
[INFO] [stdout] 382 | | where Mb: MemoryBacking<DefaultWeight, u16, DefaultIx> {}
[INFO] [stdout]     | |______________________________________________________^
[INFO] [stdout]     |
[INFO] [stdout]     = warning: this will change its meaning in a future release!
[INFO] [stdout]     = note: for more information, see issue #93367 <https://github.com/rust-lang/rust/issues/93367>
[INFO] [stdout]     = note: `u16` is not a generic parameter
[INFO] [stdout] note: try using the same sequence of generic parameters as the struct definition
[INFO] [stdout]    --> src/dawg/mod.rs:30:1
[INFO] [stdout]     |
[INFO] [stdout] 30  | pub struct Dawg<E, W, Ix = DefaultIx, Mb = RamBacking<W, E, Ix>>
[INFO] [stdout]     | ^^^^^^^^^^^^^^^^^^^^^^^^^^^^^^^^^^^^^^^^^^^^^^^^^^^^^^^^^^^^^^^^
[INFO] [stdout]     = note: `#[warn(suspicious_auto_trait_impls)]` on by default
[INFO] [stdout] 
[INFO] [stdout] 
[INFO] [stderr]    Compiling rusty-dawg v0.1.0 (/opt/rustwide/workdir)
[INFO] [stdout] warning: 1 warning emitted
[INFO] [stdout] 
[INFO] [stdout] 
[INFO] [stdout] warning: unused imports: `EdgeRef`, `NodeRef`
[INFO] [stdout]  --> src/graph/mod.rs:6:27
[INFO] [stdout]   |
[INFO] [stdout] 6 | pub use self::avl_graph::{EdgeRef, NodeRef};
[INFO] [stdout]   |                           ^^^^^^^  ^^^^^^^
[INFO] [stdout]   |
[INFO] [stdout]   = note: `#[warn(unused_imports)]` on by default
[INFO] [stdout] 
[INFO] [stdout] 
[INFO] [stdout] warning: unused import: `self::indexing::NodeIndex`
[INFO] [stdout]  --> src/graph/mod.rs:7:9
[INFO] [stdout]   |
[INFO] [stdout] 7 | pub use self::indexing::NodeIndex;
[INFO] [stdout]   |         ^^^^^^^^^^^^^^^^^^^^^^^^^
[INFO] [stdout] 
[INFO] [stdout] 
[INFO] [stdout] warning: unused import: `self::load::Load`
[INFO] [stdout]  --> src/io/mod.rs:3:9
[INFO] [stdout]   |
[INFO] [stdout] 3 | pub use self::load::Load;
[INFO] [stdout]   |         ^^^^^^^^^^^^^^^^
[INFO] [stdout] 
[INFO] [stdout] 
[INFO] [stdout] warning: cross-crate traits with a default impl, like `Send`, should not be specialized
[INFO] [stdout]    --> src/dawg/mod.rs:381:1
[INFO] [stdout]     |
[INFO] [stdout] 381 | / unsafe impl<Mb> Send for Dawg<u16, DefaultWeight, DefaultIx, Mb>
[INFO] [stdout] 382 | | where Mb: MemoryBacking<DefaultWeight, u16, DefaultIx> {}
[INFO] [stdout]     | |______________________________________________________^
[INFO] [stdout]     |
[INFO] [stdout]     = warning: this will change its meaning in a future release!
[INFO] [stdout]     = note: for more information, see issue #93367 <https://github.com/rust-lang/rust/issues/93367>
[INFO] [stdout]     = note: `u16` is not a generic parameter
[INFO] [stdout] note: try using the same sequence of generic parameters as the struct definition
[INFO] [stdout]    --> src/dawg/mod.rs:30:1
[INFO] [stdout]     |
[INFO] [stdout] 30  | pub struct Dawg<E, W, Ix = DefaultIx, Mb = RamBacking<W, E, Ix>>
[INFO] [stdout]     | ^^^^^^^^^^^^^^^^^^^^^^^^^^^^^^^^^^^^^^^^^^^^^^^^^^^^^^^^^^^^^^^^
[INFO] [stdout]     = note: `#[warn(suspicious_auto_trait_impls)]` on by default
[INFO] [stdout] 
[INFO] [stdout] 
[INFO] [stdout] warning: cross-crate traits with a default impl, like `Send`, should not be specialized
[INFO] [stdout]    --> src/dawg/mod.rs:381:1
[INFO] [stdout]     |
[INFO] [stdout] 381 | / unsafe impl<Mb> Send for Dawg<u16, DefaultWeight, DefaultIx, Mb>
[INFO] [stdout] 382 | | where Mb: MemoryBacking<DefaultWeight, u16, DefaultIx> {}
[INFO] [stdout]     | |______________________________________________________^
[INFO] [stdout]     |
[INFO] [stdout]     = warning: this will change its meaning in a future release!
[INFO] [stdout]     = note: for more information, see issue #93367 <https://github.com/rust-lang/rust/issues/93367>
[INFO] [stdout]     = note: `u16` is not a generic parameter
[INFO] [stdout] note: try using the same sequence of generic parameters as the struct definition
[INFO] [stdout]    --> src/dawg/mod.rs:30:1
[INFO] [stdout]     |
[INFO] [stdout] 30  | pub struct Dawg<E, W, Ix = DefaultIx, Mb = RamBacking<W, E, Ix>>
[INFO] [stdout]     | ^^^^^^^^^^^^^^^^^^^^^^^^^^^^^^^^^^^^^^^^^^^^^^^^^^^^^^^^^^^^^^^^
[INFO] [stdout]     = note: `#[warn(suspicious_auto_trait_impls)]` on by default
[INFO] [stdout] 
[INFO] [stdout] 
[INFO] [stdout] warning: method `is_empty` is never used
[INFO] [stdout]    --> src/graph/memory_backing/disk_backing/disk_vec.rs:150:12
[INFO] [stdout]     |
[INFO] [stdout] 29  | / impl<T> DiskVec<T>
[INFO] [stdout] 30  | | where
[INFO] [stdout] 31  | |     T: Serialize + DeserializeOwned + Default,
[INFO] [stdout]     | |______________________________________________- method in this implementation
[INFO] [stdout] ...
[INFO] [stdout] 150 |       pub fn is_empty(&self) -> bool {
[INFO] [stdout]     |              ^^^^^^^^
[INFO] [stdout]     |
[INFO] [stdout]     = note: `#[warn(dead_code)]` on by default
[INFO] [stdout] 
[INFO] [stdout] 
[INFO] [stdout] warning: method `eos` is never used
[INFO] [stdout]   --> src/tokenize/token_index.rs:57:12
[INFO] [stdout]    |
[INFO] [stdout] 29 | / impl<E> TokenIndex<E>
[INFO] [stdout] 30 | | where
[INFO] [stdout] 31 | |     E: Eq + serde::Serialize + Copy + Debug + TryInto<usize> + TryFrom<usize>,
[INFO] [stdout] 32 | |     usize: TryFrom<E>,
[INFO] [stdout]    | |______________________- method in this implementation
[INFO] [stdout] ...
[INFO] [stdout] 57 |       pub fn eos(&self) -> E {
[INFO] [stdout]    |              ^^^
[INFO] [stdout] 
[INFO] [stdout] 
[INFO] [stdout] warning: 1 warning emitted
[INFO] [stdout] 
[INFO] [stdout] 
[INFO] [stdout] warning: 6 warnings emitted
[INFO] [stdout] 
[INFO] [stdout] 
[INFO] [stderr]     Finished test [unoptimized + debuginfo] target(s) in 8.07s
[INFO] running `Command { std: "docker" "inspect" "8fb4dc08fa93afa6251a5c993f6d2a73e865decdda2bf2462bb7c2e4d9d8fb19", kill_on_drop: false }`
[INFO] running `Command { std: "docker" "rm" "-f" "8fb4dc08fa93afa6251a5c993f6d2a73e865decdda2bf2462bb7c2e4d9d8fb19", kill_on_drop: false }`
[INFO] [stdout] 8fb4dc08fa93afa6251a5c993f6d2a73e865decdda2bf2462bb7c2e4d9d8fb19
[INFO] running `Command { std: "docker" "create" "-v" "/var/lib/crater-agent-workspace/builds/worker-1-tc1/target:/opt/rustwide/target:rw,Z" "-v" "/var/lib/crater-agent-workspace/builds/worker-1-tc1/source:/opt/rustwide/workdir:ro,Z" "-v" "/var/lib/crater-agent-workspace/cargo-home:/opt/rustwide/cargo-home:ro,Z" "-v" "/var/lib/crater-agent-workspace/rustup-home:/opt/rustwide/rustup-home:ro,Z" "-e" "SOURCE_DIR=/opt/rustwide/workdir" "-e" "CARGO_TARGET_DIR=/opt/rustwide/target" "-e" "CARGO_INCREMENTAL=0" "-e" "RUST_BACKTRACE=full" "-e" "RUSTFLAGS=--cap-lints=warn" "-e" "RUSTDOCFLAGS=--cap-lints=warn" "-e" "CARGO_HOME=/opt/rustwide/cargo-home" "-e" "RUSTUP_HOME=/opt/rustwide/rustup-home" "-w" "/opt/rustwide/workdir" "-m" "1610612736" "--user" "0:0" "--network" "none" "ghcr.io/rust-lang/crates-build-env/linux@sha256:2788e3201cd34a07e3172128adcd8b3090168a8e3bcc40d7c032b9dda1df7d1c" "/opt/rustwide/cargo-home/bin/cargo" "+1.75.0" "test" "--frozen", kill_on_drop: false }`
[INFO] [stdout] c36844d72a705f2a59662175f06d240b87afbdb948a43eed97048ef8dcd5fc9d
[INFO] running `Command { std: "docker" "start" "-a" "c36844d72a705f2a59662175f06d240b87afbdb948a43eed97048ef8dcd5fc9d", kill_on_drop: false }`
[INFO] [stderr] warning: cross-crate traits with a default impl, like `Send`, should not be specialized
[INFO] [stderr]    --> src/dawg/mod.rs:381:1
[INFO] [stderr]     |
[INFO] [stderr] 381 | / unsafe impl<Mb> Send for Dawg<u16, DefaultWeight, DefaultIx, Mb>
[INFO] [stderr] 382 | | where Mb: MemoryBacking<DefaultWeight, u16, DefaultIx> {}
[INFO] [stderr]     | |______________________________________________________^
[INFO] [stderr]     |
[INFO] [stderr]     = warning: this will change its meaning in a future release!
[INFO] [stderr]     = note: for more information, see issue #93367 <https://github.com/rust-lang/rust/issues/93367>
[INFO] [stderr]     = note: `u16` is not a generic parameter
[INFO] [stderr] note: try using the same sequence of generic parameters as the struct definition
[INFO] [stderr]    --> src/dawg/mod.rs:30:1
[INFO] [stderr]     |
[INFO] [stderr] 30  | pub struct Dawg<E, W, Ix = DefaultIx, Mb = RamBacking<W, E, Ix>>
[INFO] [stderr]     | ^^^^^^^^^^^^^^^^^^^^^^^^^^^^^^^^^^^^^^^^^^^^^^^^^^^^^^^^^^^^^^^^
[INFO] [stderr]     = note: `#[warn(suspicious_auto_trait_impls)]` on by default
[INFO] [stderr] 
[INFO] [stderr] warning: `rusty-dawg` (lib) generated 1 warning
[INFO] [stderr] warning: `rusty-dawg` (lib test) generated 1 warning (1 duplicate)
[INFO] [stderr] warning: unused imports: `EdgeRef`, `NodeRef`
[INFO] [stderr]  --> src/graph/mod.rs:6:27
[INFO] [stderr]   |
[INFO] [stderr] 6 | pub use self::avl_graph::{EdgeRef, NodeRef};
[INFO] [stderr]   |                           ^^^^^^^  ^^^^^^^
[INFO] [stderr]   |
[INFO] [stderr]   = note: `#[warn(unused_imports)]` on by default
[INFO] [stderr] 
[INFO] [stderr] warning: unused import: `self::indexing::NodeIndex`
[INFO] [stderr]  --> src/graph/mod.rs:7:9
[INFO] [stderr]   |
[INFO] [stderr] 7 | pub use self::indexing::NodeIndex;
[INFO] [stderr]   |         ^^^^^^^^^^^^^^^^^^^^^^^^^
[INFO] [stderr] 
[INFO] [stderr] warning: unused import: `self::load::Load`
[INFO] [stderr]  --> src/io/mod.rs:3:9
[INFO] [stderr]   |
[INFO] [stderr] 3 | pub use self::load::Load;
[INFO] [stderr]   |         ^^^^^^^^^^^^^^^^
[INFO] [stderr] 
[INFO] [stderr] warning: method `is_empty` is never used
[INFO] [stderr]    --> src/graph/memory_backing/disk_backing/disk_vec.rs:150:12
[INFO] [stderr]     |
[INFO] [stderr] 29  | / impl<T> DiskVec<T>
[INFO] [stderr] 30  | | where
[INFO] [stderr] 31  | |     T: Serialize + DeserializeOwned + Default,
[INFO] [stderr]     | |______________________________________________- method in this implementation
[INFO] [stderr] ...
[INFO] [stderr] 150 |       pub fn is_empty(&self) -> bool {
[INFO] [stderr]     |              ^^^^^^^^
[INFO] [stderr]     |
[INFO] [stderr]     = note: `#[warn(dead_code)]` on by default
[INFO] [stderr] 
[INFO] [stderr] warning: method `eos` is never used
[INFO] [stderr]   --> src/tokenize/token_index.rs:57:12
[INFO] [stderr]    |
[INFO] [stderr] 29 | / impl<E> TokenIndex<E>
[INFO] [stderr] 30 | | where
[INFO] [stderr] 31 | |     E: Eq + serde::Serialize + Copy + Debug + TryInto<usize> + TryFrom<usize>,
[INFO] [stderr] 32 | |     usize: TryFrom<E>,
[INFO] [stderr]    | |______________________- method in this implementation
[INFO] [stderr] ...
[INFO] [stderr] 57 |       pub fn eos(&self) -> E {
[INFO] [stderr]    |              ^^^
[INFO] [stderr] 
[INFO] [stderr] warning: `rusty-dawg` (bin "rusty-dawg" test) generated 6 warnings (1 duplicate) (run `cargo fix --bin "rusty-dawg" --tests` to apply 3 suggestions)
[INFO] [stderr]     Finished test [unoptimized + debuginfo] target(s) in 0.34s
[INFO] [stderr]      Running unittests src/lib.rs (/opt/rustwide/target/debug/deps/rusty_dawg-3e6093e39c4904a6)
[INFO] [stdout] 
[INFO] [stdout] running 40 tests
[INFO] [stdout] test dawg::tests::test_build_abb ... ok
[INFO] [stdout] test dawg::tests::test_build_bab ... ok
[INFO] [stdout] test dawg::tests::test_multiple_docs ... ok
[INFO] [stdout] test dawg::tests::test_get_length ... ok
[INFO] [stdout] test dawg::tests::test_build_abcab ... ok
[INFO] [stdout] test graph::avl_graph::node::tests::test_serialize_deserialize_node ... ok
[INFO] [stdout] test graph::avl_graph::node::tests::test_serialize_deserialize_node_with_fixint ... ok
[INFO] [stdout] test dawg::tests::test_serialize_deserialize_to_string ... ok
[INFO] [stdout] test graph::avl_graph::tests::test_add_edge ... ok
[INFO] [stdout] test graph::avl_graph::tests::test_add_edge_ba ... ok
[INFO] [stdout] test graph::avl_graph::tests::test_add_balanced_edge_left_branching ... ok
[INFO] [stdout] test graph::avl_graph::tests::test_add_balanced_edge ... ok
[INFO] [stdout] test graph::avl_graph::tests::test_create_graph ... ok
[INFO] [stdout] test dawg::tests::test_serialize_deserialize_to_file ... ok
[INFO] [stdout] test graph::avl_graph::tests::test_reroute_edge ... ok
[INFO] [stdout] test graph::avl_graph::tests::test_node_index_mut ... ok
[INFO] [stdout] test graph::avl_graph::tests::test_edges_iterator ... ok
[INFO] [stdout] test graph::avl_graph::tests::test_rotate_from_left ... ok
[INFO] [stdout] test dawg::tests::test_build_abb_on_disk ... ok
[INFO] [stdout] test graph::avl_graph::tests::test_tree_construction ... ok
[INFO] [stdout] test graph::avl_graph::tests::test_rotate_from_right ... ok
[INFO] [stdout] test stat_utils::tests::test_get_entropy ... ok
[INFO] [stdout] test graph::memory_backing::ram_backing::vec::tests::test_index ... ok
[INFO] [stdout] test graph::avl_graph::tests::test_clone_edges ... ok
[INFO] [stdout] test evaluator::tests::test_timeseries_short ... ok
[INFO] [stdout] test evaluator::tests::test_timeseries_repeated ... ok
[INFO] [stdout] test graph::memory_backing::disk_backing::disk_vec::tests::test_disk_vec_push_set_get ... ok
[INFO] [stdout] test graph::memory_backing::disk_backing::disk_vec::tests::test_node_disk_vec_push_set_get ... ok
[INFO] [stdout] test tokenize::token_index::tests::test_build_tokenizer ... ok
[INFO] [stdout] test tokenize::token_index::tests::test_tokenize_fn ... ok
[INFO] [stdout] test weight::weight40::tests::test_length_weight40 ... ok
[INFO] [stdout] test weight::weight40::tests::test_length_overflow_weight40 ... ok
[INFO] [stdout] test tokenize::null_token_index::tests::test_build_tokenizer ... ok
[INFO] [stdout] test tokenize::token_index::tests::test_add ... ok
[INFO] [stdout] test graph::memory_backing::ram_backing::vec::tests::test_index_mut ... ok
[INFO] [stdout] test graph::memory_backing::disk_backing::vec::tests::test_diskvec_as_veclike ... ok
[INFO] [stdout] test graph::memory_backing::disk_backing::disk_vec::tests::test_from_vec ... ok
[INFO] [stdout] test dawg::tests::test_build_brown_max_length ... ok
[INFO] [stdout] test dawg::tests::test_build_brown_ram_disk ... ok
[INFO] [stdout] test tokenize::pretrain_tokenizer::tests::test_gpt2_tokenizer ... FAILED
[INFO] [stdout] 
[INFO] [stdout] failures:
[INFO] [stdout] 
[INFO] [stdout] ---- tokenize::pretrain_tokenizer::tests::test_gpt2_tokenizer stdout ----
[INFO] [stdout] thread 'tokenize::pretrain_tokenizer::tests::test_gpt2_tokenizer' panicked at src/tokenize/pretrain_tokenizer.rs:31:14:
[INFO] [stdout] called `Result::unwrap()` on an `Err` value: Failed to load pretrained tokenizer gpt2 - Model "gpt2" on the Hub doesn't have a tokenizer
[INFO] [stdout] stack backtrace:
[INFO] [stdout]    0:     0x55afad3beb4c - std::backtrace_rs::backtrace::libunwind::trace::ha637c64ce894333a
[INFO] [stdout]                                at /rustc/82e1608dfa6e0b5569232559e3d385fea5a93112/library/std/src/../../backtrace/src/backtrace/libunwind.rs:104:5
[INFO] [stdout]    1:     0x55afad3beb4c - std::backtrace_rs::backtrace::trace_unsynchronized::h47f62dea28e0c88d
[INFO] [stdout]                                at /rustc/82e1608dfa6e0b5569232559e3d385fea5a93112/library/std/src/../../backtrace/src/backtrace/mod.rs:66:5
[INFO] [stdout]    2:     0x55afad3beb4c - std::sys_common::backtrace::_print_fmt::h9eef0abe20ede486
[INFO] [stdout]                                at /rustc/82e1608dfa6e0b5569232559e3d385fea5a93112/library/std/src/sys_common/backtrace.rs:67:5
[INFO] [stdout]    3:     0x55afad3beb4c - <std::sys_common::backtrace::_print::DisplayBacktrace as core::fmt::Display>::fmt::hed7f999df88cc644
[INFO] [stdout]                                at /rustc/82e1608dfa6e0b5569232559e3d385fea5a93112/library/std/src/sys_common/backtrace.rs:44:22
[INFO] [stdout]    4:     0x55afad3ed980 - core::fmt::rt::Argument::fmt::h1539a9308b8d058d
[INFO] [stdout]                                at /rustc/82e1608dfa6e0b5569232559e3d385fea5a93112/library/core/src/fmt/rt.rs:142:9
[INFO] [stdout]    5:     0x55afad3ed980 - core::fmt::write::h3a39390d8560d9c9
[INFO] [stdout]                                at /rustc/82e1608dfa6e0b5569232559e3d385fea5a93112/library/core/src/fmt/mod.rs:1120:17
[INFO] [stdout]    6:     0x55afad3bb68f - std::io::Write::write_fmt::h040b369f3a0f9cbc
[INFO] [stdout]                                at /rustc/82e1608dfa6e0b5569232559e3d385fea5a93112/library/std/src/io/mod.rs:1762:15
[INFO] [stdout]    7:     0x55afad3be934 - std::sys_common::backtrace::_print::h894006fb5c6f3d45
[INFO] [stdout]                                at /rustc/82e1608dfa6e0b5569232559e3d385fea5a93112/library/std/src/sys_common/backtrace.rs:47:5
[INFO] [stdout]    8:     0x55afad3be934 - std::sys_common::backtrace::print::h23a2d212c6fff936
[INFO] [stdout]                                at /rustc/82e1608dfa6e0b5569232559e3d385fea5a93112/library/std/src/sys_common/backtrace.rs:34:9
[INFO] [stdout]    9:     0x55afad3c05f7 - std::panicking::default_hook::{{closure}}::h8a1d2ee00185001a
[INFO] [stdout]   10:     0x55afad3c02e3 - std::panicking::default_hook::h6038f2eba384e475
[INFO] [stdout]                                at /rustc/82e1608dfa6e0b5569232559e3d385fea5a93112/library/std/src/panicking.rs:289:9
[INFO] [stdout]   11:     0x55afac6827f7 - <alloc::boxed::Box<F,A> as core::ops::function::Fn<Args>>::call::h0ad024c9bdc6d768
[INFO] [stdout]                                at /rustc/82e1608dfa6e0b5569232559e3d385fea5a93112/library/alloc/src/boxed.rs:2021:9
[INFO] [stdout]   12:     0x55afac6827f7 - test::test_main::{{closure}}::h7500b54257359db6
[INFO] [stdout]                                at /rustc/82e1608dfa6e0b5569232559e3d385fea5a93112/library/test/src/lib.rs:138:21
[INFO] [stdout]   13:     0x55afad3c0c08 - <alloc::boxed::Box<F,A> as core::ops::function::Fn<Args>>::call::h1f8f335eaa9cfaee
[INFO] [stdout]                                at /rustc/82e1608dfa6e0b5569232559e3d385fea5a93112/library/alloc/src/boxed.rs:2021:9
[INFO] [stdout]   14:     0x55afad3c0c08 - std::panicking::rust_panic_with_hook::h2b5517d590cab22e
[INFO] [stdout]                                at /rustc/82e1608dfa6e0b5569232559e3d385fea5a93112/library/std/src/panicking.rs:783:13
[INFO] [stdout]   15:     0x55afad3c095e - std::panicking::begin_panic_handler::{{closure}}::h233112c06e0ef43e
[INFO] [stdout]                                at /rustc/82e1608dfa6e0b5569232559e3d385fea5a93112/library/std/src/panicking.rs:657:13
[INFO] [stdout]   16:     0x55afad3bf016 - std::sys_common::backtrace::__rust_end_short_backtrace::h6e893f24d7ebbff8
[INFO] [stdout]                                at /rustc/82e1608dfa6e0b5569232559e3d385fea5a93112/library/std/src/sys_common/backtrace.rs:170:18
[INFO] [stdout]   17:     0x55afad3c06c2 - rust_begin_unwind
[INFO] [stdout]                                at /rustc/82e1608dfa6e0b5569232559e3d385fea5a93112/library/std/src/panicking.rs:645:5
[INFO] [stdout]   18:     0x55afac5bc115 - core::panicking::panic_fmt::hbf0e066aabfa482c
[INFO] [stdout]                                at /rustc/82e1608dfa6e0b5569232559e3d385fea5a93112/library/core/src/panicking.rs:72:14
[INFO] [stdout]   19:     0x55afac5bc743 - core::result::unwrap_failed::hddb4fea594200c52
[INFO] [stdout]                                at /rustc/82e1608dfa6e0b5569232559e3d385fea5a93112/library/core/src/result.rs:1653:5
[INFO] [stdout]   20:     0x55afac5e9ddd - core::result::Result<T,E>::unwrap::hf50b689bb26c7fff
[INFO] [stdout]                                at /rustc/82e1608dfa6e0b5569232559e3d385fea5a93112/library/core/src/result.rs:1077:23
[INFO] [stdout]   21:     0x55afac62c937 - rusty_dawg::tokenize::pretrain_tokenizer::PretrainedTokenizer::new::h8808c192d9872181
[INFO] [stdout]                                at /opt/rustwide/workdir/src/tokenize/pretrain_tokenizer.rs:29:25
[INFO] [stdout]   22:     0x55afac5f5f2d - rusty_dawg::tokenize::pretrain_tokenizer::tests::test_gpt2_tokenizer::h74e6d36a5d4b8b71
[INFO] [stdout]                                at /opt/rustwide/workdir/src/tokenize/pretrain_tokenizer.rs:75:64
[INFO] [stdout]   23:     0x55afac5f5ef7 - rusty_dawg::tokenize::pretrain_tokenizer::tests::test_gpt2_tokenizer::{{closure}}::hf7224a189016d3db
[INFO] [stdout]                                at /opt/rustwide/workdir/src/tokenize/pretrain_tokenizer.rs:74:29
[INFO] [stdout]   24:     0x55afac6282f6 - core::ops::function::FnOnce::call_once::hca62ee5fbede9475
[INFO] [stdout]                                at /rustc/82e1608dfa6e0b5569232559e3d385fea5a93112/library/core/src/ops/function.rs:250:5
[INFO] [stdout]   25:     0x55afac687e4f - core::ops::function::FnOnce::call_once::h2b5d431d5046312d
[INFO] [stdout]                                at /rustc/82e1608dfa6e0b5569232559e3d385fea5a93112/library/core/src/ops/function.rs:250:5
[INFO] [stdout]   26:     0x55afac687e4f - test::__rust_begin_short_backtrace::h7714669af176e207
[INFO] [stdout]                                at /rustc/82e1608dfa6e0b5569232559e3d385fea5a93112/library/test/src/lib.rs:628:18
[INFO] [stdout]   27:     0x55afac686e65 - test::run_test_in_process::{{closure}}::h85218797dcbcec12
[INFO] [stdout]                                at /rustc/82e1608dfa6e0b5569232559e3d385fea5a93112/library/test/src/lib.rs:651:60
[INFO] [stdout]   28:     0x55afac686e65 - <core::panic::unwind_safe::AssertUnwindSafe<F> as core::ops::function::FnOnce<()>>::call_once::h76c106ea31c14d7b
[INFO] [stdout]                                at /rustc/82e1608dfa6e0b5569232559e3d385fea5a93112/library/core/src/panic/unwind_safe.rs:272:9
[INFO] [stdout]   29:     0x55afac686e65 - std::panicking::try::do_call::h3bd5d0f6620ee946
[INFO] [stdout]                                at /rustc/82e1608dfa6e0b5569232559e3d385fea5a93112/library/std/src/panicking.rs:552:40
[INFO] [stdout]   30:     0x55afac686e65 - std::panicking::try::h232e535e4744fe31
[INFO] [stdout]                                at /rustc/82e1608dfa6e0b5569232559e3d385fea5a93112/library/std/src/panicking.rs:516:19
[INFO] [stdout]   31:     0x55afac686e65 - std::panic::catch_unwind::h3ce3bd6ca8dbac68
[INFO] [stdout]                                at /rustc/82e1608dfa6e0b5569232559e3d385fea5a93112/library/std/src/panic.rs:142:14
[INFO] [stdout]   32:     0x55afac686e65 - test::run_test_in_process::hc97b257c9621286a
[INFO] [stdout]                                at /rustc/82e1608dfa6e0b5569232559e3d385fea5a93112/library/test/src/lib.rs:651:27
[INFO] [stdout]   33:     0x55afac686e65 - test::run_test::{{closure}}::h2aa798823a438d38
[INFO] [stdout]                                at /rustc/82e1608dfa6e0b5569232559e3d385fea5a93112/library/test/src/lib.rs:574:43
[INFO] [stdout]   34:     0x55afac64f126 - test::run_test::{{closure}}::h87d231c78fb59832
[INFO] [stdout]                                at /rustc/82e1608dfa6e0b5569232559e3d385fea5a93112/library/test/src/lib.rs:602:41
[INFO] [stdout]   35:     0x55afac64f126 - std::sys_common::backtrace::__rust_begin_short_backtrace::he6df152596625789
[INFO] [stdout]                                at /rustc/82e1608dfa6e0b5569232559e3d385fea5a93112/library/std/src/sys_common/backtrace.rs:154:18
[INFO] [stdout]   36:     0x55afac6541d7 - std::thread::Builder::spawn_unchecked_::{{closure}}::{{closure}}::ha94be15d1e0acf36
[INFO] [stdout]                                at /rustc/82e1608dfa6e0b5569232559e3d385fea5a93112/library/std/src/thread/mod.rs:529:17
[INFO] [stdout]   37:     0x55afac6541d7 - <core::panic::unwind_safe::AssertUnwindSafe<F> as core::ops::function::FnOnce<()>>::call_once::h9dc6bd6372f16606
[INFO] [stdout]                                at /rustc/82e1608dfa6e0b5569232559e3d385fea5a93112/library/core/src/panic/unwind_safe.rs:272:9
[INFO] [stdout]   38:     0x55afac6541d7 - std::panicking::try::do_call::h9057517f80303cd4
[INFO] [stdout]                                at /rustc/82e1608dfa6e0b5569232559e3d385fea5a93112/library/std/src/panicking.rs:552:40
[INFO] [stdout]   39:     0x55afac6541d7 - std::panicking::try::he3a30b11ee45340c
[INFO] [stdout]                                at /rustc/82e1608dfa6e0b5569232559e3d385fea5a93112/library/std/src/panicking.rs:516:19
[INFO] [stdout]   40:     0x55afac6541d7 - std::panic::catch_unwind::h410458cfd3528b8b
[INFO] [stdout]                                at /rustc/82e1608dfa6e0b5569232559e3d385fea5a93112/library/std/src/panic.rs:142:14
[INFO] [stdout]   41:     0x55afac6541d7 - std::thread::Builder::spawn_unchecked_::{{closure}}::h72ac3bdb567b737b
[INFO] [stdout]                                at /rustc/82e1608dfa6e0b5569232559e3d385fea5a93112/library/std/src/thread/mod.rs:528:30
[INFO] [stdout]   42:     0x55afac6541d7 - core::ops::function::FnOnce::call_once{{vtable.shim}}::h38f34da3654a8344
[INFO] [stdout]                                at /rustc/82e1608dfa6e0b5569232559e3d385fea5a93112/library/core/src/ops/function.rs:250:5
[INFO] [stdout]   43:     0x55afad3c6985 - <alloc::boxed::Box<F,A> as core::ops::function::FnOnce<Args>>::call_once::hc7eafaff61e32df9
[INFO] [stdout]                                at /rustc/82e1608dfa6e0b5569232559e3d385fea5a93112/library/alloc/src/boxed.rs:2007:9
[INFO] [stdout]   44:     0x55afad3c6985 - <alloc::boxed::Box<F,A> as core::ops::function::FnOnce<Args>>::call_once::h6ba4a5de48dd2304
[INFO] [stdout]                                at /rustc/82e1608dfa6e0b5569232559e3d385fea5a93112/library/alloc/src/boxed.rs:2007:9
[INFO] [stdout]   45:     0x55afad3c6985 - std::sys::unix::thread::Thread::new::thread_start::he469335aef763e45
[INFO] [stdout]                                at /rustc/82e1608dfa6e0b5569232559e3d385fea5a93112/library/std/src/sys/unix/thread.rs:108:17
[INFO] [stdout]   46:     0x7fe00333cac3 - <unknown>
[INFO] [stdout]   47:     0x7fe0033cdbf4 - __clone
[INFO] [stdout]   48:                0x0 - <unknown>
[INFO] [stdout] 
[INFO] [stdout] 
[INFO] [stdout] failures:
[INFO] [stdout]     tokenize::pretrain_tokenizer::tests::test_gpt2_tokenizer
[INFO] [stdout] 
[INFO] [stdout] test result: FAILED. 39 passed; 1 failed; 0 ignored; 0 measured; 0 filtered out; finished in 0.36s
[INFO] [stdout] 
[INFO] [stderr] error: test failed, to rerun pass `--lib`
[INFO] running `Command { std: "docker" "inspect" "c36844d72a705f2a59662175f06d240b87afbdb948a43eed97048ef8dcd5fc9d", kill_on_drop: false }`
[INFO] running `Command { std: "docker" "rm" "-f" "c36844d72a705f2a59662175f06d240b87afbdb948a43eed97048ef8dcd5fc9d", kill_on_drop: false }`
[INFO] [stdout] c36844d72a705f2a59662175f06d240b87afbdb948a43eed97048ef8dcd5fc9d
