[INFO] cloning repository https://github.com/ultrex22/fltk_gui_dictionary
[INFO] running `Command { std: "git" "-c" "credential.helper=" "-c" "credential.helper=/workspace/cargo-home/bin/git-credential-null" "clone" "--bare" "https://github.com/ultrex22/fltk_gui_dictionary" "/workspace/cache/git-repos/https%3A%2F%2Fgithub.com%2Fultrex22%2Ffltk_gui_dictionary", kill_on_drop: false }`
[INFO] [stderr] Cloning into bare repository '/workspace/cache/git-repos/https%3A%2F%2Fgithub.com%2Fultrex22%2Ffltk_gui_dictionary'...
[INFO] running `Command { std: "git" "rev-parse" "HEAD", kill_on_drop: false }`
[INFO] [stdout] 823fcf948359d642348f139dfea8e4eae9c69dd3
[INFO] testing ultrex22/fltk_gui_dictionary against 1.75.0 for beta-1.76-1
[INFO] running `Command { std: "git" "clone" "/workspace/cache/git-repos/https%3A%2F%2Fgithub.com%2Fultrex22%2Ffltk_gui_dictionary" "/workspace/builds/worker-5-tc1/source", kill_on_drop: false }`
[INFO] [stderr] Cloning into '/workspace/builds/worker-5-tc1/source'...
[INFO] [stderr] done.
[INFO] validating manifest of git repo https://github.com/ultrex22/fltk_gui_dictionary on toolchain 1.75.0
[INFO] running `Command { std: CARGO_HOME="/workspace/cargo-home" RUSTUP_HOME="/workspace/rustup-home" "/workspace/cargo-home/bin/cargo" "+1.75.0" "metadata" "--manifest-path" "Cargo.toml" "--no-deps", kill_on_drop: false }`
[INFO] started tweaking git repo https://github.com/ultrex22/fltk_gui_dictionary
[INFO] finished tweaking git repo https://github.com/ultrex22/fltk_gui_dictionary
[INFO] tweaked toml for git repo https://github.com/ultrex22/fltk_gui_dictionary written to /workspace/builds/worker-5-tc1/source/Cargo.toml
[INFO] crate git repo https://github.com/ultrex22/fltk_gui_dictionary already has a lockfile, it will not be regenerated
[INFO] running `Command { std: CARGO_HOME="/workspace/cargo-home" RUSTUP_HOME="/workspace/rustup-home" "/workspace/cargo-home/bin/cargo" "+1.75.0" "fetch" "--manifest-path" "Cargo.toml", kill_on_drop: false }`
[INFO] [stderr]  Downloading crates ...
[INFO] [stderr]   Downloaded fltk v1.3.9
[INFO] [stderr]   Downloaded fltk-sys v1.3.9
[INFO] running `Command { std: "docker" "create" "-v" "/var/lib/crater-agent-workspace/builds/worker-5-tc1/target:/opt/rustwide/target:rw,Z" "-v" "/var/lib/crater-agent-workspace/builds/worker-5-tc1/source:/opt/rustwide/workdir:ro,Z" "-v" "/var/lib/crater-agent-workspace/cargo-home:/opt/rustwide/cargo-home:ro,Z" "-v" "/var/lib/crater-agent-workspace/rustup-home:/opt/rustwide/rustup-home:ro,Z" "-e" "SOURCE_DIR=/opt/rustwide/workdir" "-e" "CARGO_TARGET_DIR=/opt/rustwide/target" "-e" "CARGO_HOME=/opt/rustwide/cargo-home" "-e" "RUSTUP_HOME=/opt/rustwide/rustup-home" "-w" "/opt/rustwide/workdir" "-m" "1610612736" "--user" "0:0" "--network" "none" "ghcr.io/rust-lang/crates-build-env/linux@sha256:2788e3201cd34a07e3172128adcd8b3090168a8e3bcc40d7c032b9dda1df7d1c" "/opt/rustwide/cargo-home/bin/cargo" "+1.75.0" "metadata" "--no-deps" "--format-version=1", kill_on_drop: false }`
[INFO] [stdout] b9ca6e4f61d35f48cf4418cfed3f8a333aae8afbcbf59db343eafd1dee1755fd
[INFO] running `Command { std: "docker" "start" "-a" "b9ca6e4f61d35f48cf4418cfed3f8a333aae8afbcbf59db343eafd1dee1755fd", kill_on_drop: false }`
[INFO] running `Command { std: "docker" "inspect" "b9ca6e4f61d35f48cf4418cfed3f8a333aae8afbcbf59db343eafd1dee1755fd", kill_on_drop: false }`
[INFO] running `Command { std: "docker" "rm" "-f" "b9ca6e4f61d35f48cf4418cfed3f8a333aae8afbcbf59db343eafd1dee1755fd", kill_on_drop: false }`
[INFO] [stdout] b9ca6e4f61d35f48cf4418cfed3f8a333aae8afbcbf59db343eafd1dee1755fd
[INFO] running `Command { std: "docker" "create" "-v" "/var/lib/crater-agent-workspace/builds/worker-5-tc1/target:/opt/rustwide/target:rw,Z" "-v" "/var/lib/crater-agent-workspace/builds/worker-5-tc1/source:/opt/rustwide/workdir:ro,Z" "-v" "/var/lib/crater-agent-workspace/cargo-home:/opt/rustwide/cargo-home:ro,Z" "-v" "/var/lib/crater-agent-workspace/rustup-home:/opt/rustwide/rustup-home:ro,Z" "-e" "SOURCE_DIR=/opt/rustwide/workdir" "-e" "CARGO_TARGET_DIR=/opt/rustwide/target" "-e" "CARGO_INCREMENTAL=0" "-e" "RUST_BACKTRACE=full" "-e" "RUSTFLAGS=--cap-lints=warn" "-e" "RUSTDOCFLAGS=--cap-lints=warn" "-e" "CARGO_HOME=/opt/rustwide/cargo-home" "-e" "RUSTUP_HOME=/opt/rustwide/rustup-home" "-w" "/opt/rustwide/workdir" "-m" "1610612736" "--user" "0:0" "--network" "none" "ghcr.io/rust-lang/crates-build-env/linux@sha256:2788e3201cd34a07e3172128adcd8b3090168a8e3bcc40d7c032b9dda1df7d1c" "/opt/rustwide/cargo-home/bin/cargo" "+1.75.0" "build" "--frozen" "--message-format=json", kill_on_drop: false }`
[INFO] [stdout] 58a5678f282d4a960c9b9636ad98537d244cb7b1a1e58fbb417986def65a23b5
[INFO] running `Command { std: "docker" "start" "-a" "58a5678f282d4a960c9b9636ad98537d244cb7b1a1e58fbb417986def65a23b5", kill_on_drop: false }`
[INFO] [stderr]    Compiling proc-macro2 v1.0.39
[INFO] [stderr]    Compiling unicode-ident v1.0.1
[INFO] [stderr]    Compiling cc v1.0.73
[INFO] [stderr]    Compiling syn v1.0.96
[INFO] [stderr]    Compiling serde_derive v1.0.137
[INFO] [stderr]    Compiling crossbeam-utils v0.8.10
[INFO] [stderr]    Compiling once_cell v1.12.0
[INFO] [stderr]    Compiling serde v1.0.137
[INFO] [stderr]    Compiling cfg-if v1.0.0
[INFO] [stderr]    Compiling serde_json v1.0.81
[INFO] [stderr]    Compiling ryu v1.0.10
[INFO] [stderr]    Compiling ttf-parser v0.15.2
[INFO] [stderr]    Compiling paste v1.0.7
[INFO] [stderr]    Compiling itoa v1.0.2
[INFO] [stderr]    Compiling lazy_static v1.4.0
[INFO] [stderr]    Compiling bitflags v1.3.2
[INFO] [stderr]    Compiling difflib v0.4.0
[INFO] [stderr]    Compiling crossbeam-channel v0.5.5
[INFO] [stderr]    Compiling cmake v0.1.48
[INFO] [stderr]    Compiling quote v1.0.18
[INFO] [stderr]    Compiling fltk-sys v1.3.9
[INFO] [stderr]    Compiling fltk v1.3.9
[INFO] [stderr]    Compiling json_dictionary v0.1.0 (/opt/rustwide/workdir)
[INFO] [stderr]     Finished dev [unoptimized + debuginfo] target(s) in 50.55s
[INFO] running `Command { std: "docker" "inspect" "58a5678f282d4a960c9b9636ad98537d244cb7b1a1e58fbb417986def65a23b5", kill_on_drop: false }`
[INFO] running `Command { std: "docker" "rm" "-f" "58a5678f282d4a960c9b9636ad98537d244cb7b1a1e58fbb417986def65a23b5", kill_on_drop: false }`
[INFO] [stdout] 58a5678f282d4a960c9b9636ad98537d244cb7b1a1e58fbb417986def65a23b5
[INFO] running `Command { std: "docker" "create" "-v" "/var/lib/crater-agent-workspace/builds/worker-5-tc1/target:/opt/rustwide/target:rw,Z" "-v" "/var/lib/crater-agent-workspace/builds/worker-5-tc1/source:/opt/rustwide/workdir:ro,Z" "-v" "/var/lib/crater-agent-workspace/cargo-home:/opt/rustwide/cargo-home:ro,Z" "-v" "/var/lib/crater-agent-workspace/rustup-home:/opt/rustwide/rustup-home:ro,Z" "-e" "SOURCE_DIR=/opt/rustwide/workdir" "-e" "CARGO_TARGET_DIR=/opt/rustwide/target" "-e" "CARGO_INCREMENTAL=0" "-e" "RUST_BACKTRACE=full" "-e" "RUSTFLAGS=--cap-lints=warn" "-e" "RUSTDOCFLAGS=--cap-lints=warn" "-e" "CARGO_HOME=/opt/rustwide/cargo-home" "-e" "RUSTUP_HOME=/opt/rustwide/rustup-home" "-w" "/opt/rustwide/workdir" "-m" "1610612736" "--user" "0:0" "--network" "none" "ghcr.io/rust-lang/crates-build-env/linux@sha256:2788e3201cd34a07e3172128adcd8b3090168a8e3bcc40d7c032b9dda1df7d1c" "/opt/rustwide/cargo-home/bin/cargo" "+1.75.0" "test" "--frozen" "--no-run" "--message-format=json", kill_on_drop: false }`
[INFO] [stdout] 42e8d929a7036a739cfff4ba06e8f258c2d70f0175d76d21f4e47fb5f7de5f52
[INFO] running `Command { std: "docker" "start" "-a" "42e8d929a7036a739cfff4ba06e8f258c2d70f0175d76d21f4e47fb5f7de5f52", kill_on_drop: false }`
[INFO] [stderr]    Compiling json_dictionary v0.1.0 (/opt/rustwide/workdir)
[INFO] [stderr]     Finished test [unoptimized + debuginfo] target(s) in 0.44s
[INFO] running `Command { std: "docker" "inspect" "42e8d929a7036a739cfff4ba06e8f258c2d70f0175d76d21f4e47fb5f7de5f52", kill_on_drop: false }`
[INFO] running `Command { std: "docker" "rm" "-f" "42e8d929a7036a739cfff4ba06e8f258c2d70f0175d76d21f4e47fb5f7de5f52", kill_on_drop: false }`
[INFO] [stdout] 42e8d929a7036a739cfff4ba06e8f258c2d70f0175d76d21f4e47fb5f7de5f52
[INFO] running `Command { std: "docker" "create" "-v" "/var/lib/crater-agent-workspace/builds/worker-5-tc1/target:/opt/rustwide/target:rw,Z" "-v" "/var/lib/crater-agent-workspace/builds/worker-5-tc1/source:/opt/rustwide/workdir:ro,Z" "-v" "/var/lib/crater-agent-workspace/cargo-home:/opt/rustwide/cargo-home:ro,Z" "-v" "/var/lib/crater-agent-workspace/rustup-home:/opt/rustwide/rustup-home:ro,Z" "-e" "SOURCE_DIR=/opt/rustwide/workdir" "-e" "CARGO_TARGET_DIR=/opt/rustwide/target" "-e" "CARGO_INCREMENTAL=0" "-e" "RUST_BACKTRACE=full" "-e" "RUSTFLAGS=--cap-lints=warn" "-e" "RUSTDOCFLAGS=--cap-lints=warn" "-e" "CARGO_HOME=/opt/rustwide/cargo-home" "-e" "RUSTUP_HOME=/opt/rustwide/rustup-home" "-w" "/opt/rustwide/workdir" "-m" "1610612736" "--user" "0:0" "--network" "none" "ghcr.io/rust-lang/crates-build-env/linux@sha256:2788e3201cd34a07e3172128adcd8b3090168a8e3bcc40d7c032b9dda1df7d1c" "/opt/rustwide/cargo-home/bin/cargo" "+1.75.0" "test" "--frozen", kill_on_drop: false }`
[INFO] [stdout] 137b9b9fe6f4a7923194bccffe328824dadce1446fe4ccfe0c354f6510d2992f
[INFO] running `Command { std: "docker" "start" "-a" "137b9b9fe6f4a7923194bccffe328824dadce1446fe4ccfe0c354f6510d2992f", kill_on_drop: false }`
[INFO] [stderr]     Finished test [unoptimized + debuginfo] target(s) in 0.03s
[INFO] [stderr]      Running unittests src/main.rs (/opt/rustwide/target/debug/deps/json_dictionary-edab789727149ced)
[INFO] [stdout] 
[INFO] [stdout] running 0 tests
[INFO] [stdout] 
[INFO] [stdout] test result: ok. 0 passed; 0 failed; 0 ignored; 0 measured; 0 filtered out; finished in 0.00s
[INFO] [stdout] 
[INFO] running `Command { std: "docker" "inspect" "137b9b9fe6f4a7923194bccffe328824dadce1446fe4ccfe0c354f6510d2992f", kill_on_drop: false }`
[INFO] running `Command { std: "docker" "rm" "-f" "137b9b9fe6f4a7923194bccffe328824dadce1446fe4ccfe0c354f6510d2992f", kill_on_drop: false }`
[INFO] [stdout] 137b9b9fe6f4a7923194bccffe328824dadce1446fe4ccfe0c354f6510d2992f
[INFO] testing ultrex22/fltk_gui_dictionary against beta-2023-12-22 for beta-1.76-1
[INFO] running `Command { std: "git" "clone" "/workspace/cache/git-repos/https%3A%2F%2Fgithub.com%2Fultrex22%2Ffltk_gui_dictionary" "/workspace/builds/worker-5-tc2/source", kill_on_drop: false }`
[INFO] [stderr] Cloning into '/workspace/builds/worker-5-tc2/source'...
[INFO] [stderr] done.
[INFO] validating manifest of git repo https://github.com/ultrex22/fltk_gui_dictionary on toolchain beta-2023-12-22
[INFO] running `Command { std: CARGO_HOME="/workspace/cargo-home" RUSTUP_HOME="/workspace/rustup-home" "/workspace/cargo-home/bin/cargo" "+beta-2023-12-22" "metadata" "--manifest-path" "Cargo.toml" "--no-deps", kill_on_drop: false }`
[INFO] started tweaking git repo https://github.com/ultrex22/fltk_gui_dictionary
[INFO] finished tweaking git repo https://github.com/ultrex22/fltk_gui_dictionary
[INFO] tweaked toml for git repo https://github.com/ultrex22/fltk_gui_dictionary written to /workspace/builds/worker-5-tc2/source/Cargo.toml
[INFO] crate git repo https://github.com/ultrex22/fltk_gui_dictionary already has a lockfile, it will not be regenerated
[INFO] running `Command { std: CARGO_HOME="/workspace/cargo-home" RUSTUP_HOME="/workspace/rustup-home" "/workspace/cargo-home/bin/cargo" "+beta-2023-12-22" "fetch" "--manifest-path" "Cargo.toml", kill_on_drop: false }`
[INFO] running `Command { std: "docker" "create" "-v" "/var/lib/crater-agent-workspace/builds/worker-5-tc2/target:/opt/rustwide/target:rw,Z" "-v" "/var/lib/crater-agent-workspace/builds/worker-5-tc2/source:/opt/rustwide/workdir:ro,Z" "-v" "/var/lib/crater-agent-workspace/cargo-home:/opt/rustwide/cargo-home:ro,Z" "-v" "/var/lib/crater-agent-workspace/rustup-home:/opt/rustwide/rustup-home:ro,Z" "-e" "SOURCE_DIR=/opt/rustwide/workdir" "-e" "CARGO_TARGET_DIR=/opt/rustwide/target" "-e" "CARGO_HOME=/opt/rustwide/cargo-home" "-e" "RUSTUP_HOME=/opt/rustwide/rustup-home" "-w" "/opt/rustwide/workdir" "-m" "1610612736" "--user" "0:0" "--network" "none" "ghcr.io/rust-lang/crates-build-env/linux@sha256:2788e3201cd34a07e3172128adcd8b3090168a8e3bcc40d7c032b9dda1df7d1c" "/opt/rustwide/cargo-home/bin/cargo" "+beta-2023-12-22" "metadata" "--no-deps" "--format-version=1", kill_on_drop: false }`
[INFO] [stdout] db0314446f4ec48cffed06b975c42eed72149cf043425ce0c507eef21489bfd3
[INFO] running `Command { std: "docker" "start" "-a" "db0314446f4ec48cffed06b975c42eed72149cf043425ce0c507eef21489bfd3", kill_on_drop: false }`
[INFO] running `Command { std: "docker" "inspect" "db0314446f4ec48cffed06b975c42eed72149cf043425ce0c507eef21489bfd3", kill_on_drop: false }`
[INFO] running `Command { std: "docker" "rm" "-f" "db0314446f4ec48cffed06b975c42eed72149cf043425ce0c507eef21489bfd3", kill_on_drop: false }`
[INFO] [stdout] db0314446f4ec48cffed06b975c42eed72149cf043425ce0c507eef21489bfd3
[INFO] running `Command { std: "docker" "create" "-v" "/var/lib/crater-agent-workspace/builds/worker-5-tc2/target:/opt/rustwide/target:rw,Z" "-v" "/var/lib/crater-agent-workspace/builds/worker-5-tc2/source:/opt/rustwide/workdir:ro,Z" "-v" "/var/lib/crater-agent-workspace/cargo-home:/opt/rustwide/cargo-home:ro,Z" "-v" "/var/lib/crater-agent-workspace/rustup-home:/opt/rustwide/rustup-home:ro,Z" "-e" "SOURCE_DIR=/opt/rustwide/workdir" "-e" "CARGO_TARGET_DIR=/opt/rustwide/target" "-e" "CARGO_INCREMENTAL=0" "-e" "RUST_BACKTRACE=full" "-e" "RUSTFLAGS=--cap-lints=warn" "-e" "RUSTDOCFLAGS=--cap-lints=warn" "-e" "CARGO_HOME=/opt/rustwide/cargo-home" "-e" "RUSTUP_HOME=/opt/rustwide/rustup-home" "-w" "/opt/rustwide/workdir" "-m" "1610612736" "--user" "0:0" "--network" "none" "ghcr.io/rust-lang/crates-build-env/linux@sha256:2788e3201cd34a07e3172128adcd8b3090168a8e3bcc40d7c032b9dda1df7d1c" "/opt/rustwide/cargo-home/bin/cargo" "+beta-2023-12-22" "build" "--frozen" "--message-format=json", kill_on_drop: false }`
[INFO] [stdout] 2297f57efbd73083446da47090f2fdafd40887d78e4451f9ca3c33523e0d7efd
[INFO] running `Command { std: "docker" "start" "-a" "2297f57efbd73083446da47090f2fdafd40887d78e4451f9ca3c33523e0d7efd", kill_on_drop: false }`
[INFO] [stderr]    Compiling proc-macro2 v1.0.39
[INFO] [stderr]    Compiling unicode-ident v1.0.1
[INFO] [stderr]    Compiling cc v1.0.73
[INFO] [stderr]    Compiling syn v1.0.96
[INFO] [stderr]    Compiling crossbeam-utils v0.8.10
[INFO] [stderr]    Compiling serde_derive v1.0.137
[INFO] [stderr]    Compiling serde v1.0.137
[INFO] [stderr]    Compiling cfg-if v1.0.0
[INFO] [stderr]    Compiling once_cell v1.12.0
[INFO] [stderr]    Compiling serde_json v1.0.81
[INFO] [stderr]    Compiling ryu v1.0.10
[INFO] [stderr]    Compiling ttf-parser v0.15.2
[INFO] [stderr]    Compiling bitflags v1.3.2
[INFO] [stderr]    Compiling lazy_static v1.4.0
[INFO] [stderr]    Compiling paste v1.0.7
[INFO] [stderr]    Compiling itoa v1.0.2
[INFO] [stderr]    Compiling difflib v0.4.0
[INFO] [stderr]    Compiling cmake v0.1.48
[INFO] [stderr]    Compiling crossbeam-channel v0.5.5
[INFO] [stderr]    Compiling quote v1.0.18
[INFO] [stderr]    Compiling fltk-sys v1.3.9
[INFO] [stdout] error: couldn't create a temp dir: No space left on device (os error 28) at path "/opt/rustwide/target/debug/deps/rmetandRaTC"
[INFO] [stdout] 
[INFO] [stdout] 
[INFO] [stdout] error: aborting due to 1 previous error
[INFO] [stdout] 
[INFO] [stdout] 
[INFO] [stderr] error: could not compile `serde_json` (lib) due to 2 previous errors
[INFO] [stderr] warning: build failed, waiting for other jobs to finish...
[INFO] [stderr] error: failed to run custom build command for `fltk-sys v1.3.9`
[INFO] [stderr] note: To improve backtraces for build dependencies, set the CARGO_PROFILE_DEV_BUILD_OVERRIDE_DEBUG=true environment variable to enable debug information generation.
[INFO] [stderr] 
[INFO] [stderr] Caused by:
[INFO] [stderr]   process didn't exit successfully: `/opt/rustwide/target/debug/build/fltk-sys-4c3f4622d2850ea1/build-script-main` (exit status: 101)
[INFO] [stderr]   --- stdout
[INFO] [stderr]   cargo:rerun-if-changed=build/android.rs
[INFO] [stderr]   cargo:rerun-if-changed=build/bundled.rs
[INFO] [stderr]   cargo:rerun-if-changed=build/link.rs
[INFO] [stderr]   cargo:rerun-if-changed=build/main.rs
[INFO] [stderr]   cargo:rerun-if-changed=build/source.rs
[INFO] [stderr]   cargo:rerun-if-changed=build/utils.rs
[INFO] [stderr]   cargo:rerun-if-env-changed=CC
[INFO] [stderr]   cargo:rerun-if-env-changed=CXX
[INFO] [stderr]   cargo:rerun-if-env-changed=CFLTK_TOOLCHAIN
[INFO] [stderr]   cargo:rerun-if-env-changed=PKG_CONFIG_PATH
[INFO] [stderr]   cargo:rerun-if-env-changed=PKG_CONFIG_LIBDIR
[INFO] [stderr]   cargo:rerun-if-changed=cfltk/CMakeLists.txt
[INFO] [stderr]   cargo:rerun-if-changed=cfltk/include/cfl.h
[INFO] [stderr]   cargo:rerun-if-changed=cfltk/include/cfl_widget.h
[INFO] [stderr]   cargo:rerun-if-changed=cfltk/include/cfl_group.h
[INFO] [stderr]   cargo:rerun-if-changed=cfltk/include/cfl_input.h
[INFO] [stderr]   cargo:rerun-if-changed=cfltk/include/cfl_window.h
[INFO] [stderr]   cargo:rerun-if-changed=cfltk/include/cfl_button.h
[INFO] [stderr]   cargo:rerun-if-changed=cfltk/include/cfl_box.h
[INFO] [stderr]   cargo:rerun-if-changed=cfltk/include/cfl_menu.h
[INFO] [stderr]   cargo:rerun-if-changed=cfltk/include/cfl_dialog.h
[INFO] [stderr]   cargo:rerun-if-changed=cfltk/include/cfl_valuator.h
[INFO] [stderr]   cargo:rerun-if-changed=cfltk/include/cfl_browser.h
[INFO] [stderr]   cargo:rerun-if-changed=cfltk/include/cfl_misc.h
[INFO] [stderr]   cargo:rerun-if-changed=cfltk/include/cfl_text.h
[INFO] [stderr]   cargo:rerun-if-changed=cfltk/include/cfl_image.h
[INFO] [stderr]   cargo:rerun-if-changed=cfltk/include/cfl_draw.h
[INFO] [stderr]   cargo:rerun-if-changed=cfltk/include/cfl_table.h
[INFO] [stderr]   cargo:rerun-if-changed=cfltk/include/cfl_surface.h
[INFO] [stderr]   cargo:rerun-if-changed=cfltk/include/cfl_printer.h
[INFO] [stderr]   cargo:rerun-if-changed=cfltk/include/cfl_utils.h
[INFO] [stderr]   cargo:rerun-if-changed=cfltk/include/cfl_macros.h
[INFO] [stderr]   cargo:rerun-if-changed=cfltk/include/cfl_lock.h
[INFO] [stderr]   cargo:rerun-if-changed=cfltk/include/cfl_widget.hpp
[INFO] [stderr]   cargo:rerun-if-changed=cfltk/src/cfl_lock.cpp
[INFO] [stderr]   cargo:rerun-if-changed=cfltk/src/cfl_new.cpp
[INFO] [stderr]   cargo:rerun-if-changed=cfltk/src/cfl.cpp
[INFO] [stderr]   cargo:rerun-if-changed=cfltk/src/cfl_widget.cpp
[INFO] [stderr]   cargo:rerun-if-changed=cfltk/src/cfl_group.cpp
[INFO] [stderr]   cargo:rerun-if-changed=cfltk/src/cfl_window.cpp
[INFO] [stderr]   cargo:rerun-if-changed=cfltk/src/cfl_button.cpp
[INFO] [stderr]   cargo:rerun-if-changed=cfltk/src/cfl_box.cpp
[INFO] [stderr]   cargo:rerun-if-changed=cfltk/src/cfl_menu.cpp
[INFO] [stderr]   cargo:rerun-if-changed=cfltk/src/cfl_dialog.cpp
[INFO] [stderr]   cargo:rerun-if-changed=cfltk/src/cfl_valuator.cpp
[INFO] [stderr]   cargo:rerun-if-changed=cfltk/src/cfl_browser.cpp
[INFO] [stderr]   cargo:rerun-if-changed=cfltk/src/cfl_misc.cpp
[INFO] [stderr]   cargo:rerun-if-changed=cfltk/src/cfl_text.cpp
[INFO] [stderr]   cargo:rerun-if-changed=cfltk/src/cfl_image.cpp
[INFO] [stderr]   cargo:rerun-if-changed=cfltk/src/cfl_input.cpp
[INFO] [stderr]   cargo:rerun-if-changed=cfltk/src/cfl_draw.cpp
[INFO] [stderr]   cargo:rerun-if-changed=cfltk/src/cfl_table.cpp
[INFO] [stderr]   cargo:rerun-if-changed=cfltk/src/cfl_tree.cpp
[INFO] [stderr]   cargo:rerun-if-changed=cfltk/src/cfl_surface.cpp
[INFO] [stderr]   cargo:rerun-if-changed=cfltk/src/cfl_printer.cpp
[INFO] [stderr]   cargo:rerun-if-changed=cfltk/src/cfl_font.cpp
[INFO] [stderr]   cargo:rerun-if-changed=cfltk/src/cfl_utils.cpp
[INFO] [stderr]   cargo:rerun-if-changed=cfltk/src/cfl_nswindow.m
[INFO] [stderr]   cargo:rerun-if-changed=cfltk/FL_FLex/FL_Flex.H
[INFO] [stderr]   cargo:rerun-if-changed=cfltk/FL_FLex/FL_Flex.cpp
[INFO] [stderr]   cargo:rerun-if-changed=cfltk/src/cfl_vec.hpp
[INFO] [stderr]   cargo:rerun-if-changed=cfltk/fltk.patch
[INFO] [stderr]   CMAKE_TOOLCHAIN_FILE_x86_64-unknown-linux-gnu = None
[INFO] [stderr]   CMAKE_TOOLCHAIN_FILE_x86_64_unknown_linux_gnu = None
[INFO] [stderr]   HOST_CMAKE_TOOLCHAIN_FILE = None
[INFO] [stderr]   CMAKE_TOOLCHAIN_FILE = None
[INFO] [stderr]   CMAKE_GENERATOR_x86_64-unknown-linux-gnu = None
[INFO] [stderr]   CMAKE_GENERATOR_x86_64_unknown_linux_gnu = None
[INFO] [stderr]   HOST_CMAKE_GENERATOR = None
[INFO] [stderr]   CMAKE_GENERATOR = None
[INFO] [stderr]   CMAKE_PREFIX_PATH_x86_64-unknown-linux-gnu = None
[INFO] [stderr]   CMAKE_PREFIX_PATH_x86_64_unknown_linux_gnu = None
[INFO] [stderr]   HOST_CMAKE_PREFIX_PATH = None
[INFO] [stderr]   CMAKE_PREFIX_PATH = None
[INFO] [stderr]   CMAKE_x86_64-unknown-linux-gnu = None
[INFO] [stderr]   CMAKE_x86_64_unknown_linux_gnu = None
[INFO] [stderr]   HOST_CMAKE = None
[INFO] [stderr]   CMAKE = None
[INFO] [stderr]   running: cd "/opt/rustwide/target/debug/build/fltk-sys-0f82f7c931fd91bf/out/build" && CMAKE_PREFIX_PATH="" "cmake" "/opt/rustwide/cargo-home/registry/src/index.crates.io-6f17d22bba15001f/fltk-sys-1.3.9/cfltk" "-DOPTION_USE_SYSTEM_LIBPNG=OFF" "-DOPTION_USE_SYSTEM_LIBJPEG=OFF" "-DOPTION_USE_SYSTEM_ZLIB=OFF" "-DCFLTK_LINK_IMAGES=ON" "-DOpenGL_GL_PREFERENCE=GLVND" "-DOPTION_USE_GL=OFF" "-DCFLTK_USE_OPENGL=OFF" "-DOPTION_USE_PANGO=ON" "-DCFLTK_SINGLE_THREADED=OFF" "-DCMAKE_EXPORT_COMPILE_COMMANDS=ON" "-DCFLTK_CARGO_BUILD=ON" "-DFLTK_BUILD_EXAMPLES=OFF" "-DFLTK_BUILD_TEST=OFF" "-DOPTION_LARGE_FILE=ON" "-DOPTION_USE_THREADS=ON" "-DOPTION_BUILD_HTML_DOCUMENTATION=OFF" "-DOPTION_BUILD_PDF_DOCUMENTATION=OFF" "-DCMAKE_INSTALL_PREFIX=/opt/rustwide/target/debug/build/fltk-sys-0f82f7c931fd91bf/out" "-DCMAKE_C_FLAGS= -ffunction-sections -fdata-sections -fPIC -m64" "-DCMAKE_C_COMPILER=/usr/bin/cc" "-DCMAKE_CXX_FLAGS= -ffunction-sections -fdata-sections -fPIC -m64" "-DCMAKE_CXX_COMPILER=/usr/bin/c++" "-DCMAKE_ASM_FLAGS= -ffunction-sections -fdata-sections -fPIC -m64" "-DCMAKE_ASM_COMPILER=/usr/bin/cc" "-DCMAKE_BUILD_TYPE=Release"
[INFO] [stderr]   -- The C compiler identification is GNU 11.4.0
[INFO] [stderr]   -- The CXX compiler identification is GNU 11.4.0
[INFO] [stderr]   -- Detecting C compiler ABI info
[INFO] [stderr]   -- Detecting C compiler ABI info - done
[INFO] [stderr]   -- Check for working C compiler: /usr/bin/cc - skipped
[INFO] [stderr]   -- Detecting C compile features
[INFO] [stderr]   -- Detecting C compile features - done
[INFO] [stderr]   -- Detecting CXX compiler ABI info
[INFO] [stderr]   -- Detecting CXX compiler ABI info - done
[INFO] [stderr]   -- Check for working CXX compiler: /usr/bin/c++ - skipped
[INFO] [stderr]   -- Detecting CXX compile features
[INFO] [stderr]   -- Detecting CXX compile features - done
[INFO] [stderr]   -- Looking for sys/types.h
[INFO] [stderr]   -- Looking for sys/types.h - found
[INFO] [stderr]   -- Looking for stdint.h
[INFO] [stderr]   -- Looking for stdint.h - found
[INFO] [stderr]   -- Looking for stddef.h
[INFO] [stderr]   -- Looking for stddef.h - found
[INFO] [stderr]   -- Check size of short
[INFO] [stderr]   -- Check size of short - done
[INFO] [stderr]   -- Check size of int
[INFO] [stderr]   -- Check size of int - done
[INFO] [stderr]   -- Check size of long
[INFO] [stderr]   -- Check size of long - done
[INFO] [stderr]   -- Check size of long long
[INFO] [stderr]   -- Check size of long long - done
[INFO] [stderr]   -- Found PkgConfig: /usr/bin/pkg-config (found version "0.29.2") 
[INFO] [stderr]   -- Looking for POSIX compatible scandir
[INFO] [stderr]   -- POSIX compatible scandir - found
[INFO] [stderr]   -- Could NOT find Doxygen (missing: DOXYGEN_EXECUTABLE) 
[INFO] [stderr]   -- Found X11: /usr/include   
[INFO] [stderr]   -- Looking for XOpenDisplay in /usr/lib/x86_64-linux-gnu/libX11.so;/usr/lib/x86_64-linux-gnu/libXext.so
[INFO] [stderr]   -- Looking for XOpenDisplay in /usr/lib/x86_64-linux-gnu/libX11.so;/usr/lib/x86_64-linux-gnu/libXext.so - found
[INFO] [stderr]   -- Looking for gethostbyname
[INFO] [stderr]   -- Looking for gethostbyname - found
[INFO] [stderr]   -- Looking for connect
[INFO] [stderr]   -- Looking for connect - found
[INFO] [stderr]   -- Looking for remove
[INFO] [stderr]   -- Looking for remove - found
[INFO] [stderr]   -- Looking for shmat
[INFO] [stderr]   -- Looking for shmat - found
[INFO] [stderr]   -- Looking for IceConnectionNumber in ICE
[INFO] [stderr]   -- Looking for IceConnectionNumber in ICE - found
[INFO] [stderr]   -- Looking for pthread.h
[INFO] [stderr]   -- Looking for pthread.h - found
[INFO] [stderr]   -- Performing Test CMAKE_HAVE_LIBC_PTHREAD
[INFO] [stderr]   -- Performing Test CMAKE_HAVE_LIBC_PTHREAD - Success
[INFO] [stderr]   -- Found Threads: TRUE  
[INFO] [stderr]   -- Checking for module 'cairo'
[INFO] [stderr]   --   Found cairo, version 1.16.0
[INFO] [stderr]   -- Checking for module 'pangoxft'
[INFO] [stderr]   --   Found pangoxft, version 1.50.6
[INFO] [stderr]   -- Checking for module 'pangocairo'
[INFO] [stderr]   --   Found pangocairo, version 1.50.6
[INFO] [stderr]   -- Configuration Summary for FLTK 1.4.0 generated by CMake 3.22.1 --
[INFO] [stderr] 
[INFO] [stderr]   -- The following OPTIONAL packages have not been found:
[INFO] [stderr] 
[INFO] [stderr]    * Doxygen
[INFO] [stderr] 
[INFO] [stderr]   -- Static libraries will be built in /opt/rustwide/target/debug/build/fltk-sys-0f82f7c931fd91bf/out/build/fltk/lib
[INFO] [stderr]   -- Shared libraries will not be built (set OPTION_BUILD_SHARED_LIBS=ON to build)
[INFO] [stderr]   -- Example programs will not be built (set FLTK_BUILD_EXAMPLES=ON to build)
[INFO] [stderr]   -- Image Libraries: JPEG = Builtin
[INFO] [stderr]   --                  PNG  = Builtin
[INFO] [stderr]   --                  ZLIB = Builtin
[INFO] [stderr]   -- Use Wayland:     No
[INFO] [stderr]   -- Use Pango:       Yes
[INFO] [stderr]   -- Cairo support:   No
[INFO] [stderr]   -- End of Configuration Summary --
[INFO] [stderr] 
[INFO] [stderr]   -- Configuring done
[INFO] [stderr]   -- Generating done
[INFO] [stderr]   -- Build files have been written to: /opt/rustwide/target/debug/build/fltk-sys-0f82f7c931fd91bf/out/build
[INFO] [stderr]   running: cd "/opt/rustwide/target/debug/build/fltk-sys-0f82f7c931fd91bf/out/build" && MAKEFLAGS="-j --jobserver-fds=7,8 --jobserver-auth=7,8" "cmake" "--build" "." "--target" "install" "--config" "Release" "--parallel" "16"
[INFO] [stderr]   [  1%] Building C object fltk/jpeg/CMakeFiles/fltk_jpeg.dir/jmemnobs.c.o
[INFO] [stderr]   [  1%] Building C object fltk/jpeg/CMakeFiles/fltk_jpeg.dir/jaricom.c.o
[INFO] [stderr]   [  1%] Building CXX object CMakeFiles/cfltk.dir/src/cfl_new.cpp.o
[INFO] [stderr]   [  2%] Building CXX object fltk/src/CMakeFiles/fltk.dir/Fl.cxx.o
[INFO] [stderr]   [  2%] Building CXX object CMakeFiles/cfltk.dir/src/cfl_window.cpp.o
[INFO] [stderr]   [  2%] Building CXX object CMakeFiles/cfltk.dir/src/cfl_lock.cpp.o
[INFO] [stderr]   [  2%] Building CXX object CMakeFiles/cfltk.dir/src/cfl.cpp.o
[INFO] [stderr]   [  2%] Building C object fltk/jpeg/CMakeFiles/fltk_jpeg.dir/jcomapi.c.o
[INFO] [stderr]   [  2%] Building CXX object CMakeFiles/cfltk.dir/src/cfl_button.cpp.o
[INFO] [stderr]   [  2%] Building CXX object CMakeFiles/cfltk.dir/src/cfl_widget.cpp.o
[INFO] [stderr]   [  3%] Building C object fltk/zlib/CMakeFiles/fltk_z.dir/compress.c.o
[INFO] [stderr]   [  4%] Building CXX object fltk/src/CMakeFiles/fltk.dir/Fl_Adjuster.cxx.o
[INFO] [stderr]   [  4%] Building C object fltk/zlib/CMakeFiles/fltk_z.dir/adler32.c.o
[INFO] [stderr]   [  4%] Building C object fltk/jpeg/CMakeFiles/fltk_jpeg.dir/jutils.c.o
[INFO] [stderr]   [  4%] Building CXX object fltk/src/CMakeFiles/fltk.dir/Fl_Bitmap.cxx.o
[INFO] [stderr]   [  5%] Building CXX object CMakeFiles/cfltk.dir/src/cfl_group.cpp.o
[INFO] [stderr]   [  6%] Building C object fltk/jpeg/CMakeFiles/fltk_jpeg.dir/jerror.c.o
[INFO] [stderr]   [  6%] Building CXX object fltk/src/CMakeFiles/fltk.dir/Fl_Browser.cxx.o
[INFO] [stderr]   [  6%] Building C object fltk/jpeg/CMakeFiles/fltk_jpeg.dir/jmemmgr.c.o
[INFO] [stderr]   [  6%] Building C object fltk/zlib/CMakeFiles/fltk_z.dir/crc32.c.o
[INFO] [stderr]   [  6%] Building C object fltk/jpeg/CMakeFiles/fltk_jpeg.dir/jcapimin.c.o
[INFO] [stderr]   [  6%] Building CXX object CMakeFiles/cfltk.dir/src/cfl_text.cpp.o
[INFO] [stderr]   [  7%] Building C object fltk/jpeg/CMakeFiles/fltk_jpeg.dir/jcapistd.c.o
[INFO] [stderr]   [  7%] Building C object fltk/jpeg/CMakeFiles/fltk_jpeg.dir/jcarith.c.o
[INFO] [stderr]   [  7%] Building C object fltk/zlib/CMakeFiles/fltk_z.dir/deflate.c.o
[INFO] [stderr]   [  7%] Building C object fltk/jpeg/CMakeFiles/fltk_jpeg.dir/jctrans.c.o
[INFO] [stderr]   [  8%] Building C object fltk/jpeg/CMakeFiles/fltk_jpeg.dir/jcparam.c.o
[INFO] [stderr]   [  8%] Building CXX object fltk/src/CMakeFiles/fltk.dir/Fl_Browser_.cxx.o
[INFO] [stderr]   [  8%] Building C object fltk/jpeg/CMakeFiles/fltk_jpeg.dir/jdatadst.c.o
[INFO] [stderr]   [  8%] Building C object fltk/zlib/CMakeFiles/fltk_z.dir/gzclose.c.o
[INFO] [stderr]   [  8%] Building CXX object CMakeFiles/cfltk.dir/src/cfl_box.cpp.o
[INFO] [stderr]   [  8%] Building CXX object CMakeFiles/cfltk.dir/src/cfl_input.cpp.o
[INFO] [stderr]   [  9%] Building C object fltk/zlib/CMakeFiles/fltk_z.dir/gzlib.c.o
[INFO] [stderr]   [  9%] Building C object fltk/jpeg/CMakeFiles/fltk_jpeg.dir/jcinit.c.o
[INFO] [stderr]   [ 10%] Building CXX object CMakeFiles/cfltk.dir/src/cfl_menu.cpp.o
[INFO] [stderr]   [ 10%] Building C object fltk/jpeg/CMakeFiles/fltk_jpeg.dir/jcmaster.c.o
[INFO] [stderr]   [ 10%] Building C object fltk/zlib/CMakeFiles/fltk_z.dir/gzread.c.o
[INFO] [stderr]   [ 10%] Building C object fltk/zlib/CMakeFiles/fltk_z.dir/gzwrite.c.o
[INFO] [stderr]   [ 11%] Building CXX object fltk/src/CMakeFiles/fltk.dir/Fl_Browser_load.cxx.o
[INFO] [stderr]   [ 11%] Building CXX object CMakeFiles/cfltk.dir/src/cfl_dialog.cpp.o
[INFO] [stderr]   [ 11%] Building CXX object fltk/src/CMakeFiles/fltk.dir/Fl_Box.cxx.o
[INFO] [stderr]   [ 12%] Building C object fltk/zlib/CMakeFiles/fltk_z.dir/inflate.c.o
[INFO] [stderr] 
[INFO] [stderr]   --- stderr
[INFO] [stderr]   fatal: not a git repository (or any parent up to mount point /opt/rustwide)
[INFO] [stderr]   Stopping at filesystem boundary (GIT_DISCOVERY_ACROSS_FILESYSTEM not set).
[INFO] [stderr] 
[INFO] [stderr] 
[INFO] [stderr]   CMake Warning:
[INFO] [stderr]     Manually-specified variables were not used by the project:
[INFO] [stderr] 
[INFO] [stderr]       CMAKE_ASM_COMPILER
[INFO] [stderr]       CMAKE_ASM_FLAGS
[INFO] [stderr] 
[INFO] [stderr] 
[INFO] [stderr]   gmake: warning: -j16 forced in submake: resetting jobserver mode.
[INFO] [stderr]   /opt/rustwide/cargo-home/registry/src/index.crates.io-6f17d22bba15001f/fltk-sys-1.3.9/cfltk/fltk/jpeg/jcinit.c:249:1: fatal error: error closing /tmp/ccIXJXnD.s: No space left on device
[INFO] [stderr]     249 | }
[INFO] [stderr]         | ^
[INFO] [stderr]   compilation terminated.
[INFO] [stderr]   gmake[2]: *** [fltk/jpeg/CMakeFiles/fltk_jpeg.dir/build.make:244: fltk/jpeg/CMakeFiles/fltk_jpeg.dir/jcinit.c.o] Error 1
[INFO] [stderr]   gmake[2]: *** Waiting for unfinished jobs....
[INFO] [stderr]   In file included from /opt/rustwide/cargo-home/registry/src/index.crates.io-6f17d22bba15001f/fltk-sys-1.3.9/cfltk/include/cfl_box.h:4,
[INFO] [stderr]                    from /opt/rustwide/cargo-home/registry/src/index.crates.io-6f17d22bba15001f/fltk-sys-1.3.9/cfltk/src/cfl_box.cpp:1:
[INFO] [stderr]   /opt/rustwide/cargo-home/registry/src/index.crates.io-6f17d22bba15001f/fltk-sys-1.3.9/cfltk/include/cfl_macros.h:385:5: fatal error: error writing to /tmp/ccvXm935.s: No space left on device
[INFO] [stderr]     385 |     }
[INFO] [stderr]         |     ^
[INFO] [stderr]   /opt/rustwide/cargo-home/registry/src/index.crates.io-6f17d22bba15001f/fltk-sys-1.3.9/cfltk/src/cfl_box.cpp:11:1: note: in expansion of macro 'WIDGET_DEFINE'
[INFO] [stderr]      11 | WIDGET_DEFINE(Fl_Box)
[INFO] [stderr]         | ^~~~~~~~~~~~~
[INFO] [stderr]   compilation terminated.
[INFO] [stderr]   gmake[2]: *** [CMakeFiles/cfltk.dir/build.make:188: CMakeFiles/cfltk.dir/src/cfl_box.cpp.o] Error 1
[INFO] [stderr]   gmake[2]: *** Waiting for unfinished jobs....
[INFO] [stderr]   /opt/rustwide/cargo-home/registry/src/index.crates.io-6f17d22bba15001f/fltk-sys-1.3.9/cfltk/fltk/src/Fl_Browser_load.cxx:55:1: fatal error: error closing /tmp/ccx7wnUw.s: No space left on device
[INFO] [stderr]      55 | }
[INFO] [stderr]         | ^
[INFO] [stderr]   compilation terminated.
[INFO] [stderr]   gmake[2]: *** [fltk/src/CMakeFiles/fltk.dir/build.make:146: fltk/src/CMakeFiles/fltk.dir/Fl_Browser_load.cxx.o] Error 1
[INFO] [stderr]   gmake[2]: *** Waiting for unfinished jobs....
[INFO] [stderr]   /opt/rustwide/cargo-home/registry/src/index.crates.io-6f17d22bba15001f/fltk-sys-1.3.9/cfltk/fltk/zlib/gzread.c:654:1: fatal error: error writing to /tmp/ccz5fHY0.s: No space left on device
[INFO] [stderr]     654 | }
[INFO] [stderr]         | ^
[INFO] [stderr]   compilation terminated.
[INFO] [stderr]   gmake[2]: *** [fltk/zlib/CMakeFiles/fltk_z.dir/build.make:160: fltk/zlib/CMakeFiles/fltk_z.dir/gzread.c.o] Error 1
[INFO] [stderr]   gmake[2]: *** Waiting for unfinished jobs....
[INFO] [stderr]   /opt/rustwide/cargo-home/registry/src/index.crates.io-6f17d22bba15001f/fltk-sys-1.3.9/cfltk/fltk/src/Fl_Browser_.cxx:1096:85: fatal error: error writing to /tmp/ccAINmjI.s: No space left on device
[INFO] [stderr]    1096 | int Fl_Browser_::item_selected(void* item) const { return item==selection_ ? 1 : 0; }
[INFO] [stderr]         |                                                                                     ^
[INFO] [stderr]   compilation terminated.
[INFO] [stderr]   /opt/rustwide/cargo-home/registry/src/index.crates.io-6f17d22bba15001f/fltk-sys-1.3.9/cfltk/fltk/zlib/gzwrite.c:665:1: fatal error: error writing to /tmp/ccEn0Wvt.s: No space left on device
[INFO] [stderr]     665 | }
[INFO] [stderr]         | ^
[INFO] [stderr]   compilation terminated.
[INFO] [stderr]   gmake[2]: *** [fltk/src/CMakeFiles/fltk.dir/build.make:132: fltk/src/CMakeFiles/fltk.dir/Fl_Browser_.cxx.o] Error 1
[INFO] [stderr]   gmake[2]: *** [fltk/zlib/CMakeFiles/fltk_z.dir/build.make:174: fltk/zlib/CMakeFiles/fltk_z.dir/gzwrite.c.o] Error 1
[INFO] [stderr]   /opt/rustwide/cargo-home/registry/src/index.crates.io-6f17d22bba15001f/fltk-sys-1.3.9/cfltk/fltk/src/Fl.cxx:2106:75: fatal error: error writing to /tmp/ccJ8nsdQ.s: No space left on device
[INFO] [stderr]    2106 | FL_EXPORT const char* fl_local_ctrl  = Fl::system_driver()->control_name();
[INFO] [stderr]         |                                                                           ^
[INFO] [stderr]   compilation terminated.
[INFO] [stderr]   gmake[2]: *** [fltk/src/CMakeFiles/fltk.dir/build.make:76: fltk/src/CMakeFiles/fltk.dir/Fl.cxx.o] Error 1
[INFO] [stderr]   /opt/rustwide/cargo-home/registry/src/index.crates.io-6f17d22bba15001f/fltk-sys-1.3.9/cfltk/fltk/jpeg/jcmaster.c:677:1: fatal error: error writing to /tmp/ccsrQ7GG.s: No space left on device
[INFO] [stderr]     677 | }
[INFO] [stderr]         | ^
[INFO] [stderr]   compilation terminated.
[INFO] [stderr]   gmake[2]: *** [fltk/jpeg/CMakeFiles/fltk_jpeg.dir/build.make:258: fltk/jpeg/CMakeFiles/fltk_jpeg.dir/jcmaster.c.o] Error 1
[INFO] [stderr]   gmake[1]: *** [CMakeFiles/Makefile2:270: fltk/jpeg/CMakeFiles/fltk_jpeg.dir/all] Error 2
[INFO] [stderr]   gmake[1]: *** Waiting for unfinished jobs....
[INFO] [stderr]   /opt/rustwide/cargo-home/registry/src/index.crates.io-6f17d22bba15001f/fltk-sys-1.3.9/cfltk/fltk/src/Fl_Box.cxx:40:1: fatal error: error writing to /tmp/cccmuTX4.s: No space left on device
[INFO] [stderr]      40 | }
[INFO] [stderr]         | ^
[INFO] [stderr]   compilation terminated.
[INFO] [stderr]   gmake[2]: *** [fltk/src/CMakeFiles/fltk.dir/build.make:160: fltk/src/CMakeFiles/fltk.dir/Fl_Box.cxx.o] Error 1
[INFO] [stderr]   /opt/rustwide/cargo-home/registry/src/index.crates.io-6f17d22bba15001f/fltk-sys-1.3.9/cfltk/fltk/src/Fl_Browser.cxx:955:1: fatal error: error writing to /tmp/cc2QxdOB.s: No space left on device
[INFO] [stderr]     955 | }
[INFO] [stderr]         | ^
[INFO] [stderr]   compilation terminated.
[INFO] [stderr]   gmake[2]: *** [fltk/src/CMakeFiles/fltk.dir/build.make:118: fltk/src/CMakeFiles/fltk.dir/Fl_Browser.cxx.o] Error 1
[INFO] [stderr]   gmake[1]: *** [CMakeFiles/Makefile2:322: fltk/src/CMakeFiles/fltk.dir/all] Error 2
[INFO] [stderr]   /opt/rustwide/cargo-home/registry/src/index.crates.io-6f17d22bba15001f/fltk-sys-1.3.9/cfltk/src/cfl_dialog.cpp:545:1: fatal error: error writing to /tmp/cc6F7XA0.s: No space left on device
[INFO] [stderr]     545 | }
[INFO] [stderr]         | ^
[INFO] [stderr]   compilation terminated.
[INFO] [stderr]   gmake[2]: *** [CMakeFiles/cfltk.dir/build.make:230: CMakeFiles/cfltk.dir/src/cfl_dialog.cpp.o] Error 1
[INFO] [stderr]   /opt/rustwide/cargo-home/registry/src/index.crates.io-6f17d22bba15001f/fltk-sys-1.3.9/cfltk/fltk/zlib/deflate.c:2163:1: fatal error: error writing to /tmp/ccEu9AFk.s: No space left on device
[INFO] [stderr]    2163 | }
[INFO] [stderr]         | ^
[INFO] [stderr]   compilation terminated.
[INFO] [stderr]   gmake[2]: *** [fltk/zlib/CMakeFiles/fltk_z.dir/build.make:118: fltk/zlib/CMakeFiles/fltk_z.dir/deflate.c.o] Error 1
[INFO] [stderr]   /opt/rustwide/cargo-home/registry/src/index.crates.io-6f17d22bba15001f/fltk-sys-1.3.9/cfltk/fltk/zlib/inflate.c:1561:1: fatal error: error writing to /tmp/cc8fSg13.s: No space left on device
[INFO] [stderr]    1561 | }
[INFO] [stderr]         | ^
[INFO] [stderr]   compilation terminated.
[INFO] [stderr]   gmake[2]: *** [fltk/zlib/CMakeFiles/fltk_z.dir/build.make:188: fltk/zlib/CMakeFiles/fltk_z.dir/inflate.c.o] Error 1
[INFO] [stderr]   gmake[1]: *** [CMakeFiles/Makefile2:244: fltk/zlib/CMakeFiles/fltk_z.dir/all] Error 2
[INFO] [stderr]   /opt/rustwide/cargo-home/registry/src/index.crates.io-6f17d22bba15001f/fltk-sys-1.3.9/cfltk/src/cfl_text.cpp:764:1: fatal error: error writing to /tmp/ccfKXlIw.s: No space left on device
[INFO] [stderr]     764 | }
[INFO] [stderr]         | ^
[INFO] [stderr]   compilation terminated.
[INFO] [stderr]   gmake[2]: *** [CMakeFiles/cfltk.dir/build.make:174: CMakeFiles/cfltk.dir/src/cfl_text.cpp.o] Error 1
[INFO] [stderr]   /opt/rustwide/cargo-home/registry/src/index.crates.io-6f17d22bba15001f/fltk-sys-1.3.9/cfltk/src/cfl_menu.cpp:363:1: fatal error: error writing to /tmp/ccNaGQLR.s: No space left on device
[INFO] [stderr]     363 | }
[INFO] [stderr]         | ^
[INFO] [stderr]   compilation terminated.
[INFO] [stderr]   gmake[2]: *** [CMakeFiles/cfltk.dir/build.make:216: CMakeFiles/cfltk.dir/src/cfl_menu.cpp.o] Error 1
[INFO] [stderr]   /opt/rustwide/cargo-home/registry/src/index.crates.io-6f17d22bba15001f/fltk-sys-1.3.9/cfltk/src/cfl_window.cpp:245:5: fatal error: error writing to /tmp/ccJ0sZgD.s: No space left on device
[INFO] [stderr]     245 |     }
[INFO] [stderr]         |     ^
[INFO] [stderr]   /opt/rustwide/cargo-home/registry/src/index.crates.io-6f17d22bba15001f/fltk-sys-1.3.9/cfltk/src/cfl_window.cpp:390:1: note: in expansion of macro 'WINDOW_DEFINE'
[INFO] [stderr]     390 | WINDOW_DEFINE(Fl_Overlay_Window)
[INFO] [stderr]         | ^~~~~~~~~~~~~
[INFO] [stderr]   compilation terminated.
[INFO] [stderr]   gmake[2]: *** [CMakeFiles/cfltk.dir/build.make:118: CMakeFiles/cfltk.dir/src/cfl_window.cpp.o] Error 1
[INFO] [stderr]   In file included from /opt/rustwide/cargo-home/registry/src/index.crates.io-6f17d22bba15001f/fltk-sys-1.3.9/cfltk/include/cfl_group.h:4,
[INFO] [stderr]                    from /opt/rustwide/cargo-home/registry/src/index.crates.io-6f17d22bba15001f/fltk-sys-1.3.9/cfltk/src/cfl_group.cpp:1:
[INFO] [stderr]   /opt/rustwide/cargo-home/registry/src/index.crates.io-6f17d22bba15001f/fltk-sys-1.3.9/cfltk/include/cfl_macros.h:539:5: fatal error: error writing to /tmp/cc6LXgsA.s: No space left on device
[INFO] [stderr]     539 |     }
[INFO] [stderr]         |     ^
[INFO] [stderr]   /opt/rustwide/cargo-home/registry/src/index.crates.io-6f17d22bba15001f/fltk-sys-1.3.9/cfltk/src/cfl_group.cpp:207:1: note: in expansion of macro 'GROUP_DEFINE'
[INFO] [stderr]     207 | GROUP_DEFINE(Fl_Flex)
[INFO] [stderr]         | ^~~~~~~~~~~~
[INFO] [stderr]   compilation terminated.
[INFO] [stderr]   gmake[2]: *** [CMakeFiles/cfltk.dir/build.make:160: CMakeFiles/cfltk.dir/src/cfl_group.cpp.o] Error 1
[INFO] [stderr]   /opt/rustwide/cargo-home/registry/src/index.crates.io-6f17d22bba15001f/fltk-sys-1.3.9/cfltk/src/cfl_button.cpp:43:5: fatal error: error writing to /tmp/ccJchiAy.s: No space left on device
[INFO] [stderr]      43 |     }
[INFO] [stderr]         |     ^
[INFO] [stderr]   /opt/rustwide/cargo-home/registry/src/index.crates.io-6f17d22bba15001f/fltk-sys-1.3.9/cfltk/src/cfl_button.cpp:166:1: note: in expansion of macro 'BUTTON_DEFINE'
[INFO] [stderr]     166 | BUTTON_DEFINE(Fl_Return_Button)
[INFO] [stderr]         | ^~~~~~~~~~~~~
[INFO] [stderr]   compilation terminated.
[INFO] [stderr]   gmake[2]: *** [CMakeFiles/cfltk.dir/build.make:132: CMakeFiles/cfltk.dir/src/cfl_button.cpp.o] Error 1
[INFO] [stderr]   /opt/rustwide/cargo-home/registry/src/index.crates.io-6f17d22bba15001f/fltk-sys-1.3.9/cfltk/src/cfl_input.cpp:107:5: fatal error: error writing to /tmp/ccZ9VZWG.s: No space left on device
[INFO] [stderr]     107 |     }
[INFO] [stderr]         |     ^
[INFO] [stderr]   /opt/rustwide/cargo-home/registry/src/index.crates.io-6f17d22bba15001f/fltk-sys-1.3.9/cfltk/src/cfl_input.cpp:163:1: note: in expansion of macro 'INPUT_DEFINE'
[INFO] [stderr]     163 | INPUT_DEFINE(Fl_Multiline_Output)
[INFO] [stderr]         | ^~~~~~~~~~~~
[INFO] [stderr]   compilation terminated.
[INFO] [stderr]   gmake[2]: *** [CMakeFiles/cfltk.dir/build.make:202: CMakeFiles/cfltk.dir/src/cfl_input.cpp.o] Error 1
[INFO] [stderr]   gmake[1]: *** [CMakeFiles/Makefile2:192: CMakeFiles/cfltk.dir/all] Error 2
[INFO] [stderr]   gmake: *** [Makefile:136: all] Error 2
[INFO] [stderr]   thread 'main' panicked at /opt/rustwide/cargo-home/registry/src/index.crates.io-6f17d22bba15001f/cmake-0.1.48/src/lib.rs:975:5:
[INFO] [stderr] 
[INFO] [stderr]   command did not execute successfully, got: exit status: 2
[INFO] [stderr] 
[INFO] [stderr]   build script failed, must exit now
[INFO] [stderr]   stack backtrace:
[INFO] [stderr]      0:     0x5575e8616846 - std::backtrace_rs::backtrace::libunwind::trace::h261606ad26a499c1
[INFO] [stderr]                                  at /rustc/0e09125c6c3c2fd70d7de961bcf0e51575235fad/library/std/src/../../backtrace/src/backtrace/libunwind.rs:104:5
[INFO] [stderr]      1:     0x5575e8616846 - std::backtrace_rs::backtrace::trace_unsynchronized::hd183f0625477fb28
[INFO] [stderr]                                  at /rustc/0e09125c6c3c2fd70d7de961bcf0e51575235fad/library/std/src/../../backtrace/src/backtrace/mod.rs:66:5
[INFO] [stderr]      2:     0x5575e8616846 - std::sys_common::backtrace::_print_fmt::hd7f8fef21b4eda67
[INFO] [stderr]                                  at /rustc/0e09125c6c3c2fd70d7de961bcf0e51575235fad/library/std/src/sys_common/backtrace.rs:68:5
[INFO] [stderr]      3:     0x5575e8616846 - <std::sys_common::backtrace::_print::DisplayBacktrace as core::fmt::Display>::fmt::h623d9b51f2f453f1
[INFO] [stderr]                                  at /rustc/0e09125c6c3c2fd70d7de961bcf0e51575235fad/library/std/src/sys_common/backtrace.rs:44:22
[INFO] [stderr]      4:     0x5575e863c250 - core::fmt::rt::Argument::fmt::h9f417ac76a86f368
[INFO] [stderr]                                  at /rustc/0e09125c6c3c2fd70d7de961bcf0e51575235fad/library/core/src/fmt/rt.rs:142:9
[INFO] [stderr]      5:     0x5575e863c250 - core::fmt::write::hc9b6faf4ac2aeff7
[INFO] [stderr]                                  at /rustc/0e09125c6c3c2fd70d7de961bcf0e51575235fad/library/core/src/fmt/mod.rs:1120:17
[INFO] [stderr]      6:     0x5575e8613fef - std::io::Write::write_fmt::hfead1eee52c2e65e
[INFO] [stderr]                                  at /rustc/0e09125c6c3c2fd70d7de961bcf0e51575235fad/library/std/src/io/mod.rs:1810:15
[INFO] [stderr]      7:     0x5575e8616624 - std::sys_common::backtrace::_print::hd5d66399c7df88a2
[INFO] [stderr]                                  at /rustc/0e09125c6c3c2fd70d7de961bcf0e51575235fad/library/std/src/sys_common/backtrace.rs:47:5
[INFO] [stderr]      8:     0x5575e8616624 - std::sys_common::backtrace::print::he81ed2da642d37e5
[INFO] [stderr]                                  at /rustc/0e09125c6c3c2fd70d7de961bcf0e51575235fad/library/std/src/sys_common/backtrace.rs:34:9
[INFO] [stderr]      9:     0x5575e8617f07 - std::panicking::default_hook::{{closure}}::h85773f4fa117163d
[INFO] [stderr]     10:     0x5575e8617c69 - std::panicking::default_hook::h6a1694a91d09b278
[INFO] [stderr]                                  at /rustc/0e09125c6c3c2fd70d7de961bcf0e51575235fad/library/std/src/panicking.rs:292:9
[INFO] [stderr]     11:     0x5575e8618398 - std::panicking::rust_panic_with_hook::h0a7ad96e90f7145b
[INFO] [stderr]                                  at /rustc/0e09125c6c3c2fd70d7de961bcf0e51575235fad/library/std/src/panicking.rs:779:13
[INFO] [stderr]     12:     0x5575e8618272 - std::panicking::begin_panic_handler::{{closure}}::h7919090525c6485e
[INFO] [stderr]                                  at /rustc/0e09125c6c3c2fd70d7de961bcf0e51575235fad/library/std/src/panicking.rs:657:13
[INFO] [stderr]     13:     0x5575e8616d46 - std::sys_common::backtrace::__rust_end_short_backtrace::hf3289479464f7dfe
[INFO] [stderr]                                  at /rustc/0e09125c6c3c2fd70d7de961bcf0e51575235fad/library/std/src/sys_common/backtrace.rs:171:18
[INFO] [stderr]     14:     0x5575e8617fd0 - rust_begin_unwind
[INFO] [stderr]                                  at /rustc/0e09125c6c3c2fd70d7de961bcf0e51575235fad/library/std/src/panicking.rs:645:5
[INFO] [stderr]     15:     0x5575e85946d5 - core::panicking::panic_fmt::hcc9f77c5c132af55
[INFO] [stderr]                                  at /rustc/0e09125c6c3c2fd70d7de961bcf0e51575235fad/library/core/src/panicking.rs:72:14
[INFO] [stderr]     16:     0x5575e85b49c1 - cmake::fail::h2ecdb3fa4be64725
[INFO] [stderr]     17:     0x5575e85b40c7 - cmake::run::ha8093c2e8224b9c9
[INFO] [stderr]     18:     0x5575e85b1245 - cmake::Config::build::h7acc27b502b01b92
[INFO] [stderr]     19:     0x5575e859f325 - build_script_main::source::build::h2e21eedcf6920455
[INFO] [stderr]     20:     0x5575e859fd5c - build_script_main::main::h87fce77951a8d385
[INFO] [stderr]     21:     0x5575e859ac13 - core::ops::function::FnOnce::call_once::hab17802e29725618
[INFO] [stderr]     22:     0x5575e859a976 - std::sys_common::backtrace::__rust_begin_short_backtrace::h01c9e0149160aaf4
[INFO] [stderr]     23:     0x5575e859aa89 - std::rt::lang_start::{{closure}}::h84b0816ff083f087
[INFO] [stderr]     24:     0x5575e860fb91 - core::ops::function::impls::<impl core::ops::function::FnOnce<A> for &F>::call_once::h4eb4c5e1620f29b0
[INFO] [stderr]                                  at /rustc/0e09125c6c3c2fd70d7de961bcf0e51575235fad/library/core/src/ops/function.rs:284:13
[INFO] [stderr]     25:     0x5575e860fb91 - std::panicking::try::do_call::h73fd26535faffcdf
[INFO] [stderr]                                  at /rustc/0e09125c6c3c2fd70d7de961bcf0e51575235fad/library/std/src/panicking.rs:552:40
[INFO] [stderr]     26:     0x5575e860fb91 - std::panicking::try::h77ff1d98f0fb9f39
[INFO] [stderr]                                  at /rustc/0e09125c6c3c2fd70d7de961bcf0e51575235fad/library/std/src/panicking.rs:516:19
[INFO] [stderr]     27:     0x5575e860fb91 - std::panic::catch_unwind::hab3caf2448b95e37
[INFO] [stderr]                                  at /rustc/0e09125c6c3c2fd70d7de961bcf0e51575235fad/library/std/src/panic.rs:142:14
[INFO] [stderr]     28:     0x5575e860fb91 - std::rt::lang_start_internal::{{closure}}::h8086711f9c783f78
[INFO] [stderr]                                  at /rustc/0e09125c6c3c2fd70d7de961bcf0e51575235fad/library/std/src/rt.rs:148:48
[INFO] [stderr]     29:     0x5575e860fb91 - std::panicking::try::do_call::hf920d4dc291cd6ca
[INFO] [stderr]                                  at /rustc/0e09125c6c3c2fd70d7de961bcf0e51575235fad/library/std/src/panicking.rs:552:40
[INFO] [stderr]     30:     0x5575e860fb91 - std::panicking::try::h2b806ccc0a85db74
[INFO] [stderr]                                  at /rustc/0e09125c6c3c2fd70d7de961bcf0e51575235fad/library/std/src/panicking.rs:516:19
[INFO] [stderr]     31:     0x5575e860fb91 - std::panic::catch_unwind::h038489539c507df2
[INFO] [stderr]                                  at /rustc/0e09125c6c3c2fd70d7de961bcf0e51575235fad/library/std/src/panic.rs:142:14
[INFO] [stderr]     32:     0x5575e860fb91 - std::rt::lang_start_internal::h28503b88912e8a5c
[INFO] [stderr]                                  at /rustc/0e09125c6c3c2fd70d7de961bcf0e51575235fad/library/std/src/rt.rs:148:20
[INFO] [stderr]     33:     0x5575e859aa67 - std::rt::lang_start::he90ef1ca24b49542
[INFO] [stderr]     34:     0x5575e859fef5 - main
[INFO] [stderr]     35:     0x7ff8eb31bd90 - <unknown>
[INFO] [stderr]     36:     0x7ff8eb31be40 - __libc_start_main
[INFO] [stderr]     37:     0x5575e8594e05 - _start
[INFO] [stderr]     38:                0x0 - <unknown>
[INFO] running `Command { std: "docker" "inspect" "2297f57efbd73083446da47090f2fdafd40887d78e4451f9ca3c33523e0d7efd", kill_on_drop: false }`
[INFO] running `Command { std: "docker" "rm" "-f" "2297f57efbd73083446da47090f2fdafd40887d78e4451f9ca3c33523e0d7efd", kill_on_drop: false }`
[INFO] [stdout] 2297f57efbd73083446da47090f2fdafd40887d78e4451f9ca3c33523e0d7efd
