[INFO] cloning repository https://github.com/tmuerell/dbc
[INFO] running `Command { std: "git" "-c" "credential.helper=" "-c" "credential.helper=/workspace/cargo-home/bin/git-credential-null" "clone" "--bare" "https://github.com/tmuerell/dbc" "/workspace/cache/git-repos/https%3A%2F%2Fgithub.com%2Ftmuerell%2Fdbc", kill_on_drop: false }`
[INFO] [stderr] Cloning into bare repository '/workspace/cache/git-repos/https%3A%2F%2Fgithub.com%2Ftmuerell%2Fdbc'...
[INFO] running `Command { std: "git" "rev-parse" "HEAD", kill_on_drop: false }`
[INFO] [stdout] 9d5ceefd6d6abd3b3427b60c049d19e8424f9aff
[INFO] testing tmuerell/dbc against 1.75.0 for beta-1.76-1
[INFO] running `Command { std: "git" "clone" "/workspace/cache/git-repos/https%3A%2F%2Fgithub.com%2Ftmuerell%2Fdbc" "/workspace/builds/worker-0-tc1/source", kill_on_drop: false }`
[INFO] [stderr] Cloning into '/workspace/builds/worker-0-tc1/source'...
[INFO] [stderr] done.
[INFO] validating manifest of git repo https://github.com/tmuerell/dbc on toolchain 1.75.0
[INFO] running `Command { std: CARGO_HOME="/workspace/cargo-home" RUSTUP_HOME="/workspace/rustup-home" "/workspace/cargo-home/bin/cargo" "+1.75.0" "metadata" "--manifest-path" "Cargo.toml" "--no-deps", kill_on_drop: false }`
[INFO] started tweaking git repo https://github.com/tmuerell/dbc
[INFO] finished tweaking git repo https://github.com/tmuerell/dbc
[INFO] tweaked toml for git repo https://github.com/tmuerell/dbc written to /workspace/builds/worker-0-tc1/source/Cargo.toml
[INFO] crate git repo https://github.com/tmuerell/dbc already has a lockfile, it will not be regenerated
[INFO] running `Command { std: CARGO_HOME="/workspace/cargo-home" RUSTUP_HOME="/workspace/rustup-home" "/workspace/cargo-home/bin/cargo" "+1.75.0" "fetch" "--manifest-path" "Cargo.toml", kill_on_drop: false }`
[INFO] [stderr]     Updating crates.io index
[INFO] [stderr]  Downloading crates ...
[INFO] [stderr]   Downloaded oracle_procmacro v0.1.2
[INFO] [stderr]   Downloaded omnipath v0.1.5
[INFO] [stderr]   Downloaded nu-engine v0.83.1
[INFO] [stderr]   Downloaded nu-utils v0.83.1
[INFO] [stderr]   Downloaded fd-lock v3.0.10
[INFO] [stderr]   Downloaded simple_excel_writer v0.2.0
[INFO] [stderr]   Downloaded nu-glob v0.83.1
[INFO] [stderr]   Downloaded pure-rust-locales v0.5.6
[INFO] [stderr]   Downloaded nu-protocol v0.83.1
[INFO] [stderr]   Downloaded oracle v0.5.7
[INFO] [stderr]   Downloaded nu-plugin v0.83.1
[INFO] [stderr]   Downloaded nu-path v0.83.1
[INFO] running `Command { std: "docker" "create" "-v" "/var/lib/crater-agent-workspace/builds/worker-0-tc1/target:/opt/rustwide/target:rw,Z" "-v" "/var/lib/crater-agent-workspace/builds/worker-0-tc1/source:/opt/rustwide/workdir:ro,Z" "-v" "/var/lib/crater-agent-workspace/cargo-home:/opt/rustwide/cargo-home:ro,Z" "-v" "/var/lib/crater-agent-workspace/rustup-home:/opt/rustwide/rustup-home:ro,Z" "-e" "SOURCE_DIR=/opt/rustwide/workdir" "-e" "CARGO_TARGET_DIR=/opt/rustwide/target" "-e" "CARGO_HOME=/opt/rustwide/cargo-home" "-e" "RUSTUP_HOME=/opt/rustwide/rustup-home" "-w" "/opt/rustwide/workdir" "-m" "1610612736" "--user" "0:0" "--network" "none" "ghcr.io/rust-lang/crates-build-env/linux@sha256:2788e3201cd34a07e3172128adcd8b3090168a8e3bcc40d7c032b9dda1df7d1c" "/opt/rustwide/cargo-home/bin/cargo" "+1.75.0" "metadata" "--no-deps" "--format-version=1", kill_on_drop: false }`
[INFO] [stdout] ce17686f3a377b79ca2eed5ba4dae1b82bc15db4334cc007666bcb82d8a3c2fe
[INFO] running `Command { std: "docker" "start" "-a" "ce17686f3a377b79ca2eed5ba4dae1b82bc15db4334cc007666bcb82d8a3c2fe", kill_on_drop: false }`
[INFO] running `Command { std: "docker" "inspect" "ce17686f3a377b79ca2eed5ba4dae1b82bc15db4334cc007666bcb82d8a3c2fe", kill_on_drop: false }`
[INFO] running `Command { std: "docker" "rm" "-f" "ce17686f3a377b79ca2eed5ba4dae1b82bc15db4334cc007666bcb82d8a3c2fe", kill_on_drop: false }`
[INFO] [stdout] ce17686f3a377b79ca2eed5ba4dae1b82bc15db4334cc007666bcb82d8a3c2fe
[INFO] running `Command { std: "docker" "create" "-v" "/var/lib/crater-agent-workspace/builds/worker-0-tc1/target:/opt/rustwide/target:rw,Z" "-v" "/var/lib/crater-agent-workspace/builds/worker-0-tc1/source:/opt/rustwide/workdir:ro,Z" "-v" "/var/lib/crater-agent-workspace/cargo-home:/opt/rustwide/cargo-home:ro,Z" "-v" "/var/lib/crater-agent-workspace/rustup-home:/opt/rustwide/rustup-home:ro,Z" "-e" "SOURCE_DIR=/opt/rustwide/workdir" "-e" "CARGO_TARGET_DIR=/opt/rustwide/target" "-e" "CARGO_INCREMENTAL=0" "-e" "RUST_BACKTRACE=full" "-e" "RUSTFLAGS=--cap-lints=warn" "-e" "RUSTDOCFLAGS=--cap-lints=warn" "-e" "CARGO_HOME=/opt/rustwide/cargo-home" "-e" "RUSTUP_HOME=/opt/rustwide/rustup-home" "-w" "/opt/rustwide/workdir" "-m" "1610612736" "--user" "0:0" "--network" "none" "ghcr.io/rust-lang/crates-build-env/linux@sha256:2788e3201cd34a07e3172128adcd8b3090168a8e3bcc40d7c032b9dda1df7d1c" "/opt/rustwide/cargo-home/bin/cargo" "+1.75.0" "build" "--frozen" "--message-format=json", kill_on_drop: false }`
[INFO] [stdout] 09d45bbf049f59b228e41fa6ec1915994f86708854438bbbba83bcc20da8d6ae
[INFO] running `Command { std: "docker" "start" "-a" "09d45bbf049f59b228e41fa6ec1915994f86708854438bbbba83bcc20da8d6ae", kill_on_drop: false }`
[INFO] [stderr]    Compiling libc v0.2.147
[INFO] [stderr]    Compiling proc-macro2 v1.0.56
[INFO] [stderr]    Compiling quote v1.0.26
[INFO] [stderr]    Compiling unicode-ident v1.0.6
[INFO] [stderr]    Compiling cfg-if v1.0.0
[INFO] [stderr]    Compiling autocfg v1.1.0
[INFO] [stderr]    Compiling version_check v0.9.4
[INFO] [stderr]    Compiling syn v1.0.107
[INFO] [stderr]    Compiling memchr v2.5.0
[INFO] [stderr]    Compiling once_cell v1.17.1
[INFO] [stderr]    Compiling cc v1.0.79
[INFO] [stderr]    Compiling serde_derive v1.0.152
[INFO] [stderr]    Compiling serde v1.0.152
[INFO] [stderr]    Compiling bitflags v1.3.2
[INFO] [stderr]    Compiling pkg-config v0.3.26
[INFO] [stderr]    Compiling typenum v1.16.0
[INFO] [stderr]    Compiling regex-syntax v0.6.28
[INFO] [stderr]    Compiling io-lifetimes v1.0.5
[INFO] [stderr]    Compiling log v0.4.17
[INFO] [stderr]    Compiling rustix v0.36.8
[INFO] [stderr]    Compiling scopeguard v1.1.0
[INFO] [stderr]    Compiling crossbeam-utils v0.8.14
[INFO] [stderr]    Compiling ahash v0.7.6
[INFO] [stderr]    Compiling generic-array v0.14.6
[INFO] [stderr]    Compiling thiserror v1.0.40
[INFO] [stderr]    Compiling num-traits v0.2.15
[INFO] [stderr]    Compiling num-integer v0.1.45
[INFO] [stderr]    Compiling static_assertions v1.1.0
[INFO] [stderr]    Compiling linux-raw-sys v0.1.4
[INFO] [stderr]    Compiling memoffset v0.7.1
[INFO] [stderr]    Compiling subtle v2.4.1
[INFO] [stderr]    Compiling byteorder v1.4.3
[INFO] [stderr]    Compiling itoa v1.0.5
[INFO] [stderr]    Compiling crossbeam-epoch v0.9.13
[INFO] [stderr]    Compiling smallvec v1.10.0
[INFO] [stderr]    Compiling unicode-width v0.1.10
[INFO] [stderr]    Compiling tinyvec_macros v0.1.1
[INFO] [stderr]    Compiling aho-corasick v0.7.20
[INFO] [stderr]    Compiling tinyvec v1.6.0
[INFO] [stderr]    Compiling ryu v1.0.12
[INFO] [stderr]    Compiling lazy_static v1.4.0
[INFO] [stderr]    Compiling ppv-lite86 v0.2.17
[INFO] [stderr]    Compiling iana-time-zone v0.1.53
[INFO] [stderr]    Compiling pure-rust-locales v0.5.6
[INFO] [stderr]    Compiling glob v0.3.1
[INFO] [stderr]    Compiling syn v2.0.15
[INFO] [stderr]    Compiling lexical-util v0.8.5
[INFO] [stderr]    Compiling ahash v0.8.3
[INFO] [stderr]    Compiling bytes v1.4.0
[INFO] [stderr]    Compiling arrayvec v0.7.2
[INFO] [stderr]    Compiling unicode-bidi v0.3.10
[INFO] [stderr]    Compiling clang-sys v1.6.0
[INFO] [stderr]    Compiling cpufeatures v0.2.5
[INFO] [stderr]    Compiling crossbeam-deque v0.8.2
[INFO] [stderr]    Compiling openssl-sys v0.9.80
[INFO] [stderr]    Compiling unicode-normalization v0.1.22
[INFO] [stderr]    Compiling libz-sys v1.1.8
[INFO] [stderr]    Compiling getrandom v0.2.8
[INFO] [stderr]    Compiling time v0.1.45
[INFO] [stderr]    Compiling regex v1.7.1
[INFO] [stderr]    Compiling rand_core v0.6.4
[INFO] [stderr]    Compiling crossbeam-channel v0.5.6
[INFO] [stderr]    Compiling hashbrown v0.12.3
[INFO] [stderr]    Compiling crypto-common v0.1.6
[INFO] [stderr]    Compiling block-buffer v0.10.3
[INFO] [stderr]    Compiling rand_chacha v0.3.1
[INFO] [stderr]    Compiling proc-macro-hack v0.5.20+deprecated
[INFO] [stderr]    Compiling futures-core v0.3.26
[INFO] [stderr]    Compiling minimal-lexical v0.2.1
[INFO] [stderr]    Compiling digest v0.10.6
[INFO] [stderr]    Compiling serde_json v1.0.93
[INFO] [stderr]    Compiling frunk_core v0.4.1
[INFO] [stderr]    Compiling rand v0.8.5
[INFO] [stderr]    Compiling crc32fast v1.3.2
[INFO] [stderr]    Compiling utf8parse v0.2.0
[INFO] [stderr]    Compiling base64 v0.13.1
[INFO] [stderr]    Compiling sha2 v0.10.6
[INFO] [stderr]    Compiling nom v7.1.3
[INFO] [stderr]    Compiling dirs-sys-next v0.1.2
[INFO] [stderr]    Compiling vte_generate_state_changes v0.1.1
[INFO] [stderr]    Compiling libloading v0.7.4
[INFO] [stderr]    Compiling paste v1.0.11
[INFO] [stderr]    Compiling allocator-api2 v0.2.16
[INFO] [stderr]    Compiling erased-serde v0.3.25
[INFO] [stderr]    Compiling bindgen v0.59.2
[INFO] [stderr]    Compiling adler v1.0.2
[INFO] [stderr]    Compiling pin-project-lite v0.2.9
[INFO] [stderr]    Compiling rayon-core v1.11.0
[INFO] [stderr]    Compiling arrayvec v0.5.2
[INFO] [stderr]    Compiling miniz_oxide v0.6.2
[INFO] [stderr]    Compiling hashbrown v0.14.0
[INFO] [stderr]    Compiling dirs-next v2.0.0
[INFO] [stderr]    Compiling vte v0.10.1
[INFO] [stderr]    Compiling num_cpus v1.15.0
[INFO] [stderr]    Compiling socket2 v0.4.7
[INFO] [stderr]    Compiling lexical-parse-integer v0.8.6
[INFO] [stderr]    Compiling lexical-write-integer v0.8.5
[INFO] [stderr]    Compiling slab v0.4.8
[INFO] [stderr]    Compiling is-terminal v0.4.3
[INFO] [stderr]    Compiling num-bigint v0.4.3
[INFO] [stderr]    Compiling lock_api v0.4.9
[INFO] [stderr]    Compiling tokio v1.25.0
[INFO] [stderr]    Compiling proc-macro-error-attr v1.0.4
[INFO] [stderr]    Compiling is_ci v1.1.1
[INFO] [stderr]    Compiling ident_case v1.0.1
[INFO] [stderr]    Compiling nu-ansi-term v0.49.0
[INFO] [stderr]    Compiling smawk v0.3.1
[INFO] [stderr]    Compiling parking_lot_core v0.9.7
[INFO] [stderr]    Compiling lazycell v1.3.0
[INFO] [stderr]    Compiling percent-encoding v2.2.0
[INFO] [stderr]    Compiling rustc-hash v1.1.0
[INFO] [stderr]    Compiling radium v0.7.0
[INFO] [stderr]    Compiling futures-task v0.3.26
[INFO] [stderr]    Compiling peeking_take_while v0.1.2
[INFO] [stderr]    Compiling fallible-iterator v0.2.0
[INFO] [stderr]    Compiling shlex v1.1.0
[INFO] [stderr]    Compiling strsim v0.10.0
[INFO] [stderr]    Compiling bit-vec v0.6.3
[INFO] [stderr]    Compiling futures-sink v0.3.26
[INFO] [stderr]    Compiling fnv v1.0.7
[INFO] [stderr]    Compiling lscolors v0.15.0
[INFO] [stderr]    Compiling strip-ansi-escapes v0.1.1
[INFO] [stderr]    Compiling cexpr v0.6.0
[INFO] [stderr]    Compiling bit-set v0.5.3
[INFO] [stderr]    Compiling supports-color v2.0.0
[INFO] [stderr]    Compiling supports-hyperlinks v2.1.0
[INFO] [stderr]    Compiling supports-unicode v2.0.0
[INFO] [stderr]    Compiling lexical-write-float v0.8.5
[INFO] [stderr]    Compiling lexical-parse-float v0.8.5
[INFO] [stderr]    Compiling flate2 v1.0.25
[INFO] [stderr]    Compiling hmac v0.12.1
[INFO] [stderr]    Compiling md-5 v0.10.5
[INFO] [stderr]    Compiling stringprep v0.1.2
[INFO] [stderr]    Compiling subprocess v0.2.9
[INFO] [stderr]    Compiling terminal_size v0.1.17
[INFO] [stderr]    Compiling mio v0.8.6
[INFO] [stderr]    Compiling num-format v0.4.4
[INFO] [stderr]    Compiling cmake v0.1.49
[INFO] [stderr]    Compiling proc-macro-error v1.0.4
[INFO] [stderr]    Compiling tracing-core v0.1.30
[INFO] [stderr]    Compiling frunk_proc_macro_helpers v0.1.1
[INFO] [stderr]    Compiling darling_core v0.13.4
[INFO] [stderr]    Compiling rust_decimal v1.28.1
[INFO] [stderr]    Compiling openssl v0.10.45
[INFO] [stderr]    Compiling futures-util v0.3.26
[INFO] [stderr]    Compiling sys-locale v0.3.0
[INFO] [stderr]    Compiling tap v1.0.1
[INFO] [stderr]    Compiling siphasher v0.3.10
[INFO] [stderr]    Compiling vcpkg v0.2.15
[INFO] [stderr]    Compiling equivalent v1.0.1
[INFO] [stderr]    Compiling either v1.8.1
[INFO] [stderr]    Compiling futures-channel v0.3.26
[INFO] [stderr]    Compiling async-trait v0.1.64
[INFO] [stderr]    Compiling foreign-types-shared v0.1.1
[INFO] [stderr]    Compiling owo-colors v3.5.0
[INFO] [stderr]    Compiling utf8-width v0.1.6
[INFO] [stderr]    Compiling crossbeam-queue v0.3.8
[INFO] [stderr]    Compiling unicode-segmentation v1.10.1
[INFO] [stderr]    Compiling rayon v1.7.0
[INFO] [stderr]    Compiling foreign-types v0.3.2
[INFO] [stderr]    Compiling phf_shared v0.11.1
[INFO] [stderr]    Compiling indexmap v2.0.0
[INFO] [stderr]    Compiling wyz v0.5.1
[INFO] [stderr]    Compiling thiserror-impl v1.0.40
[INFO] [stderr]    Compiling ghost v0.1.9
[INFO] [stderr]    Compiling ctor v0.2.0
[INFO] [stderr]    Compiling miette-derive v5.10.0
[INFO] [stderr]    Compiling typetag-impl v0.2.8
[INFO] [stderr]    Compiling unicode-linebreak v0.1.4
[INFO] [stderr]    Compiling nu-utils v0.83.1
[INFO] [stderr]    Compiling tracing v0.1.37
[INFO] [stderr]    Compiling libsqlite3-sys v0.26.0
[INFO] [stderr]    Compiling lexical-core v0.8.5
[INFO] [stderr]    Compiling postgres-protocol v0.6.4
[INFO] [stderr]    Compiling fancy-regex v0.11.0
[INFO] [stderr]    Compiling inventory v0.3.5
[INFO] [stderr]    Compiling lru v0.11.0
[INFO] [stderr]    Compiling atty v0.2.14
[INFO] [stderr]    Compiling indexmap v1.9.2
[INFO] [stderr]    Compiling funty v2.0.0
[INFO] [stderr]    Compiling time-core v0.1.0
[INFO] [stderr]    Compiling native-tls v0.2.11
[INFO] [stderr]    Compiling io-enum v1.0.2
[INFO] [stderr]    Compiling pin-utils v0.1.0
[INFO] [stderr]    Compiling pwd v1.4.0
[INFO] [stderr]    Compiling time v0.3.19
[INFO] [stderr]    Compiling sysinfo v0.29.7
[INFO] [stderr]    Compiling nu-path v0.83.1
[INFO] [stderr]    Compiling parking_lot v0.12.1
[INFO] [stderr]    Compiling bitvec v1.0.1
[INFO] [stderr]    Compiling lexical v6.1.1
[INFO] [stderr]    Compiling bigdecimal v0.3.0
[INFO] [stderr]    Compiling heck v0.3.3
[INFO] [stderr]    Compiling phf v0.11.1
[INFO] [stderr]    Compiling frunk_proc_macros_impl v0.1.1
[INFO] [stderr]    Compiling futures-macro v0.3.26
[INFO] [stderr]    Compiling openssl-macros v0.1.0
[INFO] [stderr]    Compiling frunk_derives v0.4.1
[INFO] [stderr]    Compiling darling_macro v0.13.4
[INFO] [stderr]    Compiling rmp v0.8.11
[INFO] [stderr]    Compiling derive_utils v0.12.0
[INFO] [stderr]    Compiling frunk_proc_macros v0.1.1
[INFO] [stderr]    Compiling form_urlencoded v1.1.0
[INFO] [stderr]    Compiling sha1 v0.10.5
[INFO] [stderr]    Compiling textwrap v0.15.2
[INFO] [stderr]    Compiling idna v0.3.0
[INFO] [stderr]    Compiling oracle v0.5.7
[INFO] [stderr]    Compiling nibble_vec v0.1.0
[INFO] [stderr]    Compiling frunk v0.4.1
[INFO] [stderr]    Compiling darling v0.13.4
[INFO] [stderr]    Compiling textwrap v0.11.0
[INFO] [stderr]    Compiling miette v5.10.0
[INFO] [stderr]    Compiling csv-core v0.1.10
[INFO] [stderr]    Compiling vec_map v0.8.2
[INFO] [stderr]    Compiling uuid v1.3.0
[INFO] [stderr]    Compiling tokio-util v0.7.7
[INFO] [stderr]    Compiling saturating v0.1.0
[INFO] [stderr]    Compiling nu-glob v0.83.1
[INFO] [stderr]    Compiling mysql v23.0.1
[INFO] [stderr]    Compiling openssl-probe v0.1.5
[INFO] [stderr]    Compiling anyhow v1.0.69
[INFO] [stderr]    Compiling bitflags v2.2.1
[INFO] [stderr]    Compiling ansi_term v0.12.1
[INFO] [stderr]    Compiling strsim v0.8.0
[INFO] [stderr]    Compiling option-ext v0.2.0
[INFO] [stderr]    Compiling endian-type v0.1.2
[INFO] [stderr]    Compiling dirs-sys v0.4.1
[INFO] [stderr]    Compiling radix_trie v0.2.1
[INFO] [stderr]    Compiling clap v2.34.0
[INFO] [stderr]    Compiling url v2.3.1
[INFO] [stderr]    Compiling oracle_procmacro v0.1.2
[INFO] [stderr]    Compiling mysql_common v0.29.2
[INFO] [stderr]    Compiling crossbeam v0.8.2
[INFO] [stderr]    Compiling structopt-derive v0.4.18
[INFO] [stderr]    Compiling zip v0.5.13
[INFO] [stderr]    Compiling fd-lock v3.0.10
[INFO] [stderr]    Compiling term v0.7.0
[INFO] [stderr]    Compiling twox-hash v1.6.3
[INFO] [stderr]    Compiling pem v1.1.1
[INFO] [stderr]    Compiling hashlink v0.8.1
[INFO] [stderr]    Compiling lru v0.8.1
[INFO] [stderr]    Compiling nix v0.26.2
[INFO] [stderr]    Compiling fallible-streaming-iterator v0.1.9
[INFO] [stderr]    Compiling bufstream v0.1.4
[INFO] [stderr]    Compiling unsafe-libyaml v0.2.5
[INFO] [stderr]    Compiling encode_unicode v1.0.0
[INFO] [stderr]    Compiling home v0.5.5
[INFO] [stderr]    Compiling simple_excel_writer v0.2.0
[INFO] [stderr]    Compiling dirs v5.0.1
[INFO] [stderr]    Compiling colored v2.0.0
[INFO] [stderr]    Compiling rustyline-derive v0.9.0
[INFO] [stderr]    Compiling structopt v0.3.26
[INFO] [stderr]    Compiling rustyline v12.0.0
[INFO] [stderr]    Compiling chrono v0.4.23
[INFO] [stderr]    Compiling byte-unit v4.0.19
[INFO] [stderr]    Compiling csv v1.2.0
[INFO] [stderr]    Compiling rmp-serde v1.1.1
[INFO] [stderr]    Compiling bincode v1.3.3
[INFO] [stderr]    Compiling serde_yaml v0.9.17
[INFO] [stderr]    Compiling rusqlite v0.29.0
[INFO] [stderr]    Compiling prettytable-rs v0.10.0
[INFO] [stderr]    Compiling typetag v0.2.8
[INFO] [stderr]    Compiling chrono-humanize v0.2.2
[INFO] [stderr]    Compiling postgres-types v0.2.4
[INFO] [stderr]    Compiling nu-protocol v0.83.1
[INFO] [stderr]    Compiling tokio-postgres v0.7.7
[INFO] [stderr]    Compiling postgres v0.19.4
[INFO] [stderr]    Compiling nu-engine v0.83.1
[INFO] [stderr]    Compiling nu-plugin v0.83.1
[INFO] [stderr]    Compiling dbc v0.5.0-dev (/opt/rustwide/workdir)
[INFO] [stdout] warning: unused import: `ui::DbcClient`
[INFO] [stdout]  --> src/nu_plugin_sql.rs:4:42
[INFO] [stdout]   |
[INFO] [stdout] 4 | use crate::{database::create_connection, ui::DbcClient};
[INFO] [stdout]   |                                          ^^^^^^^^^^^^^
[INFO] [stdout]   |
[INFO] [stdout]   = note: `#[warn(unused_imports)]` on by default
[INFO] [stdout] 
[INFO] [stdout] 
[INFO] [stdout] warning: use of deprecated method `chrono::TimeZone::ymd`: use `with_ymd_and_hms()` instead
[INFO] [stdout]    --> src/database/mysql.rs:106:27
[INFO] [stdout]     |
[INFO] [stdout] 106 |             let t = Local.ymd(y.into(), m.into(), d.into()).and_hms_micro(
[INFO] [stdout]     |                           ^^^
[INFO] [stdout]     |
[INFO] [stdout]     = note: `#[warn(deprecated)]` on by default
[INFO] [stdout] 
[INFO] [stdout] 
[INFO] [stdout] warning: use of deprecated method `chrono::Date::<Tz>::and_hms_micro`: Use and_hms_micro_opt() instead
[INFO] [stdout]    --> src/database/mysql.rs:106:61
[INFO] [stdout]     |
[INFO] [stdout] 106 |             let t = Local.ymd(y.into(), m.into(), d.into()).and_hms_micro(
[INFO] [stdout]     |                                                             ^^^^^^^^^^^^^
[INFO] [stdout] 
[INFO] [stdout] 
[INFO] [stdout] warning: 3 warnings emitted
[INFO] [stdout] 
[INFO] [stdout] 
[INFO] [stderr]     Finished dev [unoptimized + debuginfo] target(s) in 50.99s
[INFO] running `Command { std: "docker" "inspect" "09d45bbf049f59b228e41fa6ec1915994f86708854438bbbba83bcc20da8d6ae", kill_on_drop: false }`
[INFO] running `Command { std: "docker" "rm" "-f" "09d45bbf049f59b228e41fa6ec1915994f86708854438bbbba83bcc20da8d6ae", kill_on_drop: false }`
[INFO] [stdout] 09d45bbf049f59b228e41fa6ec1915994f86708854438bbbba83bcc20da8d6ae
[INFO] running `Command { std: "docker" "create" "-v" "/var/lib/crater-agent-workspace/builds/worker-0-tc1/target:/opt/rustwide/target:rw,Z" "-v" "/var/lib/crater-agent-workspace/builds/worker-0-tc1/source:/opt/rustwide/workdir:ro,Z" "-v" "/var/lib/crater-agent-workspace/cargo-home:/opt/rustwide/cargo-home:ro,Z" "-v" "/var/lib/crater-agent-workspace/rustup-home:/opt/rustwide/rustup-home:ro,Z" "-e" "SOURCE_DIR=/opt/rustwide/workdir" "-e" "CARGO_TARGET_DIR=/opt/rustwide/target" "-e" "CARGO_INCREMENTAL=0" "-e" "RUST_BACKTRACE=full" "-e" "RUSTFLAGS=--cap-lints=warn" "-e" "RUSTDOCFLAGS=--cap-lints=warn" "-e" "CARGO_HOME=/opt/rustwide/cargo-home" "-e" "RUSTUP_HOME=/opt/rustwide/rustup-home" "-w" "/opt/rustwide/workdir" "-m" "1610612736" "--user" "0:0" "--network" "none" "ghcr.io/rust-lang/crates-build-env/linux@sha256:2788e3201cd34a07e3172128adcd8b3090168a8e3bcc40d7c032b9dda1df7d1c" "/opt/rustwide/cargo-home/bin/cargo" "+1.75.0" "test" "--frozen" "--no-run" "--message-format=json", kill_on_drop: false }`
[INFO] [stdout] aabafedbed9214b4dc7effe35d0f036e5c594ea16ee778d706856ce48dd2eb1e
[INFO] running `Command { std: "docker" "start" "-a" "aabafedbed9214b4dc7effe35d0f036e5c594ea16ee778d706856ce48dd2eb1e", kill_on_drop: false }`
[INFO] [stderr]    Compiling dbc v0.5.0-dev (/opt/rustwide/workdir)
[INFO] [stdout] warning: unused import: `ui::DbcClient`
[INFO] [stdout]  --> src/nu_plugin_sql.rs:4:42
[INFO] [stdout]   |
[INFO] [stdout] 4 | use crate::{database::create_connection, ui::DbcClient};
[INFO] [stdout]   |                                          ^^^^^^^^^^^^^
[INFO] [stdout]   |
[INFO] [stdout]   = note: `#[warn(unused_imports)]` on by default
[INFO] [stdout] 
[INFO] [stdout] 
[INFO] [stdout] warning: use of deprecated method `chrono::TimeZone::ymd`: use `with_ymd_and_hms()` instead
[INFO] [stdout]    --> src/database/mysql.rs:106:27
[INFO] [stdout]     |
[INFO] [stdout] 106 |             let t = Local.ymd(y.into(), m.into(), d.into()).and_hms_micro(
[INFO] [stdout]     |                           ^^^
[INFO] [stdout]     |
[INFO] [stdout]     = note: `#[warn(deprecated)]` on by default
[INFO] [stdout] 
[INFO] [stdout] 
[INFO] [stdout] warning: use of deprecated method `chrono::Date::<Tz>::and_hms_micro`: Use and_hms_micro_opt() instead
[INFO] [stdout]    --> src/database/mysql.rs:106:61
[INFO] [stdout]     |
[INFO] [stdout] 106 |             let t = Local.ymd(y.into(), m.into(), d.into()).and_hms_micro(
[INFO] [stdout]     |                                                             ^^^^^^^^^^^^^
[INFO] [stdout] 
[INFO] [stdout] 
[INFO] [stdout] warning: 3 warnings emitted
[INFO] [stdout] 
[INFO] [stdout] 
[INFO] [stdout] warning: unused import: `ui::DbcClient`
[INFO] [stdout]  --> src/nu_plugin_sql.rs:4:42
[INFO] [stdout]   |
[INFO] [stdout] 4 | use crate::{database::create_connection, ui::DbcClient};
[INFO] [stdout]   |                                          ^^^^^^^^^^^^^
[INFO] [stdout]   |
[INFO] [stdout]   = note: `#[warn(unused_imports)]` on by default
[INFO] [stdout] 
[INFO] [stdout] 
[INFO] [stdout] warning: use of deprecated method `chrono::TimeZone::ymd`: use `with_ymd_and_hms()` instead
[INFO] [stdout]    --> src/database/mysql.rs:106:27
[INFO] [stdout]     |
[INFO] [stdout] 106 |             let t = Local.ymd(y.into(), m.into(), d.into()).and_hms_micro(
[INFO] [stdout]     |                           ^^^
[INFO] [stdout]     |
[INFO] [stdout]     = note: `#[warn(deprecated)]` on by default
[INFO] [stdout] 
[INFO] [stdout] 
[INFO] [stdout] warning: use of deprecated method `chrono::Date::<Tz>::and_hms_micro`: Use and_hms_micro_opt() instead
[INFO] [stdout]    --> src/database/mysql.rs:106:61
[INFO] [stdout]     |
[INFO] [stdout] 106 |             let t = Local.ymd(y.into(), m.into(), d.into()).and_hms_micro(
[INFO] [stdout]     |                                                             ^^^^^^^^^^^^^
[INFO] [stdout] 
[INFO] [stdout] 
[INFO] [stdout] warning: 3 warnings emitted
[INFO] [stdout] 
[INFO] [stdout] 
[INFO] [stderr]     Finished test [unoptimized + debuginfo] target(s) in 2.26s
[INFO] running `Command { std: "docker" "inspect" "aabafedbed9214b4dc7effe35d0f036e5c594ea16ee778d706856ce48dd2eb1e", kill_on_drop: false }`
[INFO] running `Command { std: "docker" "rm" "-f" "aabafedbed9214b4dc7effe35d0f036e5c594ea16ee778d706856ce48dd2eb1e", kill_on_drop: false }`
[INFO] [stdout] aabafedbed9214b4dc7effe35d0f036e5c594ea16ee778d706856ce48dd2eb1e
[INFO] running `Command { std: "docker" "create" "-v" "/var/lib/crater-agent-workspace/builds/worker-0-tc1/target:/opt/rustwide/target:rw,Z" "-v" "/var/lib/crater-agent-workspace/builds/worker-0-tc1/source:/opt/rustwide/workdir:ro,Z" "-v" "/var/lib/crater-agent-workspace/cargo-home:/opt/rustwide/cargo-home:ro,Z" "-v" "/var/lib/crater-agent-workspace/rustup-home:/opt/rustwide/rustup-home:ro,Z" "-e" "SOURCE_DIR=/opt/rustwide/workdir" "-e" "CARGO_TARGET_DIR=/opt/rustwide/target" "-e" "CARGO_INCREMENTAL=0" "-e" "RUST_BACKTRACE=full" "-e" "RUSTFLAGS=--cap-lints=warn" "-e" "RUSTDOCFLAGS=--cap-lints=warn" "-e" "CARGO_HOME=/opt/rustwide/cargo-home" "-e" "RUSTUP_HOME=/opt/rustwide/rustup-home" "-w" "/opt/rustwide/workdir" "-m" "1610612736" "--user" "0:0" "--network" "none" "ghcr.io/rust-lang/crates-build-env/linux@sha256:2788e3201cd34a07e3172128adcd8b3090168a8e3bcc40d7c032b9dda1df7d1c" "/opt/rustwide/cargo-home/bin/cargo" "+1.75.0" "test" "--frozen", kill_on_drop: false }`
[INFO] [stdout] ae6187967110fb6412f570d96a32698dd943bde1b56930aaaade5a49b0d8f57f
[INFO] running `Command { std: "docker" "start" "-a" "ae6187967110fb6412f570d96a32698dd943bde1b56930aaaade5a49b0d8f57f", kill_on_drop: false }`
[INFO] [stderr] warning: unused import: `ui::DbcClient`
[INFO] [stderr]  --> src/nu_plugin_sql.rs:4:42
[INFO] [stderr]   |
[INFO] [stderr] 4 | use crate::{database::create_connection, ui::DbcClient};
[INFO] [stderr]   |                                          ^^^^^^^^^^^^^
[INFO] [stderr]   |
[INFO] [stderr]   = note: `#[warn(unused_imports)]` on by default
[INFO] [stderr] 
[INFO] [stderr] warning: use of deprecated method `chrono::TimeZone::ymd`: use `with_ymd_and_hms()` instead
[INFO] [stderr]    --> src/database/mysql.rs:106:27
[INFO] [stderr]     |
[INFO] [stderr] 106 |             let t = Local.ymd(y.into(), m.into(), d.into()).and_hms_micro(
[INFO] [stderr]     |                           ^^^
[INFO] [stderr]     |
[INFO] [stderr]     = note: `#[warn(deprecated)]` on by default
[INFO] [stderr] 
[INFO] [stderr] warning: use of deprecated method `chrono::Date::<Tz>::and_hms_micro`: Use and_hms_micro_opt() instead
[INFO] [stderr]    --> src/database/mysql.rs:106:61
[INFO] [stderr]     |
[INFO] [stderr] 106 |             let t = Local.ymd(y.into(), m.into(), d.into()).and_hms_micro(
[INFO] [stderr]     |                                                             ^^^^^^^^^^^^^
[INFO] [stderr] 
[INFO] [stderr] warning: `dbc` (lib) generated 3 warnings (run `cargo fix --lib -p dbc` to apply 1 suggestion)
[INFO] [stderr] warning: `dbc` (lib test) generated 3 warnings (3 duplicates)
[INFO] [stderr]     Finished test [unoptimized + debuginfo] target(s) in 0.16s
[INFO] [stderr]      Running unittests src/lib.rs (/opt/rustwide/target/debug/deps/dbc-ea1f9d111bb677ca)
[INFO] [stdout] 
[INFO] [stdout] running 0 tests
[INFO] [stdout] 
[INFO] [stdout] test result: ok. 0 passed; 0 failed; 0 ignored; 0 measured; 0 filtered out; finished in 0.00s
[INFO] [stdout] 
[INFO] [stderr]      Running unittests src/bin/dbc.rs (/opt/rustwide/target/debug/deps/dbc-03b817975a634017)
[INFO] [stdout] 
[INFO] [stdout] running 0 tests
[INFO] [stdout] 
[INFO] [stdout] test result: ok. 0 passed; 0 failed; 0 ignored; 0 measured; 0 filtered out; finished in 0.00s
[INFO] [stdout] 
[INFO] [stderr]      Running unittests src/bin/nu_plugin_sql.rs (/opt/rustwide/target/debug/deps/nu_plugin_sql-922ec27e7f682f6a)
[INFO] [stdout] 
[INFO] [stdout] running 0 tests
[INFO] [stdout] 
[INFO] [stdout] test result: ok. 0 passed; 0 failed; 0 ignored; 0 measured; 0 filtered out; finished in 0.00s
[INFO] [stdout] 
[INFO] [stderr]    Doc-tests dbc
[INFO] [stdout] 
[INFO] [stdout] running 0 tests
[INFO] [stdout] 
[INFO] [stdout] test result: ok. 0 passed; 0 failed; 0 ignored; 0 measured; 0 filtered out; finished in 0.00s
[INFO] [stdout] 
[INFO] running `Command { std: "docker" "inspect" "ae6187967110fb6412f570d96a32698dd943bde1b56930aaaade5a49b0d8f57f", kill_on_drop: false }`
[INFO] running `Command { std: "docker" "rm" "-f" "ae6187967110fb6412f570d96a32698dd943bde1b56930aaaade5a49b0d8f57f", kill_on_drop: false }`
[INFO] [stdout] ae6187967110fb6412f570d96a32698dd943bde1b56930aaaade5a49b0d8f57f
[INFO] testing tmuerell/dbc against beta-2023-12-22 for beta-1.76-1
[INFO] running `Command { std: "git" "clone" "/workspace/cache/git-repos/https%3A%2F%2Fgithub.com%2Ftmuerell%2Fdbc" "/workspace/builds/worker-0-tc2/source", kill_on_drop: false }`
[INFO] [stderr] Cloning into '/workspace/builds/worker-0-tc2/source'...
[INFO] [stderr] done.
[INFO] validating manifest of git repo https://github.com/tmuerell/dbc on toolchain beta-2023-12-22
[INFO] running `Command { std: CARGO_HOME="/workspace/cargo-home" RUSTUP_HOME="/workspace/rustup-home" "/workspace/cargo-home/bin/cargo" "+beta-2023-12-22" "metadata" "--manifest-path" "Cargo.toml" "--no-deps", kill_on_drop: false }`
[INFO] started tweaking git repo https://github.com/tmuerell/dbc
[INFO] finished tweaking git repo https://github.com/tmuerell/dbc
[INFO] tweaked toml for git repo https://github.com/tmuerell/dbc written to /workspace/builds/worker-0-tc2/source/Cargo.toml
[INFO] crate git repo https://github.com/tmuerell/dbc already has a lockfile, it will not be regenerated
[INFO] running `Command { std: CARGO_HOME="/workspace/cargo-home" RUSTUP_HOME="/workspace/rustup-home" "/workspace/cargo-home/bin/cargo" "+beta-2023-12-22" "fetch" "--manifest-path" "Cargo.toml", kill_on_drop: false }`
[INFO] running `Command { std: "docker" "create" "-v" "/var/lib/crater-agent-workspace/builds/worker-0-tc2/target:/opt/rustwide/target:rw,Z" "-v" "/var/lib/crater-agent-workspace/builds/worker-0-tc2/source:/opt/rustwide/workdir:ro,Z" "-v" "/var/lib/crater-agent-workspace/cargo-home:/opt/rustwide/cargo-home:ro,Z" "-v" "/var/lib/crater-agent-workspace/rustup-home:/opt/rustwide/rustup-home:ro,Z" "-e" "SOURCE_DIR=/opt/rustwide/workdir" "-e" "CARGO_TARGET_DIR=/opt/rustwide/target" "-e" "CARGO_HOME=/opt/rustwide/cargo-home" "-e" "RUSTUP_HOME=/opt/rustwide/rustup-home" "-w" "/opt/rustwide/workdir" "-m" "1610612736" "--user" "0:0" "--network" "none" "ghcr.io/rust-lang/crates-build-env/linux@sha256:2788e3201cd34a07e3172128adcd8b3090168a8e3bcc40d7c032b9dda1df7d1c" "/opt/rustwide/cargo-home/bin/cargo" "+beta-2023-12-22" "metadata" "--no-deps" "--format-version=1", kill_on_drop: false }`
[INFO] [stdout] 60e1f023f20982c1730b8fa1931d7deb4277dd6a4cfbd84eaf9be205f56dbbc5
[INFO] running `Command { std: "docker" "start" "-a" "60e1f023f20982c1730b8fa1931d7deb4277dd6a4cfbd84eaf9be205f56dbbc5", kill_on_drop: false }`
[INFO] running `Command { std: "docker" "inspect" "60e1f023f20982c1730b8fa1931d7deb4277dd6a4cfbd84eaf9be205f56dbbc5", kill_on_drop: false }`
[INFO] running `Command { std: "docker" "rm" "-f" "60e1f023f20982c1730b8fa1931d7deb4277dd6a4cfbd84eaf9be205f56dbbc5", kill_on_drop: false }`
[INFO] [stdout] 60e1f023f20982c1730b8fa1931d7deb4277dd6a4cfbd84eaf9be205f56dbbc5
[INFO] running `Command { std: "docker" "create" "-v" "/var/lib/crater-agent-workspace/builds/worker-0-tc2/target:/opt/rustwide/target:rw,Z" "-v" "/var/lib/crater-agent-workspace/builds/worker-0-tc2/source:/opt/rustwide/workdir:ro,Z" "-v" "/var/lib/crater-agent-workspace/cargo-home:/opt/rustwide/cargo-home:ro,Z" "-v" "/var/lib/crater-agent-workspace/rustup-home:/opt/rustwide/rustup-home:ro,Z" "-e" "SOURCE_DIR=/opt/rustwide/workdir" "-e" "CARGO_TARGET_DIR=/opt/rustwide/target" "-e" "CARGO_INCREMENTAL=0" "-e" "RUST_BACKTRACE=full" "-e" "RUSTFLAGS=--cap-lints=warn" "-e" "RUSTDOCFLAGS=--cap-lints=warn" "-e" "CARGO_HOME=/opt/rustwide/cargo-home" "-e" "RUSTUP_HOME=/opt/rustwide/rustup-home" "-w" "/opt/rustwide/workdir" "-m" "1610612736" "--user" "0:0" "--network" "none" "ghcr.io/rust-lang/crates-build-env/linux@sha256:2788e3201cd34a07e3172128adcd8b3090168a8e3bcc40d7c032b9dda1df7d1c" "/opt/rustwide/cargo-home/bin/cargo" "+beta-2023-12-22" "build" "--frozen" "--message-format=json", kill_on_drop: false }`
[INFO] [stdout] 63853b9f2052cbf64b412c0c881d967c1a48e91fbf945dcd0516e4658c247151
[INFO] running `Command { std: "docker" "start" "-a" "63853b9f2052cbf64b412c0c881d967c1a48e91fbf945dcd0516e4658c247151", kill_on_drop: false }`
[INFO] [stderr]    Compiling libc v0.2.147
[INFO] [stderr]    Compiling proc-macro2 v1.0.56
[INFO] [stderr]    Compiling unicode-ident v1.0.6
[INFO] [stderr]    Compiling quote v1.0.26
[INFO] [stderr]    Compiling cfg-if v1.0.0
[INFO] [stderr]    Compiling autocfg v1.1.0
[INFO] [stderr]    Compiling version_check v0.9.4
[INFO] [stderr]    Compiling syn v1.0.107
[INFO] [stderr]    Compiling memchr v2.5.0
[INFO] [stderr]    Compiling once_cell v1.17.1
[INFO] [stderr]    Compiling cc v1.0.79
[INFO] [stderr]    Compiling serde_derive v1.0.152
[INFO] [stderr]    Compiling serde v1.0.152
[INFO] [stderr]    Compiling bitflags v1.3.2
[INFO] [stderr]    Compiling pkg-config v0.3.26
[INFO] [stderr]    Compiling typenum v1.16.0
[INFO] [stderr]    Compiling regex-syntax v0.6.28
[INFO] [stderr]    Compiling log v0.4.17
[INFO] [stderr]    Compiling io-lifetimes v1.0.5
[INFO] [stderr]    Compiling scopeguard v1.1.0
[INFO] [stderr]    Compiling rustix v0.36.8
[INFO] [stderr]    Compiling crossbeam-utils v0.8.14
[INFO] [stderr]    Compiling ahash v0.7.6
[INFO] [stderr]    Compiling generic-array v0.14.6
[INFO] [stderr]    Compiling static_assertions v1.1.0
[INFO] [stderr]    Compiling linux-raw-sys v0.1.4
[INFO] [stderr]    Compiling num-traits v0.2.15
[INFO] [stderr]    Compiling num-integer v0.1.45
[INFO] [stderr]    Compiling thiserror v1.0.40
[INFO] [stderr]    Compiling memoffset v0.7.1
[INFO] [stderr]    Compiling subtle v2.4.1
[INFO] [stderr]    Compiling byteorder v1.4.3
[INFO] [stderr]    Compiling itoa v1.0.5
[INFO] [stderr]    Compiling crossbeam-epoch v0.9.13
[INFO] [stderr]    Compiling tinyvec_macros v0.1.1
[INFO] [stderr]    Compiling unicode-width v0.1.10
[INFO] [stderr]    Compiling smallvec v1.10.0
[INFO] [stderr]    Compiling tinyvec v1.6.0
[INFO] [stderr]    Compiling aho-corasick v0.7.20
[INFO] [stderr]    Compiling pure-rust-locales v0.5.6
[INFO] [stderr]    Compiling iana-time-zone v0.1.53
[INFO] [stderr]    Compiling ryu v1.0.12
[INFO] [stderr]    Compiling lazy_static v1.4.0
[INFO] [stderr]    Compiling syn v2.0.15
[INFO] [stderr]    Compiling ppv-lite86 v0.2.17
[INFO] [stderr]    Compiling glob v0.3.1
[INFO] [stderr]    Compiling lexical-util v0.8.5
[INFO] [stderr]    Compiling ahash v0.8.3
[INFO] [stderr]    Compiling unicode-bidi v0.3.10
[INFO] [stderr]    Compiling cpufeatures v0.2.5
[INFO] [stderr]    Compiling arrayvec v0.7.2
[INFO] [stderr]    Compiling bytes v1.4.0
[INFO] [stderr]    Compiling clang-sys v1.6.0
[INFO] [stderr]    Compiling crossbeam-deque v0.8.2
[INFO] [stderr]    Compiling unicode-normalization v0.1.22
[INFO] [stderr]    Compiling libz-sys v1.1.8
[INFO] [stderr]    Compiling openssl-sys v0.9.80
[INFO] [stderr]    Compiling getrandom v0.2.8
[INFO] [stderr]    Compiling rand_core v0.6.4
[INFO] [stderr]    Compiling time v0.1.45
[INFO] [stderr]    Compiling crossbeam-channel v0.5.6
[INFO] [stderr]    Compiling hashbrown v0.12.3
[INFO] [stderr]    Compiling regex v1.7.1
[INFO] [stderr]    Compiling crypto-common v0.1.6
[INFO] [stderr]    Compiling block-buffer v0.10.3
[INFO] [stderr]    Compiling rand_chacha v0.3.1
[INFO] [stderr]    Compiling frunk_core v0.4.1
[INFO] [stderr]    Compiling futures-core v0.3.26
[INFO] [stderr]    Compiling proc-macro-hack v0.5.20+deprecated
[INFO] [stderr]    Compiling digest v0.10.6
[INFO] [stderr]    Compiling serde_json v1.0.93
[INFO] [stderr]    Compiling rand v0.8.5
[INFO] [stderr]    Compiling utf8parse v0.2.0
[INFO] [stderr]    Compiling base64 v0.13.1
[INFO] [stderr]    Compiling crc32fast v1.3.2
[INFO] [stderr]    Compiling minimal-lexical v0.2.1
[INFO] [stderr]    Compiling sha2 v0.10.6
[INFO] [stderr]    Compiling dirs-sys-next v0.1.2
[INFO] [stderr]    Compiling vte_generate_state_changes v0.1.1
[INFO] [stderr]    Compiling nom v7.1.3
[INFO] [stderr]    Compiling libloading v0.7.4
[INFO] [stderr]    Compiling pin-project-lite v0.2.9
[INFO] [stderr]    Compiling arrayvec v0.5.2
[INFO] [stderr]    Compiling paste v1.0.11
[INFO] [stderr]    Compiling allocator-api2 v0.2.16
[INFO] [stderr]    Compiling rayon-core v1.11.0
[INFO] [stderr]    Compiling adler v1.0.2
[INFO] [stderr]    Compiling bindgen v0.59.2
[INFO] [stderr]    Compiling erased-serde v0.3.25
[INFO] [stderr]    Compiling vte v0.10.1
[INFO] [stderr]    Compiling miniz_oxide v0.6.2
[INFO] [stderr]    Compiling hashbrown v0.14.0
[INFO] [stderr]    Compiling dirs-next v2.0.0
[INFO] [stderr]    Compiling num_cpus v1.15.0
[INFO] [stderr]    Compiling socket2 v0.4.7
[INFO] [stderr]    Compiling lexical-write-integer v0.8.5
[INFO] [stderr]    Compiling lexical-parse-integer v0.8.6
[INFO] [stderr]    Compiling is-terminal v0.4.3
[INFO] [stderr]    Compiling lock_api v0.4.9
[INFO] [stderr]    Compiling slab v0.4.8
[INFO] [stderr]    Compiling tokio v1.25.0
[INFO] [stderr]    Compiling num-bigint v0.4.3
[INFO] [stderr]    Compiling proc-macro-error-attr v1.0.4
[INFO] [stderr]    Compiling bit-vec v0.6.3
[INFO] [stderr]    Compiling futures-sink v0.3.26
[INFO] [stderr]    Compiling parking_lot_core v0.9.7
[INFO] [stderr]    Compiling radium v0.7.0
[INFO] [stderr]    Compiling fallible-iterator v0.2.0
[INFO] [stderr]    Compiling strsim v0.10.0
[INFO] [stderr]    Compiling lazycell v1.3.0
[INFO] [stderr]    Compiling nu-ansi-term v0.49.0
[INFO] [stderr]    Compiling smawk v0.3.1
[INFO] [stderr]    Compiling ident_case v1.0.1
[INFO] [stderr]    Compiling is_ci v1.1.1
[INFO] [stderr]    Compiling shlex v1.1.0
[INFO] [stderr]    Compiling fnv v1.0.7
[INFO] [stderr]    Compiling peeking_take_while v0.1.2
[INFO] [stderr]    Compiling rustc-hash v1.1.0
[INFO] [stderr]    Compiling futures-task v0.3.26
[INFO] [stderr]    Compiling percent-encoding v2.2.0
[INFO] [stderr]    Compiling supports-color v2.0.0
[INFO] [stderr]    Compiling bit-set v0.5.3
[INFO] [stderr]    Compiling lscolors v0.15.0
[INFO] [stderr]    Compiling strip-ansi-escapes v0.1.1
[INFO] [stderr]    Compiling supports-hyperlinks v2.1.0
[INFO] [stderr]    Compiling supports-unicode v2.0.0
[INFO] [stderr]    Compiling lexical-parse-float v0.8.5
[INFO] [stderr]    Compiling flate2 v1.0.25
[INFO] [stderr]    Compiling lexical-write-float v0.8.5
[INFO] [stderr]    Compiling md-5 v0.10.5
[INFO] [stderr]    Compiling hmac v0.12.1
[INFO] [stderr]    Compiling stringprep v0.1.2
[INFO] [stderr]    Compiling terminal_size v0.1.17
[INFO] [stderr]    Compiling subprocess v0.2.9
[INFO] [stderr]    Compiling mio v0.8.6
[INFO] [stderr]    Compiling cexpr v0.6.0
[INFO] [stderr]    Compiling num-format v0.4.4
[INFO] [stderr]    Compiling cmake v0.1.49
[INFO] [stderr]    Compiling proc-macro-error v1.0.4
[INFO] [stderr]    Compiling tracing-core v0.1.30
[INFO] [stderr]    Compiling frunk_proc_macro_helpers v0.1.1
[INFO] [stderr]    Compiling darling_core v0.13.4
[INFO] [stderr]    Compiling async-trait v0.1.64
[INFO] [stderr]    Compiling sys-locale v0.3.0
[INFO] [stderr]    Compiling utf8-width v0.1.6
[INFO] [stderr]    Compiling foreign-types-shared v0.1.1
[INFO] [stderr]    Compiling unicode-segmentation v1.10.1
[INFO] [stderr]    Compiling siphasher v0.3.10
[INFO] [stderr]    Compiling futures-channel v0.3.26
[INFO] [stderr]    Compiling openssl v0.10.45
[INFO] [stderr]    Compiling crossbeam-queue v0.3.8
[INFO] [stderr]    Compiling owo-colors v3.5.0
[INFO] [stderr]    Compiling tap v1.0.1
[INFO] [stderr]    Compiling futures-util v0.3.26
[INFO] [stderr]    Compiling either v1.8.1
[INFO] [stderr]    Compiling rust_decimal v1.28.1
[INFO] [stderr]    Compiling equivalent v1.0.1
[INFO] [stderr]    Compiling vcpkg v0.2.15
[INFO] [stderr]    Compiling rayon v1.7.0
[INFO] [stderr]    Compiling indexmap v2.0.0
[INFO] [stderr]    Compiling wyz v0.5.1
[INFO] [stderr]    Compiling phf_shared v0.11.1
[INFO] [stderr]    Compiling tracing v0.1.37
[INFO] [stderr]    Compiling foreign-types v0.3.2
[INFO] [stderr]    Compiling nu-utils v0.83.1
[INFO] [stderr]    Compiling thiserror-impl v1.0.40
[INFO] [stderr]    Compiling ghost v0.1.9
[INFO] [stderr]    Compiling ctor v0.2.0
[INFO] [stderr]    Compiling miette-derive v5.10.0
[INFO] [stderr]    Compiling typetag-impl v0.2.8
[INFO] [stderr]    Compiling lexical-core v0.8.5
[INFO] [stderr]    Compiling postgres-protocol v0.6.4
[INFO] [stderr]    Compiling unicode-linebreak v0.1.4
[INFO] [stderr]    Compiling libsqlite3-sys v0.26.0
[INFO] [stderr]    Compiling inventory v0.3.5
[INFO] [stderr]    Compiling fancy-regex v0.11.0
[INFO] [stderr]    Compiling lru v0.11.0
[INFO] [stderr]    Compiling atty v0.2.14
[INFO] [stderr]    Compiling indexmap v1.9.2
[INFO] [stderr]    Compiling funty v2.0.0
[INFO] [stderr]    Compiling native-tls v0.2.11
[INFO] [stderr]    Compiling pin-utils v0.1.0
[INFO] [stderr]    Compiling time-core v0.1.0
[INFO] [stderr]    Compiling io-enum v1.0.2
[INFO] [stderr]    Compiling time v0.3.19
[INFO] [stderr]    Compiling parking_lot v0.12.1
[INFO] [stderr]    Compiling bigdecimal v0.3.0
[INFO] [stderr]    Compiling sysinfo v0.29.7
[INFO] [stderr]    Compiling pwd v1.4.0
[INFO] [stderr]    Compiling nu-path v0.83.1
[INFO] [stderr]    Compiling bitvec v1.0.1
[INFO] [stderr]    Compiling lexical v6.1.1
[INFO] [stderr]    Compiling phf v0.11.1
[INFO] [stderr]    Compiling frunk_proc_macros_impl v0.1.1
[INFO] [stderr]    Compiling frunk_derives v0.4.1
[INFO] [stderr]    Compiling darling_macro v0.13.4
[INFO] [stderr]    Compiling futures-macro v0.3.26
[INFO] [stderr]    Compiling openssl-macros v0.1.0
[INFO] [stderr]    Compiling heck v0.3.3
[INFO] [stderr]    Compiling rmp v0.8.11
[INFO] [stderr]    Compiling derive_utils v0.12.0
[INFO] [stderr]    Compiling frunk_proc_macros v0.1.1
[INFO] [stderr]    Compiling form_urlencoded v1.1.0
[INFO] [stderr]    Compiling sha1 v0.10.5
[INFO] [stderr]    Compiling idna v0.3.0
[INFO] [stderr]    Compiling frunk v0.4.1
[INFO] [stderr]    Compiling darling v0.13.4
[INFO] [stderr]    Compiling oracle v0.5.7
[INFO] [stderr]    Compiling nibble_vec v0.1.0
[INFO] [stderr]    Compiling textwrap v0.11.0
[INFO] [stderr]    Compiling csv-core v0.1.10
[INFO] [stderr]    Compiling option-ext v0.2.0
[INFO] [stderr]    Compiling uuid v1.3.0
[INFO] [stderr]    Compiling nu-glob v0.83.1
[INFO] [stderr]    Compiling ansi_term v0.12.1
[INFO] [stderr]    Compiling endian-type v0.1.2
[INFO] [stderr]    Compiling textwrap v0.15.2
[INFO] [stderr]    Compiling tokio-util v0.7.7
[INFO] [stderr]    Compiling openssl-probe v0.1.5
[INFO] [stderr]    Compiling strsim v0.8.0
[INFO] [stderr]    Compiling anyhow v1.0.69
[INFO] [stderr]    Compiling vec_map v0.8.2
[INFO] [stderr]    Compiling miette v5.10.0
[INFO] [stderr]    Compiling bitflags v2.2.1
[INFO] [stderr]    Compiling mysql v23.0.1
[INFO] [stderr]    Compiling saturating v0.1.0
[INFO] [stderr]    Compiling clap v2.34.0
[INFO] [stderr]    Compiling radix_trie v0.2.1
[INFO] [stderr]    Compiling url v2.3.1
[INFO] [stderr]    Compiling dirs-sys v0.4.1
[INFO] [stderr]    Compiling oracle_procmacro v0.1.2
[INFO] [stderr]    Compiling structopt-derive v0.4.18
[INFO] [stderr]    Compiling crossbeam v0.8.2
[INFO] [stderr]    Compiling zip v0.5.13
[INFO] [stderr]    Compiling fd-lock v3.0.10
[INFO] [stderr]    Compiling term v0.7.0
[INFO] [stderr]    Compiling twox-hash v1.6.3
[INFO] [stderr] error: could not compile `tokio` (lib)
[INFO] [stderr] 
[INFO] [stderr] Caused by:
[INFO] [stderr]   process didn't exit successfully: `/opt/rustwide/rustup-home/toolchains/beta-2023-12-22-x86_64-unknown-linux-gnu/bin/rustc --crate-name tokio --edition=2018 /opt/rustwide/cargo-home/registry/src/index.crates.io-6f17d22bba15001f/tokio-1.25.0/src/lib.rs --error-format=json --json=diagnostic-rendered-ansi,artifacts,future-incompat --crate-type lib --emit=dep-info,metadata,link -C embed-bitcode=no -C debuginfo=2 --cfg 'feature="bytes"' --cfg 'feature="default"' --cfg 'feature="io-util"' --cfg 'feature="libc"' --cfg 'feature="memchr"' --cfg 'feature="mio"' --cfg 'feature="net"' --cfg 'feature="rt"' --cfg 'feature="socket2"' --cfg 'feature="sync"' --cfg 'feature="time"' --cfg 'feature="windows-sys"' -C metadata=cdafc43064660f02 -C extra-filename=-cdafc43064660f02 --out-dir /opt/rustwide/target/debug/deps -L dependency=/opt/rustwide/target/debug/deps --extern bytes=/opt/rustwide/target/debug/deps/libbytes-8217216c646d0e94.rmeta --extern libc=/opt/rustwide/target/debug/deps/liblibc-28cb6a1af7d75d80.rmeta --extern memchr=/opt/rustwide/target/debug/deps/libmemchr-33d05ae5bba76030.rmeta --extern mio=/opt/rustwide/target/debug/deps/libmio-08195353facc1fc7.rmeta --extern pin_project_lite=/opt/rustwide/target/debug/deps/libpin_project_lite-e8b15c1d45637ce8.rmeta --extern socket2=/opt/rustwide/target/debug/deps/libsocket2-e47df6fc052fa1d1.rmeta --cap-lints allow --cap-lints=warn` (signal: 9, SIGKILL: kill)
[INFO] [stderr] warning: build failed, waiting for other jobs to finish...
[INFO] [stderr] LLVM ERROR: IO failure on output stream: No space left on device
[INFO] [stderr] LLVM ERROR: IO failure on output stream: No space left on device
[INFO] [stderr] LLVM ERROR: IO failure on output stream: No space left on device
[INFO] [stderr] LLVM ERROR: IO failure on output stream: No space left on device
[INFO] [stderr] error: could not compile `structopt-derive` (lib)
[INFO] [stdout] error: linking with `cc` failed: exit status: 1
[INFO] [stdout]   |
[INFO] [stdout]   = note: LC_ALL="C" PATH="/opt/rustwide/rustup-home/toolchains/beta-2023-12-22-x86_64-unknown-linux-gnu/lib/rustlib/x86_64-unknown-linux-gnu/bin:/opt/rustwide/cargo-home/bin:/usr/local/sbin:/usr/local/bin:/usr/sbin:/usr/bin:/sbin:/bin" VSLANG="1033" "cc" "-Wl,--version-script=/tmp/rustcGSrktb/list" "-Wl,--no-undefined-version" "-m64" "/tmp/rustcGSrktb/symbols.o" "/opt/rustwide/target/debug/deps/io_enum-0cd58c35ed83c5b1.io_enum.7a32059ac6bbf155-cgu.0.rcgu.o" "/opt/rustwide/target/debug/deps/io_enum-0cd58c35ed83c5b1.io_enum.7a32059ac6bbf155-cgu.1.rcgu.o" "/opt/rustwide/target/debug/deps/io_enum-0cd58c35ed83c5b1.io_enum.7a32059ac6bbf155-cgu.2.rcgu.o" "/opt/rustwide/target/debug/deps/io_enum-0cd58c35ed83c5b1.io_enum.7a32059ac6bbf155-cgu.3.rcgu.o" "/opt/rustwide/target/debug/deps/io_enum-0cd58c35ed83c5b1.io_enum.7a32059ac6bbf155-cgu.4.rcgu.o" "/opt/rustwide/target/debug/deps/io_enum-0cd58c35ed83c5b1.io_enum.7a32059ac6bbf155-cgu.5.rcgu.o" "/opt/rustwide/target/debug/deps/io_enum-0cd58c35ed83c5b1.ju513w8guwqmzfc.rcgu.rmeta" "/opt/rustwide/target/debug/deps/io_enum-0cd58c35ed83c5b1.57kp0c6xp5jgew4k.rcgu.o" "-Wl,--as-needed" "-L" "/opt/rustwide/target/debug/deps" "-L" "/opt/rustwide/rustup-home/toolchains/beta-2023-12-22-x86_64-unknown-linux-gnu/lib/rustlib/x86_64-unknown-linux-gnu/lib" "-Wl,-Bstatic" "/opt/rustwide/target/debug/deps/libderive_utils-a7ce1c4a6c91125c.rlib" "/opt/rustwide/target/debug/deps/libsyn-1f78f7d218fc88b9.rlib" "/opt/rustwide/target/debug/deps/libquote-a6150bbc93ef44c7.rlib" "/opt/rustwide/target/debug/deps/libproc_macro2-9ebe08483b71677a.rlib" "/opt/rustwide/target/debug/deps/libunicode_ident-8a3684f3842d8718.rlib" "/opt/rustwide/rustup-home/toolchains/beta-2023-12-22-x86_64-unknown-linux-gnu/lib/rustlib/x86_64-unknown-linux-gnu/lib/libproc_macro-dac9343a0962bb53.rlib" "/opt/rustwide/rustup-home/toolchains/beta-2023-12-22-x86_64-unknown-linux-gnu/lib/rustlib/x86_64-unknown-linux-gnu/lib/libstd-0672489a78b613de.rlib" "/opt/rustwide/rustup-home/toolchains/beta-2023-12-22-x86_64-unknown-linux-gnu/lib/rustlib/x86_64-unknown-linux-gnu/lib/libpanic_unwind-7eb3ffc34a49f675.rlib" "/opt/rustwide/rustup-home/toolchains/beta-2023-12-22-x86_64-unknown-linux-gnu/lib/rustlib/x86_64-unknown-linux-gnu/lib/libobject-6478a9daa4bee8e2.rlib" "/opt/rustwide/rustup-home/toolchains/beta-2023-12-22-x86_64-unknown-linux-gnu/lib/rustlib/x86_64-unknown-linux-gnu/lib/libmemchr-0c75d871a5c3923d.rlib" "/opt/rustwide/rustup-home/toolchains/beta-2023-12-22-x86_64-unknown-linux-gnu/lib/rustlib/x86_64-unknown-linux-gnu/lib/libaddr2line-d163ef63ad37bb71.rlib" "/opt/rustwide/rustup-home/toolchains/beta-2023-12-22-x86_64-unknown-linux-gnu/lib/rustlib/x86_64-unknown-linux-gnu/lib/libgimli-8a3fd810a85b9f4c.rlib" "/opt/rustwide/rustup-home/toolchains/beta-2023-12-22-x86_64-unknown-linux-gnu/lib/rustlib/x86_64-unknown-linux-gnu/lib/librustc_demangle-462a2cde8c5dfc10.rlib" "/opt/rustwide/rustup-home/toolchains/beta-2023-12-22-x86_64-unknown-linux-gnu/lib/rustlib/x86_64-unknown-linux-gnu/lib/libstd_detect-cb06ac9f54713f71.rlib" "/opt/rustwide/rustup-home/toolchains/beta-2023-12-22-x86_64-unknown-linux-gnu/lib/rustlib/x86_64-unknown-linux-gnu/lib/libhashbrown-f20bfd1f8e59b393.rlib" "/opt/rustwide/rustup-home/toolchains/beta-2023-12-22-x86_64-unknown-linux-gnu/lib/rustlib/x86_64-unknown-linux-gnu/lib/librustc_std_workspace_alloc-1ef460949b49da4b.rlib" "/opt/rustwide/rustup-home/toolchains/beta-2023-12-22-x86_64-unknown-linux-gnu/lib/rustlib/x86_64-unknown-linux-gnu/lib/libminiz_oxide-2cb0c0ffe4f87514.rlib" "/opt/rustwide/rustup-home/toolchains/beta-2023-12-22-x86_64-unknown-linux-gnu/lib/rustlib/x86_64-unknown-linux-gnu/lib/libadler-58d841eb322a11a2.rlib" "/opt/rustwide/rustup-home/toolchains/beta-2023-12-22-x86_64-unknown-linux-gnu/lib/rustlib/x86_64-unknown-linux-gnu/lib/libunwind-aa2ae0b0a9d11533.rlib" "/opt/rustwide/rustup-home/toolchains/beta-2023-12-22-x86_64-unknown-linux-gnu/lib/rustlib/x86_64-unknown-linux-gnu/lib/libcfg_if-23874e15830ed336.rlib" "/opt/rustwide/rustup-home/toolchains/beta-2023-12-22-x86_64-unknown-linux-gnu/lib/rustlib/x86_64-unknown-linux-gnu/lib/liblibc-e47cddc003bce885.rlib" "/opt/rustwide/rustup-home/toolchains/beta-2023-12-22-x86_64-unknown-linux-gnu/lib/rustlib/x86_64-unknown-linux-gnu/lib/liballoc-c22b13b48a8f128e.rlib" "/opt/rustwide/rustup-home/toolchains/beta-2023-12-22-x86_64-unknown-linux-gnu/lib/rustlib/x86_64-unknown-linux-gnu/lib/librustc_std_workspace_core-e46bc3da6d7c462f.rlib" "/opt/rustwide/rustup-home/toolchains/beta-2023-12-22-x86_64-unknown-linux-gnu/lib/rustlib/x86_64-unknown-linux-gnu/lib/libcore-8d1ac131d3cb2645.rlib" "/opt/rustwide/rustup-home/toolchains/beta-2023-12-22-x86_64-unknown-linux-gnu/lib/rustlib/x86_64-unknown-linux-gnu/lib/libcompiler_builtins-a1b43df8c6899c1f.rlib" "-Wl,-Bdynamic" "-lgcc_s" "-lutil" "-lrt" "-lpthread" "-lm" "-ldl" "-lc" "-Wl,--eh-frame-hdr" "-Wl,-z,noexecstack" "-L" "/opt/rustwide/rustup-home/toolchains/beta-2023-12-22-x86_64-unknown-linux-gnu/lib/rustlib/x86_64-unknown-linux-gnu/lib" "-o" "/opt/rustwide/target/debug/deps/libio_enum-0cd58c35ed83c5b1.so" "-Wl,--gc-sections" "-shared" "-Wl,-z,relro,-z,now" "-nodefaultlibs"
[INFO] [stdout]   = note: /usr/bin/ld: final link failed: No space left on device
[INFO] [stdout]           collect2: error: ld returned 1 exit status
[INFO] [stdout]           
[INFO] [stdout] 
[INFO] [stdout] 
[INFO] [stdout] error: linking with `cc` failed: exit status: 1
[INFO] [stdout]   |
[INFO] [stdout]   = note: LC_ALL="C" PATH="/opt/rustwide/rustup-home/toolchains/beta-2023-12-22-x86_64-unknown-linux-gnu/lib/rustlib/x86_64-unknown-linux-gnu/bin:/opt/rustwide/cargo-home/bin:/usr/local/sbin:/usr/local/bin:/usr/sbin:/usr/bin:/sbin:/bin" VSLANG="1033" "cc" "-Wl,--version-script=/tmp/rustcLEo0Wm/list" "-Wl,--no-undefined-version" "-m64" "/tmp/rustcLEo0Wm/symbols.o" "/opt/rustwide/target/debug/deps/oracle_procmacro-8ccc0d9ef7f316c4.oracle_procmacro.6a9447b99ecf19df-cgu.0.rcgu.o" "/opt/rustwide/target/debug/deps/oracle_procmacro-8ccc0d9ef7f316c4.oracle_procmacro.6a9447b99ecf19df-cgu.1.rcgu.o" "/opt/rustwide/target/debug/deps/oracle_procmacro-8ccc0d9ef7f316c4.oracle_procmacro.6a9447b99ecf19df-cgu.2.rcgu.o" "/opt/rustwide/target/debug/deps/oracle_procmacro-8ccc0d9ef7f316c4.oracle_procmacro.6a9447b99ecf19df-cgu.3.rcgu.o" "/opt/rustwide/target/debug/deps/oracle_procmacro-8ccc0d9ef7f316c4.oracle_procmacro.6a9447b99ecf19df-cgu.4.rcgu.o" "/opt/rustwide/target/debug/deps/oracle_procmacro-8ccc0d9ef7f316c4.oracle_procmacro.6a9447b99ecf19df-cgu.5.rcgu.o" "/opt/rustwide/target/debug/deps/oracle_procmacro-8ccc0d9ef7f316c4.oracle_procmacro.6a9447b99ecf19df-cgu.6.rcgu.o" "/opt/rustwide/target/debug/deps/oracle_procmacro-8ccc0d9ef7f316c4.371hxflmveqstfco.rcgu.rmeta" "/opt/rustwide/target/debug/deps/oracle_procmacro-8ccc0d9ef7f316c4.yvs42emf8vo54lg.rcgu.o" "-Wl,--as-needed" "-L" "/opt/rustwide/target/debug/deps" "-L" "/opt/rustwide/rustup-home/toolchains/beta-2023-12-22-x86_64-unknown-linux-gnu/lib/rustlib/x86_64-unknown-linux-gnu/lib" "-Wl,-Bstatic" "/opt/rustwide/target/debug/deps/libdarling-d4022e014345f851.rlib" "/opt/rustwide/target/debug/deps/libdarling_core-adb9851b29024a0e.rlib" "/opt/rustwide/target/debug/deps/libstrsim-5ffb9732577ffcf1.rlib" "/opt/rustwide/target/debug/deps/libident_case-30b0c5379ece2ce2.rlib" "/opt/rustwide/target/debug/deps/libfnv-78ae95906ab73f72.rlib" "/opt/rustwide/target/debug/deps/libsyn-1f78f7d218fc88b9.rlib" "/opt/rustwide/target/debug/deps/libquote-a6150bbc93ef44c7.rlib" "/opt/rustwide/target/debug/deps/libproc_macro2-9ebe08483b71677a.rlib" "/opt/rustwide/target/debug/deps/libunicode_ident-8a3684f3842d8718.rlib" "/opt/rustwide/rustup-home/toolchains/beta-2023-12-22-x86_64-unknown-linux-gnu/lib/rustlib/x86_64-unknown-linux-gnu/lib/libproc_macro-dac9343a0962bb53.rlib" "/opt/rustwide/rustup-home/toolchains/beta-2023-12-22-x86_64-unknown-linux-gnu/lib/rustlib/x86_64-unknown-linux-gnu/lib/libstd-0672489a78b613de.rlib" "/opt/rustwide/rustup-home/toolchains/beta-2023-12-22-x86_64-unknown-linux-gnu/lib/rustlib/x86_64-unknown-linux-gnu/lib/libpanic_unwind-7eb3ffc34a49f675.rlib" "/opt/rustwide/rustup-home/toolchains/beta-2023-12-22-x86_64-unknown-linux-gnu/lib/rustlib/x86_64-unknown-linux-gnu/lib/libobject-6478a9daa4bee8e2.rlib" "/opt/rustwide/rustup-home/toolchains/beta-2023-12-22-x86_64-unknown-linux-gnu/lib/rustlib/x86_64-unknown-linux-gnu/lib/libmemchr-0c75d871a5c3923d.rlib" "/opt/rustwide/rustup-home/toolchains/beta-2023-12-22-x86_64-unknown-linux-gnu/lib/rustlib/x86_64-unknown-linux-gnu/lib/libaddr2line-d163ef63ad37bb71.rlib" "/opt/rustwide/rustup-home/toolchains/beta-2023-12-22-x86_64-unknown-linux-gnu/lib/rustlib/x86_64-unknown-linux-gnu/lib/libgimli-8a3fd810a85b9f4c.rlib" "/opt/rustwide/rustup-home/toolchains/beta-2023-12-22-x86_64-unknown-linux-gnu/lib/rustlib/x86_64-unknown-linux-gnu/lib/librustc_demangle-462a2cde8c5dfc10.rlib" "/opt/rustwide/rustup-home/toolchains/beta-2023-12-22-x86_64-unknown-linux-gnu/lib/rustlib/x86_64-unknown-linux-gnu/lib/libstd_detect-cb06ac9f54713f71.rlib" "/opt/rustwide/rustup-home/toolchains/beta-2023-12-22-x86_64-unknown-linux-gnu/lib/rustlib/x86_64-unknown-linux-gnu/lib/libhashbrown-f20bfd1f8e59b393.rlib" "/opt/rustwide/rustup-home/toolchains/beta-2023-12-22-x86_64-unknown-linux-gnu/lib/rustlib/x86_64-unknown-linux-gnu/lib/librustc_std_workspace_alloc-1ef460949b49da4b.rlib" "/opt/rustwide/rustup-home/toolchains/beta-2023-12-22-x86_64-unknown-linux-gnu/lib/rustlib/x86_64-unknown-linux-gnu/lib/libminiz_oxide-2cb0c0ffe4f87514.rlib" "/opt/rustwide/rustup-home/toolchains/beta-2023-12-22-x86_64-unknown-linux-gnu/lib/rustlib/x86_64-unknown-linux-gnu/lib/libadler-58d841eb322a11a2.rlib" "/opt/rustwide/rustup-home/toolchains/beta-2023-12-22-x86_64-unknown-linux-gnu/lib/rustlib/x86_64-unknown-linux-gnu/lib/libunwind-aa2ae0b0a9d11533.rlib" "/opt/rustwide/rustup-home/toolchains/beta-2023-12-22-x86_64-unknown-linux-gnu/lib/rustlib/x86_64-unknown-linux-gnu/lib/libcfg_if-23874e15830ed336.rlib" "/opt/rustwide/rustup-home/toolchains/beta-2023-12-22-x86_64-unknown-linux-gnu/lib/rustlib/x86_64-unknown-linux-gnu/lib/liblibc-e47cddc003bce885.rlib" "/opt/rustwide/rustup-home/toolchains/beta-2023-12-22-x86_64-unknown-linux-gnu/lib/rustlib/x86_64-unknown-linux-gnu/lib/liballoc-c22b13b48a8f128e.rlib" "/opt/rustwide/rustup-home/toolchains/beta-2023-12-22-x86_64-unknown-linux-gnu/lib/rustlib/x86_64-unknown-linux-gnu/lib/librustc_std_workspace_core-e46bc3da6d7c462f.rlib" "/opt/rustwide/rustup-home/toolchains/beta-2023-12-22-x86_64-unknown-linux-gnu/lib/rustlib/x86_64-unknown-linux-gnu/lib/libcore-8d1ac131d3cb2645.rlib" "/opt/rustwide/rustup-home/toolchains/beta-2023-12-22-x86_64-unknown-linux-gnu/lib/rustlib/x86_64-unknown-linux-gnu/lib/libcompiler_builtins-a1b43df8c6899c1f.rlib" "-Wl,-Bdynamic" "-lgcc_s" "-lutil" "-lrt" "-lpthread" "-lm" "-ldl" "-lc" "-Wl,--eh-frame-hdr" "-Wl,-z,noexecstack" "-L" "/opt/rustwide/rustup-home/toolchains/beta-2023-12-22-x86_64-unknown-linux-gnu/lib/rustlib/x86_64-unknown-linux-gnu/lib" "-o" "/opt/rustwide/target/debug/deps/liboracle_procmacro-8ccc0d9ef7f316c4.so" "-Wl,--gc-sections" "-shared" "-Wl,-z,relro,-z,now" "-nodefaultlibs"
[INFO] [stdout]   = note: /usr/bin/ld: final link failed: No space left on device
[INFO] [stdout]           collect2: error: ld returned 1 exit status
[INFO] [stdout]           
[INFO] [stdout] 
[INFO] [stdout] 
[INFO] [stderr] error: could not compile `io-enum` (lib) due to 1 previous error
[INFO] [stderr] error: could not compile `miette` (lib)
[INFO] [stderr] LLVM ERROR: IO failure on output stream: No space left on device
[INFO] [stderr] error: could not compile `serde_derive` (lib)
[INFO] [stderr] error: could not compile `oracle_procmacro` (lib) due to 1 previous error
[INFO] [stderr] error: could not compile `term` (lib)
[INFO] [stderr] error: could not compile `bindgen` (lib)
[INFO] [stderr] LLVM ERROR: IO failure on output stream: No space left on device
[INFO] [stderr] error: could not compile `twox-hash` (lib)
[INFO] [stderr] The following warnings were emitted during compilation:
[INFO] [stderr] 
[INFO] [stderr] warning: oracle@0.5.7: odpi/embed/dpi.c:65: fatal error: error writing to /tmp/ccrrCPEo.s: No space left on device
[INFO] [stderr] warning: oracle@0.5.7: compilation terminated.
[INFO] [stderr] 
[INFO] [stderr] error: failed to run custom build command for `oracle v0.5.7`
[INFO] [stderr] note: To improve backtraces for build dependencies, set the CARGO_PROFILE_DEV_BUILD_OVERRIDE_DEBUG=true environment variable to enable debug information generation.
[INFO] [stderr] 
[INFO] [stderr] Caused by:
[INFO] [stderr]   process didn't exit successfully: `/opt/rustwide/target/debug/build/oracle-6415f8d6b3cd12f3/build-script-build` (exit status: 1)
[INFO] [stderr]   --- stdout
[INFO] [stderr]   TARGET = Some("x86_64-unknown-linux-gnu")
[INFO] [stderr]   OPT_LEVEL = Some("0")
[INFO] [stderr]   HOST = Some("x86_64-unknown-linux-gnu")
[INFO] [stderr]   cargo:rerun-if-env-changed=CC_x86_64-unknown-linux-gnu
[INFO] [stderr]   CC_x86_64-unknown-linux-gnu = None
[INFO] [stderr]   cargo:rerun-if-env-changed=CC_x86_64_unknown_linux_gnu
[INFO] [stderr]   CC_x86_64_unknown_linux_gnu = None
[INFO] [stderr]   cargo:rerun-if-env-changed=HOST_CC
[INFO] [stderr]   HOST_CC = None
[INFO] [stderr]   cargo:rerun-if-env-changed=CC
[INFO] [stderr]   CC = None
[INFO] [stderr]   cargo:rerun-if-env-changed=CFLAGS_x86_64-unknown-linux-gnu
[INFO] [stderr]   CFLAGS_x86_64-unknown-linux-gnu = None
[INFO] [stderr]   cargo:rerun-if-env-changed=CFLAGS_x86_64_unknown_linux_gnu
[INFO] [stderr]   CFLAGS_x86_64_unknown_linux_gnu = None
[INFO] [stderr]   cargo:rerun-if-env-changed=HOST_CFLAGS
[INFO] [stderr]   HOST_CFLAGS = None
[INFO] [stderr]   cargo:rerun-if-env-changed=CFLAGS
[INFO] [stderr]   CFLAGS = None
[INFO] [stderr]   cargo:rerun-if-env-changed=CRATE_CC_NO_DEFAULTS
[INFO] [stderr]   CRATE_CC_NO_DEFAULTS = None
[INFO] [stderr]   DEBUG = Some("true")
[INFO] [stderr]   CARGO_CFG_TARGET_FEATURE = Some("fxsr,sse,sse2")
[INFO] [stderr]   cargo:rerun-if-env-changed=CC_x86_64-unknown-linux-gnu
[INFO] [stderr]   CC_x86_64-unknown-linux-gnu = None
[INFO] [stderr]   cargo:rerun-if-env-changed=CC_x86_64_unknown_linux_gnu
[INFO] [stderr]   CC_x86_64_unknown_linux_gnu = None
[INFO] [stderr]   cargo:rerun-if-env-changed=HOST_CC
[INFO] [stderr]   HOST_CC = None
[INFO] [stderr]   cargo:rerun-if-env-changed=CC
[INFO] [stderr]   CC = None
[INFO] [stderr]   cargo:rerun-if-env-changed=CFLAGS_x86_64-unknown-linux-gnu
[INFO] [stderr]   CFLAGS_x86_64-unknown-linux-gnu = None
[INFO] [stderr]   cargo:rerun-if-env-changed=CFLAGS_x86_64_unknown_linux_gnu
[INFO] [stderr]   CFLAGS_x86_64_unknown_linux_gnu = None
[INFO] [stderr]   cargo:rerun-if-env-changed=HOST_CFLAGS
[INFO] [stderr]   HOST_CFLAGS = None
[INFO] [stderr]   cargo:rerun-if-env-changed=CFLAGS
[INFO] [stderr]   CFLAGS = None
[INFO] [stderr]   cargo:rerun-if-env-changed=CRATE_CC_NO_DEFAULTS
[INFO] [stderr]   CRATE_CC_NO_DEFAULTS = None
[INFO] [stderr]   CARGO_CFG_TARGET_FEATURE = Some("fxsr,sse,sse2")
[INFO] [stderr]   running: "cc" "-O0" "-ffunction-sections" "-fdata-sections" "-fPIC" "-gdwarf-4" "-fno-omit-frame-pointer" "-m64" "-I" "odpi/include" "-Wall" "-Wextra" "-Wno-unused-parameter" "-o" "/opt/rustwide/target/debug/build/oracle-b16a1e69dc791b37/out/odpi/embed/dpi.o" "-c" "odpi/embed/dpi.c"
[INFO] [stderr]   cargo:warning=odpi/embed/dpi.c:65: fatal error: error writing to /tmp/ccrrCPEo.s: No space left on device
[INFO] [stderr]   cargo:warning=compilation terminated.
[INFO] [stderr]   exit status: 1
[INFO] [stderr] 
[INFO] [stderr]   --- stderr
[INFO] [stderr] 
[INFO] [stderr] 
[INFO] [stderr]   error occurred: Command "cc" "-O0" "-ffunction-sections" "-fdata-sections" "-fPIC" "-gdwarf-4" "-fno-omit-frame-pointer" "-m64" "-I" "odpi/include" "-Wall" "-Wextra" "-Wno-unused-parameter" "-o" "/opt/rustwide/target/debug/build/oracle-b16a1e69dc791b37/out/odpi/embed/dpi.o" "-c" "odpi/embed/dpi.c" with args "cc" did not execute successfully (status code exit status: 1).
[INFO] [stderr] 
[INFO] [stderr] 
[INFO] [stdout] error: couldn't create a temp dir: No space left on device (os error 28) at path "/opt/rustwide/target/debug/deps/rmetaNaXEpn"
[INFO] [stdout] 
[INFO] [stdout] 
[INFO] [stderr] error: could not compile `clap` (lib) due to 1 previous error
[INFO] [stdout] error: failed to write to `/opt/rustwide/target/debug/deps/rmetaQmHSDC/lib.rmeta`: No space left on device (os error 28)
[INFO] [stdout] 
[INFO] [stdout] 
[INFO] [stdout] error: aborting due to 1 previous error
[INFO] [stdout] 
[INFO] [stdout] 
[INFO] [stderr] error: could not compile `futures-util` (lib) due to 2 previous errors
[INFO] [stdout] error: failed to write to `/opt/rustwide/target/debug/deps/rmetaEEjCie/lib.rmeta`: No space left on device (os error 28)
[INFO] [stdout] 
[INFO] [stdout] 
[INFO] [stderr] error: could not compile `openssl` (lib) due to 1 previous error
[INFO] [stderr] The following warnings were emitted during compilation:
[INFO] [stderr] 
[INFO] [stderr] warning: libsqlite3-sys@0.26.0: sqlite3/sqlite3.c:245255:1: fatal error: error writing to /tmp/ccTaXWuY.s: No space left on device
[INFO] [stderr] warning: libsqlite3-sys@0.26.0: 245255 | SQLITE_API const char *sqlite3_sourceid(void){ return SQLITE_SOURCE_ID; }
[INFO] [stderr] warning: libsqlite3-sys@0.26.0:        | ^~~~~~~~~~
[INFO] [stderr] warning: libsqlite3-sys@0.26.0: compilation terminated.
[INFO] [stderr] 
[INFO] [stderr] error: failed to run custom build command for `libsqlite3-sys v0.26.0`
[INFO] [stderr] note: To improve backtraces for build dependencies, set the CARGO_PROFILE_DEV_BUILD_OVERRIDE_DEBUG=true environment variable to enable debug information generation.
[INFO] [stderr] 
[INFO] [stderr] Caused by:
[INFO] [stderr]   process didn't exit successfully: `/opt/rustwide/target/debug/build/libsqlite3-sys-435175a0ef8738b4/build-script-build` (exit status: 1)
[INFO] [stderr]   --- stdout
[INFO] [stderr]   cargo:rerun-if-changed=sqlite3/sqlite3.c
[INFO] [stderr]   cargo:rerun-if-changed=sqlite3/wasm32-wasi-vfs.c
[INFO] [stderr]   cargo:rerun-if-env-changed=SQLITE_MAX_VARIABLE_NUMBER
[INFO] [stderr]   cargo:rerun-if-env-changed=SQLITE_MAX_EXPR_DEPTH
[INFO] [stderr]   cargo:rerun-if-env-changed=LIBSQLITE3_FLAGS
[INFO] [stderr]   TARGET = Some("x86_64-unknown-linux-gnu")
[INFO] [stderr]   OPT_LEVEL = Some("0")
[INFO] [stderr]   HOST = Some("x86_64-unknown-linux-gnu")
[INFO] [stderr]   cargo:rerun-if-env-changed=CC_x86_64-unknown-linux-gnu
[INFO] [stderr]   CC_x86_64-unknown-linux-gnu = None
[INFO] [stderr]   cargo:rerun-if-env-changed=CC_x86_64_unknown_linux_gnu
[INFO] [stderr]   CC_x86_64_unknown_linux_gnu = None
[INFO] [stderr]   cargo:rerun-if-env-changed=HOST_CC
[INFO] [stderr]   HOST_CC = None
[INFO] [stderr]   cargo:rerun-if-env-changed=CC
[INFO] [stderr]   CC = None
[INFO] [stderr]   cargo:rerun-if-env-changed=CFLAGS_x86_64-unknown-linux-gnu
[INFO] [stderr]   CFLAGS_x86_64-unknown-linux-gnu = None
[INFO] [stderr]   cargo:rerun-if-env-changed=CFLAGS_x86_64_unknown_linux_gnu
[INFO] [stderr]   CFLAGS_x86_64_unknown_linux_gnu = None
[INFO] [stderr]   cargo:rerun-if-env-changed=HOST_CFLAGS
[INFO] [stderr]   HOST_CFLAGS = None
[INFO] [stderr]   cargo:rerun-if-env-changed=CFLAGS
[INFO] [stderr]   CFLAGS = None
[INFO] [stderr]   cargo:rerun-if-env-changed=CRATE_CC_NO_DEFAULTS
[INFO] [stderr]   CRATE_CC_NO_DEFAULTS = None
[INFO] [stderr]   DEBUG = Some("true")
[INFO] [stderr]   CARGO_CFG_TARGET_FEATURE = Some("fxsr,sse,sse2")
[INFO] [stderr]   running: "cc" "-O0" "-ffunction-sections" "-fdata-sections" "-fPIC" "-gdwarf-4" "-fno-omit-frame-pointer" "-m64" "-DSQLITE_CORE" "-DSQLITE_DEFAULT_FOREIGN_KEYS=1" "-DSQLITE_ENABLE_API_ARMOR" "-DSQLITE_ENABLE_COLUMN_METADATA" "-DSQLITE_ENABLE_DBSTAT_VTAB" "-DSQLITE_ENABLE_FTS3" "-DSQLITE_ENABLE_FTS3_PARENTHESIS" "-DSQLITE_ENABLE_FTS5" "-DSQLITE_ENABLE_JSON1" "-DSQLITE_ENABLE_LOAD_EXTENSION=1" "-DSQLITE_ENABLE_MEMORY_MANAGEMENT" "-DSQLITE_ENABLE_RTREE" "-DSQLITE_ENABLE_STAT2" "-DSQLITE_ENABLE_STAT4" "-DSQLITE_SOUNDEX" "-DSQLITE_THREADSAFE=1" "-DSQLITE_USE_URI" "-DHAVE_USLEEP=1" "-D_POSIX_THREAD_SAFE_FUNCTIONS" "-DHAVE_ISNAN" "-DHAVE_LOCALTIME_R" "-o" "/opt/rustwide/target/debug/build/libsqlite3-sys-ce84b8c178a8d9bc/out/sqlite3/sqlite3.o" "-c" "sqlite3/sqlite3.c"
[INFO] [stderr]   cargo:warning=sqlite3/sqlite3.c:245255:1: fatal error: error writing to /tmp/ccTaXWuY.s: No space left on device
[INFO] [stderr]   cargo:warning=245255 | SQLITE_API const char *sqlite3_sourceid(void){ return SQLITE_SOURCE_ID; }
[INFO] [stderr]   cargo:warning=       | ^~~~~~~~~~
[INFO] [stderr]   cargo:warning=compilation terminated.
[INFO] [stderr]   exit status: 1
[INFO] [stderr] 
[INFO] [stderr]   --- stderr
[INFO] [stderr] 
[INFO] [stderr] 
[INFO] [stderr]   error occurred: Command "cc" "-O0" "-ffunction-sections" "-fdata-sections" "-fPIC" "-gdwarf-4" "-fno-omit-frame-pointer" "-m64" "-DSQLITE_CORE" "-DSQLITE_DEFAULT_FOREIGN_KEYS=1" "-DSQLITE_ENABLE_API_ARMOR" "-DSQLITE_ENABLE_COLUMN_METADATA" "-DSQLITE_ENABLE_DBSTAT_VTAB" "-DSQLITE_ENABLE_FTS3" "-DSQLITE_ENABLE_FTS3_PARENTHESIS" "-DSQLITE_ENABLE_FTS5" "-DSQLITE_ENABLE_JSON1" "-DSQLITE_ENABLE_LOAD_EXTENSION=1" "-DSQLITE_ENABLE_MEMORY_MANAGEMENT" "-DSQLITE_ENABLE_RTREE" "-DSQLITE_ENABLE_STAT2" "-DSQLITE_ENABLE_STAT4" "-DSQLITE_SOUNDEX" "-DSQLITE_THREADSAFE=1" "-DSQLITE_USE_URI" "-DHAVE_USLEEP=1" "-D_POSIX_THREAD_SAFE_FUNCTIONS" "-DHAVE_ISNAN" "-DHAVE_LOCALTIME_R" "-o" "/opt/rustwide/target/debug/build/libsqlite3-sys-ce84b8c178a8d9bc/out/sqlite3/sqlite3.o" "-c" "sqlite3/sqlite3.c" with args "cc" did not execute successfully (status code exit status: 1).
[INFO] [stderr] 
[INFO] [stderr] 
[INFO] running `Command { std: "docker" "inspect" "63853b9f2052cbf64b412c0c881d967c1a48e91fbf945dcd0516e4658c247151", kill_on_drop: false }`
[INFO] running `Command { std: "docker" "rm" "-f" "63853b9f2052cbf64b412c0c881d967c1a48e91fbf945dcd0516e4658c247151", kill_on_drop: false }`
[INFO] [stdout] 63853b9f2052cbf64b412c0c881d967c1a48e91fbf945dcd0516e4658c247151
