[INFO] cloning repository https://github.com/sunjay/wolf-asm
[INFO] running `Command { std: "git" "-c" "credential.helper=" "-c" "credential.helper=/workspace/cargo-home/bin/git-credential-null" "clone" "--bare" "https://github.com/sunjay/wolf-asm" "/workspace/cache/git-repos/https%3A%2F%2Fgithub.com%2Fsunjay%2Fwolf-asm", kill_on_drop: false }`
[INFO] [stderr] Cloning into bare repository '/workspace/cache/git-repos/https%3A%2F%2Fgithub.com%2Fsunjay%2Fwolf-asm'...
[INFO] running `Command { std: "git" "rev-parse" "HEAD", kill_on_drop: false }`
[INFO] [stdout] 4493c526be181f3c6e89dd14e879632a10c4d29e
[INFO] testing sunjay/wolf-asm against 1.75.0 for beta-1.76-1
[INFO] running `Command { std: "git" "clone" "/workspace/cache/git-repos/https%3A%2F%2Fgithub.com%2Fsunjay%2Fwolf-asm" "/workspace/builds/worker-1-tc1/source", kill_on_drop: false }`
[INFO] [stderr] Cloning into '/workspace/builds/worker-1-tc1/source'...
[INFO] [stderr] done.
[INFO] validating manifest of git repo https://github.com/sunjay/wolf-asm on toolchain 1.75.0
[INFO] running `Command { std: CARGO_HOME="/workspace/cargo-home" RUSTUP_HOME="/workspace/rustup-home" "/workspace/cargo-home/bin/cargo" "+1.75.0" "metadata" "--manifest-path" "Cargo.toml" "--no-deps", kill_on_drop: false }`
[INFO] removed /workspace/builds/worker-1-tc1/source/rust-toolchain
[INFO] started tweaking git repo https://github.com/sunjay/wolf-asm
[INFO] finished tweaking git repo https://github.com/sunjay/wolf-asm
[INFO] tweaked toml for git repo https://github.com/sunjay/wolf-asm written to /workspace/builds/worker-1-tc1/source/Cargo.toml
[INFO] crate git repo https://github.com/sunjay/wolf-asm already has a lockfile, it will not be regenerated
[INFO] running `Command { std: CARGO_HOME="/workspace/cargo-home" RUSTUP_HOME="/workspace/rustup-home" "/workspace/cargo-home/bin/cargo" "+1.75.0" "fetch" "--manifest-path" "Cargo.toml", kill_on_drop: false }`
[INFO] [stderr]  Downloading crates ...
[INFO] [stderr]   Downloaded lock_api v0.4.0
[INFO] [stderr]   Downloaded instant v0.1.4
[INFO] running `Command { std: "docker" "create" "-v" "/var/lib/crater-agent-workspace/builds/worker-1-tc1/target:/opt/rustwide/target:rw,Z" "-v" "/var/lib/crater-agent-workspace/builds/worker-1-tc1/source:/opt/rustwide/workdir:ro,Z" "-v" "/var/lib/crater-agent-workspace/cargo-home:/opt/rustwide/cargo-home:ro,Z" "-v" "/var/lib/crater-agent-workspace/rustup-home:/opt/rustwide/rustup-home:ro,Z" "-e" "SOURCE_DIR=/opt/rustwide/workdir" "-e" "CARGO_TARGET_DIR=/opt/rustwide/target" "-e" "CARGO_HOME=/opt/rustwide/cargo-home" "-e" "RUSTUP_HOME=/opt/rustwide/rustup-home" "-w" "/opt/rustwide/workdir" "-m" "1610612736" "--user" "0:0" "--network" "none" "ghcr.io/rust-lang/crates-build-env/linux@sha256:2788e3201cd34a07e3172128adcd8b3090168a8e3bcc40d7c032b9dda1df7d1c" "/opt/rustwide/cargo-home/bin/cargo" "+1.75.0" "metadata" "--no-deps" "--format-version=1", kill_on_drop: false }`
[INFO] [stdout] a579a21439906a09d451f305e14c458d157a5726bb44076e3967f9135094eaeb
[INFO] running `Command { std: "docker" "start" "-a" "a579a21439906a09d451f305e14c458d157a5726bb44076e3967f9135094eaeb", kill_on_drop: false }`
[INFO] running `Command { std: "docker" "inspect" "a579a21439906a09d451f305e14c458d157a5726bb44076e3967f9135094eaeb", kill_on_drop: false }`
[INFO] running `Command { std: "docker" "rm" "-f" "a579a21439906a09d451f305e14c458d157a5726bb44076e3967f9135094eaeb", kill_on_drop: false }`
[INFO] [stdout] a579a21439906a09d451f305e14c458d157a5726bb44076e3967f9135094eaeb
[INFO] running `Command { std: "docker" "create" "-v" "/var/lib/crater-agent-workspace/builds/worker-1-tc1/target:/opt/rustwide/target:rw,Z" "-v" "/var/lib/crater-agent-workspace/builds/worker-1-tc1/source:/opt/rustwide/workdir:ro,Z" "-v" "/var/lib/crater-agent-workspace/cargo-home:/opt/rustwide/cargo-home:ro,Z" "-v" "/var/lib/crater-agent-workspace/rustup-home:/opt/rustwide/rustup-home:ro,Z" "-e" "SOURCE_DIR=/opt/rustwide/workdir" "-e" "CARGO_TARGET_DIR=/opt/rustwide/target" "-e" "CARGO_INCREMENTAL=0" "-e" "RUST_BACKTRACE=full" "-e" "RUSTFLAGS=--cap-lints=warn" "-e" "RUSTDOCFLAGS=--cap-lints=warn" "-e" "CARGO_HOME=/opt/rustwide/cargo-home" "-e" "RUSTUP_HOME=/opt/rustwide/rustup-home" "-w" "/opt/rustwide/workdir" "-m" "1610612736" "--user" "0:0" "--network" "none" "ghcr.io/rust-lang/crates-build-env/linux@sha256:2788e3201cd34a07e3172128adcd8b3090168a8e3bcc40d7c032b9dda1df7d1c" "/opt/rustwide/cargo-home/bin/cargo" "+1.75.0" "build" "--frozen" "--message-format=json", kill_on_drop: false }`
[INFO] [stdout] 4d97262d4e093d771ddbc9fce59365de95744059379a3986201a5f494f664d89
[INFO] running `Command { std: "docker" "start" "-a" "4d97262d4e093d771ddbc9fce59365de95744059379a3986201a5f494f664d89", kill_on_drop: false }`
[INFO] [stderr]    Compiling proc-macro2 v1.0.18
[INFO] [stderr]    Compiling unicode-xid v0.2.0
[INFO] [stderr]    Compiling syn v1.0.30
[INFO] [stderr]    Compiling version_check v0.9.2
[INFO] [stderr]    Compiling libc v0.2.71
[INFO] [stderr]    Compiling bitflags v1.2.1
[INFO] [stderr]    Compiling byteorder v1.3.4
[INFO] [stderr]    Compiling unicode-segmentation v1.6.0
[INFO] [stderr]    Compiling unicode-width v0.1.7
[INFO] [stderr]    Compiling serde v1.0.111
[INFO] [stderr]    Compiling smallvec v1.4.0
[INFO] [stderr]    Compiling vec_map v0.8.2
[INFO] [stderr]    Compiling instant v0.1.4
[INFO] [stderr]    Compiling scopeguard v1.1.0
[INFO] [stderr]    Compiling ansi_term v0.11.0
[INFO] [stderr]    Compiling strsim v0.8.0
[INFO] [stderr]    Compiling textwrap v0.11.0
[INFO] [stderr]    Compiling cfg-if v0.1.10
[INFO] [stderr]    Compiling lock_api v0.4.0
[INFO] [stderr]    Compiling lazy_static v1.4.0
[INFO] [stderr]    Compiling anyhow v1.0.31
[INFO] [stderr]    Compiling termcolor v1.1.0
[INFO] [stderr]    Compiling heck v0.3.1
[INFO] [stderr]    Compiling proc-macro-error-attr v1.0.2
[INFO] [stderr]    Compiling proc-macro-error v1.0.2
[INFO] [stderr]    Compiling quote v1.0.6
[INFO] [stderr]    Compiling atty v0.2.14
[INFO] [stderr]    Compiling parking_lot_core v0.8.0
[INFO] [stderr]    Compiling clap v2.33.1
[INFO] [stderr]    Compiling parking_lot v0.11.0
[INFO] [stderr]    Compiling syn-mid v0.5.0
[INFO] [stderr]    Compiling serde_derive v1.0.111
[INFO] [stderr]    Compiling thiserror-impl v1.0.19
[INFO] [stderr]    Compiling structopt-derive v0.4.7
[INFO] [stderr]    Compiling thiserror v1.0.19
[INFO] [stderr]    Compiling structopt v0.3.14
[INFO] [stderr]    Compiling bincode v1.3.1
[INFO] [stderr]    Compiling wolf-asm v0.1.0 (/opt/rustwide/workdir/asm)
[INFO] [stdout] warning: private item shadows public glob re-export
[INFO] [stdout]   --> asm/src/parser.rs:17:13
[INFO] [stdout]    |
[INFO] [stdout] 17 | use token::{Token, TokenKind, Keyword, LitKind};
[INFO] [stdout]    |             ^^^^^
[INFO] [stdout]    |
[INFO] [stdout] note: the name `Token` in the type namespace is supposed to be publicly re-exported here
[INFO] [stdout]   --> asm/src/parser.rs:9:9
[INFO] [stdout]    |
[INFO] [stdout] 9  | pub use token::*;
[INFO] [stdout]    |         ^^^^^^^^
[INFO] [stdout] note: but the private item here shadows it
[INFO] [stdout]   --> asm/src/parser.rs:17:13
[INFO] [stdout]    |
[INFO] [stdout] 17 | use token::{Token, TokenKind, Keyword, LitKind};
[INFO] [stdout]    |             ^^^^^
[INFO] [stdout]    = note: `#[warn(hidden_glob_reexports)]` on by default
[INFO] [stdout] 
[INFO] [stdout] 
[INFO] [stdout] warning: private item shadows public glob re-export
[INFO] [stdout]   --> asm/src/parser.rs:17:20
[INFO] [stdout]    |
[INFO] [stdout] 17 | use token::{Token, TokenKind, Keyword, LitKind};
[INFO] [stdout]    |                    ^^^^^^^^^
[INFO] [stdout]    |
[INFO] [stdout] note: the name `TokenKind` in the type namespace is supposed to be publicly re-exported here
[INFO] [stdout]   --> asm/src/parser.rs:9:9
[INFO] [stdout]    |
[INFO] [stdout] 9  | pub use token::*;
[INFO] [stdout]    |         ^^^^^^^^
[INFO] [stdout] note: but the private item here shadows it
[INFO] [stdout]   --> asm/src/parser.rs:17:20
[INFO] [stdout]    |
[INFO] [stdout] 17 | use token::{Token, TokenKind, Keyword, LitKind};
[INFO] [stdout]    |                    ^^^^^^^^^
[INFO] [stdout] 
[INFO] [stdout] 
[INFO] [stdout] warning: private item shadows public glob re-export
[INFO] [stdout]   --> asm/src/parser.rs:17:31
[INFO] [stdout]    |
[INFO] [stdout] 17 | use token::{Token, TokenKind, Keyword, LitKind};
[INFO] [stdout]    |                               ^^^^^^^
[INFO] [stdout]    |
[INFO] [stdout] note: the name `Keyword` in the type namespace is supposed to be publicly re-exported here
[INFO] [stdout]   --> asm/src/parser.rs:9:9
[INFO] [stdout]    |
[INFO] [stdout] 9  | pub use token::*;
[INFO] [stdout]    |         ^^^^^^^^
[INFO] [stdout] note: but the private item here shadows it
[INFO] [stdout]   --> asm/src/parser.rs:17:31
[INFO] [stdout]    |
[INFO] [stdout] 17 | use token::{Token, TokenKind, Keyword, LitKind};
[INFO] [stdout]    |                               ^^^^^^^
[INFO] [stdout] 
[INFO] [stdout] 
[INFO] [stdout] warning: private item shadows public glob re-export
[INFO] [stdout]   --> asm/src/parser.rs:17:40
[INFO] [stdout]    |
[INFO] [stdout] 17 | use token::{Token, TokenKind, Keyword, LitKind};
[INFO] [stdout]    |                                        ^^^^^^^
[INFO] [stdout]    |
[INFO] [stdout] note: the name `LitKind` in the type namespace is supposed to be publicly re-exported here
[INFO] [stdout]   --> asm/src/parser.rs:9:9
[INFO] [stdout]    |
[INFO] [stdout] 9  | pub use token::*;
[INFO] [stdout]    |         ^^^^^^^^
[INFO] [stdout] note: but the private item here shadows it
[INFO] [stdout]   --> asm/src/parser.rs:17:40
[INFO] [stdout]    |
[INFO] [stdout] 17 | use token::{Token, TokenKind, Keyword, LitKind};
[INFO] [stdout]    |                                        ^^^^^^^
[INFO] [stdout] 
[INFO] [stdout] 
[INFO] [stderr]    Compiling wolf-vm v0.1.0 (/opt/rustwide/workdir/vm)
[INFO] [stdout] warning: 4 warnings emitted
[INFO] [stdout] 
[INFO] [stdout] 
[INFO] [stderr]     Finished dev [unoptimized + debuginfo] target(s) in 18.35s
[INFO] running `Command { std: "docker" "inspect" "4d97262d4e093d771ddbc9fce59365de95744059379a3986201a5f494f664d89", kill_on_drop: false }`
[INFO] running `Command { std: "docker" "rm" "-f" "4d97262d4e093d771ddbc9fce59365de95744059379a3986201a5f494f664d89", kill_on_drop: false }`
[INFO] [stdout] 4d97262d4e093d771ddbc9fce59365de95744059379a3986201a5f494f664d89
[INFO] running `Command { std: "docker" "create" "-v" "/var/lib/crater-agent-workspace/builds/worker-1-tc1/target:/opt/rustwide/target:rw,Z" "-v" "/var/lib/crater-agent-workspace/builds/worker-1-tc1/source:/opt/rustwide/workdir:ro,Z" "-v" "/var/lib/crater-agent-workspace/cargo-home:/opt/rustwide/cargo-home:ro,Z" "-v" "/var/lib/crater-agent-workspace/rustup-home:/opt/rustwide/rustup-home:ro,Z" "-e" "SOURCE_DIR=/opt/rustwide/workdir" "-e" "CARGO_TARGET_DIR=/opt/rustwide/target" "-e" "CARGO_INCREMENTAL=0" "-e" "RUST_BACKTRACE=full" "-e" "RUSTFLAGS=--cap-lints=warn" "-e" "RUSTDOCFLAGS=--cap-lints=warn" "-e" "CARGO_HOME=/opt/rustwide/cargo-home" "-e" "RUSTUP_HOME=/opt/rustwide/rustup-home" "-w" "/opt/rustwide/workdir" "-m" "1610612736" "--user" "0:0" "--network" "none" "ghcr.io/rust-lang/crates-build-env/linux@sha256:2788e3201cd34a07e3172128adcd8b3090168a8e3bcc40d7c032b9dda1df7d1c" "/opt/rustwide/cargo-home/bin/cargo" "+1.75.0" "test" "--frozen" "--no-run" "--message-format=json", kill_on_drop: false }`
[INFO] [stdout] 172cae7f8c10518a6cd15aac07af7dc4170b72cc269cbe7c359c39cfab74daca
[INFO] running `Command { std: "docker" "start" "-a" "172cae7f8c10518a6cd15aac07af7dc4170b72cc269cbe7c359c39cfab74daca", kill_on_drop: false }`
[INFO] [stderr]    Compiling autocfg v1.0.0
[INFO] [stderr]    Compiling maybe-uninit v2.0.0
[INFO] [stderr]    Compiling getrandom v0.1.14
[INFO] [stderr]    Compiling rayon-core v1.7.1
[INFO] [stderr]    Compiling ppv-lite86 v0.2.8
[INFO] [stderr]    Compiling num_cpus v1.13.0
[INFO] [stderr]    Compiling either v1.5.3
[INFO] [stderr]    Compiling remove_dir_all v0.5.3
[INFO] [stdout] warning: private item shadows public glob re-export
[INFO] [stdout]   --> asm/src/parser.rs:17:13
[INFO] [stdout]    |
[INFO] [stdout] 17 | use token::{Token, TokenKind, Keyword, LitKind};
[INFO] [stdout]    |             ^^^^^
[INFO] [stdout]    |
[INFO] [stdout] note: the name `Token` in the type namespace is supposed to be publicly re-exported here
[INFO] [stdout]   --> asm/src/parser.rs:9:9
[INFO] [stdout]    |
[INFO] [stdout] 9  | pub use token::*;
[INFO] [stdout]    |         ^^^^^^^^
[INFO] [stdout] note: but the private item here shadows it
[INFO] [stdout]   --> asm/src/parser.rs:17:13
[INFO] [stdout]    |
[INFO] [stdout] 17 | use token::{Token, TokenKind, Keyword, LitKind};
[INFO] [stdout]    |             ^^^^^
[INFO] [stdout]    = note: `#[warn(hidden_glob_reexports)]` on by default
[INFO] [stdout] 
[INFO] [stdout] 
[INFO] [stdout] warning: private item shadows public glob re-export
[INFO] [stdout]   --> asm/src/parser.rs:17:20
[INFO] [stdout]    |
[INFO] [stdout] 17 | use token::{Token, TokenKind, Keyword, LitKind};
[INFO] [stdout]    |                    ^^^^^^^^^
[INFO] [stdout]    |
[INFO] [stdout] note: the name `TokenKind` in the type namespace is supposed to be publicly re-exported here
[INFO] [stdout]   --> asm/src/parser.rs:9:9
[INFO] [stdout]    |
[INFO] [stdout] 9  | pub use token::*;
[INFO] [stdout]    |         ^^^^^^^^
[INFO] [stdout] note: but the private item here shadows it
[INFO] [stdout]   --> asm/src/parser.rs:17:20
[INFO] [stdout]    |
[INFO] [stdout] 17 | use token::{Token, TokenKind, Keyword, LitKind};
[INFO] [stdout]    |                    ^^^^^^^^^
[INFO] [stdout] 
[INFO] [stdout] 
[INFO] [stdout] warning: private item shadows public glob re-export
[INFO] [stdout]   --> asm/src/parser.rs:17:31
[INFO] [stdout]    |
[INFO] [stdout] 17 | use token::{Token, TokenKind, Keyword, LitKind};
[INFO] [stdout]    |                               ^^^^^^^
[INFO] [stdout]    |
[INFO] [stdout] note: the name `Keyword` in the type namespace is supposed to be publicly re-exported here
[INFO] [stdout]   --> asm/src/parser.rs:9:9
[INFO] [stdout]    |
[INFO] [stdout] 9  | pub use token::*;
[INFO] [stdout]    |         ^^^^^^^^
[INFO] [stdout] note: but the private item here shadows it
[INFO] [stdout]   --> asm/src/parser.rs:17:31
[INFO] [stdout]    |
[INFO] [stdout] 17 | use token::{Token, TokenKind, Keyword, LitKind};
[INFO] [stdout]    |                               ^^^^^^^
[INFO] [stdout] 
[INFO] [stdout] 
[INFO] [stdout] warning: private item shadows public glob re-export
[INFO] [stdout]   --> asm/src/parser.rs:17:40
[INFO] [stdout]    |
[INFO] [stdout] 17 | use token::{Token, TokenKind, Keyword, LitKind};
[INFO] [stdout]    |                                        ^^^^^^^
[INFO] [stdout]    |
[INFO] [stdout] note: the name `LitKind` in the type namespace is supposed to be publicly re-exported here
[INFO] [stdout]   --> asm/src/parser.rs:9:9
[INFO] [stdout]    |
[INFO] [stdout] 9  | pub use token::*;
[INFO] [stdout]    |         ^^^^^^^^
[INFO] [stdout] note: but the private item here shadows it
[INFO] [stdout]   --> asm/src/parser.rs:17:40
[INFO] [stdout]    |
[INFO] [stdout] 17 | use token::{Token, TokenKind, Keyword, LitKind};
[INFO] [stdout]    |                                        ^^^^^^^
[INFO] [stdout] 
[INFO] [stdout] 
[INFO] [stdout] warning: 4 warnings emitted
[INFO] [stdout] 
[INFO] [stdout] 
[INFO] [stderr]    Compiling crossbeam-utils v0.7.2
[INFO] [stderr]    Compiling memoffset v0.5.4
[INFO] [stderr]    Compiling crossbeam-epoch v0.8.2
[INFO] [stderr]    Compiling rayon v1.3.1
[INFO] [stderr]    Compiling rand_core v0.5.1
[INFO] [stderr]    Compiling rand_chacha v0.2.2
[INFO] [stderr]    Compiling rand v0.7.3
[INFO] [stderr]    Compiling crossbeam-queue v0.2.3
[INFO] [stderr]    Compiling crossbeam-deque v0.7.3
[INFO] [stderr]    Compiling tempfile v3.1.0
[INFO] [stderr]    Compiling wolf-vm v0.1.0 (/opt/rustwide/workdir/vm)
[INFO] [stderr]    Compiling wolf-asm v0.1.0 (/opt/rustwide/workdir/asm)
[INFO] [stdout] warning: `Keyword` is ambiguous
[INFO] [stdout]    --> asm/src/parser/lexer.rs:560:24
[INFO] [stdout]     |
[INFO] [stdout] 560 |             t!(Keyword(Keyword::$kw))
[INFO] [stdout]     |                        ^^^^^^^ ambiguous name
[INFO] [stdout]     |
[INFO] [stdout]     = warning: this was previously accepted by the compiler but is being phased out; it will become a hard error in a future release!
[INFO] [stdout]     = note: for more information, see issue #114095 <https://github.com/rust-lang/rust/issues/114095>
[INFO] [stdout]     = note: ambiguous because of multiple glob imports of a name in the same module
[INFO] [stdout] note: `Keyword` could refer to the enum imported here
[INFO] [stdout]    --> asm/src/parser/lexer.rs:7:26
[INFO] [stdout]     |
[INFO] [stdout] 7   | use super::token::{self, *};
[INFO] [stdout]     |                          ^
[INFO] [stdout]     = help: consider adding an explicit import of `Keyword` to disambiguate
[INFO] [stdout] note: `Keyword` could also refer to the variant imported here
[INFO] [stdout]    --> asm/src/parser/lexer.rs:9:5
[INFO] [stdout]     |
[INFO] [stdout] 9   | use TokenKind::*;
[INFO] [stdout]     |     ^^^^^^^^^^^^
[INFO] [stdout]     = help: consider adding an explicit import of `Keyword` to disambiguate
[INFO] [stdout]     = note: `#[warn(ambiguous_glob_imports)]` on by default
[INFO] [stdout] 
[INFO] [stdout] 
[INFO] [stdout] warning: private item shadows public glob re-export
[INFO] [stdout]   --> asm/src/parser.rs:17:13
[INFO] [stdout]    |
[INFO] [stdout] 17 | use token::{Token, TokenKind, Keyword, LitKind};
[INFO] [stdout]    |             ^^^^^
[INFO] [stdout]    |
[INFO] [stdout] note: the name `Token` in the type namespace is supposed to be publicly re-exported here
[INFO] [stdout]   --> asm/src/parser.rs:9:9
[INFO] [stdout]    |
[INFO] [stdout] 9  | pub use token::*;
[INFO] [stdout]    |         ^^^^^^^^
[INFO] [stdout] note: but the private item here shadows it
[INFO] [stdout]   --> asm/src/parser.rs:17:13
[INFO] [stdout]    |
[INFO] [stdout] 17 | use token::{Token, TokenKind, Keyword, LitKind};
[INFO] [stdout]    |             ^^^^^
[INFO] [stdout]    = note: `#[warn(hidden_glob_reexports)]` on by default
[INFO] [stdout] 
[INFO] [stdout] 
[INFO] [stdout] warning: private item shadows public glob re-export
[INFO] [stdout]   --> asm/src/parser.rs:17:20
[INFO] [stdout]    |
[INFO] [stdout] 17 | use token::{Token, TokenKind, Keyword, LitKind};
[INFO] [stdout]    |                    ^^^^^^^^^
[INFO] [stdout]    |
[INFO] [stdout] note: the name `TokenKind` in the type namespace is supposed to be publicly re-exported here
[INFO] [stdout]   --> asm/src/parser.rs:9:9
[INFO] [stdout]    |
[INFO] [stdout] 9  | pub use token::*;
[INFO] [stdout]    |         ^^^^^^^^
[INFO] [stdout] note: but the private item here shadows it
[INFO] [stdout]   --> asm/src/parser.rs:17:20
[INFO] [stdout]    |
[INFO] [stdout] 17 | use token::{Token, TokenKind, Keyword, LitKind};
[INFO] [stdout]    |                    ^^^^^^^^^
[INFO] [stdout] 
[INFO] [stdout] 
[INFO] [stdout] warning: private item shadows public glob re-export
[INFO] [stdout]   --> asm/src/parser.rs:17:31
[INFO] [stdout]    |
[INFO] [stdout] 17 | use token::{Token, TokenKind, Keyword, LitKind};
[INFO] [stdout]    |                               ^^^^^^^
[INFO] [stdout]    |
[INFO] [stdout] note: the name `Keyword` in the type namespace is supposed to be publicly re-exported here
[INFO] [stdout]   --> asm/src/parser.rs:9:9
[INFO] [stdout]    |
[INFO] [stdout] 9  | pub use token::*;
[INFO] [stdout]    |         ^^^^^^^^
[INFO] [stdout] note: but the private item here shadows it
[INFO] [stdout]   --> asm/src/parser.rs:17:31
[INFO] [stdout]    |
[INFO] [stdout] 17 | use token::{Token, TokenKind, Keyword, LitKind};
[INFO] [stdout]    |                               ^^^^^^^
[INFO] [stdout] 
[INFO] [stdout] 
[INFO] [stdout] warning: private item shadows public glob re-export
[INFO] [stdout]   --> asm/src/parser.rs:17:40
[INFO] [stdout]    |
[INFO] [stdout] 17 | use token::{Token, TokenKind, Keyword, LitKind};
[INFO] [stdout]    |                                        ^^^^^^^
[INFO] [stdout]    |
[INFO] [stdout] note: the name `LitKind` in the type namespace is supposed to be publicly re-exported here
[INFO] [stdout]   --> asm/src/parser.rs:9:9
[INFO] [stdout]    |
[INFO] [stdout] 9  | pub use token::*;
[INFO] [stdout]    |         ^^^^^^^^
[INFO] [stdout] note: but the private item here shadows it
[INFO] [stdout]   --> asm/src/parser.rs:17:40
[INFO] [stdout]    |
[INFO] [stdout] 17 | use token::{Token, TokenKind, Keyword, LitKind};
[INFO] [stdout]    |                                        ^^^^^^^
[INFO] [stdout] 
[INFO] [stdout] 
[INFO] [stdout] warning: 5 warnings emitted
[INFO] [stdout] 
[INFO] [stdout] 
[INFO] [stderr]     Finished test [unoptimized + debuginfo] target(s) in 8.80s
[INFO] running `Command { std: "docker" "inspect" "172cae7f8c10518a6cd15aac07af7dc4170b72cc269cbe7c359c39cfab74daca", kill_on_drop: false }`
[INFO] running `Command { std: "docker" "rm" "-f" "172cae7f8c10518a6cd15aac07af7dc4170b72cc269cbe7c359c39cfab74daca", kill_on_drop: false }`
[INFO] [stdout] 172cae7f8c10518a6cd15aac07af7dc4170b72cc269cbe7c359c39cfab74daca
[INFO] running `Command { std: "docker" "create" "-v" "/var/lib/crater-agent-workspace/builds/worker-1-tc1/target:/opt/rustwide/target:rw,Z" "-v" "/var/lib/crater-agent-workspace/builds/worker-1-tc1/source:/opt/rustwide/workdir:ro,Z" "-v" "/var/lib/crater-agent-workspace/cargo-home:/opt/rustwide/cargo-home:ro,Z" "-v" "/var/lib/crater-agent-workspace/rustup-home:/opt/rustwide/rustup-home:ro,Z" "-e" "SOURCE_DIR=/opt/rustwide/workdir" "-e" "CARGO_TARGET_DIR=/opt/rustwide/target" "-e" "CARGO_INCREMENTAL=0" "-e" "RUST_BACKTRACE=full" "-e" "RUSTFLAGS=--cap-lints=warn" "-e" "RUSTDOCFLAGS=--cap-lints=warn" "-e" "CARGO_HOME=/opt/rustwide/cargo-home" "-e" "RUSTUP_HOME=/opt/rustwide/rustup-home" "-w" "/opt/rustwide/workdir" "-m" "1610612736" "--user" "0:0" "--network" "none" "ghcr.io/rust-lang/crates-build-env/linux@sha256:2788e3201cd34a07e3172128adcd8b3090168a8e3bcc40d7c032b9dda1df7d1c" "/opt/rustwide/cargo-home/bin/cargo" "+1.75.0" "test" "--frozen", kill_on_drop: false }`
[INFO] [stdout] 5934f2ed3f69fbe82a8087f564e323c2a237e369f0c11a92b5abaf24434cdcf8
[INFO] running `Command { std: "docker" "start" "-a" "5934f2ed3f69fbe82a8087f564e323c2a237e369f0c11a92b5abaf24434cdcf8", kill_on_drop: false }`
[INFO] [stderr] warning: private item shadows public glob re-export
[INFO] [stderr]   --> asm/src/parser.rs:17:13
[INFO] [stderr]    |
[INFO] [stderr] 17 | use token::{Token, TokenKind, Keyword, LitKind};
[INFO] [stderr]    |             ^^^^^
[INFO] [stderr]    |
[INFO] [stderr] note: the name `Token` in the type namespace is supposed to be publicly re-exported here
[INFO] [stderr]   --> asm/src/parser.rs:9:9
[INFO] [stderr]    |
[INFO] [stderr] 9  | pub use token::*;
[INFO] [stderr]    |         ^^^^^^^^
[INFO] [stderr] note: but the private item here shadows it
[INFO] [stderr]   --> asm/src/parser.rs:17:13
[INFO] [stderr]    |
[INFO] [stderr] 17 | use token::{Token, TokenKind, Keyword, LitKind};
[INFO] [stderr]    |             ^^^^^
[INFO] [stderr]    = note: `#[warn(hidden_glob_reexports)]` on by default
[INFO] [stderr] 
[INFO] [stderr] warning: private item shadows public glob re-export
[INFO] [stderr]   --> asm/src/parser.rs:17:20
[INFO] [stderr]    |
[INFO] [stderr] 17 | use token::{Token, TokenKind, Keyword, LitKind};
[INFO] [stderr]    |                    ^^^^^^^^^
[INFO] [stderr]    |
[INFO] [stderr] note: the name `TokenKind` in the type namespace is supposed to be publicly re-exported here
[INFO] [stderr]   --> asm/src/parser.rs:9:9
[INFO] [stderr]    |
[INFO] [stderr] 9  | pub use token::*;
[INFO] [stderr]    |         ^^^^^^^^
[INFO] [stderr] note: but the private item here shadows it
[INFO] [stderr]   --> asm/src/parser.rs:17:20
[INFO] [stderr]    |
[INFO] [stderr] 17 | use token::{Token, TokenKind, Keyword, LitKind};
[INFO] [stderr]    |                    ^^^^^^^^^
[INFO] [stderr] 
[INFO] [stderr] warning: private item shadows public glob re-export
[INFO] [stderr]   --> asm/src/parser.rs:17:31
[INFO] [stderr]    |
[INFO] [stderr] 17 | use token::{Token, TokenKind, Keyword, LitKind};
[INFO] [stderr]    |                               ^^^^^^^
[INFO] [stderr]    |
[INFO] [stderr] note: the name `Keyword` in the type namespace is supposed to be publicly re-exported here
[INFO] [stderr]   --> asm/src/parser.rs:9:9
[INFO] [stderr]    |
[INFO] [stderr] 9  | pub use token::*;
[INFO] [stderr]    |         ^^^^^^^^
[INFO] [stderr] note: but the private item here shadows it
[INFO] [stderr]   --> asm/src/parser.rs:17:31
[INFO] [stderr]    |
[INFO] [stderr] 17 | use token::{Token, TokenKind, Keyword, LitKind};
[INFO] [stderr]    |                               ^^^^^^^
[INFO] [stderr] 
[INFO] [stderr] warning: private item shadows public glob re-export
[INFO] [stderr]   --> asm/src/parser.rs:17:40
[INFO] [stderr]    |
[INFO] [stderr] 17 | use token::{Token, TokenKind, Keyword, LitKind};
[INFO] [stderr]    |                                        ^^^^^^^
[INFO] [stderr]    |
[INFO] [stderr] note: the name `LitKind` in the type namespace is supposed to be publicly re-exported here
[INFO] [stderr]   --> asm/src/parser.rs:9:9
[INFO] [stderr]    |
[INFO] [stderr] 9  | pub use token::*;
[INFO] [stderr]    |         ^^^^^^^^
[INFO] [stderr] note: but the private item here shadows it
[INFO] [stderr]   --> asm/src/parser.rs:17:40
[INFO] [stderr]    |
[INFO] [stderr] 17 | use token::{Token, TokenKind, Keyword, LitKind};
[INFO] [stderr]    |                                        ^^^^^^^
[INFO] [stderr] 
[INFO] [stderr] warning: `Keyword` is ambiguous
[INFO] [stderr]    --> asm/src/parser/lexer.rs:560:24
[INFO] [stderr]     |
[INFO] [stderr] 560 |             t!(Keyword(Keyword::$kw))
[INFO] [stderr]     |                        ^^^^^^^ ambiguous name
[INFO] [stderr]     |
[INFO] [stderr]     = warning: this was previously accepted by the compiler but is being phased out; it will become a hard error in a future release!
[INFO] [stderr]     = note: for more information, see issue #114095 <https://github.com/rust-lang/rust/issues/114095>
[INFO] [stderr]     = note: ambiguous because of multiple glob imports of a name in the same module
[INFO] [stderr] note: `Keyword` could refer to the enum imported here
[INFO] [stderr]    --> asm/src/parser/lexer.rs:7:26
[INFO] [stderr]     |
[INFO] [stderr] 7   | use super::token::{self, *};
[INFO] [stderr]     |                          ^
[INFO] [stderr]     = help: consider adding an explicit import of `Keyword` to disambiguate
[INFO] [stderr] note: `Keyword` could also refer to the variant imported here
[INFO] [stderr]    --> asm/src/parser/lexer.rs:9:5
[INFO] [stderr]     |
[INFO] [stderr] 9   | use TokenKind::*;
[INFO] [stderr]     |     ^^^^^^^^^^^^
[INFO] [stderr]     = help: consider adding an explicit import of `Keyword` to disambiguate
[INFO] [stderr]     = note: `#[warn(ambiguous_glob_imports)]` on by default
[INFO] [stderr] 
[INFO] [stderr] warning: `wolf-asm` (lib) generated 4 warnings
[INFO] [stderr] warning: `wolf-asm` (lib test) generated 5 warnings (4 duplicates)
[INFO] [stderr]     Finished test [unoptimized + debuginfo] target(s) in 0.07s
[INFO] [stderr]      Running unittests src/lib.rs (/opt/rustwide/target/debug/deps/wolf_asm-c0505080390323c1)
[INFO] [stdout] 
[INFO] [stdout] running 26 tests
[INFO] [stdout] test parser::lexer::tests::bytes_invalid_escape ... ok
[INFO] [stdout] test parser::lexer::tests::bytes ... ok
[INFO] [stdout] test asm::layout::tests::encoded_instr ... ok
[INFO] [stdout] test asm::layout::tests::fits_within_arguments_section ... ok
[INFO] [stdout] test parser::lexer::tests::binary_literals ... ok
[INFO] [stdout] test parser::lexer::tests::bytes_mismatched_quotes ... ok
[INFO] [stdout] test parser::lexer::tests::bytes_multiline ... ok
[INFO] [stdout] test parser::lexer::tests::binary_literals_invalid ... ok
[INFO] [stdout] test parser::lexer::tests::comma ... ok
[INFO] [stdout] test parser::lexer::tests::colon ... ok
[INFO] [stdout] test parser::lexer::tests::dot_idents_invalid ... ok
[INFO] [stdout] test parser::lexer::tests::dot_idents ... ok
[INFO] [stdout] test parser::lexer::tests::decimal_literals_invalid ... ok
[INFO] [stdout] test parser::lexer::tests::decimal_literals ... ok
[INFO] [stdout] test parser::lexer::tests::idents_invalid ... ok
[INFO] [stdout] test parser::lexer::tests::line_comments ... ok
[INFO] [stdout] test parser::lexer::tests::offset_register ... ok
[INFO] [stdout] test parser::lexer::tests::registers_invalid ... ok
[INFO] [stdout] test parser::lexer::tests::hex_literals ... ok
[INFO] [stdout] test parser::lexer::tests::parens ... ok
[INFO] [stdout] test parser::lexer::tests::idents ... ok
[INFO] [stdout] test parser::lexer::tests::newline ... ok
[INFO] [stdout] test parser::lexer::tests::unknown_token_start ... ok
[INFO] [stdout] test parser::lexer::tests::keywords ... ok
[INFO] [stdout] test parser::lexer::tests::hex_literals_invalid ... ok
[INFO] [stdout] test parser::lexer::tests::registers ... ok
[INFO] [stdout] 
[INFO] [stdout] test result: ok. 26 passed; 0 failed; 0 ignored; 0 measured; 0 filtered out; finished in 0.04s
[INFO] [stdout] 
[INFO] [stderr]      Running unittests src/bin/wolf-asm.rs (/opt/rustwide/target/debug/deps/wolf_asm-93827ea550b78780)
[INFO] [stdout] 
[INFO] [stdout] running 0 tests
[INFO] [stdout] 
[INFO] [stdout] test result: ok. 0 passed; 0 failed; 0 ignored; 0 measured; 0 filtered out; finished in 0.00s
[INFO] [stdout] 
[INFO] [stderr]      Running tests/assembler-test.rs (/opt/rustwide/target/debug/deps/assembler_test-be334f63575d5e2f)
[INFO] [stdout] 
[INFO] [stdout] running 2 tests
[INFO] [stdout] test ui ... ok
[INFO] [stdout] test run_pass ... ok
[INFO] [stdout] 
[INFO] [stdout] test result: ok. 2 passed; 0 failed; 0 ignored; 0 measured; 0 filtered out; finished in 0.10s
[INFO] [stdout] 
[INFO] [stderr]      Running unittests src/lib.rs (/opt/rustwide/target/debug/deps/wolf_vm-7e46b2e1142e6dca)
[INFO] [stdout] 
[INFO] [stdout] running 0 tests
[INFO] [stdout] 
[INFO] [stdout] test result: ok. 0 passed; 0 failed; 0 ignored; 0 measured; 0 filtered out; finished in 0.00s
[INFO] [stdout] 
[INFO] [stderr]      Running unittests src/bin/wolf-vm.rs (/opt/rustwide/target/debug/deps/wolf_vm-2d7e8cb4ca225ba0)
[INFO] [stdout] 
[INFO] [stdout] running 0 tests
[INFO] [stdout] 
[INFO] [stdout] test result: ok. 0 passed; 0 failed; 0 ignored; 0 measured; 0 filtered out; finished in 0.00s
[INFO] [stdout] 
[INFO] [stderr]      Running tests/test_execute.rs (/opt/rustwide/target/debug/deps/test_execute-9e96a496ddcb8c60)
[INFO] [stdout] 
[INFO] [stdout] running 7 tests
[INFO] [stdout] test mull_flags ... ok
[INFO] [stdout] test add_flags ... ok
[INFO] [stdout] test sub_flags ... ok
[INFO] [stdout] test cmp_flags ... ok
[INFO] [stdout] test mulu_flags ... ok
[INFO] [stdout] test mul_flags ... ok
[INFO] [stdout] test mullu_flags ... ok
[INFO] [stdout] 
[INFO] [stdout] test result: ok. 7 passed; 0 failed; 0 ignored; 0 measured; 0 filtered out; finished in 0.03s
[INFO] [stdout] 
[INFO] [stderr]      Running tests/vm-test.rs (/opt/rustwide/target/debug/deps/vm_test-5f0b051e8ec9f407)
[INFO] [stdout] 
[INFO] [stdout] running 2 tests
[INFO] [stdout] test run_fail ... ok
[INFO] [stdout] test run_pass ... ok
[INFO] [stdout] 
[INFO] [stdout] test result: ok. 2 passed; 0 failed; 0 ignored; 0 measured; 0 filtered out; finished in 5.17s
[INFO] [stdout] 
[INFO] [stderr]    Doc-tests wolf-asm
[INFO] [stdout] 
[INFO] [stdout] running 0 tests
[INFO] [stdout] 
[INFO] [stdout] test result: ok. 0 passed; 0 failed; 0 ignored; 0 measured; 0 filtered out; finished in 0.00s
[INFO] [stdout] 
[INFO] [stderr]    Doc-tests wolf-vm
[INFO] [stdout] 
[INFO] [stdout] running 0 tests
[INFO] [stdout] 
[INFO] [stdout] test result: ok. 0 passed; 0 failed; 0 ignored; 0 measured; 0 filtered out; finished in 0.00s
[INFO] [stdout] 
[INFO] running `Command { std: "docker" "inspect" "5934f2ed3f69fbe82a8087f564e323c2a237e369f0c11a92b5abaf24434cdcf8", kill_on_drop: false }`
[INFO] running `Command { std: "docker" "rm" "-f" "5934f2ed3f69fbe82a8087f564e323c2a237e369f0c11a92b5abaf24434cdcf8", kill_on_drop: false }`
[INFO] [stdout] 5934f2ed3f69fbe82a8087f564e323c2a237e369f0c11a92b5abaf24434cdcf8
[INFO] testing sunjay/wolf-asm against beta-2023-12-22 for beta-1.76-1
[INFO] running `Command { std: "git" "clone" "/workspace/cache/git-repos/https%3A%2F%2Fgithub.com%2Fsunjay%2Fwolf-asm" "/workspace/builds/worker-1-tc2/source", kill_on_drop: false }`
[INFO] [stderr] Cloning into '/workspace/builds/worker-1-tc2/source'...
[INFO] [stderr] done.
[INFO] validating manifest of git repo https://github.com/sunjay/wolf-asm on toolchain beta-2023-12-22
[INFO] running `Command { std: CARGO_HOME="/workspace/cargo-home" RUSTUP_HOME="/workspace/rustup-home" "/workspace/cargo-home/bin/cargo" "+beta-2023-12-22" "metadata" "--manifest-path" "Cargo.toml" "--no-deps", kill_on_drop: false }`
[INFO] removed /workspace/builds/worker-1-tc2/source/rust-toolchain
[INFO] started tweaking git repo https://github.com/sunjay/wolf-asm
[INFO] finished tweaking git repo https://github.com/sunjay/wolf-asm
[INFO] tweaked toml for git repo https://github.com/sunjay/wolf-asm written to /workspace/builds/worker-1-tc2/source/Cargo.toml
[INFO] crate git repo https://github.com/sunjay/wolf-asm already has a lockfile, it will not be regenerated
[INFO] running `Command { std: CARGO_HOME="/workspace/cargo-home" RUSTUP_HOME="/workspace/rustup-home" "/workspace/cargo-home/bin/cargo" "+beta-2023-12-22" "fetch" "--manifest-path" "Cargo.toml", kill_on_drop: false }`
[INFO] running `Command { std: "docker" "create" "-v" "/var/lib/crater-agent-workspace/builds/worker-1-tc2/target:/opt/rustwide/target:rw,Z" "-v" "/var/lib/crater-agent-workspace/builds/worker-1-tc2/source:/opt/rustwide/workdir:ro,Z" "-v" "/var/lib/crater-agent-workspace/cargo-home:/opt/rustwide/cargo-home:ro,Z" "-v" "/var/lib/crater-agent-workspace/rustup-home:/opt/rustwide/rustup-home:ro,Z" "-e" "SOURCE_DIR=/opt/rustwide/workdir" "-e" "CARGO_TARGET_DIR=/opt/rustwide/target" "-e" "CARGO_HOME=/opt/rustwide/cargo-home" "-e" "RUSTUP_HOME=/opt/rustwide/rustup-home" "-w" "/opt/rustwide/workdir" "-m" "1610612736" "--user" "0:0" "--network" "none" "ghcr.io/rust-lang/crates-build-env/linux@sha256:2788e3201cd34a07e3172128adcd8b3090168a8e3bcc40d7c032b9dda1df7d1c" "/opt/rustwide/cargo-home/bin/cargo" "+beta-2023-12-22" "metadata" "--no-deps" "--format-version=1", kill_on_drop: false }`
[INFO] [stdout] a0fa665e41fdca3cadfa4ed359950efe099feb831afc0b6e2b3a9686ad9ecc3a
[INFO] running `Command { std: "docker" "start" "-a" "a0fa665e41fdca3cadfa4ed359950efe099feb831afc0b6e2b3a9686ad9ecc3a", kill_on_drop: false }`
[INFO] running `Command { std: "docker" "inspect" "a0fa665e41fdca3cadfa4ed359950efe099feb831afc0b6e2b3a9686ad9ecc3a", kill_on_drop: false }`
[INFO] running `Command { std: "docker" "rm" "-f" "a0fa665e41fdca3cadfa4ed359950efe099feb831afc0b6e2b3a9686ad9ecc3a", kill_on_drop: false }`
[INFO] [stdout] a0fa665e41fdca3cadfa4ed359950efe099feb831afc0b6e2b3a9686ad9ecc3a
[INFO] running `Command { std: "docker" "create" "-v" "/var/lib/crater-agent-workspace/builds/worker-1-tc2/target:/opt/rustwide/target:rw,Z" "-v" "/var/lib/crater-agent-workspace/builds/worker-1-tc2/source:/opt/rustwide/workdir:ro,Z" "-v" "/var/lib/crater-agent-workspace/cargo-home:/opt/rustwide/cargo-home:ro,Z" "-v" "/var/lib/crater-agent-workspace/rustup-home:/opt/rustwide/rustup-home:ro,Z" "-e" "SOURCE_DIR=/opt/rustwide/workdir" "-e" "CARGO_TARGET_DIR=/opt/rustwide/target" "-e" "CARGO_INCREMENTAL=0" "-e" "RUST_BACKTRACE=full" "-e" "RUSTFLAGS=--cap-lints=warn" "-e" "RUSTDOCFLAGS=--cap-lints=warn" "-e" "CARGO_HOME=/opt/rustwide/cargo-home" "-e" "RUSTUP_HOME=/opt/rustwide/rustup-home" "-w" "/opt/rustwide/workdir" "-m" "1610612736" "--user" "0:0" "--network" "none" "ghcr.io/rust-lang/crates-build-env/linux@sha256:2788e3201cd34a07e3172128adcd8b3090168a8e3bcc40d7c032b9dda1df7d1c" "/opt/rustwide/cargo-home/bin/cargo" "+beta-2023-12-22" "build" "--frozen" "--message-format=json", kill_on_drop: false }`
[INFO] [stdout] 4dcbdc7d145970f359b6eb8a282c4130f38bcedd398919e91e407e3c45575ea8
[INFO] running `Command { std: "docker" "start" "-a" "4dcbdc7d145970f359b6eb8a282c4130f38bcedd398919e91e407e3c45575ea8", kill_on_drop: false }`
[INFO] [stderr]    Compiling proc-macro2 v1.0.18
[INFO] [stderr]    Compiling unicode-xid v0.2.0
[INFO] [stderr]    Compiling syn v1.0.30
[INFO] [stderr]    Compiling version_check v0.9.2
[INFO] [stderr]    Compiling libc v0.2.71
[INFO] [stderr]    Compiling bitflags v1.2.1
[INFO] [stderr]    Compiling unicode-width v0.1.7
[INFO] [stderr]    Compiling serde v1.0.111
[INFO] [stderr]    Compiling byteorder v1.3.4
[INFO] [stderr]    Compiling unicode-segmentation v1.6.0
[INFO] [stderr]    Compiling instant v0.1.4
[INFO] [stderr]    Compiling strsim v0.8.0
[INFO] [stderr]    Compiling smallvec v1.4.0
[INFO] [stderr]    Compiling cfg-if v0.1.10
[INFO] [stderr]    Compiling vec_map v0.8.2
[INFO] [stderr]    Compiling ansi_term v0.11.0
[INFO] [stderr]    Compiling textwrap v0.11.0
[INFO] [stderr]    Compiling scopeguard v1.1.0
[INFO] [stderr]    Compiling lazy_static v1.4.0
[INFO] [stderr]    Compiling lock_api v0.4.0
[INFO] [stderr]    Compiling anyhow v1.0.31
[INFO] [stderr]    Compiling termcolor v1.1.0
[INFO] [stderr] LLVM ERROR: IO failure on output stream: No space left on device
[INFO] [stderr] error: could not parse/generate dep info at: /opt/rustwide/target/debug/deps/ansi_term-14a6b62054212c8d.d
[INFO] [stderr] 
[INFO] [stderr] Caused by:
[INFO] [stderr]   failed to write `/opt/rustwide/target/debug/.fingerprint/ansi_term-14a6b62054212c8d/dep-lib-ansi_term`
[INFO] [stderr] 
[INFO] [stderr] Caused by:
[INFO] [stderr]   No space left on device (os error 28)
[INFO] [stderr] warning: build failed, waiting for other jobs to finish...
[INFO] [stderr] error: could not compile `textwrap` (lib)
[INFO] [stdout] error: linking with `cc` failed: exit status: 1
[INFO] [stdout]   |
[INFO] [stdout]   = note: LC_ALL="C" PATH="/opt/rustwide/rustup-home/toolchains/beta-2023-12-22-x86_64-unknown-linux-gnu/lib/rustlib/x86_64-unknown-linux-gnu/bin:/opt/rustwide/cargo-home/bin:/usr/local/sbin:/usr/local/bin:/usr/sbin:/usr/bin:/sbin:/bin" VSLANG="1033" "cc" "-m64" "/tmp/rustcQLrYtV/symbols.o" "/opt/rustwide/target/debug/build/bitflags-68dc6aa47db6b390/build_script_build-68dc6aa47db6b390.build_script_build.df54875e72625613-cgu.0.rcgu.o" "/opt/rustwide/target/debug/build/bitflags-68dc6aa47db6b390/build_script_build-68dc6aa47db6b390.2be0txl8enf0d2h1.rcgu.o" "-Wl,--as-needed" "-L" "/opt/rustwide/target/debug/deps" "-L" "/opt/rustwide/rustup-home/toolchains/beta-2023-12-22-x86_64-unknown-linux-gnu/lib/rustlib/x86_64-unknown-linux-gnu/lib" "-Wl,-Bstatic" "/opt/rustwide/rustup-home/toolchains/beta-2023-12-22-x86_64-unknown-linux-gnu/lib/rustlib/x86_64-unknown-linux-gnu/lib/libstd-0672489a78b613de.rlib" "/opt/rustwide/rustup-home/toolchains/beta-2023-12-22-x86_64-unknown-linux-gnu/lib/rustlib/x86_64-unknown-linux-gnu/lib/libpanic_unwind-7eb3ffc34a49f675.rlib" "/opt/rustwide/rustup-home/toolchains/beta-2023-12-22-x86_64-unknown-linux-gnu/lib/rustlib/x86_64-unknown-linux-gnu/lib/libobject-6478a9daa4bee8e2.rlib" "/opt/rustwide/rustup-home/toolchains/beta-2023-12-22-x86_64-unknown-linux-gnu/lib/rustlib/x86_64-unknown-linux-gnu/lib/libmemchr-0c75d871a5c3923d.rlib" "/opt/rustwide/rustup-home/toolchains/beta-2023-12-22-x86_64-unknown-linux-gnu/lib/rustlib/x86_64-unknown-linux-gnu/lib/libaddr2line-d163ef63ad37bb71.rlib" "/opt/rustwide/rustup-home/toolchains/beta-2023-12-22-x86_64-unknown-linux-gnu/lib/rustlib/x86_64-unknown-linux-gnu/lib/libgimli-8a3fd810a85b9f4c.rlib" "/opt/rustwide/rustup-home/toolchains/beta-2023-12-22-x86_64-unknown-linux-gnu/lib/rustlib/x86_64-unknown-linux-gnu/lib/librustc_demangle-462a2cde8c5dfc10.rlib" "/opt/rustwide/rustup-home/toolchains/beta-2023-12-22-x86_64-unknown-linux-gnu/lib/rustlib/x86_64-unknown-linux-gnu/lib/libstd_detect-cb06ac9f54713f71.rlib" "/opt/rustwide/rustup-home/toolchains/beta-2023-12-22-x86_64-unknown-linux-gnu/lib/rustlib/x86_64-unknown-linux-gnu/lib/libhashbrown-f20bfd1f8e59b393.rlib" "/opt/rustwide/rustup-home/toolchains/beta-2023-12-22-x86_64-unknown-linux-gnu/lib/rustlib/x86_64-unknown-linux-gnu/lib/librustc_std_workspace_alloc-1ef460949b49da4b.rlib" "/opt/rustwide/rustup-home/toolchains/beta-2023-12-22-x86_64-unknown-linux-gnu/lib/rustlib/x86_64-unknown-linux-gnu/lib/libminiz_oxide-2cb0c0ffe4f87514.rlib" "/opt/rustwide/rustup-home/toolchains/beta-2023-12-22-x86_64-unknown-linux-gnu/lib/rustlib/x86_64-unknown-linux-gnu/lib/libadler-58d841eb322a11a2.rlib" "/opt/rustwide/rustup-home/toolchains/beta-2023-12-22-x86_64-unknown-linux-gnu/lib/rustlib/x86_64-unknown-linux-gnu/lib/libunwind-aa2ae0b0a9d11533.rlib" "/opt/rustwide/rustup-home/toolchains/beta-2023-12-22-x86_64-unknown-linux-gnu/lib/rustlib/x86_64-unknown-linux-gnu/lib/libcfg_if-23874e15830ed336.rlib" "/opt/rustwide/rustup-home/toolchains/beta-2023-12-22-x86_64-unknown-linux-gnu/lib/rustlib/x86_64-unknown-linux-gnu/lib/liblibc-e47cddc003bce885.rlib" "/opt/rustwide/rustup-home/toolchains/beta-2023-12-22-x86_64-unknown-linux-gnu/lib/rustlib/x86_64-unknown-linux-gnu/lib/liballoc-c22b13b48a8f128e.rlib" "/opt/rustwide/rustup-home/toolchains/beta-2023-12-22-x86_64-unknown-linux-gnu/lib/rustlib/x86_64-unknown-linux-gnu/lib/librustc_std_workspace_core-e46bc3da6d7c462f.rlib" "/opt/rustwide/rustup-home/toolchains/beta-2023-12-22-x86_64-unknown-linux-gnu/lib/rustlib/x86_64-unknown-linux-gnu/lib/libcore-8d1ac131d3cb2645.rlib" "/opt/rustwide/rustup-home/toolchains/beta-2023-12-22-x86_64-unknown-linux-gnu/lib/rustlib/x86_64-unknown-linux-gnu/lib/libcompiler_builtins-a1b43df8c6899c1f.rlib" "-Wl,-Bdynamic" "-lgcc_s" "-lutil" "-lrt" "-lpthread" "-lm" "-ldl" "-lc" "-Wl,--eh-frame-hdr" "-Wl,-z,noexecstack" "-L" "/opt/rustwide/rustup-home/toolchains/beta-2023-12-22-x86_64-unknown-linux-gnu/lib/rustlib/x86_64-unknown-linux-gnu/lib" "-o" "/opt/rustwide/target/debug/build/bitflags-68dc6aa47db6b390/build_script_build-68dc6aa47db6b390" "-Wl,--gc-sections" "-pie" "-Wl,-z,relro,-z,now" "-nodefaultlibs"
[INFO] [stdout]   = note: /usr/bin/ld: final link failed: No space left on device
[INFO] [stdout]           collect2: error: ld returned 1 exit status
[INFO] [stdout]           
[INFO] [stdout] 
[INFO] [stdout] 
[INFO] [stdout] error: aborting due to 1 previous error
[INFO] [stdout] 
[INFO] [stdout] 
[INFO] [stderr] error: could not compile `bitflags` (build script) due to 2 previous errors
[INFO] [stderr] LLVM ERROR: IO failure on output stream: No space left on device
[INFO] [stderr] error: could not compile `version_check` (lib)
[INFO] [stdout] error: linking with `cc` failed: exit status: 1
[INFO] [stdout]   |
[INFO] [stdout]   = note: LC_ALL="C" PATH="/opt/rustwide/rustup-home/toolchains/beta-2023-12-22-x86_64-unknown-linux-gnu/lib/rustlib/x86_64-unknown-linux-gnu/bin:/opt/rustwide/cargo-home/bin:/usr/local/sbin:/usr/local/bin:/usr/sbin:/usr/bin:/sbin:/bin" VSLANG="1033" "cc" "-m64" "/tmp/rustcTSNGF9/symbols.o" "/opt/rustwide/target/debug/build/syn-e6072cae6aa0222a/build_script_build-e6072cae6aa0222a.build_script_build.c60300580a6f108c-cgu.0.rcgu.o" "/opt/rustwide/target/debug/build/syn-e6072cae6aa0222a/build_script_build-e6072cae6aa0222a.build_script_build.c60300580a6f108c-cgu.1.rcgu.o" "/opt/rustwide/target/debug/build/syn-e6072cae6aa0222a/build_script_build-e6072cae6aa0222a.build_script_build.c60300580a6f108c-cgu.2.rcgu.o" "/opt/rustwide/target/debug/build/syn-e6072cae6aa0222a/build_script_build-e6072cae6aa0222a.cknb1o33c6phgc4.rcgu.o" "-Wl,--as-needed" "-L" "/opt/rustwide/target/debug/deps" "-L" "/opt/rustwide/rustup-home/toolchains/beta-2023-12-22-x86_64-unknown-linux-gnu/lib/rustlib/x86_64-unknown-linux-gnu/lib" "-Wl,-Bstatic" "/opt/rustwide/rustup-home/toolchains/beta-2023-12-22-x86_64-unknown-linux-gnu/lib/rustlib/x86_64-unknown-linux-gnu/lib/libstd-0672489a78b613de.rlib" "/opt/rustwide/rustup-home/toolchains/beta-2023-12-22-x86_64-unknown-linux-gnu/lib/rustlib/x86_64-unknown-linux-gnu/lib/libpanic_unwind-7eb3ffc34a49f675.rlib" "/opt/rustwide/rustup-home/toolchains/beta-2023-12-22-x86_64-unknown-linux-gnu/lib/rustlib/x86_64-unknown-linux-gnu/lib/libobject-6478a9daa4bee8e2.rlib" "/opt/rustwide/rustup-home/toolchains/beta-2023-12-22-x86_64-unknown-linux-gnu/lib/rustlib/x86_64-unknown-linux-gnu/lib/libmemchr-0c75d871a5c3923d.rlib" "/opt/rustwide/rustup-home/toolchains/beta-2023-12-22-x86_64-unknown-linux-gnu/lib/rustlib/x86_64-unknown-linux-gnu/lib/libaddr2line-d163ef63ad37bb71.rlib" "/opt/rustwide/rustup-home/toolchains/beta-2023-12-22-x86_64-unknown-linux-gnu/lib/rustlib/x86_64-unknown-linux-gnu/lib/libgimli-8a3fd810a85b9f4c.rlib" "/opt/rustwide/rustup-home/toolchains/beta-2023-12-22-x86_64-unknown-linux-gnu/lib/rustlib/x86_64-unknown-linux-gnu/lib/librustc_demangle-462a2cde8c5dfc10.rlib" "/opt/rustwide/rustup-home/toolchains/beta-2023-12-22-x86_64-unknown-linux-gnu/lib/rustlib/x86_64-unknown-linux-gnu/lib/libstd_detect-cb06ac9f54713f71.rlib" "/opt/rustwide/rustup-home/toolchains/beta-2023-12-22-x86_64-unknown-linux-gnu/lib/rustlib/x86_64-unknown-linux-gnu/lib/libhashbrown-f20bfd1f8e59b393.rlib" "/opt/rustwide/rustup-home/toolchains/beta-2023-12-22-x86_64-unknown-linux-gnu/lib/rustlib/x86_64-unknown-linux-gnu/lib/librustc_std_workspace_alloc-1ef460949b49da4b.rlib" "/opt/rustwide/rustup-home/toolchains/beta-2023-12-22-x86_64-unknown-linux-gnu/lib/rustlib/x86_64-unknown-linux-gnu/lib/libminiz_oxide-2cb0c0ffe4f87514.rlib" "/opt/rustwide/rustup-home/toolchains/beta-2023-12-22-x86_64-unknown-linux-gnu/lib/rustlib/x86_64-unknown-linux-gnu/lib/libadler-58d841eb322a11a2.rlib" "/opt/rustwide/rustup-home/toolchains/beta-2023-12-22-x86_64-unknown-linux-gnu/lib/rustlib/x86_64-unknown-linux-gnu/lib/libunwind-aa2ae0b0a9d11533.rlib" "/opt/rustwide/rustup-home/toolchains/beta-2023-12-22-x86_64-unknown-linux-gnu/lib/rustlib/x86_64-unknown-linux-gnu/lib/libcfg_if-23874e15830ed336.rlib" "/opt/rustwide/rustup-home/toolchains/beta-2023-12-22-x86_64-unknown-linux-gnu/lib/rustlib/x86_64-unknown-linux-gnu/lib/liblibc-e47cddc003bce885.rlib" "/opt/rustwide/rustup-home/toolchains/beta-2023-12-22-x86_64-unknown-linux-gnu/lib/rustlib/x86_64-unknown-linux-gnu/lib/liballoc-c22b13b48a8f128e.rlib" "/opt/rustwide/rustup-home/toolchains/beta-2023-12-22-x86_64-unknown-linux-gnu/lib/rustlib/x86_64-unknown-linux-gnu/lib/librustc_std_workspace_core-e46bc3da6d7c462f.rlib" "/opt/rustwide/rustup-home/toolchains/beta-2023-12-22-x86_64-unknown-linux-gnu/lib/rustlib/x86_64-unknown-linux-gnu/lib/libcore-8d1ac131d3cb2645.rlib" "/opt/rustwide/rustup-home/toolchains/beta-2023-12-22-x86_64-unknown-linux-gnu/lib/rustlib/x86_64-unknown-linux-gnu/lib/libcompiler_builtins-a1b43df8c6899c1f.rlib" "-Wl,-Bdynamic" "-lgcc_s" "-lutil" "-lrt" "-lpthread" "-lm" "-ldl" "-lc" "-Wl,--eh-frame-hdr" "-Wl,-z,noexecstack" "-L" "/opt/rustwide/rustup-home/toolchains/beta-2023-12-22-x86_64-unknown-linux-gnu/lib/rustlib/x86_64-unknown-linux-gnu/lib" "-o" "/opt/rustwide/target/debug/build/syn-e6072cae6aa0222a/build_script_build-e6072cae6aa0222a" "-Wl,--gc-sections" "-pie" "-Wl,-z,relro,-z,now" "-nodefaultlibs"
[INFO] [stdout]   = note: /usr/bin/ld: final link failed: No space left on device
[INFO] [stdout]           collect2: error: ld returned 1 exit status
[INFO] [stdout]           
[INFO] [stdout] 
[INFO] [stdout] 
[INFO] [stdout] error: aborting due to 1 previous error
[INFO] [stdout] 
[INFO] [stdout] 
[INFO] [stderr] error: could not compile `syn` (build script) due to 2 previous errors
[INFO] [stdout] error: linking with `cc` failed: exit status: 1
[INFO] [stdout]   |
[INFO] [stdout]   = note: LC_ALL="C" PATH="/opt/rustwide/rustup-home/toolchains/beta-2023-12-22-x86_64-unknown-linux-gnu/lib/rustlib/x86_64-unknown-linux-gnu/bin:/opt/rustwide/cargo-home/bin:/usr/local/sbin:/usr/local/bin:/usr/sbin:/usr/bin:/sbin:/bin" VSLANG="1033" "cc" "-m64" "/tmp/rustcnTVFy6/symbols.o" "/opt/rustwide/target/debug/build/libc-5912e5e388b37a4c/build_script_build-5912e5e388b37a4c.build_script_build.3b1e55ec2109abf5-cgu.0.rcgu.o" "/opt/rustwide/target/debug/build/libc-5912e5e388b37a4c/build_script_build-5912e5e388b37a4c.build_script_build.3b1e55ec2109abf5-cgu.1.rcgu.o" "/opt/rustwide/target/debug/build/libc-5912e5e388b37a4c/build_script_build-5912e5e388b37a4c.3z5zfzv5hfo0orw5.rcgu.o" "-Wl,--as-needed" "-L" "/opt/rustwide/target/debug/deps" "-L" "/opt/rustwide/rustup-home/toolchains/beta-2023-12-22-x86_64-unknown-linux-gnu/lib/rustlib/x86_64-unknown-linux-gnu/lib" "-Wl,-Bstatic" "/opt/rustwide/rustup-home/toolchains/beta-2023-12-22-x86_64-unknown-linux-gnu/lib/rustlib/x86_64-unknown-linux-gnu/lib/libstd-0672489a78b613de.rlib" "/opt/rustwide/rustup-home/toolchains/beta-2023-12-22-x86_64-unknown-linux-gnu/lib/rustlib/x86_64-unknown-linux-gnu/lib/libpanic_unwind-7eb3ffc34a49f675.rlib" "/opt/rustwide/rustup-home/toolchains/beta-2023-12-22-x86_64-unknown-linux-gnu/lib/rustlib/x86_64-unknown-linux-gnu/lib/libobject-6478a9daa4bee8e2.rlib" "/opt/rustwide/rustup-home/toolchains/beta-2023-12-22-x86_64-unknown-linux-gnu/lib/rustlib/x86_64-unknown-linux-gnu/lib/libmemchr-0c75d871a5c3923d.rlib" "/opt/rustwide/rustup-home/toolchains/beta-2023-12-22-x86_64-unknown-linux-gnu/lib/rustlib/x86_64-unknown-linux-gnu/lib/libaddr2line-d163ef63ad37bb71.rlib" "/opt/rustwide/rustup-home/toolchains/beta-2023-12-22-x86_64-unknown-linux-gnu/lib/rustlib/x86_64-unknown-linux-gnu/lib/libgimli-8a3fd810a85b9f4c.rlib" "/opt/rustwide/rustup-home/toolchains/beta-2023-12-22-x86_64-unknown-linux-gnu/lib/rustlib/x86_64-unknown-linux-gnu/lib/librustc_demangle-462a2cde8c5dfc10.rlib" "/opt/rustwide/rustup-home/toolchains/beta-2023-12-22-x86_64-unknown-linux-gnu/lib/rustlib/x86_64-unknown-linux-gnu/lib/libstd_detect-cb06ac9f54713f71.rlib" "/opt/rustwide/rustup-home/toolchains/beta-2023-12-22-x86_64-unknown-linux-gnu/lib/rustlib/x86_64-unknown-linux-gnu/lib/libhashbrown-f20bfd1f8e59b393.rlib" "/opt/rustwide/rustup-home/toolchains/beta-2023-12-22-x86_64-unknown-linux-gnu/lib/rustlib/x86_64-unknown-linux-gnu/lib/librustc_std_workspace_alloc-1ef460949b49da4b.rlib" "/opt/rustwide/rustup-home/toolchains/beta-2023-12-22-x86_64-unknown-linux-gnu/lib/rustlib/x86_64-unknown-linux-gnu/lib/libminiz_oxide-2cb0c0ffe4f87514.rlib" "/opt/rustwide/rustup-home/toolchains/beta-2023-12-22-x86_64-unknown-linux-gnu/lib/rustlib/x86_64-unknown-linux-gnu/lib/libadler-58d841eb322a11a2.rlib" "/opt/rustwide/rustup-home/toolchains/beta-2023-12-22-x86_64-unknown-linux-gnu/lib/rustlib/x86_64-unknown-linux-gnu/lib/libunwind-aa2ae0b0a9d11533.rlib" "/opt/rustwide/rustup-home/toolchains/beta-2023-12-22-x86_64-unknown-linux-gnu/lib/rustlib/x86_64-unknown-linux-gnu/lib/libcfg_if-23874e15830ed336.rlib" "/opt/rustwide/rustup-home/toolchains/beta-2023-12-22-x86_64-unknown-linux-gnu/lib/rustlib/x86_64-unknown-linux-gnu/lib/liblibc-e47cddc003bce885.rlib" "/opt/rustwide/rustup-home/toolchains/beta-2023-12-22-x86_64-unknown-linux-gnu/lib/rustlib/x86_64-unknown-linux-gnu/lib/liballoc-c22b13b48a8f128e.rlib" "/opt/rustwide/rustup-home/toolchains/beta-2023-12-22-x86_64-unknown-linux-gnu/lib/rustlib/x86_64-unknown-linux-gnu/lib/librustc_std_workspace_core-e46bc3da6d7c462f.rlib" "/opt/rustwide/rustup-home/toolchains/beta-2023-12-22-x86_64-unknown-linux-gnu/lib/rustlib/x86_64-unknown-linux-gnu/lib/libcore-8d1ac131d3cb2645.rlib" "/opt/rustwide/rustup-home/toolchains/beta-2023-12-22-x86_64-unknown-linux-gnu/lib/rustlib/x86_64-unknown-linux-gnu/lib/libcompiler_builtins-a1b43df8c6899c1f.rlib" "-Wl,-Bdynamic" "-lgcc_s" "-lutil" "-lrt" "-lpthread" "-lm" "-ldl" "-lc" "-Wl,--eh-frame-hdr" "-Wl,-z,noexecstack" "-L" "/opt/rustwide/rustup-home/toolchains/beta-2023-12-22-x86_64-unknown-linux-gnu/lib/rustlib/x86_64-unknown-linux-gnu/lib" "-o" "/opt/rustwide/target/debug/build/libc-5912e5e388b37a4c/build_script_build-5912e5e388b37a4c" "-Wl,--gc-sections" "-pie" "-Wl,-z,relro,-z,now" "-nodefaultlibs"
[INFO] [stdout]   = note: /usr/bin/ld: final link failed: No space left on device
[INFO] [stdout]           collect2: error: ld returned 1 exit status
[INFO] [stdout]           
[INFO] [stdout] 
[INFO] [stdout] 
[INFO] [stdout] error: aborting due to 1 previous error
[INFO] [stdout] 
[INFO] [stdout] 
[INFO] [stdout] error: failed to write to `/opt/rustwide/target/debug/deps/rmetaeRRTWe/lib.rmeta`: No space left on device (os error 28)
[INFO] [stdout] 
[INFO] [stdout] 
[INFO] [stdout] error: linking with `cc` failed: exit status: 1
[INFO] [stdout]   |
[INFO] [stdout]   = note: LC_ALL="C" PATH="/opt/rustwide/rustup-home/toolchains/beta-2023-12-22-x86_64-unknown-linux-gnu/lib/rustlib/x86_64-unknown-linux-gnu/bin:/opt/rustwide/cargo-home/bin:/usr/local/sbin:/usr/local/bin:/usr/sbin:/usr/bin:/sbin:/bin" VSLANG="1033" "cc" "-m64" "/tmp/rustc0XSGLZ/symbols.o" "/opt/rustwide/target/debug/build/proc-macro2-cdd0129a57bb2c98/build_script_build-cdd0129a57bb2c98.build_script_build.26598b8fe41e6f51-cgu.0.rcgu.o" "/opt/rustwide/target/debug/build/proc-macro2-cdd0129a57bb2c98/build_script_build-cdd0129a57bb2c98.build_script_build.26598b8fe41e6f51-cgu.1.rcgu.o" "/opt/rustwide/target/debug/build/proc-macro2-cdd0129a57bb2c98/build_script_build-cdd0129a57bb2c98.build_script_build.26598b8fe41e6f51-cgu.2.rcgu.o" "/opt/rustwide/target/debug/build/proc-macro2-cdd0129a57bb2c98/build_script_build-cdd0129a57bb2c98.3no7mbar5nnc9hi3.rcgu.o" "-Wl,--as-needed" "-L" "/opt/rustwide/target/debug/deps" "-L" "/opt/rustwide/rustup-home/toolchains/beta-2023-12-22-x86_64-unknown-linux-gnu/lib/rustlib/x86_64-unknown-linux-gnu/lib" "-Wl,-Bstatic" "/opt/rustwide/rustup-home/toolchains/beta-2023-12-22-x86_64-unknown-linux-gnu/lib/rustlib/x86_64-unknown-linux-gnu/lib/libstd-0672489a78b613de.rlib" "/opt/rustwide/rustup-home/toolchains/beta-2023-12-22-x86_64-unknown-linux-gnu/lib/rustlib/x86_64-unknown-linux-gnu/lib/libpanic_unwind-7eb3ffc34a49f675.rlib" "/opt/rustwide/rustup-home/toolchains/beta-2023-12-22-x86_64-unknown-linux-gnu/lib/rustlib/x86_64-unknown-linux-gnu/lib/libobject-6478a9daa4bee8e2.rlib" "/opt/rustwide/rustup-home/toolchains/beta-2023-12-22-x86_64-unknown-linux-gnu/lib/rustlib/x86_64-unknown-linux-gnu/lib/libmemchr-0c75d871a5c3923d.rlib" "/opt/rustwide/rustup-home/toolchains/beta-2023-12-22-x86_64-unknown-linux-gnu/lib/rustlib/x86_64-unknown-linux-gnu/lib/libaddr2line-d163ef63ad37bb71.rlib" "/opt/rustwide/rustup-home/toolchains/beta-2023-12-22-x86_64-unknown-linux-gnu/lib/rustlib/x86_64-unknown-linux-gnu/lib/libgimli-8a3fd810a85b9f4c.rlib" "/opt/rustwide/rustup-home/toolchains/beta-2023-12-22-x86_64-unknown-linux-gnu/lib/rustlib/x86_64-unknown-linux-gnu/lib/librustc_demangle-462a2cde8c5dfc10.rlib" "/opt/rustwide/rustup-home/toolchains/beta-2023-12-22-x86_64-unknown-linux-gnu/lib/rustlib/x86_64-unknown-linux-gnu/lib/libstd_detect-cb06ac9f54713f71.rlib" "/opt/rustwide/rustup-home/toolchains/beta-2023-12-22-x86_64-unknown-linux-gnu/lib/rustlib/x86_64-unknown-linux-gnu/lib/libhashbrown-f20bfd1f8e59b393.rlib" "/opt/rustwide/rustup-home/toolchains/beta-2023-12-22-x86_64-unknown-linux-gnu/lib/rustlib/x86_64-unknown-linux-gnu/lib/librustc_std_workspace_alloc-1ef460949b49da4b.rlib" "/opt/rustwide/rustup-home/toolchains/beta-2023-12-22-x86_64-unknown-linux-gnu/lib/rustlib/x86_64-unknown-linux-gnu/lib/libminiz_oxide-2cb0c0ffe4f87514.rlib" "/opt/rustwide/rustup-home/toolchains/beta-2023-12-22-x86_64-unknown-linux-gnu/lib/rustlib/x86_64-unknown-linux-gnu/lib/libadler-58d841eb322a11a2.rlib" "/opt/rustwide/rustup-home/toolchains/beta-2023-12-22-x86_64-unknown-linux-gnu/lib/rustlib/x86_64-unknown-linux-gnu/lib/libunwind-aa2ae0b0a9d11533.rlib" "/opt/rustwide/rustup-home/toolchains/beta-2023-12-22-x86_64-unknown-linux-gnu/lib/rustlib/x86_64-unknown-linux-gnu/lib/libcfg_if-23874e15830ed336.rlib" "/opt/rustwide/rustup-home/toolchains/beta-2023-12-22-x86_64-unknown-linux-gnu/lib/rustlib/x86_64-unknown-linux-gnu/lib/liblibc-e47cddc003bce885.rlib" "/opt/rustwide/rustup-home/toolchains/beta-2023-12-22-x86_64-unknown-linux-gnu/lib/rustlib/x86_64-unknown-linux-gnu/lib/liballoc-c22b13b48a8f128e.rlib" "/opt/rustwide/rustup-home/toolchains/beta-2023-12-22-x86_64-unknown-linux-gnu/lib/rustlib/x86_64-unknown-linux-gnu/lib/librustc_std_workspace_core-e46bc3da6d7c462f.rlib" "/opt/rustwide/rustup-home/toolchains/beta-2023-12-22-x86_64-unknown-linux-gnu/lib/rustlib/x86_64-unknown-linux-gnu/lib/libcore-8d1ac131d3cb2645.rlib" "/opt/rustwide/rustup-home/toolchains/beta-2023-12-22-x86_64-unknown-linux-gnu/lib/rustlib/x86_64-unknown-linux-gnu/lib/libcompiler_builtins-a1b43df8c6899c1f.rlib" "-Wl,-Bdynamic" "-lgcc_s" "-lutil" "-lrt" "-lpthread" "-lm" "-ldl" "-lc" "-Wl,--eh-frame-hdr" "-Wl,-z,noexecstack" "-L" "/opt/rustwide/rustup-home/toolchains/beta-2023-12-22-x86_64-unknown-linux-gnu/lib/rustlib/x86_64-unknown-linux-gnu/lib" "-o" "/opt/rustwide/target/debug/build/proc-macro2-cdd0129a57bb2c98/build_script_build-cdd0129a57bb2c98" "-Wl,--gc-sections" "-pie" "-Wl,-z,relro,-z,now" "-nodefaultlibs"
[INFO] [stdout]   = note: /usr/bin/ld: final link failed: No space left on device
[INFO] [stdout]           collect2: error: ld returned 1 exit status
[INFO] [stdout]           
[INFO] [stdout] 
[INFO] [stdout] 
[INFO] [stdout] error: aborting due to 1 previous error
[INFO] [stdout] 
[INFO] [stdout] 
[INFO] [stdout] error: linking with `cc` failed: exit status: 1
[INFO] [stdout]   |
[INFO] [stdout]   = note: LC_ALL="C" PATH="/opt/rustwide/rustup-home/toolchains/beta-2023-12-22-x86_64-unknown-linux-gnu/lib/rustlib/x86_64-unknown-linux-gnu/bin:/opt/rustwide/cargo-home/bin:/usr/local/sbin:/usr/local/bin:/usr/sbin:/usr/bin:/sbin:/bin" VSLANG="1033" "cc" "-m64" "/tmp/rustcMspMen/symbols.o" "/opt/rustwide/target/debug/build/serde-f7f23d142cd7be4d/build_script_build-f7f23d142cd7be4d.build_script_build.80f3db4cd573582f-cgu.0.rcgu.o" "/opt/rustwide/target/debug/build/serde-f7f23d142cd7be4d/build_script_build-f7f23d142cd7be4d.32syunnwoyi6etne.rcgu.o" "-Wl,--as-needed" "-L" "/opt/rustwide/target/debug/deps" "-L" "/opt/rustwide/rustup-home/toolchains/beta-2023-12-22-x86_64-unknown-linux-gnu/lib/rustlib/x86_64-unknown-linux-gnu/lib" "-Wl,-Bstatic" "/opt/rustwide/rustup-home/toolchains/beta-2023-12-22-x86_64-unknown-linux-gnu/lib/rustlib/x86_64-unknown-linux-gnu/lib/libstd-0672489a78b613de.rlib" "/opt/rustwide/rustup-home/toolchains/beta-2023-12-22-x86_64-unknown-linux-gnu/lib/rustlib/x86_64-unknown-linux-gnu/lib/libpanic_unwind-7eb3ffc34a49f675.rlib" "/opt/rustwide/rustup-home/toolchains/beta-2023-12-22-x86_64-unknown-linux-gnu/lib/rustlib/x86_64-unknown-linux-gnu/lib/libobject-6478a9daa4bee8e2.rlib" "/opt/rustwide/rustup-home/toolchains/beta-2023-12-22-x86_64-unknown-linux-gnu/lib/rustlib/x86_64-unknown-linux-gnu/lib/libmemchr-0c75d871a5c3923d.rlib" "/opt/rustwide/rustup-home/toolchains/beta-2023-12-22-x86_64-unknown-linux-gnu/lib/rustlib/x86_64-unknown-linux-gnu/lib/libaddr2line-d163ef63ad37bb71.rlib" "/opt/rustwide/rustup-home/toolchains/beta-2023-12-22-x86_64-unknown-linux-gnu/lib/rustlib/x86_64-unknown-linux-gnu/lib/libgimli-8a3fd810a85b9f4c.rlib" "/opt/rustwide/rustup-home/toolchains/beta-2023-12-22-x86_64-unknown-linux-gnu/lib/rustlib/x86_64-unknown-linux-gnu/lib/librustc_demangle-462a2cde8c5dfc10.rlib" "/opt/rustwide/rustup-home/toolchains/beta-2023-12-22-x86_64-unknown-linux-gnu/lib/rustlib/x86_64-unknown-linux-gnu/lib/libstd_detect-cb06ac9f54713f71.rlib" "/opt/rustwide/rustup-home/toolchains/beta-2023-12-22-x86_64-unknown-linux-gnu/lib/rustlib/x86_64-unknown-linux-gnu/lib/libhashbrown-f20bfd1f8e59b393.rlib" "/opt/rustwide/rustup-home/toolchains/beta-2023-12-22-x86_64-unknown-linux-gnu/lib/rustlib/x86_64-unknown-linux-gnu/lib/librustc_std_workspace_alloc-1ef460949b49da4b.rlib" "/opt/rustwide/rustup-home/toolchains/beta-2023-12-22-x86_64-unknown-linux-gnu/lib/rustlib/x86_64-unknown-linux-gnu/lib/libminiz_oxide-2cb0c0ffe4f87514.rlib" "/opt/rustwide/rustup-home/toolchains/beta-2023-12-22-x86_64-unknown-linux-gnu/lib/rustlib/x86_64-unknown-linux-gnu/lib/libadler-58d841eb322a11a2.rlib" "/opt/rustwide/rustup-home/toolchains/beta-2023-12-22-x86_64-unknown-linux-gnu/lib/rustlib/x86_64-unknown-linux-gnu/lib/libunwind-aa2ae0b0a9d11533.rlib" "/opt/rustwide/rustup-home/toolchains/beta-2023-12-22-x86_64-unknown-linux-gnu/lib/rustlib/x86_64-unknown-linux-gnu/lib/libcfg_if-23874e15830ed336.rlib" "/opt/rustwide/rustup-home/toolchains/beta-2023-12-22-x86_64-unknown-linux-gnu/lib/rustlib/x86_64-unknown-linux-gnu/lib/liblibc-e47cddc003bce885.rlib" "/opt/rustwide/rustup-home/toolchains/beta-2023-12-22-x86_64-unknown-linux-gnu/lib/rustlib/x86_64-unknown-linux-gnu/lib/liballoc-c22b13b48a8f128e.rlib" "/opt/rustwide/rustup-home/toolchains/beta-2023-12-22-x86_64-unknown-linux-gnu/lib/rustlib/x86_64-unknown-linux-gnu/lib/librustc_std_workspace_core-e46bc3da6d7c462f.rlib" "/opt/rustwide/rustup-home/toolchains/beta-2023-12-22-x86_64-unknown-linux-gnu/lib/rustlib/x86_64-unknown-linux-gnu/lib/libcore-8d1ac131d3cb2645.rlib" "/opt/rustwide/rustup-home/toolchains/beta-2023-12-22-x86_64-unknown-linux-gnu/lib/rustlib/x86_64-unknown-linux-gnu/lib/libcompiler_builtins-a1b43df8c6899c1f.rlib" "-Wl,-Bdynamic" "-lgcc_s" "-lutil" "-lrt" "-lpthread" "-lm" "-ldl" "-lc" "-Wl,--eh-frame-hdr" "-Wl,-z,noexecstack" "-L" "/opt/rustwide/rustup-home/toolchains/beta-2023-12-22-x86_64-unknown-linux-gnu/lib/rustlib/x86_64-unknown-linux-gnu/lib" "-o" "/opt/rustwide/target/debug/build/serde-f7f23d142cd7be4d/build_script_build-f7f23d142cd7be4d" "-Wl,--gc-sections" "-pie" "-Wl,-z,relro,-z,now" "-nodefaultlibs"
[INFO] [stdout]   = note: /usr/bin/ld: final link failed: No space left on device
[INFO] [stdout]           collect2: error: ld returned 1 exit status
[INFO] [stdout]           
[INFO] [stdout] 
[INFO] [stdout] 
[INFO] [stdout] error: aborting due to 1 previous error
[INFO] [stdout] 
[INFO] [stdout] 
[INFO] [stdout] error: aborting due to 1 previous error
[INFO] [stdout] 
[INFO] [stdout] 
[INFO] [stderr] error: could not compile `libc` (build script) due to 2 previous errors
[INFO] [stderr] error: could not compile `proc-macro2` (build script) due to 2 previous errors
[INFO] [stderr] error: could not compile `serde` (build script) due to 2 previous errors
[INFO] [stdout] error: failed to write to `/opt/rustwide/target/debug/deps/rmeta4kqKF3/lib.rmeta`: No space left on device (os error 28)
[INFO] [stdout] 
[INFO] [stdout] 
[INFO] [stderr] error: could not compile `lock_api` (lib) due to 2 previous errors
[INFO] [stdout] error: aborting due to 1 previous error
[INFO] [stdout] 
[INFO] [stdout] 
[INFO] [stderr] LLVM ERROR: IO failure on output stream: No space left on device
[INFO] [stderr] error: could not compile `unicode-segmentation` (lib) due to 2 previous errors
[INFO] [stderr] error: could not compile `strsim` (lib)
[INFO] [stdout] error: linking with `cc` failed: exit status: 1
[INFO] [stdout]   |
[INFO] [stdout]   = note: LC_ALL="C" PATH="/opt/rustwide/rustup-home/toolchains/beta-2023-12-22-x86_64-unknown-linux-gnu/lib/rustlib/x86_64-unknown-linux-gnu/bin:/opt/rustwide/cargo-home/bin:/usr/local/sbin:/usr/local/bin:/usr/sbin:/usr/bin:/sbin:/bin" VSLANG="1033" "cc" "-m64" "/tmp/rustcDvrDwm/symbols.o" "/opt/rustwide/target/debug/build/anyhow-b4f49e4b392cd979/build_script_build-b4f49e4b392cd979.build_script_build.4022014ed5d1f984-cgu.0.rcgu.o" "/opt/rustwide/target/debug/build/anyhow-b4f49e4b392cd979/build_script_build-b4f49e4b392cd979.35yfoy8k9qapkns7.rcgu.o" "-Wl,--as-needed" "-L" "/opt/rustwide/target/debug/deps" "-L" "/opt/rustwide/rustup-home/toolchains/beta-2023-12-22-x86_64-unknown-linux-gnu/lib/rustlib/x86_64-unknown-linux-gnu/lib" "-Wl,-Bstatic" "/opt/rustwide/rustup-home/toolchains/beta-2023-12-22-x86_64-unknown-linux-gnu/lib/rustlib/x86_64-unknown-linux-gnu/lib/libstd-0672489a78b613de.rlib" "/opt/rustwide/rustup-home/toolchains/beta-2023-12-22-x86_64-unknown-linux-gnu/lib/rustlib/x86_64-unknown-linux-gnu/lib/libpanic_unwind-7eb3ffc34a49f675.rlib" "/opt/rustwide/rustup-home/toolchains/beta-2023-12-22-x86_64-unknown-linux-gnu/lib/rustlib/x86_64-unknown-linux-gnu/lib/libobject-6478a9daa4bee8e2.rlib" "/opt/rustwide/rustup-home/toolchains/beta-2023-12-22-x86_64-unknown-linux-gnu/lib/rustlib/x86_64-unknown-linux-gnu/lib/libmemchr-0c75d871a5c3923d.rlib" "/opt/rustwide/rustup-home/toolchains/beta-2023-12-22-x86_64-unknown-linux-gnu/lib/rustlib/x86_64-unknown-linux-gnu/lib/libaddr2line-d163ef63ad37bb71.rlib" "/opt/rustwide/rustup-home/toolchains/beta-2023-12-22-x86_64-unknown-linux-gnu/lib/rustlib/x86_64-unknown-linux-gnu/lib/libgimli-8a3fd810a85b9f4c.rlib" "/opt/rustwide/rustup-home/toolchains/beta-2023-12-22-x86_64-unknown-linux-gnu/lib/rustlib/x86_64-unknown-linux-gnu/lib/librustc_demangle-462a2cde8c5dfc10.rlib" "/opt/rustwide/rustup-home/toolchains/beta-2023-12-22-x86_64-unknown-linux-gnu/lib/rustlib/x86_64-unknown-linux-gnu/lib/libstd_detect-cb06ac9f54713f71.rlib" "/opt/rustwide/rustup-home/toolchains/beta-2023-12-22-x86_64-unknown-linux-gnu/lib/rustlib/x86_64-unknown-linux-gnu/lib/libhashbrown-f20bfd1f8e59b393.rlib" "/opt/rustwide/rustup-home/toolchains/beta-2023-12-22-x86_64-unknown-linux-gnu/lib/rustlib/x86_64-unknown-linux-gnu/lib/librustc_std_workspace_alloc-1ef460949b49da4b.rlib" "/opt/rustwide/rustup-home/toolchains/beta-2023-12-22-x86_64-unknown-linux-gnu/lib/rustlib/x86_64-unknown-linux-gnu/lib/libminiz_oxide-2cb0c0ffe4f87514.rlib" "/opt/rustwide/rustup-home/toolchains/beta-2023-12-22-x86_64-unknown-linux-gnu/lib/rustlib/x86_64-unknown-linux-gnu/lib/libadler-58d841eb322a11a2.rlib" "/opt/rustwide/rustup-home/toolchains/beta-2023-12-22-x86_64-unknown-linux-gnu/lib/rustlib/x86_64-unknown-linux-gnu/lib/libunwind-aa2ae0b0a9d11533.rlib" "/opt/rustwide/rustup-home/toolchains/beta-2023-12-22-x86_64-unknown-linux-gnu/lib/rustlib/x86_64-unknown-linux-gnu/lib/libcfg_if-23874e15830ed336.rlib" "/opt/rustwide/rustup-home/toolchains/beta-2023-12-22-x86_64-unknown-linux-gnu/lib/rustlib/x86_64-unknown-linux-gnu/lib/liblibc-e47cddc003bce885.rlib" "/opt/rustwide/rustup-home/toolchains/beta-2023-12-22-x86_64-unknown-linux-gnu/lib/rustlib/x86_64-unknown-linux-gnu/lib/liballoc-c22b13b48a8f128e.rlib" "/opt/rustwide/rustup-home/toolchains/beta-2023-12-22-x86_64-unknown-linux-gnu/lib/rustlib/x86_64-unknown-linux-gnu/lib/librustc_std_workspace_core-e46bc3da6d7c462f.rlib" "/opt/rustwide/rustup-home/toolchains/beta-2023-12-22-x86_64-unknown-linux-gnu/lib/rustlib/x86_64-unknown-linux-gnu/lib/libcore-8d1ac131d3cb2645.rlib" "/opt/rustwide/rustup-home/toolchains/beta-2023-12-22-x86_64-unknown-linux-gnu/lib/rustlib/x86_64-unknown-linux-gnu/lib/libcompiler_builtins-a1b43df8c6899c1f.rlib" "-Wl,-Bdynamic" "-lgcc_s" "-lutil" "-lrt" "-lpthread" "-lm" "-ldl" "-lc" "-Wl,--eh-frame-hdr" "-Wl,-z,noexecstack" "-L" "/opt/rustwide/rustup-home/toolchains/beta-2023-12-22-x86_64-unknown-linux-gnu/lib/rustlib/x86_64-unknown-linux-gnu/lib" "-o" "/opt/rustwide/target/debug/build/anyhow-b4f49e4b392cd979/build_script_build-b4f49e4b392cd979" "-Wl,--gc-sections" "-pie" "-Wl,-z,relro,-z,now" "-nodefaultlibs"
[INFO] [stdout]   = note: /usr/bin/ld: final link failed: No space left on device
[INFO] [stdout]           collect2: error: ld returned 1 exit status
[INFO] [stdout]           
[INFO] [stdout] 
[INFO] [stdout] 
[INFO] [stdout] error: aborting due to 1 previous error
[INFO] [stdout] 
[INFO] [stdout] 
[INFO] [stdout] error: linking with `cc` failed: exit status: 1
[INFO] [stdout]   |
[INFO] [stdout]   = note: LC_ALL="C" PATH="/opt/rustwide/rustup-home/toolchains/beta-2023-12-22-x86_64-unknown-linux-gnu/lib/rustlib/x86_64-unknown-linux-gnu/bin:/opt/rustwide/cargo-home/bin:/usr/local/sbin:/usr/local/bin:/usr/sbin:/usr/bin:/sbin:/bin" VSLANG="1033" "cc" "-m64" "/tmp/rustcQVBbzy/symbols.o" "/opt/rustwide/target/debug/build/byteorder-bb43f0715db7a4f4/build_script_build-bb43f0715db7a4f4.build_script_build.a8633316db5a2f2e-cgu.0.rcgu.o" "/opt/rustwide/target/debug/build/byteorder-bb43f0715db7a4f4/build_script_build-bb43f0715db7a4f4.build_script_build.a8633316db5a2f2e-cgu.1.rcgu.o" "/opt/rustwide/target/debug/build/byteorder-bb43f0715db7a4f4/build_script_build-bb43f0715db7a4f4.build_script_build.a8633316db5a2f2e-cgu.2.rcgu.o" "/opt/rustwide/target/debug/build/byteorder-bb43f0715db7a4f4/build_script_build-bb43f0715db7a4f4.3s3ymjtn8xldxx0c.rcgu.o" "-Wl,--as-needed" "-L" "/opt/rustwide/target/debug/deps" "-L" "/opt/rustwide/rustup-home/toolchains/beta-2023-12-22-x86_64-unknown-linux-gnu/lib/rustlib/x86_64-unknown-linux-gnu/lib" "-Wl,-Bstatic" "/opt/rustwide/rustup-home/toolchains/beta-2023-12-22-x86_64-unknown-linux-gnu/lib/rustlib/x86_64-unknown-linux-gnu/lib/libstd-0672489a78b613de.rlib" "/opt/rustwide/rustup-home/toolchains/beta-2023-12-22-x86_64-unknown-linux-gnu/lib/rustlib/x86_64-unknown-linux-gnu/lib/libpanic_unwind-7eb3ffc34a49f675.rlib" "/opt/rustwide/rustup-home/toolchains/beta-2023-12-22-x86_64-unknown-linux-gnu/lib/rustlib/x86_64-unknown-linux-gnu/lib/libobject-6478a9daa4bee8e2.rlib" "/opt/rustwide/rustup-home/toolchains/beta-2023-12-22-x86_64-unknown-linux-gnu/lib/rustlib/x86_64-unknown-linux-gnu/lib/libmemchr-0c75d871a5c3923d.rlib" "/opt/rustwide/rustup-home/toolchains/beta-2023-12-22-x86_64-unknown-linux-gnu/lib/rustlib/x86_64-unknown-linux-gnu/lib/libaddr2line-d163ef63ad37bb71.rlib" "/opt/rustwide/rustup-home/toolchains/beta-2023-12-22-x86_64-unknown-linux-gnu/lib/rustlib/x86_64-unknown-linux-gnu/lib/libgimli-8a3fd810a85b9f4c.rlib" "/opt/rustwide/rustup-home/toolchains/beta-2023-12-22-x86_64-unknown-linux-gnu/lib/rustlib/x86_64-unknown-linux-gnu/lib/librustc_demangle-462a2cde8c5dfc10.rlib" "/opt/rustwide/rustup-home/toolchains/beta-2023-12-22-x86_64-unknown-linux-gnu/lib/rustlib/x86_64-unknown-linux-gnu/lib/libstd_detect-cb06ac9f54713f71.rlib" "/opt/rustwide/rustup-home/toolchains/beta-2023-12-22-x86_64-unknown-linux-gnu/lib/rustlib/x86_64-unknown-linux-gnu/lib/libhashbrown-f20bfd1f8e59b393.rlib" "/opt/rustwide/rustup-home/toolchains/beta-2023-12-22-x86_64-unknown-linux-gnu/lib/rustlib/x86_64-unknown-linux-gnu/lib/librustc_std_workspace_alloc-1ef460949b49da4b.rlib" "/opt/rustwide/rustup-home/toolchains/beta-2023-12-22-x86_64-unknown-linux-gnu/lib/rustlib/x86_64-unknown-linux-gnu/lib/libminiz_oxide-2cb0c0ffe4f87514.rlib" "/opt/rustwide/rustup-home/toolchains/beta-2023-12-22-x86_64-unknown-linux-gnu/lib/rustlib/x86_64-unknown-linux-gnu/lib/libadler-58d841eb322a11a2.rlib" "/opt/rustwide/rustup-home/toolchains/beta-2023-12-22-x86_64-unknown-linux-gnu/lib/rustlib/x86_64-unknown-linux-gnu/lib/libunwind-aa2ae0b0a9d11533.rlib" "/opt/rustwide/rustup-home/toolchains/beta-2023-12-22-x86_64-unknown-linux-gnu/lib/rustlib/x86_64-unknown-linux-gnu/lib/libcfg_if-23874e15830ed336.rlib" "/opt/rustwide/rustup-home/toolchains/beta-2023-12-22-x86_64-unknown-linux-gnu/lib/rustlib/x86_64-unknown-linux-gnu/lib/liblibc-e47cddc003bce885.rlib" "/opt/rustwide/rustup-home/toolchains/beta-2023-12-22-x86_64-unknown-linux-gnu/lib/rustlib/x86_64-unknown-linux-gnu/lib/liballoc-c22b13b48a8f128e.rlib" "/opt/rustwide/rustup-home/toolchains/beta-2023-12-22-x86_64-unknown-linux-gnu/lib/rustlib/x86_64-unknown-linux-gnu/lib/librustc_std_workspace_core-e46bc3da6d7c462f.rlib" "/opt/rustwide/rustup-home/toolchains/beta-2023-12-22-x86_64-unknown-linux-gnu/lib/rustlib/x86_64-unknown-linux-gnu/lib/libcore-8d1ac131d3cb2645.rlib" "/opt/rustwide/rustup-home/toolchains/beta-2023-12-22-x86_64-unknown-linux-gnu/lib/rustlib/x86_64-unknown-linux-gnu/lib/libcompiler_builtins-a1b43df8c6899c1f.rlib" "-Wl,-Bdynamic" "-lgcc_s" "-lutil" "-lrt" "-lpthread" "-lm" "-ldl" "-lc" "-Wl,--eh-frame-hdr" "-Wl,-z,noexecstack" "-L" "/opt/rustwide/rustup-home/toolchains/beta-2023-12-22-x86_64-unknown-linux-gnu/lib/rustlib/x86_64-unknown-linux-gnu/lib" "-o" "/opt/rustwide/target/debug/build/byteorder-bb43f0715db7a4f4/build_script_build-bb43f0715db7a4f4" "-Wl,--gc-sections" "-pie" "-Wl,-z,relro,-z,now" "-nodefaultlibs"
[INFO] [stdout]   = note: /usr/bin/ld: final link failed: No space left on device
[INFO] [stdout]           collect2: error: ld returned 1 exit status
[INFO] [stdout]           
[INFO] [stdout] 
[INFO] [stdout] 
[INFO] [stdout] error: aborting due to 1 previous error
[INFO] [stdout] 
[INFO] [stdout] 
[INFO] [stderr] error: could not compile `anyhow` (build script) due to 2 previous errors
[INFO] [stderr] error: could not compile `byteorder` (build script) due to 2 previous errors
[INFO] [stdout] error: failed to write to `/opt/rustwide/target/debug/deps/rmetaAiA84Z/lib.rmeta`: No space left on device (os error 28)
[INFO] [stdout] 
[INFO] [stdout] 
[INFO] [stdout] error: aborting due to 1 previous error
[INFO] [stdout] 
[INFO] [stdout] 
[INFO] [stderr] error: could not compile `termcolor` (lib) due to 2 previous errors
[INFO] running `Command { std: "docker" "inspect" "4dcbdc7d145970f359b6eb8a282c4130f38bcedd398919e91e407e3c45575ea8", kill_on_drop: false }`
[INFO] running `Command { std: "docker" "rm" "-f" "4dcbdc7d145970f359b6eb8a282c4130f38bcedd398919e91e407e3c45575ea8", kill_on_drop: false }`
[INFO] [stdout] 4dcbdc7d145970f359b6eb8a282c4130f38bcedd398919e91e407e3c45575ea8
