[INFO] cloning repository https://github.com/starcoin-sdk/transaction-builder-generator
[INFO] running `Command { std: "git" "-c" "credential.helper=" "-c" "credential.helper=/workspace/cargo-home/bin/git-credential-null" "clone" "--bare" "https://github.com/starcoin-sdk/transaction-builder-generator" "/workspace/cache/git-repos/https%3A%2F%2Fgithub.com%2Fstarcoin-sdk%2Ftransaction-builder-generator", kill_on_drop: false }`
[INFO] [stderr] Cloning into bare repository '/workspace/cache/git-repos/https%3A%2F%2Fgithub.com%2Fstarcoin-sdk%2Ftransaction-builder-generator'...
[INFO] running `Command { std: "git" "rev-parse" "HEAD", kill_on_drop: false }`
[INFO] [stdout] 4a155d6ad34d2807c636aa1939c516c2e666eb2b
[INFO] testing starcoin-sdk/transaction-builder-generator against 1.75.0 for beta-1.76-1
[INFO] running `Command { std: "git" "clone" "/workspace/cache/git-repos/https%3A%2F%2Fgithub.com%2Fstarcoin-sdk%2Ftransaction-builder-generator" "/workspace/builds/worker-7-tc1/source", kill_on_drop: false }`
[INFO] [stderr] Cloning into '/workspace/builds/worker-7-tc1/source'...
[INFO] [stderr] done.
[INFO] validating manifest of git repo https://github.com/starcoin-sdk/transaction-builder-generator on toolchain 1.75.0
[INFO] running `Command { std: CARGO_HOME="/workspace/cargo-home" RUSTUP_HOME="/workspace/rustup-home" "/workspace/cargo-home/bin/cargo" "+1.75.0" "metadata" "--manifest-path" "Cargo.toml" "--no-deps", kill_on_drop: false }`
[INFO] started tweaking git repo https://github.com/starcoin-sdk/transaction-builder-generator
[INFO] finished tweaking git repo https://github.com/starcoin-sdk/transaction-builder-generator
[INFO] tweaked toml for git repo https://github.com/starcoin-sdk/transaction-builder-generator written to /workspace/builds/worker-7-tc1/source/Cargo.toml
[INFO] crate git repo https://github.com/starcoin-sdk/transaction-builder-generator already has a lockfile, it will not be regenerated
[INFO] running `Command { std: CARGO_HOME="/workspace/cargo-home" RUSTUP_HOME="/workspace/rustup-home" "/workspace/cargo-home/bin/cargo" "+1.75.0" "fetch" "--manifest-path" "Cargo.toml", kill_on_drop: false }`
[INFO] [stderr]     Updating git repository `https://github.com/starcoinorg/move`
[INFO] [stderr]     Updating git repository `https://github.com/zefchain/serde-reflection`
[INFO] [stderr]     Updating git repository `https://github.com/starcoinorg/starcoin`
[INFO] [stderr]     Updating git repository `https://github.com/starcoinorg/move`
[INFO] [stderr]     Updating git repository `https://github.com/starcoinorg/schemars`
[INFO] [stderr]     Updating git repository `https://github.com/starcoinorg/starcoin-crypto`
[INFO] [stderr]  Downloading crates ...
[INFO] [stderr]   Downloaded lru v0.7.7
[INFO] running `Command { std: "docker" "create" "-v" "/var/lib/crater-agent-workspace/builds/worker-7-tc1/target:/opt/rustwide/target:rw,Z" "-v" "/var/lib/crater-agent-workspace/builds/worker-7-tc1/source:/opt/rustwide/workdir:ro,Z" "-v" "/var/lib/crater-agent-workspace/cargo-home:/opt/rustwide/cargo-home:ro,Z" "-v" "/var/lib/crater-agent-workspace/rustup-home:/opt/rustwide/rustup-home:ro,Z" "-e" "SOURCE_DIR=/opt/rustwide/workdir" "-e" "CARGO_TARGET_DIR=/opt/rustwide/target" "-e" "CARGO_HOME=/opt/rustwide/cargo-home" "-e" "RUSTUP_HOME=/opt/rustwide/rustup-home" "-w" "/opt/rustwide/workdir" "-m" "1610612736" "--user" "0:0" "--network" "none" "ghcr.io/rust-lang/crates-build-env/linux@sha256:2788e3201cd34a07e3172128adcd8b3090168a8e3bcc40d7c032b9dda1df7d1c" "/opt/rustwide/cargo-home/bin/cargo" "+1.75.0" "metadata" "--no-deps" "--format-version=1", kill_on_drop: false }`
[INFO] [stdout] c06efa0fda8b873bd514dbd0b50f270036080eb336070a2603f5932afe5c8210
[INFO] running `Command { std: "docker" "start" "-a" "c06efa0fda8b873bd514dbd0b50f270036080eb336070a2603f5932afe5c8210", kill_on_drop: false }`
[INFO] running `Command { std: "docker" "inspect" "c06efa0fda8b873bd514dbd0b50f270036080eb336070a2603f5932afe5c8210", kill_on_drop: false }`
[INFO] running `Command { std: "docker" "rm" "-f" "c06efa0fda8b873bd514dbd0b50f270036080eb336070a2603f5932afe5c8210", kill_on_drop: false }`
[INFO] [stdout] c06efa0fda8b873bd514dbd0b50f270036080eb336070a2603f5932afe5c8210
[INFO] running `Command { std: "docker" "create" "-v" "/var/lib/crater-agent-workspace/builds/worker-7-tc1/target:/opt/rustwide/target:rw,Z" "-v" "/var/lib/crater-agent-workspace/builds/worker-7-tc1/source:/opt/rustwide/workdir:ro,Z" "-v" "/var/lib/crater-agent-workspace/cargo-home:/opt/rustwide/cargo-home:ro,Z" "-v" "/var/lib/crater-agent-workspace/rustup-home:/opt/rustwide/rustup-home:ro,Z" "-e" "SOURCE_DIR=/opt/rustwide/workdir" "-e" "CARGO_TARGET_DIR=/opt/rustwide/target" "-e" "CARGO_INCREMENTAL=0" "-e" "RUST_BACKTRACE=full" "-e" "RUSTFLAGS=--cap-lints=warn" "-e" "RUSTDOCFLAGS=--cap-lints=warn" "-e" "CARGO_HOME=/opt/rustwide/cargo-home" "-e" "RUSTUP_HOME=/opt/rustwide/rustup-home" "-w" "/opt/rustwide/workdir" "-m" "1610612736" "--user" "0:0" "--network" "none" "ghcr.io/rust-lang/crates-build-env/linux@sha256:2788e3201cd34a07e3172128adcd8b3090168a8e3bcc40d7c032b9dda1df7d1c" "/opt/rustwide/cargo-home/bin/cargo" "+1.75.0" "build" "--frozen" "--message-format=json", kill_on_drop: false }`
[INFO] [stdout] 36b6b68049008c5340cf2edb2fc0a88b728c57fa4c2ee9883ab4e14ce39f5008
[INFO] running `Command { std: "docker" "start" "-a" "36b6b68049008c5340cf2edb2fc0a88b728c57fa4c2ee9883ab4e14ce39f5008", kill_on_drop: false }`
[INFO] [stderr]    Compiling proc-macro2 v1.0.39
[INFO] [stderr]    Compiling unicode-ident v1.0.1
[INFO] [stderr]    Compiling syn v1.0.96
[INFO] [stderr]    Compiling libc v0.2.126
[INFO] [stderr]    Compiling version_check v0.9.4
[INFO] [stderr]    Compiling cfg-if v1.0.0
[INFO] [stderr]    Compiling typenum v1.15.0
[INFO] [stderr]    Compiling serde_derive v1.0.137
[INFO] [stderr]    Compiling serde v1.0.137
[INFO] [stderr]    Compiling autocfg v1.1.0
[INFO] [stderr]    Compiling once_cell v1.12.0
[INFO] [stderr]    Compiling unicode-xid v0.2.3
[INFO] [stderr]    Compiling ppv-lite86 v0.2.16
[INFO] [stderr]    Compiling anyhow v1.0.57
[INFO] [stderr]    Compiling memchr v2.5.0
[INFO] [stderr]    Compiling tinyvec_macros v0.1.0
[INFO] [stderr]    Compiling byteorder v1.4.3
[INFO] [stderr]    Compiling tinyvec v1.6.0
[INFO] [stderr]    Compiling ryu v1.0.10
[INFO] [stderr]    Compiling itoa v1.0.2
[INFO] [stderr]    Compiling matches v0.1.9
[INFO] [stderr]    Compiling percent-encoding v2.1.0
[INFO] [stderr]    Compiling subtle v2.4.1
[INFO] [stderr]    Compiling generic-array v0.14.5
[INFO] [stderr]    Compiling proc-macro-error-attr v1.0.4
[INFO] [stderr]    Compiling proc-macro-error v1.0.4
[INFO] [stderr]    Compiling regex-syntax v0.6.26
[INFO] [stderr]    Compiling unicode-bidi v0.3.8
[INFO] [stderr]    Compiling serde_json v1.0.81
[INFO] [stderr]    Compiling lazy_static v1.4.0
[INFO] [stderr]    Compiling form_urlencoded v1.0.1
[INFO] [stderr]    Compiling num-traits v0.2.15
[INFO] [stderr]    Compiling ahash v0.7.6
[INFO] [stderr]    Compiling unicode-width v0.1.9
[INFO] [stderr]    Compiling glob v0.3.0
[INFO] [stderr]    Compiling unsigned-varint v0.7.1
[INFO] [stderr]    Compiling opaque-debug v0.3.0
[INFO] [stderr]    Compiling data-encoding v2.3.2
[INFO] [stderr]    Compiling schemars v0.8.8 (https://github.com/starcoinorg/schemars?rev=6972da92f4360e1779168bb3fe0274c521d324e2#6972da92)
[INFO] [stderr]    Compiling arrayref v0.3.6
[INFO] [stderr]    Compiling static_assertions v1.1.0
[INFO] [stderr]    Compiling quote v1.0.18
[INFO] [stderr]    Compiling aho-corasick v0.7.18
[INFO] [stderr]    Compiling bitflags v1.3.2
[INFO] [stderr]    Compiling hex v0.4.3
[INFO] [stderr]    Compiling bs58 v0.4.0
[INFO] [stderr]    Compiling getrandom v0.2.7
[INFO] [stderr]    Compiling unicode-normalization v0.1.19
[INFO] [stderr]    Compiling atty v0.2.14
[INFO] [stderr]    Compiling rand_core v0.6.3
[INFO] [stderr]    Compiling mirai-annotations v1.12.0
[INFO] [stderr]    Compiling dyn-clone v1.0.5
[INFO] [stderr]    Compiling textwrap v0.11.0
[INFO] [stderr]    Compiling indexmap v1.8.2
[INFO] [stderr]    Compiling rand_chacha v0.3.1
[INFO] [stderr]    Compiling vec_map v0.8.2
[INFO] [stderr]    Compiling clang-sys v1.3.3
[INFO] [stderr]    Compiling hashbrown v0.11.2
[INFO] [stderr]    Compiling ansi_term v0.12.1
[INFO] [stderr]    Compiling strsim v0.8.0
[INFO] [stderr]    Compiling rand v0.8.5
[INFO] [stderr]    Compiling humantime v2.1.0
[INFO] [stderr]    Compiling log v0.4.17
[INFO] [stderr]    Compiling clap v2.34.0
[INFO] [stderr]    Compiling proc-macro2 v0.4.30
[INFO] [stderr]    Compiling termcolor v1.1.3
[INFO] [stderr]    Compiling idna v0.2.3
[INFO] [stderr]    Compiling digest v0.9.0
[INFO] [stderr]    Compiling minimal-lexical v0.2.1
[INFO] [stderr]    Compiling cipher v0.2.5
[INFO] [stderr]    Compiling block-buffer v0.9.0
[INFO] [stderr]    Compiling libloading v0.7.3
[INFO] [stderr]    Compiling bindgen v0.59.2
[INFO] [stderr]    Compiling nom v7.1.1
[INFO] [stderr]    Compiling unicode-xid v0.1.0
[INFO] [stderr]    Compiling either v1.6.1
[INFO] [stderr]    Compiling ref-cast v1.0.7
[INFO] [stderr]    Compiling fnv v1.0.7
[INFO] [stderr]    Compiling cpufeatures v0.2.2
[INFO] [stderr]    Compiling which v4.2.5
[INFO] [stderr]    Compiling sha2 v0.9.9
[INFO] [stderr]    Compiling universal-hash v0.4.1
[INFO] [stderr]    Compiling url v2.2.2
[INFO] [stderr]    Compiling crunchy v0.2.2
[INFO] [stderr]    Compiling regex v1.5.6
[INFO] [stderr]    Compiling lazycell v1.3.0
[INFO] [stderr]    Compiling fiat-crypto v0.1.13
[INFO] [stderr]    Compiling peeking_take_while v0.1.2
[INFO] [stderr]    Compiling shlex v1.1.0
[INFO] [stderr]    Compiling rustc-hash v1.1.0
[INFO] [stderr]    Compiling remove_dir_all v0.5.3
[INFO] [stderr]    Compiling fastrand v1.7.0
[INFO] [stderr]    Compiling syn v0.15.44
[INFO] [stderr]    Compiling cpuid-bool v0.2.0
[INFO] [stderr]    Compiling polyval v0.4.5
[INFO] [stderr]    Compiling quote v0.6.13
[INFO] [stderr]    Compiling tempfile v3.3.0
[INFO] [stderr]    Compiling aes-soft v0.6.4
[INFO] [stderr]    Compiling crypto-mac v0.10.1
[INFO] [stderr]    Compiling wait-timeout v0.2.0
[INFO] [stderr]    Compiling num-integer v0.1.45
[INFO] [stderr]    Compiling lock_api v0.4.7
[INFO] [stderr]    Compiling signature v1.5.0
[INFO] [stderr]    Compiling parking_lot_core v0.9.3
[INFO] [stderr]    Compiling proc-macro-hack v0.5.19
[INFO] [stderr]    Compiling tiny-keccak v2.0.2
[INFO] [stderr]    Compiling cc v1.0.73
[INFO] [stderr]    Compiling slog v2.7.0
[INFO] [stderr]    Compiling crc32fast v1.3.2
[INFO] [stderr]    Compiling bit-vec v0.6.3
[INFO] [stderr]    Compiling smallvec v1.8.0
[INFO] [stderr]    Compiling crossbeam-utils v0.8.8
[INFO] [stderr]    Compiling quick-error v1.2.3
[INFO] [stderr]    Compiling env_logger v0.9.0
[INFO] [stderr]    Compiling linked-hash-map v0.5.4
[INFO] [stderr]    Compiling bit-set v0.5.2
[INFO] [stderr]    Compiling rusty-fork v0.3.0
[INFO] [stderr]    Compiling aes v0.6.0
[INFO] [stderr]    Compiling hmac v0.10.1
[INFO] [stderr]    Compiling ghash v0.3.1
[INFO] [stderr]    Compiling yaml-rust v0.4.5
[INFO] [stderr]    Compiling ctr v0.6.0
[INFO] [stderr]    Compiling aead v0.3.2
[INFO] [stderr]    Compiling rand_xorshift v0.3.0
[INFO] [stderr]    Compiling dirs-sys-next v0.1.2
[INFO] [stderr]    Compiling bech32 v0.8.1
[INFO] [stderr]    Compiling adler v1.0.2
[INFO] [stderr]    Compiling quick-error v2.0.1
[INFO] [stderr]    Compiling cexpr v0.6.0
[INFO] [stderr]    Compiling siphasher v0.3.10
[INFO] [stderr]    Compiling traitobject v0.1.0
[INFO] [stderr]    Compiling toml v0.5.9
[INFO] [stderr]    Compiling scopeguard v1.1.0
[INFO] [stderr]    Compiling unsafe-any v0.4.2
[INFO] [stderr]    Compiling proptest v1.0.0
[INFO] [stderr]    Compiling dirs-next v2.0.0
[INFO] [stderr]    Compiling miniz_oxide v0.5.3
[INFO] [stderr]    Compiling aes-gcm v0.8.0
[INFO] [stderr]    Compiling hkdf v0.10.0
[INFO] [stderr]    Compiling synstructure v0.12.6
[INFO] [stderr]    Compiling serde_derive_internals v0.25.0
[INFO] [stderr]    Compiling ordered-float v2.10.0
[INFO] [stderr]    Compiling time v0.1.44
[INFO] [stderr]    Compiling thread_local v1.1.4
[INFO] [stderr]    Compiling slog-async v2.7.0
[INFO] [stderr]    Compiling num_threads v0.1.6
[INFO] [stderr]    Compiling bytes v1.1.0
[INFO] [stderr]    Compiling time-macros v0.2.4
[INFO] [stderr]    Compiling chrono v0.4.19
[INFO] [stderr]    Compiling flate2 v1.0.24
[INFO] [stderr]    Compiling parking_lot v0.12.1
[INFO] [stderr]    Compiling crossbeam-channel v0.5.4
[INFO] [stderr]    Compiling term v0.7.0
[INFO] [stderr]    Compiling typemap v0.3.3
[INFO] [stderr]    Compiling phf_shared v0.10.0
[INFO] [stderr]    Compiling thread-id v4.0.0
[INFO] [stderr]    Compiling same-file v1.0.6
[INFO] [stderr]    Compiling take_mut v0.2.2
[INFO] [stderr]    Compiling arc-swap v1.5.0
[INFO] [stderr]    Compiling log-mdc v0.1.0
[INFO] [stderr]    Compiling unicode-segmentation v1.9.0
[INFO] [stderr]    Compiling walkdir v2.3.2
[INFO] [stderr]    Compiling smawk v0.3.1
[INFO] [stderr]    Compiling heck v0.3.3
[INFO] [stderr]    Compiling fixedbitset v0.2.0
[INFO] [stderr]    Compiling difference v2.0.0
[INFO] [stderr]    Compiling itertools v0.10.3
[INFO] [stderr]    Compiling unicode-linebreak v0.1.2
[INFO] [stderr]    Compiling petgraph v0.5.1
[INFO] [stderr]    Compiling phf_generator v0.10.0
[INFO] [stderr]    Compiling lru v0.7.7
[INFO] [stderr]    Compiling move-borrow-graph v0.0.1 (https://github.com/starcoinorg/move?rev=4735fa59b63e1b30622411d8af65129e4c80b3bc#4735fa59)
[INFO] [stderr]    Compiling heck v0.4.0
[INFO] [stderr]    Compiling os_str_bytes v6.1.0
[INFO] [stderr]    Compiling textwrap v0.13.4
[INFO] [stderr]    Compiling maplit v1.0.2
[INFO] [stderr]    Compiling textwrap v0.15.0
[INFO] [stderr]    Compiling strsim v0.10.0
[INFO] [stderr]    Compiling bech32 v0.9.0
[INFO] [stderr]    Compiling clap_lex v0.2.2
[INFO] [stderr]    Compiling time v0.3.9
[INFO] [stderr]    Compiling thiserror-impl v1.0.31
[INFO] [stderr]    Compiling schemars_derive v0.8.8 (https://github.com/starcoinorg/schemars?rev=6972da92f4360e1779168bb3fe0274c521d324e2#6972da92)
[INFO] [stderr]    Compiling zeroize_derive v1.3.2
[INFO] [stderr]    Compiling ref-cast-impl v1.0.7
[INFO] [stderr]    Compiling diem-crypto-derive v0.0.3 (https://github.com/starcoinorg/starcoin-crypto?rev=d871dfb4216f034ee334a575926c101574d9d6dc#d871dfb4)
[INFO] [stderr]    Compiling starcoin-crypto-macro v1.10.0-rc.2 (https://github.com/starcoinorg/starcoin-crypto?rev=d871dfb4216f034ee334a575926c101574d9d6dc#d871dfb4)
[INFO] [stderr]    Compiling derivative v2.2.0
[INFO] [stderr]    Compiling variant_count v1.1.0
[INFO] [stderr]    Compiling proptest-derive v0.3.0
[INFO] [stderr]    Compiling phf_macros v0.10.0
[INFO] [stderr]    Compiling slog-term v2.9.0
[INFO] [stderr]    Compiling num-derive v0.3.3
[INFO] [stderr]    Compiling structopt-derive v0.4.18
[INFO] [stderr]    Compiling zeroize v1.5.5
[INFO] [stderr]    Compiling include_dir_impl v0.6.2
[INFO] [stderr]    Compiling clap_derive v3.2.5
[INFO] [stderr]    Compiling curve25519-dalek-fiat v0.1.0
[INFO] [stderr]    Compiling diem-crypto v0.0.3 (https://github.com/starcoinorg/starcoin-crypto?rev=d871dfb4216f034ee334a575926c101574d9d6dc#d871dfb4)
[INFO] [stderr]    Compiling textwrap v0.14.2
[INFO] [stderr]    Compiling x25519-dalek-fiat v0.1.0
[INFO] [stderr]    Compiling phf v0.10.1
[INFO] [stderr]    Compiling include_dir v0.6.2
[INFO] [stderr]    Compiling thiserror v1.0.31
[INFO] [stderr]    Compiling proc-macro-crate v1.1.3
[INFO] [stderr]    Compiling multihash-derive v0.7.2
[INFO] [stderr]    Compiling num_enum_derive v0.5.7
[INFO] [stderr]    Compiling structopt v0.3.26
[INFO] [stderr]    Compiling clap v3.2.5
[INFO] [stderr]    Compiling multihash v0.14.0
[INFO] [stderr]    Compiling num_enum v0.5.7
[INFO] [stderr]    Compiling serde_bytes v0.11.6
[INFO] [stderr]    Compiling bcs v0.1.3
[INFO] [stderr]    Compiling multiaddr v0.13.0
[INFO] [stderr]    Compiling ed25519 v1.5.2
[INFO] [stderr]    Compiling serde_yaml v0.8.24
[INFO] [stderr]    Compiling serde-name v0.1.2
[INFO] [stderr]    Compiling serde-name v0.2.1
[INFO] [stderr]    Compiling serde-value v0.7.0
[INFO] [stderr]    Compiling move-command-line-common v0.1.0 (https://github.com/starcoinorg/move?rev=4735fa59b63e1b30622411d8af65129e4c80b3bc#4735fa59)
[INFO] [stderr]    Compiling move-symbol-pool v0.1.0 (https://github.com/starcoinorg/move?rev=4735fa59b63e1b30622411d8af65129e4c80b3bc#4735fa59)
[INFO] [stderr]    Compiling ed25519-dalek-fiat v0.1.0
[INFO] [stderr]    Compiling serde-helpers v1.11.11 (https://github.com/starcoinorg/starcoin#eb589752)
[INFO] [stderr]    Compiling bincode v1.3.3
[INFO] [stderr]    Compiling serde-reflection v0.3.6 (https://github.com/zefchain/serde-reflection#1a9f3ea1)
[INFO] [stderr]    Compiling bcs-ext v1.11.11 (https://github.com/starcoinorg/starcoin#eb589752)
[INFO] [stderr]    Compiling move-core-types v0.0.3 (https://github.com/starcoinorg/move#ae12f353)
[INFO] [stderr]    Compiling serde-generate v0.22.0 (https://github.com/zefchain/serde-reflection#1a9f3ea1)
[INFO] [stderr]    Compiling log4rs v1.1.1
[INFO] [stderr]    Compiling move-core-types v0.0.3 (https://github.com/starcoinorg/move?rev=4735fa59b63e1b30622411d8af65129e4c80b3bc#4735fa59)
[INFO] [stderr]    Compiling starcoin-logger v1.11.11 (https://github.com/starcoinorg/starcoin#eb589752)
[INFO] [stderr]    Compiling starcoin-crypto v1.10.0-rc.2 (https://github.com/starcoinorg/starcoin-crypto?rev=d871dfb4216f034ee334a575926c101574d9d6dc#d871dfb4)
[INFO] [stderr]    Compiling forkable-jellyfish-merkle v1.11.11 (https://github.com/starcoinorg/starcoin#eb589752)
[INFO] [stderr]    Compiling starcoin-accumulator v1.11.11 (https://github.com/starcoinorg/starcoin#eb589752)
[INFO] [stderr]    Compiling move-binary-format v0.0.3 (https://github.com/starcoinorg/move?rev=4735fa59b63e1b30622411d8af65129e4c80b3bc#4735fa59)
[INFO] [stderr]    Compiling move-ir-types v0.1.0 (https://github.com/starcoinorg/move?rev=4735fa59b63e1b30622411d8af65129e4c80b3bc#4735fa59)
[INFO] [stderr]    Compiling move-vm-types v0.1.0 (https://github.com/starcoinorg/move?rev=4735fa59b63e1b30622411d8af65129e4c80b3bc#4735fa59)
[INFO] [stderr]    Compiling move-bytecode-verifier v0.1.0 (https://github.com/starcoinorg/move?rev=4735fa59b63e1b30622411d8af65129e4c80b3bc#4735fa59)
[INFO] [stderr]    Compiling starcoin-vm-types v1.11.11 (https://github.com/starcoinorg/starcoin#eb589752)
[INFO] [stderr]    Compiling transaction-builder-generator v1.11.11 (/opt/rustwide/workdir)
[INFO] [stdout] warning: variable does not need to be mutable
[INFO] [stdout]   --> src/swift.rs:92:5
[INFO] [stdout]    |
[INFO] [stdout] 92 |     mut install_dir: std::path::PathBuf,
[INFO] [stdout]    |     ----^^^^^^^^^^^
[INFO] [stdout]    |     |
[INFO] [stdout]    |     help: remove this `mut`
[INFO] [stdout]    |
[INFO] [stdout]    = note: `#[warn(unused_mut)]` on by default
[INFO] [stdout] 
[INFO] [stdout] 
[INFO] [stdout] warning: 1 warning emitted
[INFO] [stdout] 
[INFO] [stdout] 
[INFO] [stderr]     Finished dev [unoptimized + debuginfo] target(s) in 28.84s
[INFO] [stderr] warning: the following packages contain code that will be rejected by a future version of Rust: traitobject v0.1.0
[INFO] [stderr] note: to see what the problems were, use the option `--future-incompat-report`, or run `cargo report future-incompatibilities --id 1`
[INFO] running `Command { std: "docker" "inspect" "36b6b68049008c5340cf2edb2fc0a88b728c57fa4c2ee9883ab4e14ce39f5008", kill_on_drop: false }`
[INFO] running `Command { std: "docker" "rm" "-f" "36b6b68049008c5340cf2edb2fc0a88b728c57fa4c2ee9883ab4e14ce39f5008", kill_on_drop: false }`
[INFO] [stdout] 36b6b68049008c5340cf2edb2fc0a88b728c57fa4c2ee9883ab4e14ce39f5008
[INFO] running `Command { std: "docker" "create" "-v" "/var/lib/crater-agent-workspace/builds/worker-7-tc1/target:/opt/rustwide/target:rw,Z" "-v" "/var/lib/crater-agent-workspace/builds/worker-7-tc1/source:/opt/rustwide/workdir:ro,Z" "-v" "/var/lib/crater-agent-workspace/cargo-home:/opt/rustwide/cargo-home:ro,Z" "-v" "/var/lib/crater-agent-workspace/rustup-home:/opt/rustwide/rustup-home:ro,Z" "-e" "SOURCE_DIR=/opt/rustwide/workdir" "-e" "CARGO_TARGET_DIR=/opt/rustwide/target" "-e" "CARGO_INCREMENTAL=0" "-e" "RUST_BACKTRACE=full" "-e" "RUSTFLAGS=--cap-lints=warn" "-e" "RUSTDOCFLAGS=--cap-lints=warn" "-e" "CARGO_HOME=/opt/rustwide/cargo-home" "-e" "RUSTUP_HOME=/opt/rustwide/rustup-home" "-w" "/opt/rustwide/workdir" "-m" "1610612736" "--user" "0:0" "--network" "none" "ghcr.io/rust-lang/crates-build-env/linux@sha256:2788e3201cd34a07e3172128adcd8b3090168a8e3bcc40d7c032b9dda1df7d1c" "/opt/rustwide/cargo-home/bin/cargo" "+1.75.0" "test" "--frozen" "--no-run" "--message-format=json", kill_on_drop: false }`
[INFO] [stdout] 6e3a13e5c4ae469a17d7c395373255115a0fa28d20e2bd7a33b5ab2e603bd51a
[INFO] running `Command { std: "docker" "start" "-a" "6e3a13e5c4ae469a17d7c395373255115a0fa28d20e2bd7a33b5ab2e603bd51a", kill_on_drop: false }`
[INFO] [stderr]    Compiling either v1.6.1
[INFO] [stderr]    Compiling which v4.2.5
[INFO] [stderr]    Compiling itertools v0.10.3
[INFO] [stderr]    Compiling bindgen v0.59.2
[INFO] [stderr]    Compiling diem-crypto v0.0.3 (https://github.com/starcoinorg/starcoin-crypto?rev=d871dfb4216f034ee334a575926c101574d9d6dc#d871dfb4)
[INFO] [stderr]    Compiling starcoin-crypto v1.10.0-rc.2 (https://github.com/starcoinorg/starcoin-crypto?rev=d871dfb4216f034ee334a575926c101574d9d6dc#d871dfb4)
[INFO] [stderr]    Compiling starcoin-accumulator v1.11.11 (https://github.com/starcoinorg/starcoin#eb589752)
[INFO] [stderr]    Compiling forkable-jellyfish-merkle v1.11.11 (https://github.com/starcoinorg/starcoin#eb589752)
[INFO] [stderr]    Compiling starcoin-vm-types v1.11.11 (https://github.com/starcoinorg/starcoin#eb589752)
[INFO] [stderr]    Compiling transaction-builder-generator v1.11.11 (/opt/rustwide/workdir)
[INFO] [stdout] warning: variable does not need to be mutable
[INFO] [stdout]   --> src/swift.rs:92:5
[INFO] [stdout]    |
[INFO] [stdout] 92 |     mut install_dir: std::path::PathBuf,
[INFO] [stdout]    |     ----^^^^^^^^^^^
[INFO] [stdout]    |     |
[INFO] [stdout]    |     help: remove this `mut`
[INFO] [stdout]    |
[INFO] [stdout]    = note: `#[warn(unused_mut)]` on by default
[INFO] [stdout] 
[INFO] [stdout] 
[INFO] [stdout] warning: variable does not need to be mutable
[INFO] [stdout]   --> src/swift.rs:92:5
[INFO] [stdout]    |
[INFO] [stdout] 92 |     mut install_dir: std::path::PathBuf,
[INFO] [stdout]    |     ----^^^^^^^^^^^
[INFO] [stdout]    |     |
[INFO] [stdout]    |     help: remove this `mut`
[INFO] [stdout]    |
[INFO] [stdout]    = note: `#[warn(unused_mut)]` on by default
[INFO] [stdout] 
[INFO] [stdout] 
[INFO] [stdout] warning: 1 warning emitted
[INFO] [stdout] 
[INFO] [stdout] 
[INFO] [stdout] warning: 1 warning emitted
[INFO] [stdout] 
[INFO] [stdout] 
[INFO] [stderr]     Finished test [unoptimized + debuginfo] target(s) in 13.49s
[INFO] [stderr] warning: the following packages contain code that will be rejected by a future version of Rust: traitobject v0.1.0
[INFO] [stderr] note: to see what the problems were, use the option `--future-incompat-report`, or run `cargo report future-incompatibilities --id 1`
[INFO] running `Command { std: "docker" "inspect" "6e3a13e5c4ae469a17d7c395373255115a0fa28d20e2bd7a33b5ab2e603bd51a", kill_on_drop: false }`
[INFO] running `Command { std: "docker" "rm" "-f" "6e3a13e5c4ae469a17d7c395373255115a0fa28d20e2bd7a33b5ab2e603bd51a", kill_on_drop: false }`
[INFO] [stdout] 6e3a13e5c4ae469a17d7c395373255115a0fa28d20e2bd7a33b5ab2e603bd51a
[INFO] running `Command { std: "docker" "create" "-v" "/var/lib/crater-agent-workspace/builds/worker-7-tc1/target:/opt/rustwide/target:rw,Z" "-v" "/var/lib/crater-agent-workspace/builds/worker-7-tc1/source:/opt/rustwide/workdir:ro,Z" "-v" "/var/lib/crater-agent-workspace/cargo-home:/opt/rustwide/cargo-home:ro,Z" "-v" "/var/lib/crater-agent-workspace/rustup-home:/opt/rustwide/rustup-home:ro,Z" "-e" "SOURCE_DIR=/opt/rustwide/workdir" "-e" "CARGO_TARGET_DIR=/opt/rustwide/target" "-e" "CARGO_INCREMENTAL=0" "-e" "RUST_BACKTRACE=full" "-e" "RUSTFLAGS=--cap-lints=warn" "-e" "RUSTDOCFLAGS=--cap-lints=warn" "-e" "CARGO_HOME=/opt/rustwide/cargo-home" "-e" "RUSTUP_HOME=/opt/rustwide/rustup-home" "-w" "/opt/rustwide/workdir" "-m" "1610612736" "--user" "0:0" "--network" "none" "ghcr.io/rust-lang/crates-build-env/linux@sha256:2788e3201cd34a07e3172128adcd8b3090168a8e3bcc40d7c032b9dda1df7d1c" "/opt/rustwide/cargo-home/bin/cargo" "+1.75.0" "test" "--frozen", kill_on_drop: false }`
[INFO] [stdout] 65d4abb37e901772426f249da6ce17289a70057f104d433686b78562a92d634c
[INFO] running `Command { std: "docker" "start" "-a" "65d4abb37e901772426f249da6ce17289a70057f104d433686b78562a92d634c", kill_on_drop: false }`
[INFO] [stderr] warning: variable does not need to be mutable
[INFO] [stderr]   --> src/swift.rs:92:5
[INFO] [stderr]    |
[INFO] [stderr] 92 |     mut install_dir: std::path::PathBuf,
[INFO] [stderr]    |     ----^^^^^^^^^^^
[INFO] [stderr]    |     |
[INFO] [stderr]    |     help: remove this `mut`
[INFO] [stderr]    |
[INFO] [stderr]    = note: `#[warn(unused_mut)]` on by default
[INFO] [stderr] 
[INFO] [stderr] warning: `transaction-builder-generator` (lib) generated 1 warning (run `cargo fix --lib -p transaction-builder-generator` to apply 1 suggestion)
[INFO] [stderr] warning: `transaction-builder-generator` (lib test) generated 1 warning (1 duplicate)
[INFO] [stderr]     Finished test [unoptimized + debuginfo] target(s) in 0.24s
[INFO] [stderr] warning: the following packages contain code that will be rejected by a future version of Rust: traitobject v0.1.0
[INFO] [stderr] note: to see what the problems were, use the option `--future-incompat-report`, or run `cargo report future-incompatibilities --id 1`
[INFO] [stderr]      Running unittests src/lib.rs (/opt/rustwide/target/debug/deps/transaction_builder_generator-0c824161d1059ec3)
[INFO] [stdout] 
[INFO] [stdout] running 0 tests
[INFO] [stdout] 
[INFO] [stdout] test result: ok. 0 passed; 0 failed; 0 ignored; 0 measured; 0 filtered out; finished in 0.00s
[INFO] [stdout] 
[INFO] [stderr]      Running tests/generation.rs (/opt/rustwide/target/debug/deps/generation-ec1cdf1bd48413f3)
[INFO] [stdout] 
[INFO] [stdout] running 4 tests
[INFO] [stdout] test test_that_cpp_code_compiles_and_demo_runs ... ignored
[INFO] [stdout] test test_that_java_code_compiles_and_demo_runs ... ignored
[INFO] [stdout] test test_that_python_code_parses_and_passes_pyre_check ... ignored
[INFO] [stdout] test test_that_rust_code_compiles ... ignored
[INFO] [stdout] 
[INFO] [stdout] test result: ok. 0 passed; 0 failed; 4 ignored; 0 measured; 0 filtered out; finished in 0.00s
[INFO] [stdout] 
[INFO] [stderr]      Running tests/installer.rs (/opt/rustwide/target/debug/deps/installer-1d8429b78e52bce8)
[INFO] [stdout] 
[INFO] [stdout] running 1 test
[INFO] [stdout] test test_that_installed_rust_code_compiles ... ignored
[INFO] [stdout] 
[INFO] [stdout] test result: ok. 0 passed; 0 failed; 1 ignored; 0 measured; 0 filtered out; finished in 0.00s
[INFO] [stdout] 
[INFO] [stderr]    Doc-tests transaction-builder-generator
[INFO] [stdout] 
[INFO] [stdout] running 0 tests
[INFO] [stdout] 
[INFO] [stdout] test result: ok. 0 passed; 0 failed; 0 ignored; 0 measured; 0 filtered out; finished in 0.00s
[INFO] [stdout] 
[INFO] running `Command { std: "docker" "inspect" "65d4abb37e901772426f249da6ce17289a70057f104d433686b78562a92d634c", kill_on_drop: false }`
[INFO] running `Command { std: "docker" "rm" "-f" "65d4abb37e901772426f249da6ce17289a70057f104d433686b78562a92d634c", kill_on_drop: false }`
[INFO] [stdout] 65d4abb37e901772426f249da6ce17289a70057f104d433686b78562a92d634c
[INFO] testing starcoin-sdk/transaction-builder-generator against beta-2023-12-22 for beta-1.76-1
[INFO] running `Command { std: "git" "clone" "/workspace/cache/git-repos/https%3A%2F%2Fgithub.com%2Fstarcoin-sdk%2Ftransaction-builder-generator" "/workspace/builds/worker-7-tc2/source", kill_on_drop: false }`
[INFO] [stderr] Cloning into '/workspace/builds/worker-7-tc2/source'...
[INFO] [stderr] done.
[INFO] validating manifest of git repo https://github.com/starcoin-sdk/transaction-builder-generator on toolchain beta-2023-12-22
[INFO] running `Command { std: CARGO_HOME="/workspace/cargo-home" RUSTUP_HOME="/workspace/rustup-home" "/workspace/cargo-home/bin/cargo" "+beta-2023-12-22" "metadata" "--manifest-path" "Cargo.toml" "--no-deps", kill_on_drop: false }`
[INFO] started tweaking git repo https://github.com/starcoin-sdk/transaction-builder-generator
[INFO] finished tweaking git repo https://github.com/starcoin-sdk/transaction-builder-generator
[INFO] tweaked toml for git repo https://github.com/starcoin-sdk/transaction-builder-generator written to /workspace/builds/worker-7-tc2/source/Cargo.toml
[INFO] crate git repo https://github.com/starcoin-sdk/transaction-builder-generator already has a lockfile, it will not be regenerated
[INFO] running `Command { std: CARGO_HOME="/workspace/cargo-home" RUSTUP_HOME="/workspace/rustup-home" "/workspace/cargo-home/bin/cargo" "+beta-2023-12-22" "fetch" "--manifest-path" "Cargo.toml", kill_on_drop: false }`
[INFO] running `Command { std: "docker" "create" "-v" "/var/lib/crater-agent-workspace/builds/worker-7-tc2/target:/opt/rustwide/target:rw,Z" "-v" "/var/lib/crater-agent-workspace/builds/worker-7-tc2/source:/opt/rustwide/workdir:ro,Z" "-v" "/var/lib/crater-agent-workspace/cargo-home:/opt/rustwide/cargo-home:ro,Z" "-v" "/var/lib/crater-agent-workspace/rustup-home:/opt/rustwide/rustup-home:ro,Z" "-e" "SOURCE_DIR=/opt/rustwide/workdir" "-e" "CARGO_TARGET_DIR=/opt/rustwide/target" "-e" "CARGO_HOME=/opt/rustwide/cargo-home" "-e" "RUSTUP_HOME=/opt/rustwide/rustup-home" "-w" "/opt/rustwide/workdir" "-m" "1610612736" "--user" "0:0" "--network" "none" "ghcr.io/rust-lang/crates-build-env/linux@sha256:2788e3201cd34a07e3172128adcd8b3090168a8e3bcc40d7c032b9dda1df7d1c" "/opt/rustwide/cargo-home/bin/cargo" "+beta-2023-12-22" "metadata" "--no-deps" "--format-version=1", kill_on_drop: false }`
[INFO] [stdout] 6c0912e4723085ac56f94fddbb01e1de5103da372a075bf3d3b0db6eb65e939e
[INFO] running `Command { std: "docker" "start" "-a" "6c0912e4723085ac56f94fddbb01e1de5103da372a075bf3d3b0db6eb65e939e", kill_on_drop: false }`
[INFO] running `Command { std: "docker" "inspect" "6c0912e4723085ac56f94fddbb01e1de5103da372a075bf3d3b0db6eb65e939e", kill_on_drop: false }`
[INFO] running `Command { std: "docker" "rm" "-f" "6c0912e4723085ac56f94fddbb01e1de5103da372a075bf3d3b0db6eb65e939e", kill_on_drop: false }`
[INFO] [stdout] 6c0912e4723085ac56f94fddbb01e1de5103da372a075bf3d3b0db6eb65e939e
[INFO] running `Command { std: "docker" "create" "-v" "/var/lib/crater-agent-workspace/builds/worker-7-tc2/target:/opt/rustwide/target:rw,Z" "-v" "/var/lib/crater-agent-workspace/builds/worker-7-tc2/source:/opt/rustwide/workdir:ro,Z" "-v" "/var/lib/crater-agent-workspace/cargo-home:/opt/rustwide/cargo-home:ro,Z" "-v" "/var/lib/crater-agent-workspace/rustup-home:/opt/rustwide/rustup-home:ro,Z" "-e" "SOURCE_DIR=/opt/rustwide/workdir" "-e" "CARGO_TARGET_DIR=/opt/rustwide/target" "-e" "CARGO_INCREMENTAL=0" "-e" "RUST_BACKTRACE=full" "-e" "RUSTFLAGS=--cap-lints=warn" "-e" "RUSTDOCFLAGS=--cap-lints=warn" "-e" "CARGO_HOME=/opt/rustwide/cargo-home" "-e" "RUSTUP_HOME=/opt/rustwide/rustup-home" "-w" "/opt/rustwide/workdir" "-m" "1610612736" "--user" "0:0" "--network" "none" "ghcr.io/rust-lang/crates-build-env/linux@sha256:2788e3201cd34a07e3172128adcd8b3090168a8e3bcc40d7c032b9dda1df7d1c" "/opt/rustwide/cargo-home/bin/cargo" "+beta-2023-12-22" "build" "--frozen" "--message-format=json", kill_on_drop: false }`
[INFO] [stdout] 4b0a5e742fd8bab5c3da0999bae23efad240b2bb2b38d8652268f77a8dc29b3c
[INFO] running `Command { std: "docker" "start" "-a" "4b0a5e742fd8bab5c3da0999bae23efad240b2bb2b38d8652268f77a8dc29b3c", kill_on_drop: false }`
[INFO] [stderr]    Compiling proc-macro2 v1.0.39
[INFO] [stderr]    Compiling unicode-ident v1.0.1
[INFO] [stderr]    Compiling syn v1.0.96
[INFO] [stderr]    Compiling libc v0.2.126
[INFO] [stderr]    Compiling version_check v0.9.4
[INFO] [stderr]    Compiling cfg-if v1.0.0
[INFO] [stderr]    Compiling typenum v1.15.0
[INFO] [stderr]    Compiling serde_derive v1.0.137
[INFO] [stderr]    Compiling serde v1.0.137
[INFO] [stderr]    Compiling autocfg v1.1.0
[INFO] [stderr]    Compiling once_cell v1.12.0
[INFO] [stderr]    Compiling unicode-xid v0.2.3
[INFO] [stderr]    Compiling ppv-lite86 v0.2.16
[INFO] [stderr]    Compiling anyhow v1.0.57
[INFO] [stderr]    Compiling memchr v2.5.0
[INFO] [stderr]    Compiling tinyvec_macros v0.1.0
[INFO] [stderr]    Compiling byteorder v1.4.3
[INFO] [stderr]    Compiling tinyvec v1.6.0
[INFO] [stderr]    Compiling itoa v1.0.2
[INFO] [stderr]    Compiling matches v0.1.9
[INFO] [stderr]    Compiling ryu v1.0.10
[INFO] [stderr]    Compiling percent-encoding v2.1.0
[INFO] [stderr]    Compiling lazy_static v1.4.0
[INFO] [stderr]    Compiling serde_json v1.0.81
[INFO] [stderr]    Compiling subtle v2.4.1
[INFO] [stderr]    Compiling regex-syntax v0.6.26
[INFO] [stderr]    Compiling unicode-bidi v0.3.8
[INFO] [stderr]    Compiling num-traits v0.2.15
[INFO] [stderr]    Compiling generic-array v0.14.5
[INFO] [stderr]    Compiling proc-macro-error-attr v1.0.4
[INFO] [stderr]    Compiling proc-macro-error v1.0.4
[INFO] [stderr]    Compiling ahash v0.7.6
[INFO] [stderr]    Compiling form_urlencoded v1.0.1
[INFO] [stderr]    Compiling opaque-debug v0.3.0
[INFO] [stderr]    Compiling unicode-width v0.1.9
[INFO] [stderr]    Compiling unsigned-varint v0.7.1
[INFO] [stderr]    Compiling glob v0.3.0
[INFO] [stderr]    Compiling bs58 v0.4.0
[INFO] [stderr]    Compiling schemars v0.8.8 (https://github.com/starcoinorg/schemars?rev=6972da92f4360e1779168bb3fe0274c521d324e2#6972da92)
[INFO] [stderr]    Compiling arrayref v0.3.6
[INFO] [stderr]    Compiling hex v0.4.3
[INFO] [stderr]    Compiling data-encoding v2.3.2
[INFO] [stderr]    Compiling aho-corasick v0.7.18
[INFO] [stderr]    Compiling quote v1.0.18
[INFO] [stderr]    Compiling static_assertions v1.1.0
[INFO] [stderr]    Compiling getrandom v0.2.7
[INFO] [stderr]    Compiling atty v0.2.14
[INFO] [stderr]    Compiling unicode-normalization v0.1.19
[INFO] [stderr]    Compiling bitflags v1.3.2
[INFO] [stderr]    Compiling dyn-clone v1.0.5
[INFO] [stderr]    Compiling mirai-annotations v1.12.0
[INFO] [stderr]    Compiling textwrap v0.11.0
[INFO] [stderr]    Compiling rand_core v0.6.3
[INFO] [stderr]    Compiling indexmap v1.8.2
[INFO] [stderr]    Compiling vec_map v0.8.2
[INFO] [stderr]    Compiling ansi_term v0.12.1
[INFO] [stderr]    Compiling clang-sys v1.3.3
[INFO] [stderr]    Compiling rand_chacha v0.3.1
[INFO] [stderr]    Compiling hashbrown v0.11.2
[INFO] [stderr]    Compiling humantime v2.1.0
[INFO] [stderr]    Compiling log v0.4.17
[INFO] [stderr]    Compiling strsim v0.8.0
[INFO] [stderr]    Compiling rand v0.8.5
[INFO] [stderr]    Compiling clap v2.34.0
[INFO] [stderr]    Compiling minimal-lexical v0.2.1
[INFO] [stderr]    Compiling proc-macro2 v0.4.30
[INFO] [stderr]    Compiling idna v0.2.3
[INFO] [stderr]    Compiling digest v0.9.0
[INFO] [stderr]    Compiling termcolor v1.1.3
[INFO] [stderr]    Compiling nom v7.1.1
[INFO] [stderr]    Compiling cipher v0.2.5
[INFO] [stderr]    Compiling block-buffer v0.9.0
[INFO] [stderr]    Compiling libloading v0.7.3
[INFO] [stderr]    Compiling unicode-xid v0.1.0
[INFO] [stderr]    Compiling fnv v1.0.7
[INFO] [stderr]    Compiling either v1.6.1
[INFO] [stderr]    Compiling bindgen v0.59.2
[INFO] [stderr]    Compiling cpufeatures v0.2.2
[INFO] [stderr]    Compiling ref-cast v1.0.7
[INFO] [stderr]    Compiling url v2.2.2
[INFO] [stderr]    Compiling sha2 v0.9.9
[INFO] [stderr]    Compiling regex v1.5.6
[INFO] [stderr]    Compiling which v4.2.5
[INFO] [stderr]    Compiling universal-hash v0.4.1
[INFO] [stderr]    Compiling peeking_take_while v0.1.2
[INFO] [stderr]    Compiling shlex v1.1.0
[INFO] [stderr]    Compiling syn v0.15.44
[INFO] [stderr]    Compiling remove_dir_all v0.5.3
[INFO] [stderr]    Compiling rustc-hash v1.1.0
[INFO] [stderr]    Compiling fastrand v1.7.0
[INFO] [stderr]    Compiling crunchy v0.2.2
[INFO] [stderr]    Compiling fiat-crypto v0.1.13
[INFO] [stderr]    Compiling lazycell v1.3.0
[INFO] [stderr]    Compiling cpuid-bool v0.2.0
[INFO] [stderr]    Compiling tempfile v3.3.0
[INFO] [stderr]    Compiling polyval v0.4.5
[INFO] [stderr]    Compiling quote v0.6.13
[INFO] [stderr]    Compiling aes-soft v0.6.4
[INFO] [stderr]    Compiling crypto-mac v0.10.1
[INFO] [stderr]    Compiling wait-timeout v0.2.0
[INFO] [stderr]    Compiling lock_api v0.4.7
[INFO] [stderr]    Compiling num-integer v0.1.45
[INFO] [stderr]    Compiling cc v1.0.73
[INFO] [stderr]    Compiling slog v2.7.0
[INFO] [stderr]    Compiling crossbeam-utils v0.8.8
[INFO] [stderr]    Compiling linked-hash-map v0.5.4
[INFO] [stderr]    Compiling signature v1.5.0
[INFO] [stderr]    Compiling smallvec v1.8.0
[INFO] [stderr]    Compiling bit-vec v0.6.3
[INFO] [stderr]    Compiling tiny-keccak v2.0.2
[INFO] [stderr]    Compiling parking_lot_core v0.9.3
[INFO] [stderr]    Compiling proc-macro-hack v0.5.19
[INFO] [stderr]    Compiling env_logger v0.9.0
[INFO] [stderr]    Compiling crc32fast v1.3.2
[INFO] [stderr]    Compiling quick-error v1.2.3
[INFO] [stderr]    Compiling rusty-fork v0.3.0
[INFO] [stderr]    Compiling toml v0.5.9
[INFO] [stderr]    Compiling bit-set v0.5.2
[INFO] [stderr]    Compiling yaml-rust v0.4.5
[INFO] [stderr]    Compiling aes v0.6.0
[INFO] [stderr]    Compiling cexpr v0.6.0
[INFO] [stderr]    Compiling hmac v0.10.1
[INFO] [stderr]    Compiling ghash v0.3.1
[INFO] [stderr]    Compiling ctr v0.6.0
[INFO] [stderr]    Compiling aead v0.3.2
[INFO] [stderr]    Compiling rand_xorshift v0.3.0
[INFO] [stderr]    Compiling dirs-sys-next v0.1.2
[INFO] [stderr]    Compiling quick-error v2.0.1
[INFO] [stderr]    Compiling bech32 v0.8.1
[INFO] [stderr]    Compiling scopeguard v1.1.0
[INFO] [stderr]    Compiling adler v1.0.2
[INFO] [stderr]    Compiling siphasher v0.3.10
[INFO] [stderr]    Compiling traitobject v0.1.0
[INFO] [stderr]    Compiling unsafe-any v0.4.2
[INFO] [stderr]    Compiling miniz_oxide v0.5.3
[INFO] [stderr]    Compiling dirs-next v2.0.0
[INFO] [stderr]    Compiling proptest v1.0.0
[INFO] [stderr]    Compiling aes-gcm v0.8.0
[INFO] [stderr]    Compiling hkdf v0.10.0
[INFO] [stderr]    Compiling synstructure v0.12.6
[INFO] [stderr]    Compiling serde_derive_internals v0.25.0
[INFO] [stderr]    Compiling ordered-float v2.10.0
[INFO] [stderr]    Compiling time v0.1.44
[INFO] [stderr]    Compiling thread_local v1.1.4
[INFO] [stderr]    Compiling slog-async v2.7.0
[INFO] [stderr]    Compiling bytes v1.1.0
[INFO] [stderr]    Compiling time-macros v0.2.4
[INFO] [stderr]    Compiling num_threads v0.1.6
[INFO] [stderr]    Compiling chrono v0.4.19
[INFO] [stderr]    Compiling crossbeam-channel v0.5.4
[INFO] [stderr]    Compiling parking_lot v0.12.1
[INFO] [stderr]    Compiling flate2 v1.0.24
[INFO] [stderr]    Compiling term v0.7.0
[INFO] [stderr]    Compiling typemap v0.3.3
[INFO] [stderr]    Compiling phf_shared v0.10.0
[INFO] [stderr]    Compiling thread-id v4.0.0
[INFO] [stderr]    Compiling log-mdc v0.1.0
[INFO] [stderr]    Compiling arc-swap v1.5.0
[INFO] [stderr]    Compiling same-file v1.0.6
[INFO] [stderr]    Compiling unicode-segmentation v1.9.0
[INFO] [stderr]    Compiling take_mut v0.2.2
[INFO] [stderr]    Compiling walkdir v2.3.2
[INFO] [stderr]    Compiling smawk v0.3.1
[INFO] [stderr]    Compiling unicode-linebreak v0.1.2
[INFO] [stderr]    Compiling fixedbitset v0.2.0
[INFO] [stderr]    Compiling heck v0.3.3
[INFO] [stderr]    Compiling difference v2.0.0
[INFO] [stderr]    Compiling itertools v0.10.3
[INFO] [stderr]    Compiling phf_generator v0.10.0
[INFO] [stderr]    Compiling petgraph v0.5.1
[INFO] [stderr]    Compiling lru v0.7.7
[INFO] [stderr]    Compiling move-borrow-graph v0.0.1 (https://github.com/starcoinorg/move?rev=4735fa59b63e1b30622411d8af65129e4c80b3bc#4735fa59)
[INFO] [stderr]    Compiling heck v0.4.0
[INFO] [stderr]    Compiling os_str_bytes v6.1.0
[INFO] [stderr]    Compiling textwrap v0.13.4
[INFO] [stderr]    Compiling bech32 v0.9.0
[INFO] [stderr]    Compiling strsim v0.10.0
[INFO] [stderr]    Compiling textwrap v0.15.0
[INFO] [stderr]    Compiling maplit v1.0.2
[INFO] [stderr]    Compiling clap_lex v0.2.2
[INFO] [stderr]    Compiling time v0.3.9
[INFO] [stderr]    Compiling thiserror-impl v1.0.31
[INFO] [stderr]    Compiling schemars_derive v0.8.8 (https://github.com/starcoinorg/schemars?rev=6972da92f4360e1779168bb3fe0274c521d324e2#6972da92)
[INFO] [stderr]    Compiling zeroize_derive v1.3.2
[INFO] [stderr]    Compiling ref-cast-impl v1.0.7
[INFO] [stderr]    Compiling diem-crypto-derive v0.0.3 (https://github.com/starcoinorg/starcoin-crypto?rev=d871dfb4216f034ee334a575926c101574d9d6dc#d871dfb4)
[INFO] [stderr]    Compiling variant_count v1.1.0
[INFO] [stderr]    Compiling derivative v2.2.0
[INFO] [stderr]    Compiling starcoin-crypto-macro v1.10.0-rc.2 (https://github.com/starcoinorg/starcoin-crypto?rev=d871dfb4216f034ee334a575926c101574d9d6dc#d871dfb4)
[INFO] [stderr]    Compiling slog-term v2.9.0
[INFO] [stderr]    Compiling num-derive v0.3.3
[INFO] [stderr]    Compiling phf_macros v0.10.0
[INFO] [stderr]    Compiling diem-crypto v0.0.3 (https://github.com/starcoinorg/starcoin-crypto?rev=d871dfb4216f034ee334a575926c101574d9d6dc#d871dfb4)
[INFO] [stderr]    Compiling proptest-derive v0.3.0
[INFO] [stderr]    Compiling include_dir_impl v0.6.2
[INFO] [stderr]    Compiling structopt-derive v0.4.18
[INFO] [stderr]    Compiling clap_derive v3.2.5
[INFO] [stderr]    Compiling zeroize v1.5.5
[INFO] [stderr]    Compiling curve25519-dalek-fiat v0.1.0
[INFO] [stderr]    Compiling textwrap v0.14.2
[INFO] [stderr]    Compiling include_dir v0.6.2
[INFO] [stderr] LLVM ERROR: IO failure on output stream: No space left on device
[INFO] [stderr] LLVM ERROR: IO failure on output stream: No space left on device
[INFO] [stderr] LLVM ERROR: IO failure on output stream: No space left on device
[INFO] [stderr] LLVM ERROR: IO failure on output stream: No space left on device
[INFO] [stdout] error: linking with `cc` failed: exit status: 1
[INFO] [stdout]   |
[INFO] [stdout]   = note: LC_ALL="C" PATH="/opt/rustwide/rustup-home/toolchains/beta-2023-12-22-x86_64-unknown-linux-gnu/lib/rustlib/x86_64-unknown-linux-gnu/bin:/opt/rustwide/cargo-home/bin:/usr/local/sbin:/usr/local/bin:/usr/sbin:/usr/bin:/sbin:/bin" VSLANG="1033" "cc" "-Wl,--version-script=/tmp/rustcwOHMpH/list" "-Wl,--no-undefined-version" "-m64" "/tmp/rustcwOHMpH/symbols.o" "/opt/rustwide/target/debug/deps/num_derive-650571fcdeb18efe.num_derive.f1ffc21f512d2a13-cgu.0.rcgu.o" "/opt/rustwide/target/debug/deps/num_derive-650571fcdeb18efe.num_derive.f1ffc21f512d2a13-cgu.1.rcgu.o" "/opt/rustwide/target/debug/deps/num_derive-650571fcdeb18efe.num_derive.f1ffc21f512d2a13-cgu.2.rcgu.o" "/opt/rustwide/target/debug/deps/num_derive-650571fcdeb18efe.num_derive.f1ffc21f512d2a13-cgu.3.rcgu.o" "/opt/rustwide/target/debug/deps/num_derive-650571fcdeb18efe.num_derive.f1ffc21f512d2a13-cgu.4.rcgu.o" "/opt/rustwide/target/debug/deps/num_derive-650571fcdeb18efe.5ax1w3a25kpx6uiq.rcgu.rmeta" "/opt/rustwide/target/debug/deps/num_derive-650571fcdeb18efe.p0j8pyc6g7kw9h6.rcgu.o" "-Wl,--as-needed" "-L" "/opt/rustwide/target/debug/deps" "-L" "/opt/rustwide/rustup-home/toolchains/beta-2023-12-22-x86_64-unknown-linux-gnu/lib/rustlib/x86_64-unknown-linux-gnu/lib" "-Wl,-Bstatic" "/opt/rustwide/target/debug/deps/libsyn-3f3c3bcbd609c003.rlib" "/opt/rustwide/target/debug/deps/libquote-a5784aff70811770.rlib" "/opt/rustwide/target/debug/deps/libproc_macro2-86d098f10670f4c5.rlib" "/opt/rustwide/target/debug/deps/libunicode_ident-cf677ec22548cda2.rlib" "/opt/rustwide/rustup-home/toolchains/beta-2023-12-22-x86_64-unknown-linux-gnu/lib/rustlib/x86_64-unknown-linux-gnu/lib/libproc_macro-dac9343a0962bb53.rlib" "/opt/rustwide/rustup-home/toolchains/beta-2023-12-22-x86_64-unknown-linux-gnu/lib/rustlib/x86_64-unknown-linux-gnu/lib/libstd-0672489a78b613de.rlib" "/opt/rustwide/rustup-home/toolchains/beta-2023-12-22-x86_64-unknown-linux-gnu/lib/rustlib/x86_64-unknown-linux-gnu/lib/libpanic_unwind-7eb3ffc34a49f675.rlib" "/opt/rustwide/rustup-home/toolchains/beta-2023-12-22-x86_64-unknown-linux-gnu/lib/rustlib/x86_64-unknown-linux-gnu/lib/libobject-6478a9daa4bee8e2.rlib" "/opt/rustwide/rustup-home/toolchains/beta-2023-12-22-x86_64-unknown-linux-gnu/lib/rustlib/x86_64-unknown-linux-gnu/lib/libmemchr-0c75d871a5c3923d.rlib" "/opt/rustwide/rustup-home/toolchains/beta-2023-12-22-x86_64-unknown-linux-gnu/lib/rustlib/x86_64-unknown-linux-gnu/lib/libaddr2line-d163ef63ad37bb71.rlib" "/opt/rustwide/rustup-home/toolchains/beta-2023-12-22-x86_64-unknown-linux-gnu/lib/rustlib/x86_64-unknown-linux-gnu/lib/libgimli-8a3fd810a85b9f4c.rlib" "/opt/rustwide/rustup-home/toolchains/beta-2023-12-22-x86_64-unknown-linux-gnu/lib/rustlib/x86_64-unknown-linux-gnu/lib/librustc_demangle-462a2cde8c5dfc10.rlib" "/opt/rustwide/rustup-home/toolchains/beta-2023-12-22-x86_64-unknown-linux-gnu/lib/rustlib/x86_64-unknown-linux-gnu/lib/libstd_detect-cb06ac9f54713f71.rlib" "/opt/rustwide/rustup-home/toolchains/beta-2023-12-22-x86_64-unknown-linux-gnu/lib/rustlib/x86_64-unknown-linux-gnu/lib/libhashbrown-f20bfd1f8e59b393.rlib" "/opt/rustwide/rustup-home/toolchains/beta-2023-12-22-x86_64-unknown-linux-gnu/lib/rustlib/x86_64-unknown-linux-gnu/lib/librustc_std_workspace_alloc-1ef460949b49da4b.rlib" "/opt/rustwide/rustup-home/toolchains/beta-2023-12-22-x86_64-unknown-linux-gnu/lib/rustlib/x86_64-unknown-linux-gnu/lib/libminiz_oxide-2cb0c0ffe4f87514.rlib" "/opt/rustwide/rustup-home/toolchains/beta-2023-12-22-x86_64-unknown-linux-gnu/lib/rustlib/x86_64-unknown-linux-gnu/lib/libadler-58d841eb322a11a2.rlib" "/opt/rustwide/rustup-home/toolchains/beta-2023-12-22-x86_64-unknown-linux-gnu/lib/rustlib/x86_64-unknown-linux-gnu/lib/libunwind-aa2ae0b0a9d11533.rlib" "/opt/rustwide/rustup-home/toolchains/beta-2023-12-22-x86_64-unknown-linux-gnu/lib/rustlib/x86_64-unknown-linux-gnu/lib/libcfg_if-23874e15830ed336.rlib" "/opt/rustwide/rustup-home/toolchains/beta-2023-12-22-x86_64-unknown-linux-gnu/lib/rustlib/x86_64-unknown-linux-gnu/lib/liblibc-e47cddc003bce885.rlib" "/opt/rustwide/rustup-home/toolchains/beta-2023-12-22-x86_64-unknown-linux-gnu/lib/rustlib/x86_64-unknown-linux-gnu/lib/liballoc-c22b13b48a8f128e.rlib" "/opt/rustwide/rustup-home/toolchains/beta-2023-12-22-x86_64-unknown-linux-gnu/lib/rustlib/x86_64-unknown-linux-gnu/lib/librustc_std_workspace_core-e46bc3da6d7c462f.rlib" "/opt/rustwide/rustup-home/toolchains/beta-2023-12-22-x86_64-unknown-linux-gnu/lib/rustlib/x86_64-unknown-linux-gnu/lib/libcore-8d1ac131d3cb2645.rlib" "/opt/rustwide/rustup-home/toolchains/beta-2023-12-22-x86_64-unknown-linux-gnu/lib/rustlib/x86_64-unknown-linux-gnu/lib/libcompiler_builtins-a1b43df8c6899c1f.rlib" "-Wl,-Bdynamic" "-lgcc_s" "-lutil" "-lrt" "-lpthread" "-lm" "-ldl" "-lc" "-Wl,--eh-frame-hdr" "-Wl,-z,noexecstack" "-L" "/opt/rustwide/rustup-home/toolchains/beta-2023-12-22-x86_64-unknown-linux-gnu/lib/rustlib/x86_64-unknown-linux-gnu/lib" "-o" "/opt/rustwide/target/debug/deps/libnum_derive-650571fcdeb18efe.so" "-Wl,--gc-sections" "-shared" "-Wl,-z,relro,-z,now" "-nodefaultlibs"
[INFO] [stdout]   = note: /usr/bin/ld: final link failed: No space left on device
[INFO] [stdout]           collect2: error: ld returned 1 exit status
[INFO] [stdout]           
[INFO] [stdout] 
[INFO] [stdout] 
[INFO] [stdout] error: aborting due to 1 previous error
[INFO] [stdout] 
[INFO] [stdout] 
[INFO] [stderr] error: could not compile `structopt-derive` (lib)
[INFO] [stderr] warning: build failed, waiting for other jobs to finish...
[INFO] [stdout] error: linking with `cc` failed: exit status: 1
[INFO] [stdout]   |
[INFO] [stdout]   = note: LC_ALL="C" PATH="/opt/rustwide/rustup-home/toolchains/beta-2023-12-22-x86_64-unknown-linux-gnu/lib/rustlib/x86_64-unknown-linux-gnu/bin:/opt/rustwide/cargo-home/bin:/usr/local/sbin:/usr/local/bin:/usr/sbin:/usr/bin:/sbin:/bin" VSLANG="1033" "cc" "-Wl,--version-script=/tmp/rustcGnvhd3/list" "-Wl,--no-undefined-version" "-m64" "/tmp/rustcGnvhd3/symbols.o" "/opt/rustwide/target/debug/deps/diem_crypto_derive-dcc3c94c3a4d60da.diem_crypto_derive.c18e3cc00cdfb5ca-cgu.0.rcgu.o" "/opt/rustwide/target/debug/deps/diem_crypto_derive-dcc3c94c3a4d60da.diem_crypto_derive.c18e3cc00cdfb5ca-cgu.1.rcgu.o" "/opt/rustwide/target/debug/deps/diem_crypto_derive-dcc3c94c3a4d60da.diem_crypto_derive.c18e3cc00cdfb5ca-cgu.2.rcgu.o" "/opt/rustwide/target/debug/deps/diem_crypto_derive-dcc3c94c3a4d60da.diem_crypto_derive.c18e3cc00cdfb5ca-cgu.3.rcgu.o" "/opt/rustwide/target/debug/deps/diem_crypto_derive-dcc3c94c3a4d60da.diem_crypto_derive.c18e3cc00cdfb5ca-cgu.4.rcgu.o" "/opt/rustwide/target/debug/deps/diem_crypto_derive-dcc3c94c3a4d60da.diem_crypto_derive.c18e3cc00cdfb5ca-cgu.5.rcgu.o" "/opt/rustwide/target/debug/deps/diem_crypto_derive-dcc3c94c3a4d60da.diem_crypto_derive.c18e3cc00cdfb5ca-cgu.6.rcgu.o" "/opt/rustwide/target/debug/deps/diem_crypto_derive-dcc3c94c3a4d60da.4nwtwkihr213il56.rcgu.rmeta" "/opt/rustwide/target/debug/deps/diem_crypto_derive-dcc3c94c3a4d60da.28oy6k7cg2ksdtes.rcgu.o" "-Wl,--as-needed" "-L" "/opt/rustwide/target/debug/deps" "-L" "/opt/rustwide/rustup-home/toolchains/beta-2023-12-22-x86_64-unknown-linux-gnu/lib/rustlib/x86_64-unknown-linux-gnu/lib" "-Wl,-Bstatic" "/opt/rustwide/target/debug/deps/libsyn-3f3c3bcbd609c003.rlib" "/opt/rustwide/target/debug/deps/libquote-a5784aff70811770.rlib" "/opt/rustwide/target/debug/deps/libproc_macro2-86d098f10670f4c5.rlib" "/opt/rustwide/target/debug/deps/libunicode_ident-cf677ec22548cda2.rlib" "/opt/rustwide/rustup-home/toolchains/beta-2023-12-22-x86_64-unknown-linux-gnu/lib/rustlib/x86_64-unknown-linux-gnu/lib/libproc_macro-dac9343a0962bb53.rlib" "/opt/rustwide/rustup-home/toolchains/beta-2023-12-22-x86_64-unknown-linux-gnu/lib/rustlib/x86_64-unknown-linux-gnu/lib/libstd-0672489a78b613de.rlib" "/opt/rustwide/rustup-home/toolchains/beta-2023-12-22-x86_64-unknown-linux-gnu/lib/rustlib/x86_64-unknown-linux-gnu/lib/libpanic_unwind-7eb3ffc34a49f675.rlib" "/opt/rustwide/rustup-home/toolchains/beta-2023-12-22-x86_64-unknown-linux-gnu/lib/rustlib/x86_64-unknown-linux-gnu/lib/libobject-6478a9daa4bee8e2.rlib" "/opt/rustwide/rustup-home/toolchains/beta-2023-12-22-x86_64-unknown-linux-gnu/lib/rustlib/x86_64-unknown-linux-gnu/lib/libmemchr-0c75d871a5c3923d.rlib" "/opt/rustwide/rustup-home/toolchains/beta-2023-12-22-x86_64-unknown-linux-gnu/lib/rustlib/x86_64-unknown-linux-gnu/lib/libaddr2line-d163ef63ad37bb71.rlib" "/opt/rustwide/rustup-home/toolchains/beta-2023-12-22-x86_64-unknown-linux-gnu/lib/rustlib/x86_64-unknown-linux-gnu/lib/libgimli-8a3fd810a85b9f4c.rlib" "/opt/rustwide/rustup-home/toolchains/beta-2023-12-22-x86_64-unknown-linux-gnu/lib/rustlib/x86_64-unknown-linux-gnu/lib/librustc_demangle-462a2cde8c5dfc10.rlib" "/opt/rustwide/rustup-home/toolchains/beta-2023-12-22-x86_64-unknown-linux-gnu/lib/rustlib/x86_64-unknown-linux-gnu/lib/libstd_detect-cb06ac9f54713f71.rlib" "/opt/rustwide/rustup-home/toolchains/beta-2023-12-22-x86_64-unknown-linux-gnu/lib/rustlib/x86_64-unknown-linux-gnu/lib/libhashbrown-f20bfd1f8e59b393.rlib" "/opt/rustwide/rustup-home/toolchains/beta-2023-12-22-x86_64-unknown-linux-gnu/lib/rustlib/x86_64-unknown-linux-gnu/lib/librustc_std_workspace_alloc-1ef460949b49da4b.rlib" "/opt/rustwide/rustup-home/toolchains/beta-2023-12-22-x86_64-unknown-linux-gnu/lib/rustlib/x86_64-unknown-linux-gnu/lib/libminiz_oxide-2cb0c0ffe4f87514.rlib" "/opt/rustwide/rustup-home/toolchains/beta-2023-12-22-x86_64-unknown-linux-gnu/lib/rustlib/x86_64-unknown-linux-gnu/lib/libadler-58d841eb322a11a2.rlib" "/opt/rustwide/rustup-home/toolchains/beta-2023-12-22-x86_64-unknown-linux-gnu/lib/rustlib/x86_64-unknown-linux-gnu/lib/libunwind-aa2ae0b0a9d11533.rlib" "/opt/rustwide/rustup-home/toolchains/beta-2023-12-22-x86_64-unknown-linux-gnu/lib/rustlib/x86_64-unknown-linux-gnu/lib/libcfg_if-23874e15830ed336.rlib" "/opt/rustwide/rustup-home/toolchains/beta-2023-12-22-x86_64-unknown-linux-gnu/lib/rustlib/x86_64-unknown-linux-gnu/lib/liblibc-e47cddc003bce885.rlib" "/opt/rustwide/rustup-home/toolchains/beta-2023-12-22-x86_64-unknown-linux-gnu/lib/rustlib/x86_64-unknown-linux-gnu/lib/liballoc-c22b13b48a8f128e.rlib" "/opt/rustwide/rustup-home/toolchains/beta-2023-12-22-x86_64-unknown-linux-gnu/lib/rustlib/x86_64-unknown-linux-gnu/lib/librustc_std_workspace_core-e46bc3da6d7c462f.rlib" "/opt/rustwide/rustup-home/toolchains/beta-2023-12-22-x86_64-unknown-linux-gnu/lib/rustlib/x86_64-unknown-linux-gnu/lib/libcore-8d1ac131d3cb2645.rlib" "/opt/rustwide/rustup-home/toolchains/beta-2023-12-22-x86_64-unknown-linux-gnu/lib/rustlib/x86_64-unknown-linux-gnu/lib/libcompiler_builtins-a1b43df8c6899c1f.rlib" "-Wl,-Bdynamic" "-lgcc_s" "-lutil" "-lrt" "-lpthread" "-lm" "-ldl" "-lc" "-Wl,--eh-frame-hdr" "-Wl,-z,noexecstack" "-L" "/opt/rustwide/rustup-home/toolchains/beta-2023-12-22-x86_64-unknown-linux-gnu/lib/rustlib/x86_64-unknown-linux-gnu/lib" "-o" "/opt/rustwide/target/debug/deps/libdiem_crypto_derive-dcc3c94c3a4d60da.so" "-Wl,--gc-sections" "-shared" "-Wl,-z,relro,-z,now" "-nodefaultlibs"
[INFO] [stdout]   = note: /usr/bin/ld: final link failed: No space left on device
[INFO] [stdout]           collect2: error: ld returned 1 exit status
[INFO] [stdout]           
[INFO] [stdout] 
[INFO] [stdout] 
[INFO] [stderr] error: could not compile `derivative` (lib)
[INFO] [stdout] error: aborting due to 1 previous error
[INFO] [stdout] 
[INFO] [stdout] 
[INFO] [stderr] error: could not compile `schemars_derive` (lib)
[INFO] [stderr] error: could not compile `diem-crypto-derive` (lib) due to 2 previous errors
[INFO] [stderr] error: could not compile `num-derive` (lib) due to 2 previous errors
[INFO] [stderr] error: could not compile `proptest` (lib)
[INFO] [stdout] error: linking with `cc` failed: exit status: 1
[INFO] [stdout]   |
[INFO] [stdout]   = note: LC_ALL="C" PATH="/opt/rustwide/rustup-home/toolchains/beta-2023-12-22-x86_64-unknown-linux-gnu/lib/rustlib/x86_64-unknown-linux-gnu/bin:/opt/rustwide/cargo-home/bin:/usr/local/sbin:/usr/local/bin:/usr/sbin:/usr/bin:/sbin:/bin" VSLANG="1033" "cc" "-Wl,--version-script=/tmp/rustcOZW5DI/list" "-Wl,--no-undefined-version" "-m64" "/tmp/rustcOZW5DI/symbols.o" "/opt/rustwide/target/debug/deps/phf_macros-a84a0a750e7ef21d.phf_macros.acb1516b624c2486-cgu.00.rcgu.o" "/opt/rustwide/target/debug/deps/phf_macros-a84a0a750e7ef21d.phf_macros.acb1516b624c2486-cgu.01.rcgu.o" "/opt/rustwide/target/debug/deps/phf_macros-a84a0a750e7ef21d.phf_macros.acb1516b624c2486-cgu.02.rcgu.o" "/opt/rustwide/target/debug/deps/phf_macros-a84a0a750e7ef21d.phf_macros.acb1516b624c2486-cgu.03.rcgu.o" "/opt/rustwide/target/debug/deps/phf_macros-a84a0a750e7ef21d.phf_macros.acb1516b624c2486-cgu.04.rcgu.o" "/opt/rustwide/target/debug/deps/phf_macros-a84a0a750e7ef21d.phf_macros.acb1516b624c2486-cgu.05.rcgu.o" "/opt/rustwide/target/debug/deps/phf_macros-a84a0a750e7ef21d.phf_macros.acb1516b624c2486-cgu.06.rcgu.o" "/opt/rustwide/target/debug/deps/phf_macros-a84a0a750e7ef21d.phf_macros.acb1516b624c2486-cgu.07.rcgu.o" "/opt/rustwide/target/debug/deps/phf_macros-a84a0a750e7ef21d.phf_macros.acb1516b624c2486-cgu.08.rcgu.o" "/opt/rustwide/target/debug/deps/phf_macros-a84a0a750e7ef21d.phf_macros.acb1516b624c2486-cgu.09.rcgu.o" "/opt/rustwide/target/debug/deps/phf_macros-a84a0a750e7ef21d.phf_macros.acb1516b624c2486-cgu.10.rcgu.o" "/opt/rustwide/target/debug/deps/phf_macros-a84a0a750e7ef21d.2fd9d2mltrwdsuh0.rcgu.rmeta" "/opt/rustwide/target/debug/deps/phf_macros-a84a0a750e7ef21d.4ynmz7dyjo3n8oh.rcgu.o" "-Wl,--as-needed" "-L" "/opt/rustwide/target/debug/deps" "-L" "/opt/rustwide/rustup-home/toolchains/beta-2023-12-22-x86_64-unknown-linux-gnu/lib/rustlib/x86_64-unknown-linux-gnu/lib" "-Wl,-Bstatic" "/opt/rustwide/target/debug/deps/libsyn-3f3c3bcbd609c003.rlib" "/opt/rustwide/target/debug/deps/libquote-a5784aff70811770.rlib" "/opt/rustwide/target/debug/deps/libproc_macro2-86d098f10670f4c5.rlib" "/opt/rustwide/target/debug/deps/libunicode_ident-cf677ec22548cda2.rlib" "/opt/rustwide/target/debug/deps/libphf_generator-65474aee8ecbad02.rlib" "/opt/rustwide/target/debug/deps/librand-383fa3c6bddcc2f9.rlib" "/opt/rustwide/target/debug/deps/librand_chacha-dab22b3ab6840806.rlib" "/opt/rustwide/target/debug/deps/libppv_lite86-7d6f1ee516acde66.rlib" "/opt/rustwide/target/debug/deps/librand_core-c5aae928f8af69d8.rlib" "/opt/rustwide/target/debug/deps/libgetrandom-5133b2cfb9bdd5f6.rlib" "/opt/rustwide/target/debug/deps/liblibc-85b828953cb5f446.rlib" "/opt/rustwide/target/debug/deps/libcfg_if-e7002d307f97bc56.rlib" "/opt/rustwide/target/debug/deps/libphf_shared-4124b807f6a5e48e.rlib" "/opt/rustwide/target/debug/deps/libsiphasher-67ae52721d79e8c9.rlib" "/opt/rustwide/rustup-home/toolchains/beta-2023-12-22-x86_64-unknown-linux-gnu/lib/rustlib/x86_64-unknown-linux-gnu/lib/libproc_macro-dac9343a0962bb53.rlib" "/opt/rustwide/rustup-home/toolchains/beta-2023-12-22-x86_64-unknown-linux-gnu/lib/rustlib/x86_64-unknown-linux-gnu/lib/libstd-0672489a78b613de.rlib" "/opt/rustwide/rustup-home/toolchains/beta-2023-12-22-x86_64-unknown-linux-gnu/lib/rustlib/x86_64-unknown-linux-gnu/lib/libpanic_unwind-7eb3ffc34a49f675.rlib" "/opt/rustwide/rustup-home/toolchains/beta-2023-12-22-x86_64-unknown-linux-gnu/lib/rustlib/x86_64-unknown-linux-gnu/lib/libobject-6478a9daa4bee8e2.rlib" "/opt/rustwide/rustup-home/toolchains/beta-2023-12-22-x86_64-unknown-linux-gnu/lib/rustlib/x86_64-unknown-linux-gnu/lib/libmemchr-0c75d871a5c3923d.rlib" "/opt/rustwide/rustup-home/toolchains/beta-2023-12-22-x86_64-unknown-linux-gnu/lib/rustlib/x86_64-unknown-linux-gnu/lib/libaddr2line-d163ef63ad37bb71.rlib" "/opt/rustwide/rustup-home/toolchains/beta-2023-12-22-x86_64-unknown-linux-gnu/lib/rustlib/x86_64-unknown-linux-gnu/lib/libgimli-8a3fd810a85b9f4c.rlib" "/opt/rustwide/rustup-home/toolchains/beta-2023-12-22-x86_64-unknown-linux-gnu/lib/rustlib/x86_64-unknown-linux-gnu/lib/librustc_demangle-462a2cde8c5dfc10.rlib" "/opt/rustwide/rustup-home/toolchains/beta-2023-12-22-x86_64-unknown-linux-gnu/lib/rustlib/x86_64-unknown-linux-gnu/lib/libstd_detect-cb06ac9f54713f71.rlib" "/opt/rustwide/rustup-home/toolchains/beta-2023-12-22-x86_64-unknown-linux-gnu/lib/rustlib/x86_64-unknown-linux-gnu/lib/libhashbrown-f20bfd1f8e59b393.rlib" "/opt/rustwide/rustup-home/toolchains/beta-2023-12-22-x86_64-unknown-linux-gnu/lib/rustlib/x86_64-unknown-linux-gnu/lib/librustc_std_workspace_alloc-1ef460949b49da4b.rlib" "/opt/rustwide/rustup-home/toolchains/beta-2023-12-22-x86_64-unknown-linux-gnu/lib/rustlib/x86_64-unknown-linux-gnu/lib/libminiz_oxide-2cb0c0ffe4f87514.rlib" "/opt/rustwide/rustup-home/toolchains/beta-2023-12-22-x86_64-unknown-linux-gnu/lib/rustlib/x86_64-unknown-linux-gnu/lib/libadler-58d841eb322a11a2.rlib" "/opt/rustwide/rustup-home/toolchains/beta-2023-12-22-x86_64-unknown-linux-gnu/lib/rustlib/x86_64-unknown-linux-gnu/lib/libunwind-aa2ae0b0a9d11533.rlib" "/opt/rustwide/rustup-home/toolchains/beta-2023-12-22-x86_64-unknown-linux-gnu/lib/rustlib/x86_64-unknown-linux-gnu/lib/libcfg_if-23874e15830ed336.rlib" "/opt/rustwide/rustup-home/toolchains/beta-2023-12-22-x86_64-unknown-linux-gnu/lib/rustlib/x86_64-unknown-linux-gnu/lib/liblibc-e47cddc003bce885.rlib" "/opt/rustwide/rustup-home/toolchains/beta-2023-12-22-x86_64-unknown-linux-gnu/lib/rustlib/x86_64-unknown-linux-gnu/lib/liballoc-c22b13b48a8f128e.rlib" "/opt/rustwide/rustup-home/toolchains/beta-2023-12-22-x86_64-unknown-linux-gnu/lib/rustlib/x86_64-unknown-linux-gnu/lib/librustc_std_workspace_core-e46bc3da6d7c462f.rlib" "/opt/rustwide/rustup-home/toolchains/beta-2023-12-22-x86_64-unknown-linux-gnu/lib/rustlib/x86_64-unknown-linux-gnu/lib/libcore-8d1ac131d3cb2645.rlib" "/opt/rustwide/rustup-home/toolchains/beta-2023-12-22-x86_64-unknown-linux-gnu/lib/rustlib/x86_64-unknown-linux-gnu/lib/libcompiler_builtins-a1b43df8c6899c1f.rlib" "-Wl,-Bdynamic" "-lgcc_s" "-lutil" "-lrt" "-lpthread" "-lm" "-ldl" "-lc" "-Wl,--eh-frame-hdr" "-Wl,-z,noexecstack" "-L" "/opt/rustwide/rustup-home/toolchains/beta-2023-12-22-x86_64-unknown-linux-gnu/lib/rustlib/x86_64-unknown-linux-gnu/lib" "-o" "/opt/rustwide/target/debug/deps/libphf_macros-a84a0a750e7ef21d.so" "-Wl,--gc-sections" "-shared" "-Wl,-z,relro,-z,now" "-nodefaultlibs"
[INFO] [stdout]   = note: /usr/bin/ld: final link failed: No space left on device
[INFO] [stdout]           collect2: error: ld returned 1 exit status
[INFO] [stdout]           
[INFO] [stdout] 
[INFO] [stdout] 
[INFO] [stdout] error: aborting due to 1 previous error
[INFO] [stdout] 
[INFO] [stdout] 
[INFO] [stdout] error: linking with `cc` failed: exit status: 1
[INFO] [stdout]   |
[INFO] [stdout]   = note: LC_ALL="C" PATH="/opt/rustwide/rustup-home/toolchains/beta-2023-12-22-x86_64-unknown-linux-gnu/lib/rustlib/x86_64-unknown-linux-gnu/bin:/opt/rustwide/cargo-home/bin:/usr/local/sbin:/usr/local/bin:/usr/sbin:/usr/bin:/sbin:/bin" VSLANG="1033" "cc" "-Wl,--version-script=/tmp/rustcOiNXvl/list" "-Wl,--no-undefined-version" "-m64" "/tmp/rustcOiNXvl/symbols.o" "/opt/rustwide/target/debug/deps/thiserror_impl-b702c882ae68e3cf.thiserror_impl.8cb6e8d48f86d85b-cgu.00.rcgu.o" "/opt/rustwide/target/debug/deps/thiserror_impl-b702c882ae68e3cf.thiserror_impl.8cb6e8d48f86d85b-cgu.01.rcgu.o" "/opt/rustwide/target/debug/deps/thiserror_impl-b702c882ae68e3cf.thiserror_impl.8cb6e8d48f86d85b-cgu.02.rcgu.o" "/opt/rustwide/target/debug/deps/thiserror_impl-b702c882ae68e3cf.thiserror_impl.8cb6e8d48f86d85b-cgu.03.rcgu.o" "/opt/rustwide/target/debug/deps/thiserror_impl-b702c882ae68e3cf.thiserror_impl.8cb6e8d48f86d85b-cgu.04.rcgu.o" "/opt/rustwide/target/debug/deps/thiserror_impl-b702c882ae68e3cf.thiserror_impl.8cb6e8d48f86d85b-cgu.05.rcgu.o" "/opt/rustwide/target/debug/deps/thiserror_impl-b702c882ae68e3cf.thiserror_impl.8cb6e8d48f86d85b-cgu.06.rcgu.o" "/opt/rustwide/target/debug/deps/thiserror_impl-b702c882ae68e3cf.thiserror_impl.8cb6e8d48f86d85b-cgu.07.rcgu.o" "/opt/rustwide/target/debug/deps/thiserror_impl-b702c882ae68e3cf.thiserror_impl.8cb6e8d48f86d85b-cgu.08.rcgu.o" "/opt/rustwide/target/debug/deps/thiserror_impl-b702c882ae68e3cf.thiserror_impl.8cb6e8d48f86d85b-cgu.09.rcgu.o" "/opt/rustwide/target/debug/deps/thiserror_impl-b702c882ae68e3cf.thiserror_impl.8cb6e8d48f86d85b-cgu.10.rcgu.o" "/opt/rustwide/target/debug/deps/thiserror_impl-b702c882ae68e3cf.thiserror_impl.8cb6e8d48f86d85b-cgu.11.rcgu.o" "/opt/rustwide/target/debug/deps/thiserror_impl-b702c882ae68e3cf.thiserror_impl.8cb6e8d48f86d85b-cgu.12.rcgu.o" "/opt/rustwide/target/debug/deps/thiserror_impl-b702c882ae68e3cf.thiserror_impl.8cb6e8d48f86d85b-cgu.13.rcgu.o" "/opt/rustwide/target/debug/deps/thiserror_impl-b702c882ae68e3cf.thiserror_impl.8cb6e8d48f86d85b-cgu.14.rcgu.o" "/opt/rustwide/target/debug/deps/thiserror_impl-b702c882ae68e3cf.thiserror_impl.8cb6e8d48f86d85b-cgu.15.rcgu.o" "/opt/rustwide/target/debug/deps/thiserror_impl-b702c882ae68e3cf.3ov9ypkniibwtfuu.rcgu.rmeta" "/opt/rustwide/target/debug/deps/thiserror_impl-b702c882ae68e3cf.3x7ng8udfrtidgql.rcgu.o" "-Wl,--as-needed" "-L" "/opt/rustwide/target/debug/deps" "-L" "/opt/rustwide/rustup-home/toolchains/beta-2023-12-22-x86_64-unknown-linux-gnu/lib/rustlib/x86_64-unknown-linux-gnu/lib" "-Wl,-Bstatic" "/opt/rustwide/target/debug/deps/libsyn-3f3c3bcbd609c003.rlib" "/opt/rustwide/target/debug/deps/libquote-a5784aff70811770.rlib" "/opt/rustwide/target/debug/deps/libproc_macro2-86d098f10670f4c5.rlib" "/opt/rustwide/target/debug/deps/libunicode_ident-cf677ec22548cda2.rlib" "/opt/rustwide/rustup-home/toolchains/beta-2023-12-22-x86_64-unknown-linux-gnu/lib/rustlib/x86_64-unknown-linux-gnu/lib/libproc_macro-dac9343a0962bb53.rlib" "/opt/rustwide/rustup-home/toolchains/beta-2023-12-22-x86_64-unknown-linux-gnu/lib/rustlib/x86_64-unknown-linux-gnu/lib/libstd-0672489a78b613de.rlib" "/opt/rustwide/rustup-home/toolchains/beta-2023-12-22-x86_64-unknown-linux-gnu/lib/rustlib/x86_64-unknown-linux-gnu/lib/libpanic_unwind-7eb3ffc34a49f675.rlib" "/opt/rustwide/rustup-home/toolchains/beta-2023-12-22-x86_64-unknown-linux-gnu/lib/rustlib/x86_64-unknown-linux-gnu/lib/libobject-6478a9daa4bee8e2.rlib" "/opt/rustwide/rustup-home/toolchains/beta-2023-12-22-x86_64-unknown-linux-gnu/lib/rustlib/x86_64-unknown-linux-gnu/lib/libmemchr-0c75d871a5c3923d.rlib" "/opt/rustwide/rustup-home/toolchains/beta-2023-12-22-x86_64-unknown-linux-gnu/lib/rustlib/x86_64-unknown-linux-gnu/lib/libaddr2line-d163ef63ad37bb71.rlib" "/opt/rustwide/rustup-home/toolchains/beta-2023-12-22-x86_64-unknown-linux-gnu/lib/rustlib/x86_64-unknown-linux-gnu/lib/libgimli-8a3fd810a85b9f4c.rlib" "/opt/rustwide/rustup-home/toolchains/beta-2023-12-22-x86_64-unknown-linux-gnu/lib/rustlib/x86_64-unknown-linux-gnu/lib/librustc_demangle-462a2cde8c5dfc10.rlib" "/opt/rustwide/rustup-home/toolchains/beta-2023-12-22-x86_64-unknown-linux-gnu/lib/rustlib/x86_64-unknown-linux-gnu/lib/libstd_detect-cb06ac9f54713f71.rlib" "/opt/rustwide/rustup-home/toolchains/beta-2023-12-22-x86_64-unknown-linux-gnu/lib/rustlib/x86_64-unknown-linux-gnu/lib/libhashbrown-f20bfd1f8e59b393.rlib" "/opt/rustwide/rustup-home/toolchains/beta-2023-12-22-x86_64-unknown-linux-gnu/lib/rustlib/x86_64-unknown-linux-gnu/lib/librustc_std_workspace_alloc-1ef460949b49da4b.rlib" "/opt/rustwide/rustup-home/toolchains/beta-2023-12-22-x86_64-unknown-linux-gnu/lib/rustlib/x86_64-unknown-linux-gnu/lib/libminiz_oxide-2cb0c0ffe4f87514.rlib" "/opt/rustwide/rustup-home/toolchains/beta-2023-12-22-x86_64-unknown-linux-gnu/lib/rustlib/x86_64-unknown-linux-gnu/lib/libadler-58d841eb322a11a2.rlib" "/opt/rustwide/rustup-home/toolchains/beta-2023-12-22-x86_64-unknown-linux-gnu/lib/rustlib/x86_64-unknown-linux-gnu/lib/libunwind-aa2ae0b0a9d11533.rlib" "/opt/rustwide/rustup-home/toolchains/beta-2023-12-22-x86_64-unknown-linux-gnu/lib/rustlib/x86_64-unknown-linux-gnu/lib/libcfg_if-23874e15830ed336.rlib" "/opt/rustwide/rustup-home/toolchains/beta-2023-12-22-x86_64-unknown-linux-gnu/lib/rustlib/x86_64-unknown-linux-gnu/lib/liblibc-e47cddc003bce885.rlib" "/opt/rustwide/rustup-home/toolchains/beta-2023-12-22-x86_64-unknown-linux-gnu/lib/rustlib/x86_64-unknown-linux-gnu/lib/liballoc-c22b13b48a8f128e.rlib" "/opt/rustwide/rustup-home/toolchains/beta-2023-12-22-x86_64-unknown-linux-gnu/lib/rustlib/x86_64-unknown-linux-gnu/lib/librustc_std_workspace_core-e46bc3da6d7c462f.rlib" "/opt/rustwide/rustup-home/toolchains/beta-2023-12-22-x86_64-unknown-linux-gnu/lib/rustlib/x86_64-unknown-linux-gnu/lib/libcore-8d1ac131d3cb2645.rlib" "/opt/rustwide/rustup-home/toolchains/beta-2023-12-22-x86_64-unknown-linux-gnu/lib/rustlib/x86_64-unknown-linux-gnu/lib/libcompiler_builtins-a1b43df8c6899c1f.rlib" "-Wl,-Bdynamic" "-lgcc_s" "-lutil" "-lrt" "-lpthread" "-lm" "-ldl" "-lc" "-Wl,--eh-frame-hdr" "-Wl,-z,noexecstack" "-L" "/opt/rustwide/rustup-home/toolchains/beta-2023-12-22-x86_64-unknown-linux-gnu/lib/rustlib/x86_64-unknown-linux-gnu/lib" "-o" "/opt/rustwide/target/debug/deps/libthiserror_impl-b702c882ae68e3cf.so" "-Wl,--gc-sections" "-shared" "-Wl,-z,relro,-z,now" "-nodefaultlibs"
[INFO] [stdout]   = note: /usr/bin/ld: final link failed: No space left on device
[INFO] [stdout]           collect2: error: ld returned 1 exit status
[INFO] [stdout]           
[INFO] [stdout] 
[INFO] [stdout] 
[INFO] [stdout] error: aborting due to 1 previous error
[INFO] [stdout] 
[INFO] [stdout] 
[INFO] [stderr] error: could not compile `thiserror-impl` (lib) due to 2 previous errors
[INFO] [stderr] error: could not compile `phf_macros` (lib) due to 2 previous errors
[INFO] [stderr] LLVM ERROR: IO failure on output stream: No space left on device
[INFO] [stderr] LLVM ERROR: IO failure on output stream: No space left on device
[INFO] [stderr] LLVM ERROR: IO failure on output stream: No space left on device
[INFO] [stderr] error: could not compile `curve25519-dalek-fiat` (lib)
[INFO] [stderr] error: could not compile `clap_derive` (lib)
[INFO] [stderr] error: could not compile `serde_derive` (lib)
[INFO] [stdout] error: linking with `cc` failed: exit status: 1
[INFO] [stdout]   |
[INFO] [stdout]   = note: LC_ALL="C" PATH="/opt/rustwide/rustup-home/toolchains/beta-2023-12-22-x86_64-unknown-linux-gnu/lib/rustlib/x86_64-unknown-linux-gnu/bin:/opt/rustwide/cargo-home/bin:/usr/local/sbin:/usr/local/bin:/usr/sbin:/usr/bin:/sbin:/bin" VSLANG="1033" "cc" "-Wl,--version-script=/tmp/rustcu4GGLm/list" "-Wl,--no-undefined-version" "-m64" "/tmp/rustcu4GGLm/symbols.o" "/opt/rustwide/target/debug/deps/proptest_derive-0dd7046bc5efae1e.proptest_derive.9fce2f2ec6ff3049-cgu.00.rcgu.o" "/opt/rustwide/target/debug/deps/proptest_derive-0dd7046bc5efae1e.proptest_derive.9fce2f2ec6ff3049-cgu.01.rcgu.o" "/opt/rustwide/target/debug/deps/proptest_derive-0dd7046bc5efae1e.proptest_derive.9fce2f2ec6ff3049-cgu.02.rcgu.o" "/opt/rustwide/target/debug/deps/proptest_derive-0dd7046bc5efae1e.proptest_derive.9fce2f2ec6ff3049-cgu.03.rcgu.o" "/opt/rustwide/target/debug/deps/proptest_derive-0dd7046bc5efae1e.proptest_derive.9fce2f2ec6ff3049-cgu.04.rcgu.o" "/opt/rustwide/target/debug/deps/proptest_derive-0dd7046bc5efae1e.proptest_derive.9fce2f2ec6ff3049-cgu.05.rcgu.o" "/opt/rustwide/target/debug/deps/proptest_derive-0dd7046bc5efae1e.proptest_derive.9fce2f2ec6ff3049-cgu.06.rcgu.o" "/opt/rustwide/target/debug/deps/proptest_derive-0dd7046bc5efae1e.proptest_derive.9fce2f2ec6ff3049-cgu.07.rcgu.o" "/opt/rustwide/target/debug/deps/proptest_derive-0dd7046bc5efae1e.proptest_derive.9fce2f2ec6ff3049-cgu.08.rcgu.o" "/opt/rustwide/target/debug/deps/proptest_derive-0dd7046bc5efae1e.proptest_derive.9fce2f2ec6ff3049-cgu.09.rcgu.o" "/opt/rustwide/target/debug/deps/proptest_derive-0dd7046bc5efae1e.proptest_derive.9fce2f2ec6ff3049-cgu.10.rcgu.o" "/opt/rustwide/target/debug/deps/proptest_derive-0dd7046bc5efae1e.proptest_derive.9fce2f2ec6ff3049-cgu.11.rcgu.o" "/opt/rustwide/target/debug/deps/proptest_derive-0dd7046bc5efae1e.proptest_derive.9fce2f2ec6ff3049-cgu.12.rcgu.o" "/opt/rustwide/target/debug/deps/proptest_derive-0dd7046bc5efae1e.proptest_derive.9fce2f2ec6ff3049-cgu.13.rcgu.o" "/opt/rustwide/target/debug/deps/proptest_derive-0dd7046bc5efae1e.proptest_derive.9fce2f2ec6ff3049-cgu.14.rcgu.o" "/opt/rustwide/target/debug/deps/proptest_derive-0dd7046bc5efae1e.proptest_derive.9fce2f2ec6ff3049-cgu.15.rcgu.o" "/opt/rustwide/target/debug/deps/proptest_derive-0dd7046bc5efae1e.3bh6wv4nv6wrfi7l.rcgu.rmeta" "/opt/rustwide/target/debug/deps/proptest_derive-0dd7046bc5efae1e.p2r4h0bbuxcrd7l.rcgu.o" "-Wl,--as-needed" "-L" "/opt/rustwide/target/debug/deps" "-L" "/opt/rustwide/rustup-home/toolchains/beta-2023-12-22-x86_64-unknown-linux-gnu/lib/rustlib/x86_64-unknown-linux-gnu/lib" "-Wl,-Bstatic" "/opt/rustwide/target/debug/deps/libsyn-a5a49240964d0ddf.rlib" "/opt/rustwide/target/debug/deps/libquote-306b92c44340f610.rlib" "/opt/rustwide/target/debug/deps/libproc_macro2-64f175e00a107c90.rlib" "/opt/rustwide/target/debug/deps/libunicode_xid-9912127db16504c2.rlib" "/opt/rustwide/rustup-home/toolchains/beta-2023-12-22-x86_64-unknown-linux-gnu/lib/rustlib/x86_64-unknown-linux-gnu/lib/libproc_macro-dac9343a0962bb53.rlib" "/opt/rustwide/rustup-home/toolchains/beta-2023-12-22-x86_64-unknown-linux-gnu/lib/rustlib/x86_64-unknown-linux-gnu/lib/libstd-0672489a78b613de.rlib" "/opt/rustwide/rustup-home/toolchains/beta-2023-12-22-x86_64-unknown-linux-gnu/lib/rustlib/x86_64-unknown-linux-gnu/lib/libpanic_unwind-7eb3ffc34a49f675.rlib" "/opt/rustwide/rustup-home/toolchains/beta-2023-12-22-x86_64-unknown-linux-gnu/lib/rustlib/x86_64-unknown-linux-gnu/lib/libobject-6478a9daa4bee8e2.rlib" "/opt/rustwide/rustup-home/toolchains/beta-2023-12-22-x86_64-unknown-linux-gnu/lib/rustlib/x86_64-unknown-linux-gnu/lib/libmemchr-0c75d871a5c3923d.rlib" "/opt/rustwide/rustup-home/toolchains/beta-2023-12-22-x86_64-unknown-linux-gnu/lib/rustlib/x86_64-unknown-linux-gnu/lib/libaddr2line-d163ef63ad37bb71.rlib" "/opt/rustwide/rustup-home/toolchains/beta-2023-12-22-x86_64-unknown-linux-gnu/lib/rustlib/x86_64-unknown-linux-gnu/lib/libgimli-8a3fd810a85b9f4c.rlib" "/opt/rustwide/rustup-home/toolchains/beta-2023-12-22-x86_64-unknown-linux-gnu/lib/rustlib/x86_64-unknown-linux-gnu/lib/librustc_demangle-462a2cde8c5dfc10.rlib" "/opt/rustwide/rustup-home/toolchains/beta-2023-12-22-x86_64-unknown-linux-gnu/lib/rustlib/x86_64-unknown-linux-gnu/lib/libstd_detect-cb06ac9f54713f71.rlib" "/opt/rustwide/rustup-home/toolchains/beta-2023-12-22-x86_64-unknown-linux-gnu/lib/rustlib/x86_64-unknown-linux-gnu/lib/libhashbrown-f20bfd1f8e59b393.rlib" "/opt/rustwide/rustup-home/toolchains/beta-2023-12-22-x86_64-unknown-linux-gnu/lib/rustlib/x86_64-unknown-linux-gnu/lib/librustc_std_workspace_alloc-1ef460949b49da4b.rlib" "/opt/rustwide/rustup-home/toolchains/beta-2023-12-22-x86_64-unknown-linux-gnu/lib/rustlib/x86_64-unknown-linux-gnu/lib/libminiz_oxide-2cb0c0ffe4f87514.rlib" "/opt/rustwide/rustup-home/toolchains/beta-2023-12-22-x86_64-unknown-linux-gnu/lib/rustlib/x86_64-unknown-linux-gnu/lib/libadler-58d841eb322a11a2.rlib" "/opt/rustwide/rustup-home/toolchains/beta-2023-12-22-x86_64-unknown-linux-gnu/lib/rustlib/x86_64-unknown-linux-gnu/lib/libunwind-aa2ae0b0a9d11533.rlib" "/opt/rustwide/rustup-home/toolchains/beta-2023-12-22-x86_64-unknown-linux-gnu/lib/rustlib/x86_64-unknown-linux-gnu/lib/libcfg_if-23874e15830ed336.rlib" "/opt/rustwide/rustup-home/toolchains/beta-2023-12-22-x86_64-unknown-linux-gnu/lib/rustlib/x86_64-unknown-linux-gnu/lib/liblibc-e47cddc003bce885.rlib" "/opt/rustwide/rustup-home/toolchains/beta-2023-12-22-x86_64-unknown-linux-gnu/lib/rustlib/x86_64-unknown-linux-gnu/lib/liballoc-c22b13b48a8f128e.rlib" "/opt/rustwide/rustup-home/toolchains/beta-2023-12-22-x86_64-unknown-linux-gnu/lib/rustlib/x86_64-unknown-linux-gnu/lib/librustc_std_workspace_core-e46bc3da6d7c462f.rlib" "/opt/rustwide/rustup-home/toolchains/beta-2023-12-22-x86_64-unknown-linux-gnu/lib/rustlib/x86_64-unknown-linux-gnu/lib/libcore-8d1ac131d3cb2645.rlib" "/opt/rustwide/rustup-home/toolchains/beta-2023-12-22-x86_64-unknown-linux-gnu/lib/rustlib/x86_64-unknown-linux-gnu/lib/libcompiler_builtins-a1b43df8c6899c1f.rlib" "-Wl,-Bdynamic" "-lgcc_s" "-lutil" "-lrt" "-lpthread" "-lm" "-ldl" "-lc" "-Wl,--eh-frame-hdr" "-Wl,-z,noexecstack" "-L" "/opt/rustwide/rustup-home/toolchains/beta-2023-12-22-x86_64-unknown-linux-gnu/lib/rustlib/x86_64-unknown-linux-gnu/lib" "-o" "/opt/rustwide/target/debug/deps/libproptest_derive-0dd7046bc5efae1e.so" "-Wl,--gc-sections" "-shared" "-Wl,-z,relro,-z,now" "-nodefaultlibs"
[INFO] [stdout]   = note: /usr/bin/ld: final link failed: No space left on device
[INFO] [stdout]           collect2: error: ld returned 1 exit status
[INFO] [stdout]           
[INFO] [stdout] 
[INFO] [stdout] 
[INFO] [stdout] error: aborting due to 1 previous error
[INFO] [stdout] 
[INFO] [stdout] 
[INFO] [stderr] error: could not compile `proptest-derive` (lib) due to 2 previous errors
[INFO] running `Command { std: "docker" "inspect" "4b0a5e742fd8bab5c3da0999bae23efad240b2bb2b38d8652268f77a8dc29b3c", kill_on_drop: false }`
[INFO] running `Command { std: "docker" "rm" "-f" "4b0a5e742fd8bab5c3da0999bae23efad240b2bb2b38d8652268f77a8dc29b3c", kill_on_drop: false }`
[INFO] [stdout] 4b0a5e742fd8bab5c3da0999bae23efad240b2bb2b38d8652268f77a8dc29b3c
