[INFO] cloning repository https://github.com/sansumbrella/path-tracer-rs
[INFO] running `Command { std: "git" "-c" "credential.helper=" "-c" "credential.helper=/workspace/cargo-home/bin/git-credential-null" "clone" "--bare" "https://github.com/sansumbrella/path-tracer-rs" "/workspace/cache/git-repos/https%3A%2F%2Fgithub.com%2Fsansumbrella%2Fpath-tracer-rs", kill_on_drop: false }`
[INFO] [stderr] Cloning into bare repository '/workspace/cache/git-repos/https%3A%2F%2Fgithub.com%2Fsansumbrella%2Fpath-tracer-rs'...
[INFO] running `Command { std: "git" "rev-parse" "HEAD", kill_on_drop: false }`
[INFO] [stdout] 9de8797bfa957b82393d1757b84c24357ddc0f02
[INFO] testing sansumbrella/path-tracer-rs against 1.75.0 for beta-1.76-1
[INFO] running `Command { std: "git" "clone" "/workspace/cache/git-repos/https%3A%2F%2Fgithub.com%2Fsansumbrella%2Fpath-tracer-rs" "/workspace/builds/worker-0-tc1/source", kill_on_drop: false }`
[INFO] [stderr] Cloning into '/workspace/builds/worker-0-tc1/source'...
[INFO] [stderr] done.
[INFO] validating manifest of git repo https://github.com/sansumbrella/path-tracer-rs on toolchain 1.75.0
[INFO] running `Command { std: CARGO_HOME="/workspace/cargo-home" RUSTUP_HOME="/workspace/rustup-home" "/workspace/cargo-home/bin/cargo" "+1.75.0" "metadata" "--manifest-path" "Cargo.toml" "--no-deps", kill_on_drop: false }`
[INFO] started tweaking git repo https://github.com/sansumbrella/path-tracer-rs
[INFO] finished tweaking git repo https://github.com/sansumbrella/path-tracer-rs
[INFO] tweaked toml for git repo https://github.com/sansumbrella/path-tracer-rs written to /workspace/builds/worker-0-tc1/source/Cargo.toml
[INFO] crate git repo https://github.com/sansumbrella/path-tracer-rs already has a lockfile, it will not be regenerated
[INFO] running `Command { std: CARGO_HOME="/workspace/cargo-home" RUSTUP_HOME="/workspace/rustup-home" "/workspace/cargo-home/bin/cargo" "+1.75.0" "fetch" "--manifest-path" "Cargo.toml", kill_on_drop: false }`
[INFO] [stderr]  Downloading crates ...
[INFO] [stderr]   Downloaded rand_os v0.1.0
[INFO] [stderr]   Downloaded num-derive v0.2.3
[INFO] [stderr]   Downloaded rand v0.6.3
[INFO] running `Command { std: "docker" "create" "-v" "/var/lib/crater-agent-workspace/builds/worker-0-tc1/target:/opt/rustwide/target:rw,Z" "-v" "/var/lib/crater-agent-workspace/builds/worker-0-tc1/source:/opt/rustwide/workdir:ro,Z" "-v" "/var/lib/crater-agent-workspace/cargo-home:/opt/rustwide/cargo-home:ro,Z" "-v" "/var/lib/crater-agent-workspace/rustup-home:/opt/rustwide/rustup-home:ro,Z" "-e" "SOURCE_DIR=/opt/rustwide/workdir" "-e" "CARGO_TARGET_DIR=/opt/rustwide/target" "-e" "CARGO_HOME=/opt/rustwide/cargo-home" "-e" "RUSTUP_HOME=/opt/rustwide/rustup-home" "-w" "/opt/rustwide/workdir" "-m" "1610612736" "--user" "0:0" "--network" "none" "ghcr.io/rust-lang/crates-build-env/linux@sha256:2788e3201cd34a07e3172128adcd8b3090168a8e3bcc40d7c032b9dda1df7d1c" "/opt/rustwide/cargo-home/bin/cargo" "+1.75.0" "metadata" "--no-deps" "--format-version=1", kill_on_drop: false }`
[INFO] [stdout] 98bb5d72b918f3e7b109636b3d94b7e440263fca10c926652a45ca05f6f945f3
[INFO] running `Command { std: "docker" "start" "-a" "98bb5d72b918f3e7b109636b3d94b7e440263fca10c926652a45ca05f6f945f3", kill_on_drop: false }`
[INFO] running `Command { std: "docker" "inspect" "98bb5d72b918f3e7b109636b3d94b7e440263fca10c926652a45ca05f6f945f3", kill_on_drop: false }`
[INFO] running `Command { std: "docker" "rm" "-f" "98bb5d72b918f3e7b109636b3d94b7e440263fca10c926652a45ca05f6f945f3", kill_on_drop: false }`
[INFO] [stdout] 98bb5d72b918f3e7b109636b3d94b7e440263fca10c926652a45ca05f6f945f3
[INFO] running `Command { std: "docker" "create" "-v" "/var/lib/crater-agent-workspace/builds/worker-0-tc1/target:/opt/rustwide/target:rw,Z" "-v" "/var/lib/crater-agent-workspace/builds/worker-0-tc1/source:/opt/rustwide/workdir:ro,Z" "-v" "/var/lib/crater-agent-workspace/cargo-home:/opt/rustwide/cargo-home:ro,Z" "-v" "/var/lib/crater-agent-workspace/rustup-home:/opt/rustwide/rustup-home:ro,Z" "-e" "SOURCE_DIR=/opt/rustwide/workdir" "-e" "CARGO_TARGET_DIR=/opt/rustwide/target" "-e" "CARGO_INCREMENTAL=0" "-e" "RUST_BACKTRACE=full" "-e" "RUSTFLAGS=--cap-lints=warn" "-e" "RUSTDOCFLAGS=--cap-lints=warn" "-e" "CARGO_HOME=/opt/rustwide/cargo-home" "-e" "RUSTUP_HOME=/opt/rustwide/rustup-home" "-w" "/opt/rustwide/workdir" "-m" "1610612736" "--user" "0:0" "--network" "none" "ghcr.io/rust-lang/crates-build-env/linux@sha256:2788e3201cd34a07e3172128adcd8b3090168a8e3bcc40d7c032b9dda1df7d1c" "/opt/rustwide/cargo-home/bin/cargo" "+1.75.0" "build" "--frozen" "--message-format=json", kill_on_drop: false }`
[INFO] [stdout] 9af657222e63aebda124cfc68becc19adaaf5add97824b93e8164c14a9eb019b
[INFO] running `Command { std: "docker" "start" "-a" "9af657222e63aebda124cfc68becc19adaaf5add97824b93e8164c14a9eb019b", kill_on_drop: false }`
[INFO] [stderr]    Compiling num-traits v0.2.6
[INFO] [stderr]    Compiling libc v0.2.46
[INFO] [stderr]    Compiling arrayvec v0.4.10
[INFO] [stderr]    Compiling cfg-if v0.1.6
[INFO] [stderr]    Compiling rand_core v0.3.0
[INFO] [stderr]    Compiling nodrop v0.1.13
[INFO] [stderr]    Compiling memoffset v0.2.1
[INFO] [stderr]    Compiling scopeguard v0.3.3
[INFO] [stderr]    Compiling semver-parser v0.7.0
[INFO] [stderr]    Compiling lazy_static v1.2.0
[INFO] [stderr]    Compiling autocfg v0.1.1
[INFO] [stderr]    Compiling proc-macro2 v0.4.24
[INFO] [stderr]    Compiling rayon-core v1.4.1
[INFO] [stderr]    Compiling unicode-xid v0.1.0
[INFO] [stderr]    Compiling num-integer v0.1.39
[INFO] [stderr]    Compiling byteorder v1.2.7
[INFO] [stderr]    Compiling crossbeam-utils v0.2.2
[INFO] [stderr]    Compiling rayon v1.0.3
[INFO] [stderr]    Compiling adler32 v1.0.3
[INFO] [stderr]    Compiling either v1.5.0
[INFO] [stderr]    Compiling num-iter v0.1.37
[INFO] [stderr]    Compiling num-derive v0.2.3
[INFO] [stderr]    Compiling semver v0.9.0
[INFO] [stderr]    Compiling num-rational v0.2.1
[INFO] [stderr]    Compiling lzw v0.10.0
[INFO] [stderr]    Compiling deflate v0.7.19
[INFO] [stderr]    Compiling inflate v0.4.4
[INFO] [stderr]    Compiling rand_hc v0.1.0
[INFO] [stderr]    Compiling rand_xorshift v0.1.1
[INFO] [stderr]    Compiling rand_chacha v0.1.1
[INFO] [stderr]    Compiling rand v0.6.3
[INFO] [stderr]    Compiling rustc_version v0.2.3
[INFO] [stderr]    Compiling rand_isaac v0.1.1
[INFO] [stderr]    Compiling color_quant v1.0.1
[INFO] [stderr]    Compiling bitflags v1.0.4
[INFO] [stderr]    Compiling scoped_threadpool v0.1.9
[INFO] [stderr]    Compiling gif v0.10.1
[INFO] [stderr]    Compiling rand_pcg v0.1.1
[INFO] [stderr]    Compiling crossbeam-epoch v0.3.1
[INFO] [stderr]    Compiling num_cpus v1.9.0
[INFO] [stderr]    Compiling rand_os v0.1.0
[INFO] [stderr]    Compiling crossbeam-deque v0.2.0
[INFO] [stderr]    Compiling quote v0.6.10
[INFO] [stderr]    Compiling approx v0.3.1
[INFO] [stderr]    Compiling syn v0.15.23
[INFO] [stderr]    Compiling png v0.12.0
[INFO] [stderr]    Compiling jpeg-decoder v0.1.15
[INFO] [stderr]    Compiling path_tracing v0.1.0 (/opt/rustwide/workdir/path_tracing)
[INFO] [stderr]    Compiling tiff v0.2.1
[INFO] [stderr]    Compiling image v0.20.1
[INFO] [stderr]    Compiling path-tracer v0.1.0 (/opt/rustwide/workdir/path-tracer)
[INFO] [stderr]     Finished dev [unoptimized + debuginfo] target(s) in 9.23s
[INFO] running `Command { std: "docker" "inspect" "9af657222e63aebda124cfc68becc19adaaf5add97824b93e8164c14a9eb019b", kill_on_drop: false }`
[INFO] running `Command { std: "docker" "rm" "-f" "9af657222e63aebda124cfc68becc19adaaf5add97824b93e8164c14a9eb019b", kill_on_drop: false }`
[INFO] [stdout] 9af657222e63aebda124cfc68becc19adaaf5add97824b93e8164c14a9eb019b
[INFO] running `Command { std: "docker" "create" "-v" "/var/lib/crater-agent-workspace/builds/worker-0-tc1/target:/opt/rustwide/target:rw,Z" "-v" "/var/lib/crater-agent-workspace/builds/worker-0-tc1/source:/opt/rustwide/workdir:ro,Z" "-v" "/var/lib/crater-agent-workspace/cargo-home:/opt/rustwide/cargo-home:ro,Z" "-v" "/var/lib/crater-agent-workspace/rustup-home:/opt/rustwide/rustup-home:ro,Z" "-e" "SOURCE_DIR=/opt/rustwide/workdir" "-e" "CARGO_TARGET_DIR=/opt/rustwide/target" "-e" "CARGO_INCREMENTAL=0" "-e" "RUST_BACKTRACE=full" "-e" "RUSTFLAGS=--cap-lints=warn" "-e" "RUSTDOCFLAGS=--cap-lints=warn" "-e" "CARGO_HOME=/opt/rustwide/cargo-home" "-e" "RUSTUP_HOME=/opt/rustwide/rustup-home" "-w" "/opt/rustwide/workdir" "-m" "1610612736" "--user" "0:0" "--network" "none" "ghcr.io/rust-lang/crates-build-env/linux@sha256:2788e3201cd34a07e3172128adcd8b3090168a8e3bcc40d7c032b9dda1df7d1c" "/opt/rustwide/cargo-home/bin/cargo" "+1.75.0" "test" "--frozen" "--no-run" "--message-format=json", kill_on_drop: false }`
[INFO] [stdout] f6452525f09d6e1a5218acb272665bbd430efd9aa6d2af4ad18a4db444733c5f
[INFO] running `Command { std: "docker" "start" "-a" "f6452525f09d6e1a5218acb272665bbd430efd9aa6d2af4ad18a4db444733c5f", kill_on_drop: false }`
[INFO] [stderr]    Compiling path_tracing v0.1.0 (/opt/rustwide/workdir/path_tracing)
[INFO] [stderr]    Compiling path-tracer v0.1.0 (/opt/rustwide/workdir/path-tracer)
[INFO] [stderr]     Finished test [unoptimized + debuginfo] target(s) in 0.73s
[INFO] running `Command { std: "docker" "inspect" "f6452525f09d6e1a5218acb272665bbd430efd9aa6d2af4ad18a4db444733c5f", kill_on_drop: false }`
[INFO] running `Command { std: "docker" "rm" "-f" "f6452525f09d6e1a5218acb272665bbd430efd9aa6d2af4ad18a4db444733c5f", kill_on_drop: false }`
[INFO] [stdout] f6452525f09d6e1a5218acb272665bbd430efd9aa6d2af4ad18a4db444733c5f
[INFO] running `Command { std: "docker" "create" "-v" "/var/lib/crater-agent-workspace/builds/worker-0-tc1/target:/opt/rustwide/target:rw,Z" "-v" "/var/lib/crater-agent-workspace/builds/worker-0-tc1/source:/opt/rustwide/workdir:ro,Z" "-v" "/var/lib/crater-agent-workspace/cargo-home:/opt/rustwide/cargo-home:ro,Z" "-v" "/var/lib/crater-agent-workspace/rustup-home:/opt/rustwide/rustup-home:ro,Z" "-e" "SOURCE_DIR=/opt/rustwide/workdir" "-e" "CARGO_TARGET_DIR=/opt/rustwide/target" "-e" "CARGO_INCREMENTAL=0" "-e" "RUST_BACKTRACE=full" "-e" "RUSTFLAGS=--cap-lints=warn" "-e" "RUSTDOCFLAGS=--cap-lints=warn" "-e" "CARGO_HOME=/opt/rustwide/cargo-home" "-e" "RUSTUP_HOME=/opt/rustwide/rustup-home" "-w" "/opt/rustwide/workdir" "-m" "1610612736" "--user" "0:0" "--network" "none" "ghcr.io/rust-lang/crates-build-env/linux@sha256:2788e3201cd34a07e3172128adcd8b3090168a8e3bcc40d7c032b9dda1df7d1c" "/opt/rustwide/cargo-home/bin/cargo" "+1.75.0" "test" "--frozen", kill_on_drop: false }`
[INFO] [stdout] 71f7bf5241f06f3d373303cd2bf064036417f0df19bc5cc2818592742cead321
[INFO] running `Command { std: "docker" "start" "-a" "71f7bf5241f06f3d373303cd2bf064036417f0df19bc5cc2818592742cead321", kill_on_drop: false }`
[INFO] [stderr]     Finished test [unoptimized + debuginfo] target(s) in 0.05s
[INFO] [stderr]      Running unittests src/main.rs (/opt/rustwide/target/debug/deps/path_tracer-cc23b539a406959e)
[INFO] [stdout] 
[INFO] [stdout] running 0 tests
[INFO] [stdout] 
[INFO] [stdout] test result: ok. 0 passed; 0 failed; 0 ignored; 0 measured; 0 filtered out; finished in 0.00s
[INFO] [stdout] 
[INFO] [stderr]      Running unittests src/lib.rs (/opt/rustwide/target/debug/deps/path_tracing-c940a05b7ea8bb73)
[INFO] [stdout] 
[INFO] [stdout] running 13 tests
[INFO] [stdout] test ray::tests::point_along_ray ... ok
[INFO] [stdout] test utilities::tests::cross_product ... ok
[INFO] [stdout] test vector::tests::addition ... ok
[INFO] [stdout] test vector::tests::multiplication ... ok
[INFO] [stdout] test vector::tests::subtraction ... ok
[INFO] [stdout] test utilities::tests::dot_product ... ok
[INFO] [stdout] test utilities::tests::mixing_built_in_types ... ok
[INFO] [stdout] test utilities::tests::normalize_vectors ... ok
[INFO] [stdout] test sphere::tests::sphere_at_origin ... ok
[INFO] [stdout] test utilities::tests::mixing_vector_types ... ok
[INFO] [stdout] test vector::tests::division ... ok
[INFO] [stdout] test utilities::tests::trigonometry_functions ... ok
[INFO] [stdout] test utilities::tests::sphere_random ... ok
[INFO] [stdout] 
[INFO] [stdout] test result: ok. 13 passed; 0 failed; 0 ignored; 0 measured; 0 filtered out; finished in 0.04s
[INFO] [stdout] 
[INFO] [stderr]    Doc-tests path_tracing
[INFO] [stdout] 
[INFO] [stdout] running 0 tests
[INFO] [stdout] 
[INFO] [stdout] test result: ok. 0 passed; 0 failed; 0 ignored; 0 measured; 0 filtered out; finished in 0.00s
[INFO] [stdout] 
[INFO] running `Command { std: "docker" "inspect" "71f7bf5241f06f3d373303cd2bf064036417f0df19bc5cc2818592742cead321", kill_on_drop: false }`
[INFO] running `Command { std: "docker" "rm" "-f" "71f7bf5241f06f3d373303cd2bf064036417f0df19bc5cc2818592742cead321", kill_on_drop: false }`
[INFO] [stdout] 71f7bf5241f06f3d373303cd2bf064036417f0df19bc5cc2818592742cead321
[INFO] testing sansumbrella/path-tracer-rs against beta-2023-12-22 for beta-1.76-1
[INFO] running `Command { std: "git" "clone" "/workspace/cache/git-repos/https%3A%2F%2Fgithub.com%2Fsansumbrella%2Fpath-tracer-rs" "/workspace/builds/worker-0-tc2/source", kill_on_drop: false }`
[INFO] [stderr] Cloning into '/workspace/builds/worker-0-tc2/source'...
[INFO] [stderr] done.
[INFO] validating manifest of git repo https://github.com/sansumbrella/path-tracer-rs on toolchain beta-2023-12-22
[INFO] running `Command { std: CARGO_HOME="/workspace/cargo-home" RUSTUP_HOME="/workspace/rustup-home" "/workspace/cargo-home/bin/cargo" "+beta-2023-12-22" "metadata" "--manifest-path" "Cargo.toml" "--no-deps", kill_on_drop: false }`
[INFO] started tweaking git repo https://github.com/sansumbrella/path-tracer-rs
[INFO] finished tweaking git repo https://github.com/sansumbrella/path-tracer-rs
[INFO] tweaked toml for git repo https://github.com/sansumbrella/path-tracer-rs written to /workspace/builds/worker-0-tc2/source/Cargo.toml
[INFO] crate git repo https://github.com/sansumbrella/path-tracer-rs already has a lockfile, it will not be regenerated
[INFO] running `Command { std: CARGO_HOME="/workspace/cargo-home" RUSTUP_HOME="/workspace/rustup-home" "/workspace/cargo-home/bin/cargo" "+beta-2023-12-22" "fetch" "--manifest-path" "Cargo.toml", kill_on_drop: false }`
[INFO] running `Command { std: "docker" "create" "-v" "/var/lib/crater-agent-workspace/builds/worker-0-tc2/target:/opt/rustwide/target:rw,Z" "-v" "/var/lib/crater-agent-workspace/builds/worker-0-tc2/source:/opt/rustwide/workdir:ro,Z" "-v" "/var/lib/crater-agent-workspace/cargo-home:/opt/rustwide/cargo-home:ro,Z" "-v" "/var/lib/crater-agent-workspace/rustup-home:/opt/rustwide/rustup-home:ro,Z" "-e" "SOURCE_DIR=/opt/rustwide/workdir" "-e" "CARGO_TARGET_DIR=/opt/rustwide/target" "-e" "CARGO_HOME=/opt/rustwide/cargo-home" "-e" "RUSTUP_HOME=/opt/rustwide/rustup-home" "-w" "/opt/rustwide/workdir" "-m" "1610612736" "--user" "0:0" "--network" "none" "ghcr.io/rust-lang/crates-build-env/linux@sha256:2788e3201cd34a07e3172128adcd8b3090168a8e3bcc40d7c032b9dda1df7d1c" "/opt/rustwide/cargo-home/bin/cargo" "+beta-2023-12-22" "metadata" "--no-deps" "--format-version=1", kill_on_drop: false }`
[INFO] [stdout] c33bef6a9043998e5e80f38153ac5dc0d2af9cd7dc62f3055fabccf8c0de7183
[INFO] running `Command { std: "docker" "start" "-a" "c33bef6a9043998e5e80f38153ac5dc0d2af9cd7dc62f3055fabccf8c0de7183", kill_on_drop: false }`
[INFO] running `Command { std: "docker" "inspect" "c33bef6a9043998e5e80f38153ac5dc0d2af9cd7dc62f3055fabccf8c0de7183", kill_on_drop: false }`
[INFO] running `Command { std: "docker" "rm" "-f" "c33bef6a9043998e5e80f38153ac5dc0d2af9cd7dc62f3055fabccf8c0de7183", kill_on_drop: false }`
[INFO] [stdout] c33bef6a9043998e5e80f38153ac5dc0d2af9cd7dc62f3055fabccf8c0de7183
[INFO] running `Command { std: "docker" "create" "-v" "/var/lib/crater-agent-workspace/builds/worker-0-tc2/target:/opt/rustwide/target:rw,Z" "-v" "/var/lib/crater-agent-workspace/builds/worker-0-tc2/source:/opt/rustwide/workdir:ro,Z" "-v" "/var/lib/crater-agent-workspace/cargo-home:/opt/rustwide/cargo-home:ro,Z" "-v" "/var/lib/crater-agent-workspace/rustup-home:/opt/rustwide/rustup-home:ro,Z" "-e" "SOURCE_DIR=/opt/rustwide/workdir" "-e" "CARGO_TARGET_DIR=/opt/rustwide/target" "-e" "CARGO_INCREMENTAL=0" "-e" "RUST_BACKTRACE=full" "-e" "RUSTFLAGS=--cap-lints=warn" "-e" "RUSTDOCFLAGS=--cap-lints=warn" "-e" "CARGO_HOME=/opt/rustwide/cargo-home" "-e" "RUSTUP_HOME=/opt/rustwide/rustup-home" "-w" "/opt/rustwide/workdir" "-m" "1610612736" "--user" "0:0" "--network" "none" "ghcr.io/rust-lang/crates-build-env/linux@sha256:2788e3201cd34a07e3172128adcd8b3090168a8e3bcc40d7c032b9dda1df7d1c" "/opt/rustwide/cargo-home/bin/cargo" "+beta-2023-12-22" "build" "--frozen" "--message-format=json", kill_on_drop: false }`
[INFO] [stdout] 0714d15b71c920ba458bfbb31f042560665a7fa9cd8c36f1477a4a06f26f197f
[INFO] running `Command { std: "docker" "start" "-a" "0714d15b71c920ba458bfbb31f042560665a7fa9cd8c36f1477a4a06f26f197f", kill_on_drop: false }`
[INFO] [stderr]    Compiling num-traits v0.2.6
[INFO] [stderr]    Compiling libc v0.2.46
[INFO] [stderr]    Compiling arrayvec v0.4.10
[INFO] [stderr]    Compiling nodrop v0.1.13
[INFO] [stderr]    Compiling rand_core v0.3.0
[INFO] [stderr]    Compiling cfg-if v0.1.6
[INFO] [stderr]    Compiling scopeguard v0.3.3
[INFO] [stderr]    Compiling autocfg v0.1.1
[INFO] [stderr]    Compiling semver-parser v0.7.0
[INFO] [stderr]    Compiling memoffset v0.2.1
[INFO] [stderr]    Compiling lazy_static v1.2.0
[INFO] [stderr]    Compiling proc-macro2 v0.4.24
[INFO] [stderr]    Compiling rayon-core v1.4.1
[INFO] [stderr]    Compiling unicode-xid v0.1.0
[INFO] [stderr]    Compiling num-integer v0.1.39
[INFO] [stderr]    Compiling rayon v1.0.3
[INFO] [stderr]    Compiling byteorder v1.2.7
[INFO] [stderr]    Compiling crossbeam-utils v0.2.2
[INFO] [stderr]    Compiling adler32 v1.0.3
[INFO] [stderr]    Compiling num-iter v0.1.37
[INFO] [stderr]    Compiling num-derive v0.2.3
[INFO] [stderr]    Compiling either v1.5.0
[INFO] [stderr]    Compiling lzw v0.10.0
[INFO] [stderr]    Compiling num-rational v0.2.1
[INFO] [stderr]    Compiling rand_xorshift v0.1.1
[INFO] [stderr]    Compiling rand_hc v0.1.0
[INFO] [stderr]    Compiling rand_isaac v0.1.1
[INFO] [stderr]    Compiling rand_chacha v0.1.1
[INFO] [stderr]    Compiling semver v0.9.0
[INFO] [stderr]    Compiling rand v0.6.3
[INFO] [stderr]    Compiling deflate v0.7.19
[INFO] [stderr]    Compiling inflate v0.4.4
[INFO] [stderr]    Compiling rustc_version v0.2.3
[INFO] [stderr]    Compiling color_quant v1.0.1
[INFO] [stderr]    Compiling num_cpus v1.9.0
[INFO] [stderr]    Compiling rand_os v0.1.0
[INFO] [stderr]    Compiling bitflags v1.0.4
[INFO] [stderr]    Compiling gif v0.10.1
[INFO] [stderr]    Compiling scoped_threadpool v0.1.9
[INFO] [stderr]    Compiling crossbeam-epoch v0.3.1
[INFO] [stderr]    Compiling rand_pcg v0.1.1
[INFO] [stderr]    Compiling crossbeam-deque v0.2.0
[INFO] [stderr]    Compiling quote v0.6.10
[INFO] [stderr]    Compiling approx v0.3.1
[INFO] [stderr]    Compiling syn v0.15.23
[INFO] [stderr]    Compiling png v0.12.0
[INFO] [stderr]    Compiling jpeg-decoder v0.1.15
[INFO] [stderr]    Compiling path_tracing v0.1.0 (/opt/rustwide/workdir/path_tracing)
[INFO] [stderr]    Compiling tiff v0.2.1
[INFO] [stderr]    Compiling image v0.20.1
[INFO] [stderr]    Compiling path-tracer v0.1.0 (/opt/rustwide/workdir/path-tracer)
[INFO] [stderr]     Finished dev [unoptimized + debuginfo] target(s) in 10.66s
[INFO] running `Command { std: "docker" "inspect" "0714d15b71c920ba458bfbb31f042560665a7fa9cd8c36f1477a4a06f26f197f", kill_on_drop: false }`
[INFO] running `Command { std: "docker" "rm" "-f" "0714d15b71c920ba458bfbb31f042560665a7fa9cd8c36f1477a4a06f26f197f", kill_on_drop: false }`
[INFO] [stdout] 0714d15b71c920ba458bfbb31f042560665a7fa9cd8c36f1477a4a06f26f197f
[INFO] running `Command { std: "docker" "create" "-v" "/var/lib/crater-agent-workspace/builds/worker-0-tc2/target:/opt/rustwide/target:rw,Z" "-v" "/var/lib/crater-agent-workspace/builds/worker-0-tc2/source:/opt/rustwide/workdir:ro,Z" "-v" "/var/lib/crater-agent-workspace/cargo-home:/opt/rustwide/cargo-home:ro,Z" "-v" "/var/lib/crater-agent-workspace/rustup-home:/opt/rustwide/rustup-home:ro,Z" "-e" "SOURCE_DIR=/opt/rustwide/workdir" "-e" "CARGO_TARGET_DIR=/opt/rustwide/target" "-e" "CARGO_INCREMENTAL=0" "-e" "RUST_BACKTRACE=full" "-e" "RUSTFLAGS=--cap-lints=warn" "-e" "RUSTDOCFLAGS=--cap-lints=warn" "-e" "CARGO_HOME=/opt/rustwide/cargo-home" "-e" "RUSTUP_HOME=/opt/rustwide/rustup-home" "-w" "/opt/rustwide/workdir" "-m" "1610612736" "--user" "0:0" "--network" "none" "ghcr.io/rust-lang/crates-build-env/linux@sha256:2788e3201cd34a07e3172128adcd8b3090168a8e3bcc40d7c032b9dda1df7d1c" "/opt/rustwide/cargo-home/bin/cargo" "+beta-2023-12-22" "test" "--frozen" "--no-run" "--message-format=json", kill_on_drop: false }`
[INFO] [stdout] 68c8edeb5b890b538c676057a97809fc6093b0c22104a3717ca957bdc6b1dda0
[INFO] running `Command { std: "docker" "start" "-a" "68c8edeb5b890b538c676057a97809fc6093b0c22104a3717ca957bdc6b1dda0", kill_on_drop: false }`
[INFO] [stderr]    Compiling path_tracing v0.1.0 (/opt/rustwide/workdir/path_tracing)
[INFO] [stderr]    Compiling path-tracer v0.1.0 (/opt/rustwide/workdir/path-tracer)
[INFO] [stderr]     Finished test [unoptimized + debuginfo] target(s) in 0.89s
[INFO] running `Command { std: "docker" "inspect" "68c8edeb5b890b538c676057a97809fc6093b0c22104a3717ca957bdc6b1dda0", kill_on_drop: false }`
[INFO] running `Command { std: "docker" "rm" "-f" "68c8edeb5b890b538c676057a97809fc6093b0c22104a3717ca957bdc6b1dda0", kill_on_drop: false }`
[INFO] [stdout] 68c8edeb5b890b538c676057a97809fc6093b0c22104a3717ca957bdc6b1dda0
[INFO] running `Command { std: "docker" "create" "-v" "/var/lib/crater-agent-workspace/builds/worker-0-tc2/target:/opt/rustwide/target:rw,Z" "-v" "/var/lib/crater-agent-workspace/builds/worker-0-tc2/source:/opt/rustwide/workdir:ro,Z" "-v" "/var/lib/crater-agent-workspace/cargo-home:/opt/rustwide/cargo-home:ro,Z" "-v" "/var/lib/crater-agent-workspace/rustup-home:/opt/rustwide/rustup-home:ro,Z" "-e" "SOURCE_DIR=/opt/rustwide/workdir" "-e" "CARGO_TARGET_DIR=/opt/rustwide/target" "-e" "CARGO_INCREMENTAL=0" "-e" "RUST_BACKTRACE=full" "-e" "RUSTFLAGS=--cap-lints=warn" "-e" "RUSTDOCFLAGS=--cap-lints=warn" "-e" "CARGO_HOME=/opt/rustwide/cargo-home" "-e" "RUSTUP_HOME=/opt/rustwide/rustup-home" "-w" "/opt/rustwide/workdir" "-m" "1610612736" "--user" "0:0" "--network" "none" "ghcr.io/rust-lang/crates-build-env/linux@sha256:2788e3201cd34a07e3172128adcd8b3090168a8e3bcc40d7c032b9dda1df7d1c" "/opt/rustwide/cargo-home/bin/cargo" "+beta-2023-12-22" "test" "--frozen", kill_on_drop: false }`
[INFO] [stdout] 4b4d7f74524364dbce98a0cf2aae83795b1c27160b78913fb4351068bbc33028
[INFO] running `Command { std: "docker" "start" "-a" "4b4d7f74524364dbce98a0cf2aae83795b1c27160b78913fb4351068bbc33028", kill_on_drop: false }`
[INFO] [stderr]     Finished test [unoptimized + debuginfo] target(s) in 0.03s
[INFO] [stderr]      Running unittests src/main.rs (/opt/rustwide/target/debug/deps/path_tracer-51140e6cdf5e035e)
[INFO] [stdout] 
[INFO] [stdout] running 0 tests
[INFO] [stdout] 
[INFO] [stdout] test result: ok. 0 passed; 0 failed; 0 ignored; 0 measured; 0 filtered out; finished in 0.00s
[INFO] [stdout] 
[INFO] [stderr]      Running unittests src/lib.rs (/opt/rustwide/target/debug/deps/path_tracing-42f819bf9f85d0f2)
[INFO] [stdout] 
[INFO] [stdout] running 13 tests
[INFO] [stdout] test ray::tests::point_along_ray ... ok
[INFO] [stdout] test utilities::tests::cross_product ... ok
[INFO] [stdout] test sphere::tests::sphere_at_origin ... ok
[INFO] [stdout] test utilities::tests::dot_product ... ok
[INFO] [stdout] test utilities::tests::mixing_built_in_types ... ok
[INFO] [stdout] test utilities::tests::mixing_vector_types ... ok
[INFO] [stdout] test utilities::tests::normalize_vectors ... ok
[INFO] [stdout] test utilities::tests::trigonometry_functions ... ok
[INFO] [stdout] test vector::tests::addition ... ok
[INFO] [stdout] test vector::tests::multiplication ... ok
[INFO] [stdout] test vector::tests::division ... ok
[INFO] [stdout] test vector::tests::subtraction ... ok
[INFO] [stdout] test utilities::tests::sphere_random ... FAILED
[INFO] [stdout] 
[INFO] [stdout] failures:
[INFO] [stdout] 
[INFO] [stdout] ---- utilities::tests::sphere_random stdout ----
[INFO] [stdout] thread 'utilities::tests::sphere_random' panicked at path_tracing/src/utilities.rs:139:9:
[INFO] [stdout] assert_relative_eq!(random_in_unit_sphere().length_squared(), 1.0)
[INFO] [stdout] 
[INFO] [stdout]     left  = 1.0000000000000004
[INFO] [stdout]     right = 1.0
[INFO] [stdout] 
[INFO] [stdout] 
[INFO] [stdout] stack backtrace:
[INFO] [stdout]    0:     0x55b51e31ca06 - std::backtrace_rs::backtrace::libunwind::trace::h261606ad26a499c1
[INFO] [stdout]                                at /rustc/0e09125c6c3c2fd70d7de961bcf0e51575235fad/library/std/src/../../backtrace/src/backtrace/libunwind.rs:104:5
[INFO] [stdout]    1:     0x55b51e31ca06 - std::backtrace_rs::backtrace::trace_unsynchronized::hd183f0625477fb28
[INFO] [stdout]                                at /rustc/0e09125c6c3c2fd70d7de961bcf0e51575235fad/library/std/src/../../backtrace/src/backtrace/mod.rs:66:5
[INFO] [stdout]    2:     0x55b51e31ca06 - std::sys_common::backtrace::_print_fmt::hd7f8fef21b4eda67
[INFO] [stdout]                                at /rustc/0e09125c6c3c2fd70d7de961bcf0e51575235fad/library/std/src/sys_common/backtrace.rs:68:5
[INFO] [stdout]    3:     0x55b51e31ca06 - <std::sys_common::backtrace::_print::DisplayBacktrace as core::fmt::Display>::fmt::h623d9b51f2f453f1
[INFO] [stdout]                                at /rustc/0e09125c6c3c2fd70d7de961bcf0e51575235fad/library/std/src/sys_common/backtrace.rs:44:22
[INFO] [stdout]    4:     0x55b51e345ca0 - core::fmt::rt::Argument::fmt::h9f417ac76a86f368
[INFO] [stdout]                                at /rustc/0e09125c6c3c2fd70d7de961bcf0e51575235fad/library/core/src/fmt/rt.rs:142:9
[INFO] [stdout]    5:     0x55b51e345ca0 - core::fmt::write::hc9b6faf4ac2aeff7
[INFO] [stdout]                                at /rustc/0e09125c6c3c2fd70d7de961bcf0e51575235fad/library/core/src/fmt/mod.rs:1120:17
[INFO] [stdout]    6:     0x55b51e31a46f - std::io::Write::write_fmt::he04625a3a989fec3
[INFO] [stdout]                                at /rustc/0e09125c6c3c2fd70d7de961bcf0e51575235fad/library/std/src/io/mod.rs:1810:15
[INFO] [stdout]    7:     0x55b51e31c7e4 - std::sys_common::backtrace::_print::hd5d66399c7df88a2
[INFO] [stdout]                                at /rustc/0e09125c6c3c2fd70d7de961bcf0e51575235fad/library/std/src/sys_common/backtrace.rs:47:5
[INFO] [stdout]    8:     0x55b51e31c7e4 - std::sys_common::backtrace::print::he81ed2da642d37e5
[INFO] [stdout]                                at /rustc/0e09125c6c3c2fd70d7de961bcf0e51575235fad/library/std/src/sys_common/backtrace.rs:34:9
[INFO] [stdout]    9:     0x55b51e31e557 - std::panicking::default_hook::{{closure}}::h85773f4fa117163d
[INFO] [stdout]   10:     0x55b51e31e23d - std::panicking::default_hook::h6a1694a91d09b278
[INFO] [stdout]                                at /rustc/0e09125c6c3c2fd70d7de961bcf0e51575235fad/library/std/src/panicking.rs:289:9
[INFO] [stdout]   11:     0x55b51e2c6eb7 - <alloc::boxed::Box<F,A> as core::ops::function::Fn<Args>>::call::h616ac37fa3cd6c8f
[INFO] [stdout]                                at /rustc/0e09125c6c3c2fd70d7de961bcf0e51575235fad/library/alloc/src/boxed.rs:2029:9
[INFO] [stdout]   12:     0x55b51e2c6eb7 - test::test_main::{{closure}}::h00d84697cefdcbb6
[INFO] [stdout]                                at /rustc/0e09125c6c3c2fd70d7de961bcf0e51575235fad/library/test/src/lib.rs:138:21
[INFO] [stdout]   13:     0x55b51e31eb76 - <alloc::boxed::Box<F,A> as core::ops::function::Fn<Args>>::call::hcb3fe3b9bb537ba8
[INFO] [stdout]                                at /rustc/0e09125c6c3c2fd70d7de961bcf0e51575235fad/library/alloc/src/boxed.rs:2029:9
[INFO] [stdout]   14:     0x55b51e31eb76 - std::panicking::rust_panic_with_hook::h0a7ad96e90f7145b
[INFO] [stdout]                                at /rustc/0e09125c6c3c2fd70d7de961bcf0e51575235fad/library/std/src/panicking.rs:783:13
[INFO] [stdout]   15:     0x55b51e31e8c2 - std::panicking::begin_panic_handler::{{closure}}::h7919090525c6485e
[INFO] [stdout]                                at /rustc/0e09125c6c3c2fd70d7de961bcf0e51575235fad/library/std/src/panicking.rs:657:13
[INFO] [stdout]   16:     0x55b51e31cf06 - std::sys_common::backtrace::__rust_end_short_backtrace::hf3289479464f7dfe
[INFO] [stdout]                                at /rustc/0e09125c6c3c2fd70d7de961bcf0e51575235fad/library/std/src/sys_common/backtrace.rs:171:18
[INFO] [stdout]   17:     0x55b51e31e620 - rust_begin_unwind
[INFO] [stdout]                                at /rustc/0e09125c6c3c2fd70d7de961bcf0e51575235fad/library/std/src/panicking.rs:645:5
[INFO] [stdout]   18:     0x55b51e28ace5 - core::panicking::panic_fmt::hcc9f77c5c132af55
[INFO] [stdout]                                at /rustc/0e09125c6c3c2fd70d7de961bcf0e51575235fad/library/core/src/panicking.rs:72:14
[INFO] [stdout]   19:     0x55b51e29092e - path_tracing::utilities::tests::sphere_random::hd22881756ca1651b
[INFO] [stdout]                                at /opt/rustwide/workdir/path_tracing/src/utilities.rs:139:9
[INFO] [stdout]   20:     0x55b51e2907e7 - path_tracing::utilities::tests::sphere_random::{{closure}}::h5c2ed7651cc36c2a
[INFO] [stdout]                                at /opt/rustwide/workdir/path_tracing/src/utilities.rs:138:23
[INFO] [stdout]   21:     0x55b51e28c906 - core::ops::function::FnOnce::call_once::h9e8c631340238f09
[INFO] [stdout]                                at /rustc/0e09125c6c3c2fd70d7de961bcf0e51575235fad/library/core/src/ops/function.rs:250:5
[INFO] [stdout]   22:     0x55b51e2cc78f - core::ops::function::FnOnce::call_once::hd64d26f405258157
[INFO] [stdout]                                at /rustc/0e09125c6c3c2fd70d7de961bcf0e51575235fad/library/core/src/ops/function.rs:250:5
[INFO] [stdout]   23:     0x55b51e2cc78f - test::__rust_begin_short_backtrace::he21b0b7a6d731bf9
[INFO] [stdout]                                at /rustc/0e09125c6c3c2fd70d7de961bcf0e51575235fad/library/test/src/lib.rs:627:18
[INFO] [stdout]   24:     0x55b51e2cb511 - test::run_test_in_process::{{closure}}::hf5c73986d7bdfde2
[INFO] [stdout]                                at /rustc/0e09125c6c3c2fd70d7de961bcf0e51575235fad/library/test/src/lib.rs:650:60
[INFO] [stdout]   25:     0x55b51e2cb511 - <core::panic::unwind_safe::AssertUnwindSafe<F> as core::ops::function::FnOnce<()>>::call_once::h330011ad032aadc0
[INFO] [stdout]                                at /rustc/0e09125c6c3c2fd70d7de961bcf0e51575235fad/library/core/src/panic/unwind_safe.rs:272:9
[INFO] [stdout]   26:     0x55b51e2cb511 - std::panicking::try::do_call::he61b0a958b795a41
[INFO] [stdout]                                at /rustc/0e09125c6c3c2fd70d7de961bcf0e51575235fad/library/std/src/panicking.rs:552:40
[INFO] [stdout]   27:     0x55b51e2cb511 - std::panicking::try::h7309da130f906eb7
[INFO] [stdout]                                at /rustc/0e09125c6c3c2fd70d7de961bcf0e51575235fad/library/std/src/panicking.rs:516:19
[INFO] [stdout]   28:     0x55b51e2cb511 - std::panic::catch_unwind::hc5c3a06fdaf0a92a
[INFO] [stdout]                                at /rustc/0e09125c6c3c2fd70d7de961bcf0e51575235fad/library/std/src/panic.rs:142:14
[INFO] [stdout]   29:     0x55b51e2cb511 - test::run_test_in_process::h7e7b7c71c3324e0f
[INFO] [stdout]                                at /rustc/0e09125c6c3c2fd70d7de961bcf0e51575235fad/library/test/src/lib.rs:650:27
[INFO] [stdout]   30:     0x55b51e2cb511 - test::run_test::{{closure}}::h1f509f28f5cf20b1
[INFO] [stdout]                                at /rustc/0e09125c6c3c2fd70d7de961bcf0e51575235fad/library/test/src/lib.rs:573:43
[INFO] [stdout]   31:     0x55b51e292846 - test::run_test::{{closure}}::h1754218abf443f6d
[INFO] [stdout]                                at /rustc/0e09125c6c3c2fd70d7de961bcf0e51575235fad/library/test/src/lib.rs:601:41
[INFO] [stdout]   32:     0x55b51e292846 - std::sys_common::backtrace::__rust_begin_short_backtrace::h2ee174b9d5954948
[INFO] [stdout]                                at /rustc/0e09125c6c3c2fd70d7de961bcf0e51575235fad/library/std/src/sys_common/backtrace.rs:155:18
[INFO] [stdout]   33:     0x55b51e2978a7 - std::thread::Builder::spawn_unchecked_::{{closure}}::{{closure}}::hf60bee9c1a17ef09
[INFO] [stdout]                                at /rustc/0e09125c6c3c2fd70d7de961bcf0e51575235fad/library/std/src/thread/mod.rs:529:17
[INFO] [stdout]   34:     0x55b51e2978a7 - <core::panic::unwind_safe::AssertUnwindSafe<F> as core::ops::function::FnOnce<()>>::call_once::h33d0dddec5216160
[INFO] [stdout]                                at /rustc/0e09125c6c3c2fd70d7de961bcf0e51575235fad/library/core/src/panic/unwind_safe.rs:272:9
[INFO] [stdout]   35:     0x55b51e2978a7 - std::panicking::try::do_call::h144b3048b546f835
[INFO] [stdout]                                at /rustc/0e09125c6c3c2fd70d7de961bcf0e51575235fad/library/std/src/panicking.rs:552:40
[INFO] [stdout]   36:     0x55b51e2978a7 - std::panicking::try::h978244d04646189f
[INFO] [stdout]                                at /rustc/0e09125c6c3c2fd70d7de961bcf0e51575235fad/library/std/src/panicking.rs:516:19
[INFO] [stdout]   37:     0x55b51e2978a7 - std::panic::catch_unwind::hdf436369d188fe86
[INFO] [stdout]                                at /rustc/0e09125c6c3c2fd70d7de961bcf0e51575235fad/library/std/src/panic.rs:142:14
[INFO] [stdout]   38:     0x55b51e2978a7 - std::thread::Builder::spawn_unchecked_::{{closure}}::h87329cbdd33c79ec
[INFO] [stdout]                                at /rustc/0e09125c6c3c2fd70d7de961bcf0e51575235fad/library/std/src/thread/mod.rs:528:30
[INFO] [stdout]   39:     0x55b51e2978a7 - core::ops::function::FnOnce::call_once{{vtable.shim}}::h401abbe67897d450
[INFO] [stdout]                                at /rustc/0e09125c6c3c2fd70d7de961bcf0e51575235fad/library/core/src/ops/function.rs:250:5
[INFO] [stdout]   40:     0x55b51e323635 - <alloc::boxed::Box<F,A> as core::ops::function::FnOnce<Args>>::call_once::h5d7c8f150ab9c84c
[INFO] [stdout]                                at /rustc/0e09125c6c3c2fd70d7de961bcf0e51575235fad/library/alloc/src/boxed.rs:2015:9
[INFO] [stdout]   41:     0x55b51e323635 - <alloc::boxed::Box<F,A> as core::ops::function::FnOnce<Args>>::call_once::h570d5b005c242c15
[INFO] [stdout]                                at /rustc/0e09125c6c3c2fd70d7de961bcf0e51575235fad/library/alloc/src/boxed.rs:2015:9
[INFO] [stdout]   42:     0x55b51e323635 - std::sys::unix::thread::Thread::new::thread_start::h36b0a20c0b2361ad
[INFO] [stdout]                                at /rustc/0e09125c6c3c2fd70d7de961bcf0e51575235fad/library/std/src/sys/unix/thread.rs:108:17
[INFO] [stdout]   43:     0x7f70c5b82ac3 - <unknown>
[INFO] [stdout]   44:     0x7f70c5c13bf4 - __clone
[INFO] [stdout]   45:                0x0 - <unknown>
[INFO] [stdout] 
[INFO] [stdout] 
[INFO] [stdout] failures:
[INFO] [stdout]     utilities::tests::sphere_random
[INFO] [stdout] 
[INFO] [stdout] test result: FAILED. 12 passed; 1 failed; 0 ignored; 0 measured; 0 filtered out; finished in 0.01s
[INFO] [stdout] 
[INFO] [stderr] error: test failed, to rerun pass `-p path_tracing --lib`
[INFO] running `Command { std: "docker" "inspect" "4b4d7f74524364dbce98a0cf2aae83795b1c27160b78913fb4351068bbc33028", kill_on_drop: false }`
[INFO] running `Command { std: "docker" "rm" "-f" "4b4d7f74524364dbce98a0cf2aae83795b1c27160b78913fb4351068bbc33028", kill_on_drop: false }`
[INFO] [stdout] 4b4d7f74524364dbce98a0cf2aae83795b1c27160b78913fb4351068bbc33028
