[INFO] cloning repository https://github.com/runope/Real-time-market-data
[INFO] running `Command { std: "git" "-c" "credential.helper=" "-c" "credential.helper=/workspace/cargo-home/bin/git-credential-null" "clone" "--bare" "https://github.com/runope/Real-time-market-data" "/workspace/cache/git-repos/https%3A%2F%2Fgithub.com%2Frunope%2FReal-time-market-data", kill_on_drop: false }`
[INFO] [stderr] Cloning into bare repository '/workspace/cache/git-repos/https%3A%2F%2Fgithub.com%2Frunope%2FReal-time-market-data'...
[INFO] running `Command { std: "git" "rev-parse" "HEAD", kill_on_drop: false }`
[INFO] [stdout] 31ec2a27ec1e9f30ff861fd91568c48a352c3881
[INFO] testing runope/Real-time-market-data against 1.75.0 for beta-1.76-1
[INFO] running `Command { std: "git" "clone" "/workspace/cache/git-repos/https%3A%2F%2Fgithub.com%2Frunope%2FReal-time-market-data" "/workspace/builds/worker-3-tc1/source", kill_on_drop: false }`
[INFO] [stderr] Cloning into '/workspace/builds/worker-3-tc1/source'...
[INFO] [stderr] done.
[INFO] validating manifest of git repo https://github.com/runope/Real-time-market-data on toolchain 1.75.0
[INFO] running `Command { std: CARGO_HOME="/workspace/cargo-home" RUSTUP_HOME="/workspace/rustup-home" "/workspace/cargo-home/bin/cargo" "+1.75.0" "metadata" "--manifest-path" "Cargo.toml" "--no-deps", kill_on_drop: false }`
[INFO] started tweaking git repo https://github.com/runope/Real-time-market-data
[INFO] finished tweaking git repo https://github.com/runope/Real-time-market-data
[INFO] tweaked toml for git repo https://github.com/runope/Real-time-market-data written to /workspace/builds/worker-3-tc1/source/Cargo.toml
[INFO] crate git repo https://github.com/runope/Real-time-market-data already has a lockfile, it will not be regenerated
[INFO] running `Command { std: CARGO_HOME="/workspace/cargo-home" RUSTUP_HOME="/workspace/rustup-home" "/workspace/cargo-home/bin/cargo" "+1.75.0" "fetch" "--manifest-path" "Cargo.toml", kill_on_drop: false }`
[INFO] running `Command { std: "docker" "create" "-v" "/var/lib/crater-agent-workspace/builds/worker-3-tc1/target:/opt/rustwide/target:rw,Z" "-v" "/var/lib/crater-agent-workspace/builds/worker-3-tc1/source:/opt/rustwide/workdir:ro,Z" "-v" "/var/lib/crater-agent-workspace/cargo-home:/opt/rustwide/cargo-home:ro,Z" "-v" "/var/lib/crater-agent-workspace/rustup-home:/opt/rustwide/rustup-home:ro,Z" "-e" "SOURCE_DIR=/opt/rustwide/workdir" "-e" "CARGO_TARGET_DIR=/opt/rustwide/target" "-e" "CARGO_HOME=/opt/rustwide/cargo-home" "-e" "RUSTUP_HOME=/opt/rustwide/rustup-home" "-w" "/opt/rustwide/workdir" "-m" "1610612736" "--user" "0:0" "--network" "none" "ghcr.io/rust-lang/crates-build-env/linux@sha256:2788e3201cd34a07e3172128adcd8b3090168a8e3bcc40d7c032b9dda1df7d1c" "/opt/rustwide/cargo-home/bin/cargo" "+1.75.0" "metadata" "--no-deps" "--format-version=1", kill_on_drop: false }`
[INFO] [stdout] 2f401e71c26dc813837d00eda2eb1236544a30151a185033935fcc70cdbfb846
[INFO] running `Command { std: "docker" "start" "-a" "2f401e71c26dc813837d00eda2eb1236544a30151a185033935fcc70cdbfb846", kill_on_drop: false }`
[INFO] running `Command { std: "docker" "inspect" "2f401e71c26dc813837d00eda2eb1236544a30151a185033935fcc70cdbfb846", kill_on_drop: false }`
[INFO] running `Command { std: "docker" "rm" "-f" "2f401e71c26dc813837d00eda2eb1236544a30151a185033935fcc70cdbfb846", kill_on_drop: false }`
[INFO] [stdout] 2f401e71c26dc813837d00eda2eb1236544a30151a185033935fcc70cdbfb846
[INFO] running `Command { std: "docker" "create" "-v" "/var/lib/crater-agent-workspace/builds/worker-3-tc1/target:/opt/rustwide/target:rw,Z" "-v" "/var/lib/crater-agent-workspace/builds/worker-3-tc1/source:/opt/rustwide/workdir:ro,Z" "-v" "/var/lib/crater-agent-workspace/cargo-home:/opt/rustwide/cargo-home:ro,Z" "-v" "/var/lib/crater-agent-workspace/rustup-home:/opt/rustwide/rustup-home:ro,Z" "-e" "SOURCE_DIR=/opt/rustwide/workdir" "-e" "CARGO_TARGET_DIR=/opt/rustwide/target" "-e" "CARGO_INCREMENTAL=0" "-e" "RUST_BACKTRACE=full" "-e" "RUSTFLAGS=--cap-lints=warn" "-e" "RUSTDOCFLAGS=--cap-lints=warn" "-e" "CARGO_HOME=/opt/rustwide/cargo-home" "-e" "RUSTUP_HOME=/opt/rustwide/rustup-home" "-w" "/opt/rustwide/workdir" "-m" "1610612736" "--user" "0:0" "--network" "none" "ghcr.io/rust-lang/crates-build-env/linux@sha256:2788e3201cd34a07e3172128adcd8b3090168a8e3bcc40d7c032b9dda1df7d1c" "/opt/rustwide/cargo-home/bin/cargo" "+1.75.0" "build" "--frozen" "--message-format=json", kill_on_drop: false }`
[INFO] [stdout] b2fe17c5182c1472cef52854f28523956676ebea1c0b482e5d0b48438c17af27
[INFO] running `Command { std: "docker" "start" "-a" "b2fe17c5182c1472cef52854f28523956676ebea1c0b482e5d0b48438c17af27", kill_on_drop: false }`
[INFO] [stderr]    Compiling libc v0.2.123
[INFO] [stderr]    Compiling cfg-if v1.0.0
[INFO] [stderr]    Compiling autocfg v1.1.0
[INFO] [stderr]    Compiling proc-macro2 v1.0.37
[INFO] [stderr]    Compiling unicode-xid v0.2.2
[INFO] [stderr]    Compiling syn v1.0.91
[INFO] [stderr]    Compiling memchr v2.4.1
[INFO] [stderr]    Compiling log v0.4.16
[INFO] [stderr]    Compiling bytes v1.1.0
[INFO] [stderr]    Compiling pin-project-lite v0.2.8
[INFO] [stderr]    Compiling futures-core v0.3.21
[INFO] [stderr]    Compiling parking_lot_core v0.9.2
[INFO] [stderr]    Compiling once_cell v1.10.0
[INFO] [stderr]    Compiling itoa v1.0.1
[INFO] [stderr]    Compiling smallvec v1.8.0
[INFO] [stderr]    Compiling version_check v0.9.4
[INFO] [stderr]    Compiling scopeguard v1.1.0
[INFO] [stderr]    Compiling lazy_static v1.4.0
[INFO] [stderr]    Compiling futures-task v0.3.21
[INFO] [stderr]    Compiling tracing-core v0.1.26
[INFO] [stderr]    Compiling futures-util v0.3.21
[INFO] [stderr]    Compiling fnv v1.0.7
[INFO] [stderr]    Compiling pin-utils v0.1.0
[INFO] [stderr]    Compiling futures-sink v0.3.21
[INFO] [stderr]    Compiling pkg-config v0.3.25
[INFO] [stderr]    Compiling typenum v1.15.0
[INFO] [stderr]    Compiling bitflags v1.3.2
[INFO] [stderr]    Compiling serde_derive v1.0.136
[INFO] [stderr]    Compiling percent-encoding v2.1.0
[INFO] [stderr]    Compiling hashbrown v0.11.2
[INFO] [stderr]    Compiling generic-array v0.14.5
[INFO] [stderr]    Compiling lock_api v0.4.7
[INFO] [stderr]    Compiling indexmap v1.8.1
[INFO] [stderr]    Compiling serde v1.0.136
[INFO] [stderr]    Compiling http v0.2.6
[INFO] [stderr]    Compiling httparse v1.7.0
[INFO] [stderr]    Compiling slab v0.4.6
[INFO] [stderr]    Compiling regex-syntax v0.6.25
[INFO] [stderr]    Compiling openssl v0.10.38
[INFO] [stderr]    Compiling matches v0.1.9
[INFO] [stderr]    Compiling foreign-types-shared v0.1.1
[INFO] [stderr]    Compiling tinyvec_macros v0.1.0
[INFO] [stderr]    Compiling foreign-types v0.3.2
[INFO] [stderr]    Compiling quote v1.0.18
[INFO] [stderr]    Compiling tinyvec v1.5.1
[INFO] [stderr]    Compiling aho-corasick v0.7.18
[INFO] [stderr]    Compiling bytestring v1.0.0
[INFO] [stderr]    Compiling crc32fast v1.3.2
[INFO] [stderr]    Compiling zstd-safe v4.1.4+zstd.1.5.2
[INFO] [stderr]    Compiling alloc-no-stdlib v2.0.3
[INFO] [stderr]    Compiling jobserver v0.1.24
[INFO] [stderr]    Compiling mio v0.8.2
[INFO] [stderr]    Compiling socket2 v0.4.4
[INFO] [stderr]    Compiling signal-hook-registry v1.4.0
[INFO] [stderr]    Compiling getrandom v0.2.6
[INFO] [stderr]    Compiling cc v1.0.73
[INFO] [stderr]    Compiling futures-channel v0.3.21
[INFO] [stderr]    Compiling parking_lot v0.12.0
[INFO] [stderr]    Compiling httpdate v1.0.2
[INFO] [stderr]    Compiling local-waker v0.1.2
[INFO] [stderr]    Compiling native-tls v0.2.10
[INFO] [stderr]    Compiling encoding_rs v0.8.31
[INFO] [stderr]    Compiling tokio v1.17.0
[INFO] [stderr]    Compiling unicode-normalization v0.1.19
[INFO] [stderr]    Compiling rand_core v0.6.3
[INFO] [stderr]    Compiling alloc-stdlib v0.2.1
[INFO] [stderr]    Compiling form_urlencoded v1.0.1
[INFO] [stderr]    Compiling num-traits v0.2.14
[INFO] [stderr]    Compiling ahash v0.7.6
[INFO] [stderr]    Compiling adler v1.0.2
[INFO] [stderr]    Compiling paste v1.0.7
[INFO] [stderr]    Compiling ryu v1.0.9
[INFO] [stderr]    Compiling crossbeam-utils v0.8.8
[INFO] [stderr]    Compiling firestorm v0.5.0
[INFO] [stderr]    Compiling unicode-bidi v0.3.7
[INFO] [stderr]    Compiling try-lock v0.2.3
[INFO] [stderr]    Compiling ppv-lite86 v0.2.16
[INFO] [stderr]    Compiling openssl-probe v0.1.5
[INFO] [stderr]    Compiling want v0.3.0
[INFO] [stderr]    Compiling miniz_oxide v0.5.1
[INFO] [stderr]    Compiling brotli-decompressor v2.3.2
[INFO] [stderr]    Compiling http-body v0.4.4
[INFO] [stderr]    Compiling rand_chacha v0.3.1
[INFO] [stderr]    Compiling openssl-sys v0.9.72
[INFO] [stderr]    Compiling zstd-sys v1.6.3+zstd.1.5.2
[INFO] [stderr]    Compiling crypto-common v0.1.3
[INFO] [stderr]    Compiling regex v1.5.5
[INFO] [stderr]    Compiling block-buffer v0.10.2
[INFO] [stderr]    Compiling actix-service v2.0.2
[INFO] [stderr]    Compiling idna v0.2.3
[INFO] [stderr]    Compiling digest v0.10.3
[INFO] [stderr]    Compiling actix-utils v3.0.0
[INFO] [stderr]    Compiling num-integer v0.1.44
[INFO] [stderr]    Compiling cookie v0.16.0
[INFO] [stderr]    Compiling time-macros v0.2.4
[INFO] [stderr]    Compiling convert_case v0.4.0
[INFO] [stderr]    Compiling mime v0.3.16
[INFO] [stderr]    Compiling cpufeatures v0.2.2
[INFO] [stderr]    Compiling base64 v0.13.0
[INFO] [stderr]    Compiling serde_json v1.0.79
[INFO] [stderr]    Compiling tower-service v0.3.1
[INFO] [stderr]    Compiling num_threads v0.1.5
[INFO] [stderr]    Compiling brotli v3.3.4
[INFO] [stderr]    Compiling sha-1 v0.10.0
[INFO] [stderr]    Compiling url v2.2.2
[INFO] [stderr]    Compiling flate2 v1.0.23
[INFO] [stderr]    Compiling rand v0.8.5
[INFO] [stderr]    Compiling local-channel v0.1.2
[INFO] [stderr]    Compiling num_cpus v1.13.1
[INFO] [stderr]    Compiling async-trait v0.1.53
[INFO] [stderr]    Compiling anyhow v1.0.56
[INFO] [stderr]    Compiling language-tags v0.3.2
[INFO] [stderr]    Compiling crossbeam-channel v0.5.4
[INFO] [stderr]    Compiling atty v0.2.14
[INFO] [stderr]    Compiling time v0.1.44
[INFO] [stderr]    Compiling minimal-lexical v0.2.1
[INFO] [stderr]    Compiling termcolor v1.1.3
[INFO] [stderr]    Compiling ipnet v2.5.0
[INFO] [stderr]    Compiling humantime v2.1.0
[INFO] [stderr]    Compiling nom v7.1.1
[INFO] [stderr]    Compiling time v0.3.9
[INFO] [stderr]    Compiling actix-rt v2.7.0
[INFO] [stderr]    Compiling env_logger v0.9.0
[INFO] [stderr]    Compiling chrono v0.4.19
[INFO] [stderr]    Compiling actix-router v0.5.0
[INFO] [stderr]    Compiling tokio-native-tls v0.3.0
[INFO] [stderr]    Compiling tracing-attributes v0.1.20
[INFO] [stderr]    Compiling derive_more v0.99.17
[INFO] [stderr]    Compiling actix-web-codegen v4.0.0
[INFO] [stderr]    Compiling actix-macros v0.2.3
[INFO] [stderr]    Compiling actix_derive v0.6.0
[INFO] [stderr]    Compiling async-recursion v1.0.0
[INFO] [stderr]    Compiling tracing v0.1.34
[INFO] [stderr]    Compiling tokio-util v0.7.1
[INFO] [stderr]    Compiling actix-server v2.1.1
[INFO] [stderr]    Compiling h2 v0.3.13
[INFO] [stderr]    Compiling actix-codec v0.5.0
[INFO] [stderr]    Compiling actix v0.13.0
[INFO] [stderr]    Compiling hyper v0.14.18
[INFO] [stderr]    Compiling serde_urlencoded v0.7.1
[INFO] [stderr]    Compiling hyper-tls v0.5.0
[INFO] [stderr]    Compiling reqwest v0.11.10
[INFO] [stderr]    Compiling zstd v0.10.0+zstd.1.5.2
[INFO] [stderr]    Compiling actix-http v3.0.4
[INFO] [stderr]    Compiling actix-web v4.0.1
[INFO] [stderr]    Compiling rt-data v0.1.0 (/opt/rustwide/workdir)
[INFO] [stdout] warning: unused variable: `prefix`
[INFO] [stdout]   --> src/tencent.rs:21:52
[INFO] [stdout]    |
[INFO] [stdout] 21 |     async fn stocks(&self, stocks_list: Vec<&str>, prefix: bool) -> Vec<ItemData> {
[INFO] [stdout]    |                                                    ^^^^^^ help: if this is intentional, prefix it with an underscore: `_prefix`
[INFO] [stdout]    |
[INFO] [stdout]    = note: `#[warn(unused_variables)]` on by default
[INFO] [stdout] 
[INFO] [stdout] 
[INFO] [stdout] warning: 1 warning emitted
[INFO] [stdout] 
[INFO] [stdout] 
[INFO] [stderr]     Finished dev [unoptimized + debuginfo] target(s) in 21.32s
[INFO] running `Command { std: "docker" "inspect" "b2fe17c5182c1472cef52854f28523956676ebea1c0b482e5d0b48438c17af27", kill_on_drop: false }`
[INFO] running `Command { std: "docker" "rm" "-f" "b2fe17c5182c1472cef52854f28523956676ebea1c0b482e5d0b48438c17af27", kill_on_drop: false }`
[INFO] [stdout] b2fe17c5182c1472cef52854f28523956676ebea1c0b482e5d0b48438c17af27
[INFO] running `Command { std: "docker" "create" "-v" "/var/lib/crater-agent-workspace/builds/worker-3-tc1/target:/opt/rustwide/target:rw,Z" "-v" "/var/lib/crater-agent-workspace/builds/worker-3-tc1/source:/opt/rustwide/workdir:ro,Z" "-v" "/var/lib/crater-agent-workspace/cargo-home:/opt/rustwide/cargo-home:ro,Z" "-v" "/var/lib/crater-agent-workspace/rustup-home:/opt/rustwide/rustup-home:ro,Z" "-e" "SOURCE_DIR=/opt/rustwide/workdir" "-e" "CARGO_TARGET_DIR=/opt/rustwide/target" "-e" "CARGO_INCREMENTAL=0" "-e" "RUST_BACKTRACE=full" "-e" "RUSTFLAGS=--cap-lints=warn" "-e" "RUSTDOCFLAGS=--cap-lints=warn" "-e" "CARGO_HOME=/opt/rustwide/cargo-home" "-e" "RUSTUP_HOME=/opt/rustwide/rustup-home" "-w" "/opt/rustwide/workdir" "-m" "1610612736" "--user" "0:0" "--network" "none" "ghcr.io/rust-lang/crates-build-env/linux@sha256:2788e3201cd34a07e3172128adcd8b3090168a8e3bcc40d7c032b9dda1df7d1c" "/opt/rustwide/cargo-home/bin/cargo" "+1.75.0" "test" "--frozen" "--no-run" "--message-format=json", kill_on_drop: false }`
[INFO] [stdout] 90b987e221379f870c1b6ac58e46bf1ee458092a1eea5e9ee74a68955eefacdd
[INFO] running `Command { std: "docker" "start" "-a" "90b987e221379f870c1b6ac58e46bf1ee458092a1eea5e9ee74a68955eefacdd", kill_on_drop: false }`
[INFO] [stderr]    Compiling rt-data v0.1.0 (/opt/rustwide/workdir)
[INFO] [stdout] warning: unused variable: `prefix`
[INFO] [stdout]   --> src/tencent.rs:21:52
[INFO] [stdout]    |
[INFO] [stdout] 21 |     async fn stocks(&self, stocks_list: Vec<&str>, prefix: bool) -> Vec<ItemData> {
[INFO] [stdout]    |                                                    ^^^^^^ help: if this is intentional, prefix it with an underscore: `_prefix`
[INFO] [stdout]    |
[INFO] [stdout]    = note: `#[warn(unused_variables)]` on by default
[INFO] [stdout] 
[INFO] [stdout] 
[INFO] [stdout] warning: 1 warning emitted
[INFO] [stdout] 
[INFO] [stdout] 
[INFO] [stdout] warning: unused variable: `prefix`
[INFO] [stdout]   --> src/tencent.rs:21:52
[INFO] [stdout]    |
[INFO] [stdout] 21 |     async fn stocks(&self, stocks_list: Vec<&str>, prefix: bool) -> Vec<ItemData> {
[INFO] [stdout]    |                                                    ^^^^^^ help: if this is intentional, prefix it with an underscore: `_prefix`
[INFO] [stdout]    |
[INFO] [stdout]    = note: `#[warn(unused_variables)]` on by default
[INFO] [stdout] 
[INFO] [stdout] 
[INFO] [stdout] warning: 1 warning emitted
[INFO] [stdout] 
[INFO] [stdout] 
[INFO] [stderr]     Finished test [unoptimized + debuginfo] target(s) in 3.95s
[INFO] running `Command { std: "docker" "inspect" "90b987e221379f870c1b6ac58e46bf1ee458092a1eea5e9ee74a68955eefacdd", kill_on_drop: false }`
[INFO] running `Command { std: "docker" "rm" "-f" "90b987e221379f870c1b6ac58e46bf1ee458092a1eea5e9ee74a68955eefacdd", kill_on_drop: false }`
[INFO] [stdout] 90b987e221379f870c1b6ac58e46bf1ee458092a1eea5e9ee74a68955eefacdd
[INFO] running `Command { std: "docker" "create" "-v" "/var/lib/crater-agent-workspace/builds/worker-3-tc1/target:/opt/rustwide/target:rw,Z" "-v" "/var/lib/crater-agent-workspace/builds/worker-3-tc1/source:/opt/rustwide/workdir:ro,Z" "-v" "/var/lib/crater-agent-workspace/cargo-home:/opt/rustwide/cargo-home:ro,Z" "-v" "/var/lib/crater-agent-workspace/rustup-home:/opt/rustwide/rustup-home:ro,Z" "-e" "SOURCE_DIR=/opt/rustwide/workdir" "-e" "CARGO_TARGET_DIR=/opt/rustwide/target" "-e" "CARGO_INCREMENTAL=0" "-e" "RUST_BACKTRACE=full" "-e" "RUSTFLAGS=--cap-lints=warn" "-e" "RUSTDOCFLAGS=--cap-lints=warn" "-e" "CARGO_HOME=/opt/rustwide/cargo-home" "-e" "RUSTUP_HOME=/opt/rustwide/rustup-home" "-w" "/opt/rustwide/workdir" "-m" "1610612736" "--user" "0:0" "--network" "none" "ghcr.io/rust-lang/crates-build-env/linux@sha256:2788e3201cd34a07e3172128adcd8b3090168a8e3bcc40d7c032b9dda1df7d1c" "/opt/rustwide/cargo-home/bin/cargo" "+1.75.0" "test" "--frozen", kill_on_drop: false }`
[INFO] [stdout] beba96a1c82a2a4a1e58559f681fd5ef3f50f230f80f4dbb605cdc24eeb1514c
[INFO] running `Command { std: "docker" "start" "-a" "beba96a1c82a2a4a1e58559f681fd5ef3f50f230f80f4dbb605cdc24eeb1514c", kill_on_drop: false }`
[INFO] [stderr] warning: unused variable: `prefix`
[INFO] [stderr]   --> src/tencent.rs:21:52
[INFO] [stderr]    |
[INFO] [stderr] 21 |     async fn stocks(&self, stocks_list: Vec<&str>, prefix: bool) -> Vec<ItemData> {
[INFO] [stderr]    |                                                    ^^^^^^ help: if this is intentional, prefix it with an underscore: `_prefix`
[INFO] [stderr]    |
[INFO] [stderr]    = note: `#[warn(unused_variables)]` on by default
[INFO] [stderr] 
[INFO] [stderr] warning: `rt-data` (lib) generated 1 warning (run `cargo fix --lib -p rt-data` to apply 1 suggestion)
[INFO] [stderr] warning: `rt-data` (lib test) generated 1 warning (1 duplicate)
[INFO] [stderr]     Finished test [unoptimized + debuginfo] target(s) in 0.10s
[INFO] [stderr]      Running unittests src/lib.rs (/opt/rustwide/target/debug/deps/rt_data-84a2ccbbcd0129d8)
[INFO] [stdout] 
[INFO] [stdout] running 3 tests
[INFO] [stdout] test tencent::tests::test_parse_data2 ... ok
[INFO] [stdout] test tencent::tests::test_parse_data ... ok
[INFO] [stdout] test tests::it_works ... FAILED
[INFO] [stdout] 
[INFO] [stdout] failures:
[INFO] [stdout] 
[INFO] [stdout] ---- tests::it_works stdout ----
[INFO] [stdout] start
[INFO] [stdout] thread 'tests::it_works' panicked at src/tencent.rs:22:55:
[INFO] [stdout] called `Result::unwrap()` on an `Err` value: error sending request for url (https://qt.gtimg.cn/?q=sz002271,sh600036,sz002791,sz159928): error trying to connect: dns error: failed to lookup address information: Temporary failure in name resolution
[INFO] [stdout] 
[INFO] [stdout] Caused by:
[INFO] [stdout]     0: error trying to connect: dns error: failed to lookup address information: Temporary failure in name resolution
[INFO] [stdout]     1: dns error: failed to lookup address information: Temporary failure in name resolution
[INFO] [stdout]     2: failed to lookup address information: Temporary failure in name resolution
[INFO] [stdout] stack backtrace:
[INFO] [stdout]    0:     0x5639262f198c - std::backtrace_rs::backtrace::libunwind::trace::ha637c64ce894333a
[INFO] [stdout]                                at /rustc/82e1608dfa6e0b5569232559e3d385fea5a93112/library/std/src/../../backtrace/src/backtrace/libunwind.rs:104:5
[INFO] [stdout]    1:     0x5639262f198c - std::backtrace_rs::backtrace::trace_unsynchronized::h47f62dea28e0c88d
[INFO] [stdout]                                at /rustc/82e1608dfa6e0b5569232559e3d385fea5a93112/library/std/src/../../backtrace/src/backtrace/mod.rs:66:5
[INFO] [stdout]    2:     0x5639262f198c - std::sys_common::backtrace::_print_fmt::h9eef0abe20ede486
[INFO] [stdout]                                at /rustc/82e1608dfa6e0b5569232559e3d385fea5a93112/library/std/src/sys_common/backtrace.rs:67:5
[INFO] [stdout]    3:     0x5639262f198c - <std::sys_common::backtrace::_print::DisplayBacktrace as core::fmt::Display>::fmt::hed7f999df88cc644
[INFO] [stdout]                                at /rustc/82e1608dfa6e0b5569232559e3d385fea5a93112/library/std/src/sys_common/backtrace.rs:44:22
[INFO] [stdout]    4:     0x563926320450 - core::fmt::rt::Argument::fmt::h1539a9308b8d058d
[INFO] [stdout]                                at /rustc/82e1608dfa6e0b5569232559e3d385fea5a93112/library/core/src/fmt/rt.rs:142:9
[INFO] [stdout]    5:     0x563926320450 - core::fmt::write::h3a39390d8560d9c9
[INFO] [stdout]                                at /rustc/82e1608dfa6e0b5569232559e3d385fea5a93112/library/core/src/fmt/mod.rs:1120:17
[INFO] [stdout]    6:     0x5639262ee90f - std::io::Write::write_fmt::h040b369f3a0f9cbc
[INFO] [stdout]                                at /rustc/82e1608dfa6e0b5569232559e3d385fea5a93112/library/std/src/io/mod.rs:1762:15
[INFO] [stdout]    7:     0x5639262f1774 - std::sys_common::backtrace::_print::h894006fb5c6f3d45
[INFO] [stdout]                                at /rustc/82e1608dfa6e0b5569232559e3d385fea5a93112/library/std/src/sys_common/backtrace.rs:47:5
[INFO] [stdout]    8:     0x5639262f1774 - std::sys_common::backtrace::print::h23a2d212c6fff936
[INFO] [stdout]                                at /rustc/82e1608dfa6e0b5569232559e3d385fea5a93112/library/std/src/sys_common/backtrace.rs:34:9
[INFO] [stdout]    9:     0x5639262f3437 - std::panicking::default_hook::{{closure}}::h8a1d2ee00185001a
[INFO] [stdout]   10:     0x5639262f3123 - std::panicking::default_hook::h6038f2eba384e475
[INFO] [stdout]                                at /rustc/82e1608dfa6e0b5569232559e3d385fea5a93112/library/std/src/panicking.rs:289:9
[INFO] [stdout]   11:     0x563925d7b9f7 - <alloc::boxed::Box<F,A> as core::ops::function::Fn<Args>>::call::h0ad024c9bdc6d768
[INFO] [stdout]                                at /rustc/82e1608dfa6e0b5569232559e3d385fea5a93112/library/alloc/src/boxed.rs:2021:9
[INFO] [stdout]   12:     0x563925d7b9f7 - test::test_main::{{closure}}::h7500b54257359db6
[INFO] [stdout]                                at /rustc/82e1608dfa6e0b5569232559e3d385fea5a93112/library/test/src/lib.rs:138:21
[INFO] [stdout]   13:     0x5639262f3a48 - <alloc::boxed::Box<F,A> as core::ops::function::Fn<Args>>::call::h1f8f335eaa9cfaee
[INFO] [stdout]                                at /rustc/82e1608dfa6e0b5569232559e3d385fea5a93112/library/alloc/src/boxed.rs:2021:9
[INFO] [stdout]   14:     0x5639262f3a48 - std::panicking::rust_panic_with_hook::h2b5517d590cab22e
[INFO] [stdout]                                at /rustc/82e1608dfa6e0b5569232559e3d385fea5a93112/library/std/src/panicking.rs:783:13
[INFO] [stdout]   15:     0x5639262f379e - std::panicking::begin_panic_handler::{{closure}}::h233112c06e0ef43e
[INFO] [stdout]                                at /rustc/82e1608dfa6e0b5569232559e3d385fea5a93112/library/std/src/panicking.rs:657:13
[INFO] [stdout]   16:     0x5639262f1e56 - std::sys_common::backtrace::__rust_end_short_backtrace::h6e893f24d7ebbff8
[INFO] [stdout]                                at /rustc/82e1608dfa6e0b5569232559e3d385fea5a93112/library/std/src/sys_common/backtrace.rs:170:18
[INFO] [stdout]   17:     0x5639262f3502 - rust_begin_unwind
[INFO] [stdout]                                at /rustc/82e1608dfa6e0b5569232559e3d385fea5a93112/library/std/src/panicking.rs:645:5
[INFO] [stdout]   18:     0x563925d03605 - core::panicking::panic_fmt::hbf0e066aabfa482c
[INFO] [stdout]                                at /rustc/82e1608dfa6e0b5569232559e3d385fea5a93112/library/core/src/panicking.rs:72:14
[INFO] [stdout]   19:     0x563925d03bd3 - core::result::unwrap_failed::hddb4fea594200c52
[INFO] [stdout]                                at /rustc/82e1608dfa6e0b5569232559e3d385fea5a93112/library/core/src/result.rs:1653:5
[INFO] [stdout]   20:     0x563925d1dd4d - core::result::Result<T,E>::unwrap::hc62811ffb8b6c616
[INFO] [stdout]                                at /rustc/82e1608dfa6e0b5569232559e3d385fea5a93112/library/core/src/result.rs:1077:23
[INFO] [stdout]   21:     0x563925d1658e - <rt_data::tencent::Tencent as rt_data::GainRTData>::stocks::{{closure}}::h522d53491ce01ee1
[INFO] [stdout]                                at /opt/rustwide/workdir/src/tencent.rs:22:20
[INFO] [stdout]   22:     0x563925d07c4d - <core::pin::Pin<P> as core::future::future::Future>::poll::hf500bd696783720a
[INFO] [stdout]                                at /rustc/82e1608dfa6e0b5569232559e3d385fea5a93112/library/core/src/future/future.rs:125:9
[INFO] [stdout]   23:     0x563925d1c116 - rt_data::tests::it_works::{{closure}}::ha80e7d86dfeec7fe
[INFO] [stdout]                                at /opt/rustwide/workdir/src/lib.rs:40:18
[INFO] [stdout]   24:     0x563925d21490 - <tokio::task::local::RunUntil<T> as core::future::future::Future>::poll::{{closure}}::{{closure}}::h014505a1b785a505
[INFO] [stdout]                                at /opt/rustwide/cargo-home/registry/src/index.crates.io-6f17d22bba15001f/tokio-1.17.0/src/task/local.rs:644:65
[INFO] [stdout]   25:     0x563925d18d40 - tokio::coop::with_budget::{{closure}}::h4f72764305f4f46c
[INFO] [stdout]                                at /opt/rustwide/cargo-home/registry/src/index.crates.io-6f17d22bba15001f/tokio-1.17.0/src/coop.rs:102:9
[INFO] [stdout]   26:     0x563925d0436e - std::thread::local::LocalKey<T>::try_with::h1797d902ddd1ced0
[INFO] [stdout]                                at /rustc/82e1608dfa6e0b5569232559e3d385fea5a93112/library/std/src/thread/local.rs:270:16
[INFO] [stdout]   27:     0x563925d0401a - std::thread::local::LocalKey<T>::with::h3927c548386b5e1c
[INFO] [stdout]                                at /rustc/82e1608dfa6e0b5569232559e3d385fea5a93112/library/std/src/thread/local.rs:246:9
[INFO] [stdout]   28:     0x563925d2135b - tokio::coop::with_budget::hdd9891741ad53fac
[INFO] [stdout]                                at /opt/rustwide/cargo-home/registry/src/index.crates.io-6f17d22bba15001f/tokio-1.17.0/src/coop.rs:95:5
[INFO] [stdout]   29:     0x563925d2135b - tokio::coop::budget::h400f56ab0aed0b57
[INFO] [stdout]                                at /opt/rustwide/cargo-home/registry/src/index.crates.io-6f17d22bba15001f/tokio-1.17.0/src/coop.rs:72:5
[INFO] [stdout]   30:     0x563925d2135b - <tokio::task::local::RunUntil<T> as core::future::future::Future>::poll::{{closure}}::h01bc13017623e959
[INFO] [stdout]                                at /opt/rustwide/cargo-home/registry/src/index.crates.io-6f17d22bba15001f/tokio-1.17.0/src/task/local.rs:644:42
[INFO] [stdout]   31:     0x563925d19557 - tokio::macros::scoped_tls::ScopedKey<T>::set::hdb455c98433d805f
[INFO] [stdout]                                at /opt/rustwide/cargo-home/registry/src/index.crates.io-6f17d22bba15001f/tokio-1.17.0/src/macros/scoped_tls.rs:61:9
[INFO] [stdout]   32:     0x563925d1f0c7 - tokio::task::local::LocalSet::with::h79a542f77b3d97dc
[INFO] [stdout]                                at /opt/rustwide/cargo-home/registry/src/index.crates.io-6f17d22bba15001f/tokio-1.17.0/src/task/local.rs:561:9
[INFO] [stdout]   33:     0x563925d211fa - <tokio::task::local::RunUntil<T> as core::future::future::Future>::poll::h80dc69075224406b
[INFO] [stdout]                                at /opt/rustwide/cargo-home/registry/src/index.crates.io-6f17d22bba15001f/tokio-1.17.0/src/task/local.rs:634:9
[INFO] [stdout]   34:     0x563925d1f346 - tokio::task::local::LocalSet::run_until::{{closure}}::h2cd0bd85db360ccb
[INFO] [stdout]                                at /opt/rustwide/cargo-home/registry/src/index.crates.io-6f17d22bba15001f/tokio-1.17.0/src/task/local.rs:507:19
[INFO] [stdout]   35:     0x563925d07bdb - <core::pin::Pin<P> as core::future::future::Future>::poll::hc2c05f205cf20f09
[INFO] [stdout]                                at /rustc/82e1608dfa6e0b5569232559e3d385fea5a93112/library/core/src/future/future.rs:125:9
[INFO] [stdout]   36:     0x563925d06f24 - tokio::runtime::basic_scheduler::CoreGuard::block_on::{{closure}}::{{closure}}::{{closure}}::h230eba9983632289
[INFO] [stdout]                                at /opt/rustwide/cargo-home/registry/src/index.crates.io-6f17d22bba15001f/tokio-1.17.0/src/runtime/basic_scheduler.rs:498:48
[INFO] [stdout]   37:     0x563925d18e70 - tokio::coop::with_budget::{{closure}}::hfdfe1b5bf4a61060
[INFO] [stdout]                                at /opt/rustwide/cargo-home/registry/src/index.crates.io-6f17d22bba15001f/tokio-1.17.0/src/coop.rs:102:9
[INFO] [stdout]   38:     0x563925d044be - std::thread::local::LocalKey<T>::try_with::h3d5a69b2a2189a8d
[INFO] [stdout]                                at /rustc/82e1608dfa6e0b5569232559e3d385fea5a93112/library/std/src/thread/local.rs:270:16
[INFO] [stdout]   39:     0x563925d040ba - std::thread::local::LocalKey<T>::with::hdeae7e89620bb906
[INFO] [stdout]                                at /rustc/82e1608dfa6e0b5569232559e3d385fea5a93112/library/std/src/thread/local.rs:246:9
[INFO] [stdout]   40:     0x563925d06e76 - tokio::coop::with_budget::hb82a257916f6e818
[INFO] [stdout]                                at /opt/rustwide/cargo-home/registry/src/index.crates.io-6f17d22bba15001f/tokio-1.17.0/src/coop.rs:95:5
[INFO] [stdout]   41:     0x563925d06e76 - tokio::coop::budget::h03f62b7bbfed46ca
[INFO] [stdout]                                at /opt/rustwide/cargo-home/registry/src/index.crates.io-6f17d22bba15001f/tokio-1.17.0/src/coop.rs:72:5
[INFO] [stdout]   42:     0x563925d06e76 - tokio::runtime::basic_scheduler::CoreGuard::block_on::{{closure}}::{{closure}}::h039dea07f8892f1b
[INFO] [stdout]                                at /opt/rustwide/cargo-home/registry/src/index.crates.io-6f17d22bba15001f/tokio-1.17.0/src/runtime/basic_scheduler.rs:498:25
[INFO] [stdout]   43:     0x563925d05eac - tokio::runtime::basic_scheduler::Context::enter::he15444b86b5b989a
[INFO] [stdout]                                at /opt/rustwide/cargo-home/registry/src/index.crates.io-6f17d22bba15001f/tokio-1.17.0/src/runtime/basic_scheduler.rs:356:19
[INFO] [stdout]   44:     0x563925d06876 - tokio::runtime::basic_scheduler::CoreGuard::block_on::{{closure}}::hf4b2bdf3a64d93cc
[INFO] [stdout]                                at /opt/rustwide/cargo-home/registry/src/index.crates.io-6f17d22bba15001f/tokio-1.17.0/src/runtime/basic_scheduler.rs:497:36
[INFO] [stdout]   45:     0x563925d065cb - tokio::runtime::basic_scheduler::CoreGuard::enter::{{closure}}::h9c53fb59b40a31af
[INFO] [stdout]                                at /opt/rustwide/cargo-home/registry/src/index.crates.io-6f17d22bba15001f/tokio-1.17.0/src/runtime/basic_scheduler.rs:555:57
[INFO] [stdout]   46:     0x563925d19447 - tokio::macros::scoped_tls::ScopedKey<T>::set::h8019c666b24f1b64
[INFO] [stdout]                                at /opt/rustwide/cargo-home/registry/src/index.crates.io-6f17d22bba15001f/tokio-1.17.0/src/macros/scoped_tls.rs:61:9
[INFO] [stdout]   47:     0x563925d0637c - tokio::runtime::basic_scheduler::CoreGuard::enter::hf70d3d657507224d
[INFO] [stdout]                                at /opt/rustwide/cargo-home/registry/src/index.crates.io-6f17d22bba15001f/tokio-1.17.0/src/runtime/basic_scheduler.rs:555:27
[INFO] [stdout]   48:     0x563925d065e8 - tokio::runtime::basic_scheduler::CoreGuard::block_on::h8fe438da8f2d7f58
[INFO] [stdout]                                at /opt/rustwide/cargo-home/registry/src/index.crates.io-6f17d22bba15001f/tokio-1.17.0/src/runtime/basic_scheduler.rs:488:9
[INFO] [stdout]   49:     0x563925d055d8 - tokio::runtime::basic_scheduler::BasicScheduler::block_on::h97f433027d1967f3
[INFO] [stdout]                                at /opt/rustwide/cargo-home/registry/src/index.crates.io-6f17d22bba15001f/tokio-1.17.0/src/runtime/basic_scheduler.rs:168:24
[INFO] [stdout]   50:     0x563925d1f510 - tokio::runtime::Runtime::block_on::hce84ed7438d2b9ec
[INFO] [stdout]                                at /opt/rustwide/cargo-home/registry/src/index.crates.io-6f17d22bba15001f/tokio-1.17.0/src/runtime/mod.rs:475:46
[INFO] [stdout]   51:     0x563925d1f112 - tokio::task::local::LocalSet::block_on::h3f95db6505033803
[INFO] [stdout]                                at /opt/rustwide/cargo-home/registry/src/index.crates.io-6f17d22bba15001f/tokio-1.17.0/src/task/local.rs:468:9
[INFO] [stdout]   52:     0x563925d07ef4 - actix_rt::runtime::Runtime::block_on::he6b6dd1afa047f8c
[INFO] [stdout]                                at /opt/rustwide/cargo-home/registry/src/index.crates.io-6f17d22bba15001f/actix-rt-2.7.0/src/runtime.rs:80:9
[INFO] [stdout]   53:     0x563925d10cce - actix_rt::system::SystemRunner::block_on::h3c5b91b0ba642fd3
[INFO] [stdout]                                at /opt/rustwide/cargo-home/registry/src/index.crates.io-6f17d22bba15001f/actix-rt-2.7.0/src/system.rs:209:9
[INFO] [stdout]   54:     0x563925d1bd92 - rt_data::tests::it_works::h721458f907390302
[INFO] [stdout]                                at /opt/rustwide/workdir/src/lib.rs:31:5
[INFO] [stdout]   55:     0x563925d1bd47 - rt_data::tests::it_works::{{closure}}::h55a8c8c604b33128
[INFO] [stdout]                                at /opt/rustwide/workdir/src/lib.rs:32:24
[INFO] [stdout]   56:     0x563925d0e2d6 - core::ops::function::FnOnce::call_once::hca7f46412267c842
[INFO] [stdout]                                at /rustc/82e1608dfa6e0b5569232559e3d385fea5a93112/library/core/src/ops/function.rs:250:5
[INFO] [stdout]   57:     0x563925d8104f - core::ops::function::FnOnce::call_once::h2b5d431d5046312d
[INFO] [stdout]                                at /rustc/82e1608dfa6e0b5569232559e3d385fea5a93112/library/core/src/ops/function.rs:250:5
[INFO] [stdout]   58:     0x563925d8104f - test::__rust_begin_short_backtrace::h7714669af176e207
[INFO] [stdout]                                at /rustc/82e1608dfa6e0b5569232559e3d385fea5a93112/library/test/src/lib.rs:628:18
[INFO] [stdout]   59:     0x563925d80065 - test::run_test_in_process::{{closure}}::h85218797dcbcec12
[INFO] [stdout]                                at /rustc/82e1608dfa6e0b5569232559e3d385fea5a93112/library/test/src/lib.rs:651:60
[INFO] [stdout]   60:     0x563925d80065 - <core::panic::unwind_safe::AssertUnwindSafe<F> as core::ops::function::FnOnce<()>>::call_once::h76c106ea31c14d7b
[INFO] [stdout]                                at /rustc/82e1608dfa6e0b5569232559e3d385fea5a93112/library/core/src/panic/unwind_safe.rs:272:9
[INFO] [stdout]   61:     0x563925d80065 - std::panicking::try::do_call::h3bd5d0f6620ee946
[INFO] [stdout]                                at /rustc/82e1608dfa6e0b5569232559e3d385fea5a93112/library/std/src/panicking.rs:552:40
[INFO] [stdout]   62:     0x563925d80065 - std::panicking::try::h232e535e4744fe31
[INFO] [stdout]                                at /rustc/82e1608dfa6e0b5569232559e3d385fea5a93112/library/std/src/panicking.rs:516:19
[INFO] [stdout]   63:     0x563925d80065 - std::panic::catch_unwind::h3ce3bd6ca8dbac68
[INFO] [stdout]                                at /rustc/82e1608dfa6e0b5569232559e3d385fea5a93112/library/std/src/panic.rs:142:14
[INFO] [stdout]   64:     0x563925d80065 - test::run_test_in_process::hc97b257c9621286a
[INFO] [stdout]                                at /rustc/82e1608dfa6e0b5569232559e3d385fea5a93112/library/test/src/lib.rs:651:27
[INFO] [stdout]   65:     0x563925d80065 - test::run_test::{{closure}}::h2aa798823a438d38
[INFO] [stdout]                                at /rustc/82e1608dfa6e0b5569232559e3d385fea5a93112/library/test/src/lib.rs:574:43
[INFO] [stdout]   66:     0x563925d48326 - test::run_test::{{closure}}::h87d231c78fb59832
[INFO] [stdout]                                at /rustc/82e1608dfa6e0b5569232559e3d385fea5a93112/library/test/src/lib.rs:602:41
[INFO] [stdout]   67:     0x563925d48326 - std::sys_common::backtrace::__rust_begin_short_backtrace::he6df152596625789
[INFO] [stdout]                                at /rustc/82e1608dfa6e0b5569232559e3d385fea5a93112/library/std/src/sys_common/backtrace.rs:154:18
[INFO] [stdout]   68:     0x563925d4d3d7 - std::thread::Builder::spawn_unchecked_::{{closure}}::{{closure}}::ha94be15d1e0acf36
[INFO] [stdout]                                at /rustc/82e1608dfa6e0b5569232559e3d385fea5a93112/library/std/src/thread/mod.rs:529:17
[INFO] [stdout]   69:     0x563925d4d3d7 - <core::panic::unwind_safe::AssertUnwindSafe<F> as core::ops::function::FnOnce<()>>::call_once::h9dc6bd6372f16606
[INFO] [stdout]                                at /rustc/82e1608dfa6e0b5569232559e3d385fea5a93112/library/core/src/panic/unwind_safe.rs:272:9
[INFO] [stdout]   70:     0x563925d4d3d7 - std::panicking::try::do_call::h9057517f80303cd4
[INFO] [stdout]                                at /rustc/82e1608dfa6e0b5569232559e3d385fea5a93112/library/std/src/panicking.rs:552:40
[INFO] [stdout]   71:     0x563925d4d3d7 - std::panicking::try::he3a30b11ee45340c
[INFO] [stdout]                                at /rustc/82e1608dfa6e0b5569232559e3d385fea5a93112/library/std/src/panicking.rs:516:19
[INFO] [stdout]   72:     0x563925d4d3d7 - std::panic::catch_unwind::h410458cfd3528b8b
[INFO] [stdout]                                at /rustc/82e1608dfa6e0b5569232559e3d385fea5a93112/library/std/src/panic.rs:142:14
[INFO] [stdout]   73:     0x563925d4d3d7 - std::thread::Builder::spawn_unchecked_::{{closure}}::h72ac3bdb567b737b
[INFO] [stdout]                                at /rustc/82e1608dfa6e0b5569232559e3d385fea5a93112/library/std/src/thread/mod.rs:528:30
[INFO] [stdout]   74:     0x563925d4d3d7 - core::ops::function::FnOnce::call_once{{vtable.shim}}::h38f34da3654a8344
[INFO] [stdout]                                at /rustc/82e1608dfa6e0b5569232559e3d385fea5a93112/library/core/src/ops/function.rs:250:5
[INFO] [stdout]   75:     0x5639262f8735 - <alloc::boxed::Box<F,A> as core::ops::function::FnOnce<Args>>::call_once::hc7eafaff61e32df9
[INFO] [stdout]                                at /rustc/82e1608dfa6e0b5569232559e3d385fea5a93112/library/alloc/src/boxed.rs:2007:9
[INFO] [stdout]   76:     0x5639262f8735 - <alloc::boxed::Box<F,A> as core::ops::function::FnOnce<Args>>::call_once::h6ba4a5de48dd2304
[INFO] [stdout]                                at /rustc/82e1608dfa6e0b5569232559e3d385fea5a93112/library/alloc/src/boxed.rs:2007:9
[INFO] [stdout]   77:     0x5639262f8735 - std::sys::unix::thread::Thread::new::thread_start::he469335aef763e45
[INFO] [stdout]                                at /rustc/82e1608dfa6e0b5569232559e3d385fea5a93112/library/std/src/sys/unix/thread.rs:108:17
[INFO] [stdout]   78:     0x7f90ec8b2ac3 - <unknown>
[INFO] [stdout]   79:     0x7f90ec943bf4 - __clone
[INFO] [stdout]   80:                0x0 - <unknown>
[INFO] [stdout] 
[INFO] [stdout] 
[INFO] [stdout] failures:
[INFO] [stdout]     tests::it_works
[INFO] [stdout] 
[INFO] [stdout] test result: FAILED. 2 passed; 1 failed; 0 ignored; 0 measured; 0 filtered out; finished in 0.11s
[INFO] [stdout] 
[INFO] [stderr] error: test failed, to rerun pass `--lib`
[INFO] running `Command { std: "docker" "inspect" "beba96a1c82a2a4a1e58559f681fd5ef3f50f230f80f4dbb605cdc24eeb1514c", kill_on_drop: false }`
[INFO] running `Command { std: "docker" "rm" "-f" "beba96a1c82a2a4a1e58559f681fd5ef3f50f230f80f4dbb605cdc24eeb1514c", kill_on_drop: false }`
[INFO] [stdout] beba96a1c82a2a4a1e58559f681fd5ef3f50f230f80f4dbb605cdc24eeb1514c
