[INFO] cloning repository https://github.com/ptrptr/base64-mime
[INFO] running `Command { std: "git" "-c" "credential.helper=" "-c" "credential.helper=/workspace/cargo-home/bin/git-credential-null" "clone" "--bare" "https://github.com/ptrptr/base64-mime" "/workspace/cache/git-repos/https%3A%2F%2Fgithub.com%2Fptrptr%2Fbase64-mime", kill_on_drop: false }`
[INFO] [stderr] Cloning into bare repository '/workspace/cache/git-repos/https%3A%2F%2Fgithub.com%2Fptrptr%2Fbase64-mime'...
[INFO] running `Command { std: "git" "rev-parse" "HEAD", kill_on_drop: false }`
[INFO] [stdout] 4dfeb47de3bec864c17b051a1b5a15a2eabf84b5
[INFO] testing ptrptr/base64-mime against 1.75.0 for beta-1.76-1
[INFO] running `Command { std: "git" "clone" "/workspace/cache/git-repos/https%3A%2F%2Fgithub.com%2Fptrptr%2Fbase64-mime" "/workspace/builds/worker-3-tc1/source", kill_on_drop: false }`
[INFO] [stderr] Cloning into '/workspace/builds/worker-3-tc1/source'...
[INFO] [stderr] done.
[INFO] validating manifest of git repo https://github.com/ptrptr/base64-mime on toolchain 1.75.0
[INFO] running `Command { std: CARGO_HOME="/workspace/cargo-home" RUSTUP_HOME="/workspace/rustup-home" "/workspace/cargo-home/bin/cargo" "+1.75.0" "metadata" "--manifest-path" "Cargo.toml" "--no-deps", kill_on_drop: false }`
[INFO] started tweaking git repo https://github.com/ptrptr/base64-mime
[INFO] finished tweaking git repo https://github.com/ptrptr/base64-mime
[INFO] tweaked toml for git repo https://github.com/ptrptr/base64-mime written to /workspace/builds/worker-3-tc1/source/Cargo.toml
[INFO] running `Command { std: CARGO_HOME="/workspace/cargo-home" RUSTUP_HOME="/workspace/rustup-home" "/workspace/cargo-home/bin/cargo" "+1.75.0" "generate-lockfile" "--manifest-path" "Cargo.toml", kill_on_drop: false }`
[INFO] [stderr] warning: virtual workspace defaulting to `resolver = "1"` despite one or more workspace members being on edition 2021 which implies `resolver = "2"`
[INFO] [stderr] note: to keep the current resolver, specify `workspace.resolver = "1"` in the workspace root's manifest
[INFO] [stderr] note: to use the edition 2021 resolver, specify `workspace.resolver = "2"` in the workspace root's manifest
[INFO] [stderr] note: for more details see https://doc.rust-lang.org/cargo/reference/resolver.html#resolver-versions
[INFO] running `Command { std: CARGO_HOME="/workspace/cargo-home" RUSTUP_HOME="/workspace/rustup-home" "/workspace/cargo-home/bin/cargo" "+1.75.0" "fetch" "--manifest-path" "Cargo.toml", kill_on_drop: false }`
[INFO] [stderr] warning: virtual workspace defaulting to `resolver = "1"` despite one or more workspace members being on edition 2021 which implies `resolver = "2"`
[INFO] [stderr] note: to keep the current resolver, specify `workspace.resolver = "1"` in the workspace root's manifest
[INFO] [stderr] note: to use the edition 2021 resolver, specify `workspace.resolver = "2"` in the workspace root's manifest
[INFO] [stderr] note: for more details see https://doc.rust-lang.org/cargo/reference/resolver.html#resolver-versions
[INFO] running `Command { std: "docker" "create" "-v" "/var/lib/crater-agent-workspace/builds/worker-3-tc1/target:/opt/rustwide/target:rw,Z" "-v" "/var/lib/crater-agent-workspace/builds/worker-3-tc1/source:/opt/rustwide/workdir:ro,Z" "-v" "/var/lib/crater-agent-workspace/cargo-home:/opt/rustwide/cargo-home:ro,Z" "-v" "/var/lib/crater-agent-workspace/rustup-home:/opt/rustwide/rustup-home:ro,Z" "-e" "SOURCE_DIR=/opt/rustwide/workdir" "-e" "CARGO_TARGET_DIR=/opt/rustwide/target" "-e" "CARGO_HOME=/opt/rustwide/cargo-home" "-e" "RUSTUP_HOME=/opt/rustwide/rustup-home" "-w" "/opt/rustwide/workdir" "-m" "1610612736" "--user" "0:0" "--network" "none" "ghcr.io/rust-lang/crates-build-env/linux@sha256:2788e3201cd34a07e3172128adcd8b3090168a8e3bcc40d7c032b9dda1df7d1c" "/opt/rustwide/cargo-home/bin/cargo" "+1.75.0" "metadata" "--no-deps" "--format-version=1", kill_on_drop: false }`
[INFO] [stdout] b58a46ec448eeeb28300d78fe8a08ba683f4d6e42eb340bf07690557d7df2648
[INFO] running `Command { std: "docker" "start" "-a" "b58a46ec448eeeb28300d78fe8a08ba683f4d6e42eb340bf07690557d7df2648", kill_on_drop: false }`
[INFO] running `Command { std: "docker" "inspect" "b58a46ec448eeeb28300d78fe8a08ba683f4d6e42eb340bf07690557d7df2648", kill_on_drop: false }`
[INFO] running `Command { std: "docker" "rm" "-f" "b58a46ec448eeeb28300d78fe8a08ba683f4d6e42eb340bf07690557d7df2648", kill_on_drop: false }`
[INFO] [stdout] b58a46ec448eeeb28300d78fe8a08ba683f4d6e42eb340bf07690557d7df2648
[INFO] running `Command { std: "docker" "create" "-v" "/var/lib/crater-agent-workspace/builds/worker-3-tc1/target:/opt/rustwide/target:rw,Z" "-v" "/var/lib/crater-agent-workspace/builds/worker-3-tc1/source:/opt/rustwide/workdir:ro,Z" "-v" "/var/lib/crater-agent-workspace/cargo-home:/opt/rustwide/cargo-home:ro,Z" "-v" "/var/lib/crater-agent-workspace/rustup-home:/opt/rustwide/rustup-home:ro,Z" "-e" "SOURCE_DIR=/opt/rustwide/workdir" "-e" "CARGO_TARGET_DIR=/opt/rustwide/target" "-e" "CARGO_INCREMENTAL=0" "-e" "RUST_BACKTRACE=full" "-e" "RUSTFLAGS=--cap-lints=warn" "-e" "RUSTDOCFLAGS=--cap-lints=warn" "-e" "CARGO_HOME=/opt/rustwide/cargo-home" "-e" "RUSTUP_HOME=/opt/rustwide/rustup-home" "-w" "/opt/rustwide/workdir" "-m" "1610612736" "--user" "0:0" "--network" "none" "ghcr.io/rust-lang/crates-build-env/linux@sha256:2788e3201cd34a07e3172128adcd8b3090168a8e3bcc40d7c032b9dda1df7d1c" "/opt/rustwide/cargo-home/bin/cargo" "+1.75.0" "build" "--frozen" "--message-format=json", kill_on_drop: false }`
[INFO] [stdout] 4f7276db27fb0e4d250e47b109cace26f624d722598a0ff9c22e3d3b33ed6ee1
[INFO] running `Command { std: "docker" "start" "-a" "4f7276db27fb0e4d250e47b109cace26f624d722598a0ff9c22e3d3b33ed6ee1", kill_on_drop: false }`
[INFO] [stderr] warning: virtual workspace defaulting to `resolver = "1"` despite one or more workspace members being on edition 2021 which implies `resolver = "2"`
[INFO] [stderr] note: to keep the current resolver, specify `workspace.resolver = "1"` in the workspace root's manifest
[INFO] [stderr] note: to use the edition 2021 resolver, specify `workspace.resolver = "2"` in the workspace root's manifest
[INFO] [stderr] note: for more details see https://doc.rust-lang.org/cargo/reference/resolver.html#resolver-versions
[INFO] [stderr]    Compiling base64-mime v0.1.0 (/opt/rustwide/workdir/base64-mime)
[INFO] [stdout] warning: multiple patterns overlap on their endpoints
[INFO] [stdout]   --> base64-mime/src/writer.rs:64:17
[INFO] [stdout]    |
[INFO] [stdout] 56 |             (0, 0..=2) | (1, 1) => {
[INFO] [stdout]    |                 ----- this range overlaps on `2_usize`...
[INFO] [stdout] ...
[INFO] [stdout] 64 |             (1, 2..) => {
[INFO] [stdout]    |                 ^^^ ... with this range
[INFO] [stdout]    |
[INFO] [stdout]    = note: you likely meant to write mutually exclusive ranges
[INFO] [stdout]    = note: `#[warn(overlapping_range_endpoints)]` on by default
[INFO] [stdout] 
[INFO] [stdout] 
[INFO] [stdout] warning: 1 warning emitted
[INFO] [stdout] 
[INFO] [stdout] 
[INFO] [stderr]    Compiling base64-cli v0.1.0 (/opt/rustwide/workdir/base64-cli)
[INFO] [stderr]     Finished dev [unoptimized + debuginfo] target(s) in 0.60s
[INFO] running `Command { std: "docker" "inspect" "4f7276db27fb0e4d250e47b109cace26f624d722598a0ff9c22e3d3b33ed6ee1", kill_on_drop: false }`
[INFO] running `Command { std: "docker" "rm" "-f" "4f7276db27fb0e4d250e47b109cace26f624d722598a0ff9c22e3d3b33ed6ee1", kill_on_drop: false }`
[INFO] [stdout] 4f7276db27fb0e4d250e47b109cace26f624d722598a0ff9c22e3d3b33ed6ee1
[INFO] running `Command { std: "docker" "create" "-v" "/var/lib/crater-agent-workspace/builds/worker-3-tc1/target:/opt/rustwide/target:rw,Z" "-v" "/var/lib/crater-agent-workspace/builds/worker-3-tc1/source:/opt/rustwide/workdir:ro,Z" "-v" "/var/lib/crater-agent-workspace/cargo-home:/opt/rustwide/cargo-home:ro,Z" "-v" "/var/lib/crater-agent-workspace/rustup-home:/opt/rustwide/rustup-home:ro,Z" "-e" "SOURCE_DIR=/opt/rustwide/workdir" "-e" "CARGO_TARGET_DIR=/opt/rustwide/target" "-e" "CARGO_INCREMENTAL=0" "-e" "RUST_BACKTRACE=full" "-e" "RUSTFLAGS=--cap-lints=warn" "-e" "RUSTDOCFLAGS=--cap-lints=warn" "-e" "CARGO_HOME=/opt/rustwide/cargo-home" "-e" "RUSTUP_HOME=/opt/rustwide/rustup-home" "-w" "/opt/rustwide/workdir" "-m" "1610612736" "--user" "0:0" "--network" "none" "ghcr.io/rust-lang/crates-build-env/linux@sha256:2788e3201cd34a07e3172128adcd8b3090168a8e3bcc40d7c032b9dda1df7d1c" "/opt/rustwide/cargo-home/bin/cargo" "+1.75.0" "test" "--frozen" "--no-run" "--message-format=json", kill_on_drop: false }`
[INFO] [stdout] 459f6599b56fbb42d1097c56963e51de178620fc2379545969bae5a92ed93317
[INFO] running `Command { std: "docker" "start" "-a" "459f6599b56fbb42d1097c56963e51de178620fc2379545969bae5a92ed93317", kill_on_drop: false }`
[INFO] [stderr] warning: virtual workspace defaulting to `resolver = "1"` despite one or more workspace members being on edition 2021 which implies `resolver = "2"`
[INFO] [stderr] note: to keep the current resolver, specify `workspace.resolver = "1"` in the workspace root's manifest
[INFO] [stderr] note: to use the edition 2021 resolver, specify `workspace.resolver = "2"` in the workspace root's manifest
[INFO] [stderr] note: for more details see https://doc.rust-lang.org/cargo/reference/resolver.html#resolver-versions
[INFO] [stdout] warning: multiple patterns overlap on their endpoints
[INFO] [stdout]   --> base64-mime/src/writer.rs:64:17
[INFO] [stdout]    |
[INFO] [stdout] 56 |             (0, 0..=2) | (1, 1) => {
[INFO] [stdout]    |                 ----- this range overlaps on `2_usize`...
[INFO] [stdout] ...
[INFO] [stdout] 64 |             (1, 2..) => {
[INFO] [stdout]    |                 ^^^ ... with this range
[INFO] [stdout]    |
[INFO] [stdout]    = note: you likely meant to write mutually exclusive ranges
[INFO] [stdout]    = note: `#[warn(overlapping_range_endpoints)]` on by default
[INFO] [stdout] 
[INFO] [stdout] 
[INFO] [stdout] warning: 1 warning emitted
[INFO] [stdout] 
[INFO] [stdout] 
[INFO] [stderr]    Compiling base64-cli v0.1.0 (/opt/rustwide/workdir/base64-cli)
[INFO] [stderr]    Compiling base64-mime v0.1.0 (/opt/rustwide/workdir/base64-mime)
[INFO] [stdout] warning: multiple patterns overlap on their endpoints
[INFO] [stdout]   --> base64-mime/src/writer.rs:64:17
[INFO] [stdout]    |
[INFO] [stdout] 56 |             (0, 0..=2) | (1, 1) => {
[INFO] [stdout]    |                 ----- this range overlaps on `2_usize`...
[INFO] [stdout] ...
[INFO] [stdout] 64 |             (1, 2..) => {
[INFO] [stdout]    |                 ^^^ ... with this range
[INFO] [stdout]    |
[INFO] [stdout]    = note: you likely meant to write mutually exclusive ranges
[INFO] [stdout]    = note: `#[warn(overlapping_range_endpoints)]` on by default
[INFO] [stdout] 
[INFO] [stdout] 
[INFO] [stdout] warning: 1 warning emitted
[INFO] [stdout] 
[INFO] [stdout] 
[INFO] [stderr]     Finished test [unoptimized + debuginfo] target(s) in 0.71s
[INFO] running `Command { std: "docker" "inspect" "459f6599b56fbb42d1097c56963e51de178620fc2379545969bae5a92ed93317", kill_on_drop: false }`
[INFO] running `Command { std: "docker" "rm" "-f" "459f6599b56fbb42d1097c56963e51de178620fc2379545969bae5a92ed93317", kill_on_drop: false }`
[INFO] [stdout] 459f6599b56fbb42d1097c56963e51de178620fc2379545969bae5a92ed93317
[INFO] running `Command { std: "docker" "create" "-v" "/var/lib/crater-agent-workspace/builds/worker-3-tc1/target:/opt/rustwide/target:rw,Z" "-v" "/var/lib/crater-agent-workspace/builds/worker-3-tc1/source:/opt/rustwide/workdir:ro,Z" "-v" "/var/lib/crater-agent-workspace/cargo-home:/opt/rustwide/cargo-home:ro,Z" "-v" "/var/lib/crater-agent-workspace/rustup-home:/opt/rustwide/rustup-home:ro,Z" "-e" "SOURCE_DIR=/opt/rustwide/workdir" "-e" "CARGO_TARGET_DIR=/opt/rustwide/target" "-e" "CARGO_INCREMENTAL=0" "-e" "RUST_BACKTRACE=full" "-e" "RUSTFLAGS=--cap-lints=warn" "-e" "RUSTDOCFLAGS=--cap-lints=warn" "-e" "CARGO_HOME=/opt/rustwide/cargo-home" "-e" "RUSTUP_HOME=/opt/rustwide/rustup-home" "-w" "/opt/rustwide/workdir" "-m" "1610612736" "--user" "0:0" "--network" "none" "ghcr.io/rust-lang/crates-build-env/linux@sha256:2788e3201cd34a07e3172128adcd8b3090168a8e3bcc40d7c032b9dda1df7d1c" "/opt/rustwide/cargo-home/bin/cargo" "+1.75.0" "test" "--frozen", kill_on_drop: false }`
[INFO] [stdout] 2e05b9d997f4ce5f24805be079f77714b60a18ad302e977a62ec5d97d5ef39b2
[INFO] running `Command { std: "docker" "start" "-a" "2e05b9d997f4ce5f24805be079f77714b60a18ad302e977a62ec5d97d5ef39b2", kill_on_drop: false }`
[INFO] [stderr] warning: virtual workspace defaulting to `resolver = "1"` despite one or more workspace members being on edition 2021 which implies `resolver = "2"`
[INFO] [stderr] note: to keep the current resolver, specify `workspace.resolver = "1"` in the workspace root's manifest
[INFO] [stderr] note: to use the edition 2021 resolver, specify `workspace.resolver = "2"` in the workspace root's manifest
[INFO] [stderr] note: for more details see https://doc.rust-lang.org/cargo/reference/resolver.html#resolver-versions
[INFO] [stderr] warning: multiple patterns overlap on their endpoints
[INFO] [stderr]   --> base64-mime/src/writer.rs:64:17
[INFO] [stderr]    |
[INFO] [stderr] 56 |             (0, 0..=2) | (1, 1) => {
[INFO] [stderr]    |                 ----- this range overlaps on `2_usize`...
[INFO] [stderr] ...
[INFO] [stderr] 64 |             (1, 2..) => {
[INFO] [stderr]    |                 ^^^ ... with this range
[INFO] [stderr]    |
[INFO] [stderr]    = note: you likely meant to write mutually exclusive ranges
[INFO] [stderr]    = note: `#[warn(overlapping_range_endpoints)]` on by default
[INFO] [stderr] 
[INFO] [stderr] warning: `base64-mime` (lib) generated 1 warning
[INFO] [stderr] warning: `base64-mime` (lib test) generated 1 warning (1 duplicate)
[INFO] [stderr]     Finished test [unoptimized + debuginfo] target(s) in 0.01s
[INFO] [stderr]      Running unittests src/main.rs (/opt/rustwide/target/debug/deps/base64_cli-2ce167587d93de0b)
[INFO] [stdout] 
[INFO] [stdout] running 0 tests
[INFO] [stdout] 
[INFO] [stdout] test result: ok. 0 passed; 0 failed; 0 ignored; 0 measured; 0 filtered out; finished in 0.00s
[INFO] [stdout] 
[INFO] [stderr]      Running tests/decode_tests.rs (/opt/rustwide/target/debug/deps/decode_tests-1c9acf5db19cb530)
[INFO] [stdout] 
[INFO] [stdout] running 4 tests
[INFO] [stdout] test integration_test_decode_file ... ok
[INFO] [stdout] test integration_test_decode_default ... ok
[INFO] [stdout] test integration_test_decode_file_with_output_file ... ok
[INFO] [stdout] test integration_test_decode_stdin ... ok
[INFO] [stdout] 
[INFO] [stdout] test result: ok. 4 passed; 0 failed; 0 ignored; 0 measured; 0 filtered out; finished in 0.00s
[INFO] [stdout] 
[INFO] [stderr]      Running tests/encode_tests.rs (/opt/rustwide/target/debug/deps/encode_tests-4f306acb4facce04)
[INFO] [stdout] 
[INFO] [stdout] running 4 tests
[INFO] [stdout] test integration_test_encode_default ... ok
[INFO] [stdout] test integration_test_encode_file_with_output_file ... ok
[INFO] [stdout] test integration_test_encode_file ... ok
[INFO] [stdout] test integration_test_encode_stdin ... ok
[INFO] [stdout] 
[INFO] [stdout] test result: ok. 4 passed; 0 failed; 0 ignored; 0 measured; 0 filtered out; finished in 0.00s
[INFO] [stdout] 
[INFO] [stderr]      Running tests/help_tests.rs (/opt/rustwide/target/debug/deps/help_tests-f39c3d17399dff12)
[INFO] [stdout] 
[INFO] [stdout] running 3 tests
[INFO] [stdout] test integration_test_h_parameter_has_options ... ok
[INFO] [stdout] test integration_test_h_parameter_has_usage ... ok
[INFO] [stdout] test integration_test_help_parameter_is_same_as_h_parameter ... ok
[INFO] [stdout] 
[INFO] [stdout] test result: ok. 3 passed; 0 failed; 0 ignored; 0 measured; 0 filtered out; finished in 0.00s
[INFO] [stdout] 
[INFO] [stderr]      Running unittests src/lib.rs (/opt/rustwide/target/debug/deps/base64_mime-32a39f02fe96de19)
[INFO] [stdout] 
[INFO] [stdout] running 31 tests
[INFO] [stdout] test tests::reader::test_bad_padding_pattern_0100 ... ok
[INFO] [stdout] test tests::reader::test_bad_padding_pattern_1000 ... ok
[INFO] [stdout] test tests::reader::test_bad_padding_pattern_1110 ... ok
[INFO] [stdout] test tests::reader::test_bad_padding_pattern_0110 ... ok
[INFO] [stdout] test tests::reader::test_new_reader ... ok
[INFO] [stdout] test tests::reader::test_bad_padding_pattern_1111 ... ok
[INFO] [stdout] test tests::reader::test_bad_padding_pattern_0010 ... ok
[INFO] [stdout] test tests::reader::test_read_multiword_with_nonalphabet_splitting_word ... ok
[INFO] [stdout] test tests::reader::test_read_empty ... ok
[INFO] [stdout] test tests::reader::test_read_multiword_with_nonalphabet_word_aligned ... ok
[INFO] [stdout] test tests::reader::test_read_one_padding_byte ... ok
[INFO] [stdout] test tests::reader::test_read_only_nonalphabet ... ok
[INFO] [stdout] test tests::reader::test_read_two_padding_bytes ... ok
[INFO] [stdout] test tests::reader::test_read_unpadded ... ok
[INFO] [stdout] test tests::reader::test_unexpected_eof_length_one ... ok
[INFO] [stdout] test tests::reader::test_read_multiword_with_padding ... ok
[INFO] [stdout] test tests::reader::test_unexpected_eof_length_three ... ok
[INFO] [stdout] test tests::reader::test_read_multiword_without_padding ... ok
[INFO] [stdout] test tests::reader::test_unexpected_eof_length_two ... ok
[INFO] [stdout] test tests::writer::test_empty_write ... ok
[INFO] [stdout] test tests::writer::test_empty_write_call ... ok
[INFO] [stdout] test tests::writer::test_new_writer ... ok
[INFO] [stdout] test tests::writer::test_write_multiword_and_padding ... ok
[INFO] [stdout] test tests::writer::test_write_multiword_without_padding ... ok
[INFO] [stdout] test tests::writer::test_write_one_byte_return_value ... ok
[INFO] [stdout] test tests::writer::test_write_three_bytes_return_value ... ok
[INFO] [stdout] test tests::writer::test_write_one_padding_byte ... ok
[INFO] [stdout] test tests::writer::test_write_two_bytes_return_value ... ok
[INFO] [stdout] test tests::writer::test_write_two_padding_bytes ... ok
[INFO] [stdout] test tests::writer::test_write_unpadded ... ok
[INFO] [stdout] test tests::writer::test_write_zero_bytes_return_value ... ok
[INFO] [stdout] 
[INFO] [stdout] test result: ok. 31 passed; 0 failed; 0 ignored; 0 measured; 0 filtered out; finished in 0.01s
[INFO] [stdout] 
[INFO] [stderr]    Doc-tests base64-mime
[INFO] [stdout] 
[INFO] [stdout] running 0 tests
[INFO] [stdout] 
[INFO] [stdout] test result: ok. 0 passed; 0 failed; 0 ignored; 0 measured; 0 filtered out; finished in 0.00s
[INFO] [stdout] 
[INFO] running `Command { std: "docker" "inspect" "2e05b9d997f4ce5f24805be079f77714b60a18ad302e977a62ec5d97d5ef39b2", kill_on_drop: false }`
[INFO] running `Command { std: "docker" "rm" "-f" "2e05b9d997f4ce5f24805be079f77714b60a18ad302e977a62ec5d97d5ef39b2", kill_on_drop: false }`
[INFO] [stdout] 2e05b9d997f4ce5f24805be079f77714b60a18ad302e977a62ec5d97d5ef39b2
[INFO] testing ptrptr/base64-mime against beta-2023-12-22 for beta-1.76-1
[INFO] running `Command { std: "git" "clone" "/workspace/cache/git-repos/https%3A%2F%2Fgithub.com%2Fptrptr%2Fbase64-mime" "/workspace/builds/worker-3-tc2/source", kill_on_drop: false }`
[INFO] [stderr] Cloning into '/workspace/builds/worker-3-tc2/source'...
[INFO] [stderr] done.
[INFO] validating manifest of git repo https://github.com/ptrptr/base64-mime on toolchain beta-2023-12-22
[INFO] running `Command { std: CARGO_HOME="/workspace/cargo-home" RUSTUP_HOME="/workspace/rustup-home" "/workspace/cargo-home/bin/cargo" "+beta-2023-12-22" "metadata" "--manifest-path" "Cargo.toml" "--no-deps", kill_on_drop: false }`
[INFO] started tweaking git repo https://github.com/ptrptr/base64-mime
[INFO] finished tweaking git repo https://github.com/ptrptr/base64-mime
[INFO] tweaked toml for git repo https://github.com/ptrptr/base64-mime written to /workspace/builds/worker-3-tc2/source/Cargo.toml
[INFO] running `Command { std: CARGO_HOME="/workspace/cargo-home" RUSTUP_HOME="/workspace/rustup-home" "/workspace/cargo-home/bin/cargo" "+beta-2023-12-22" "generate-lockfile" "--manifest-path" "Cargo.toml", kill_on_drop: false }`
[INFO] [stderr] warning: virtual workspace defaulting to `resolver = "1"` despite one or more workspace members being on edition 2021 which implies `resolver = "2"`
[INFO] [stderr] note: to keep the current resolver, specify `workspace.resolver = "1"` in the workspace root's manifest
[INFO] [stderr] note: to use the edition 2021 resolver, specify `workspace.resolver = "2"` in the workspace root's manifest
[INFO] [stderr] note: for more details see https://doc.rust-lang.org/cargo/reference/resolver.html#resolver-versions
[INFO] running `Command { std: CARGO_HOME="/workspace/cargo-home" RUSTUP_HOME="/workspace/rustup-home" "/workspace/cargo-home/bin/cargo" "+beta-2023-12-22" "fetch" "--manifest-path" "Cargo.toml", kill_on_drop: false }`
[INFO] [stderr] warning: virtual workspace defaulting to `resolver = "1"` despite one or more workspace members being on edition 2021 which implies `resolver = "2"`
[INFO] [stderr] note: to keep the current resolver, specify `workspace.resolver = "1"` in the workspace root's manifest
[INFO] [stderr] note: to use the edition 2021 resolver, specify `workspace.resolver = "2"` in the workspace root's manifest
[INFO] [stderr] note: for more details see https://doc.rust-lang.org/cargo/reference/resolver.html#resolver-versions
[INFO] running `Command { std: "docker" "create" "-v" "/var/lib/crater-agent-workspace/builds/worker-3-tc2/target:/opt/rustwide/target:rw,Z" "-v" "/var/lib/crater-agent-workspace/builds/worker-3-tc2/source:/opt/rustwide/workdir:ro,Z" "-v" "/var/lib/crater-agent-workspace/cargo-home:/opt/rustwide/cargo-home:ro,Z" "-v" "/var/lib/crater-agent-workspace/rustup-home:/opt/rustwide/rustup-home:ro,Z" "-e" "SOURCE_DIR=/opt/rustwide/workdir" "-e" "CARGO_TARGET_DIR=/opt/rustwide/target" "-e" "CARGO_HOME=/opt/rustwide/cargo-home" "-e" "RUSTUP_HOME=/opt/rustwide/rustup-home" "-w" "/opt/rustwide/workdir" "-m" "1610612736" "--user" "0:0" "--network" "none" "ghcr.io/rust-lang/crates-build-env/linux@sha256:2788e3201cd34a07e3172128adcd8b3090168a8e3bcc40d7c032b9dda1df7d1c" "/opt/rustwide/cargo-home/bin/cargo" "+beta-2023-12-22" "metadata" "--no-deps" "--format-version=1", kill_on_drop: false }`
[INFO] [stdout] 81eb67e82a6e9eed5f8790973dcbe300dda429e0b13e06b511fb3f73654542dc
[INFO] running `Command { std: "docker" "start" "-a" "81eb67e82a6e9eed5f8790973dcbe300dda429e0b13e06b511fb3f73654542dc", kill_on_drop: false }`
[INFO] running `Command { std: "docker" "inspect" "81eb67e82a6e9eed5f8790973dcbe300dda429e0b13e06b511fb3f73654542dc", kill_on_drop: false }`
[INFO] running `Command { std: "docker" "rm" "-f" "81eb67e82a6e9eed5f8790973dcbe300dda429e0b13e06b511fb3f73654542dc", kill_on_drop: false }`
[INFO] [stdout] 81eb67e82a6e9eed5f8790973dcbe300dda429e0b13e06b511fb3f73654542dc
[INFO] running `Command { std: "docker" "create" "-v" "/var/lib/crater-agent-workspace/builds/worker-3-tc2/target:/opt/rustwide/target:rw,Z" "-v" "/var/lib/crater-agent-workspace/builds/worker-3-tc2/source:/opt/rustwide/workdir:ro,Z" "-v" "/var/lib/crater-agent-workspace/cargo-home:/opt/rustwide/cargo-home:ro,Z" "-v" "/var/lib/crater-agent-workspace/rustup-home:/opt/rustwide/rustup-home:ro,Z" "-e" "SOURCE_DIR=/opt/rustwide/workdir" "-e" "CARGO_TARGET_DIR=/opt/rustwide/target" "-e" "CARGO_INCREMENTAL=0" "-e" "RUST_BACKTRACE=full" "-e" "RUSTFLAGS=--cap-lints=warn" "-e" "RUSTDOCFLAGS=--cap-lints=warn" "-e" "CARGO_HOME=/opt/rustwide/cargo-home" "-e" "RUSTUP_HOME=/opt/rustwide/rustup-home" "-w" "/opt/rustwide/workdir" "-m" "1610612736" "--user" "0:0" "--network" "none" "ghcr.io/rust-lang/crates-build-env/linux@sha256:2788e3201cd34a07e3172128adcd8b3090168a8e3bcc40d7c032b9dda1df7d1c" "/opt/rustwide/cargo-home/bin/cargo" "+beta-2023-12-22" "build" "--frozen" "--message-format=json", kill_on_drop: false }`
[INFO] [stdout] 2697f662efd360a80e3ce8a28913fe114427f13ecd38091cc526df0afa0857b5
[INFO] running `Command { std: "docker" "start" "-a" "2697f662efd360a80e3ce8a28913fe114427f13ecd38091cc526df0afa0857b5", kill_on_drop: false }`
[INFO] [stderr] warning: virtual workspace defaulting to `resolver = "1"` despite one or more workspace members being on edition 2021 which implies `resolver = "2"`
[INFO] [stderr] note: to keep the current resolver, specify `workspace.resolver = "1"` in the workspace root's manifest
[INFO] [stderr] note: to use the edition 2021 resolver, specify `workspace.resolver = "2"` in the workspace root's manifest
[INFO] [stderr] note: for more details see https://doc.rust-lang.org/cargo/reference/resolver.html#resolver-versions
[INFO] [stderr]    Compiling base64-mime v0.1.0 (/opt/rustwide/workdir/base64-mime)
[INFO] [stdout] warning: multiple patterns overlap on their endpoints
[INFO] [stdout]   --> base64-mime/src/writer.rs:64:17
[INFO] [stdout]    |
[INFO] [stdout] 56 |             (0, 0..=2) | (1, 1) => {
[INFO] [stdout]    |                 ----- this range overlaps on `2_usize`...
[INFO] [stdout] ...
[INFO] [stdout] 64 |             (1, 2..) => {
[INFO] [stdout]    |                 ^^^ ... with this range
[INFO] [stdout]    |
[INFO] [stdout]    = note: you likely meant to write mutually exclusive ranges
[INFO] [stdout]    = note: `#[warn(overlapping_range_endpoints)]` on by default
[INFO] [stdout] 
[INFO] [stdout] 
[INFO] [stdout] warning: 1 warning emitted
[INFO] [stdout] 
[INFO] [stdout] 
[INFO] [stderr]    Compiling base64-cli v0.1.0 (/opt/rustwide/workdir/base64-cli)
[INFO] [stderr]     Finished dev [unoptimized + debuginfo] target(s) in 0.33s
[INFO] running `Command { std: "docker" "inspect" "2697f662efd360a80e3ce8a28913fe114427f13ecd38091cc526df0afa0857b5", kill_on_drop: false }`
[INFO] running `Command { std: "docker" "rm" "-f" "2697f662efd360a80e3ce8a28913fe114427f13ecd38091cc526df0afa0857b5", kill_on_drop: false }`
[INFO] [stdout] 2697f662efd360a80e3ce8a28913fe114427f13ecd38091cc526df0afa0857b5
[INFO] running `Command { std: "docker" "create" "-v" "/var/lib/crater-agent-workspace/builds/worker-3-tc2/target:/opt/rustwide/target:rw,Z" "-v" "/var/lib/crater-agent-workspace/builds/worker-3-tc2/source:/opt/rustwide/workdir:ro,Z" "-v" "/var/lib/crater-agent-workspace/cargo-home:/opt/rustwide/cargo-home:ro,Z" "-v" "/var/lib/crater-agent-workspace/rustup-home:/opt/rustwide/rustup-home:ro,Z" "-e" "SOURCE_DIR=/opt/rustwide/workdir" "-e" "CARGO_TARGET_DIR=/opt/rustwide/target" "-e" "CARGO_INCREMENTAL=0" "-e" "RUST_BACKTRACE=full" "-e" "RUSTFLAGS=--cap-lints=warn" "-e" "RUSTDOCFLAGS=--cap-lints=warn" "-e" "CARGO_HOME=/opt/rustwide/cargo-home" "-e" "RUSTUP_HOME=/opt/rustwide/rustup-home" "-w" "/opt/rustwide/workdir" "-m" "1610612736" "--user" "0:0" "--network" "none" "ghcr.io/rust-lang/crates-build-env/linux@sha256:2788e3201cd34a07e3172128adcd8b3090168a8e3bcc40d7c032b9dda1df7d1c" "/opt/rustwide/cargo-home/bin/cargo" "+beta-2023-12-22" "test" "--frozen" "--no-run" "--message-format=json", kill_on_drop: false }`
[INFO] [stdout] 233508fa3f32872c896ba3d03a777bb0f74d3218120a544c148d46457d1a91f2
[INFO] running `Command { std: "docker" "start" "-a" "233508fa3f32872c896ba3d03a777bb0f74d3218120a544c148d46457d1a91f2", kill_on_drop: false }`
[INFO] [stderr] warning: virtual workspace defaulting to `resolver = "1"` despite one or more workspace members being on edition 2021 which implies `resolver = "2"`
[INFO] [stderr] note: to keep the current resolver, specify `workspace.resolver = "1"` in the workspace root's manifest
[INFO] [stderr] note: to use the edition 2021 resolver, specify `workspace.resolver = "2"` in the workspace root's manifest
[INFO] [stderr] note: for more details see https://doc.rust-lang.org/cargo/reference/resolver.html#resolver-versions
[INFO] [stderr]    Compiling base64-cli v0.1.0 (/opt/rustwide/workdir/base64-cli)
[INFO] [stdout] warning: multiple patterns overlap on their endpoints
[INFO] [stdout]   --> base64-mime/src/writer.rs:64:17
[INFO] [stdout]    |
[INFO] [stdout] 56 |             (0, 0..=2) | (1, 1) => {
[INFO] [stdout]    |                 ----- this range overlaps on `2_usize`...
[INFO] [stdout] ...
[INFO] [stdout] 64 |             (1, 2..) => {
[INFO] [stdout]    |                 ^^^ ... with this range
[INFO] [stdout]    |
[INFO] [stdout]    = note: you likely meant to write mutually exclusive ranges
[INFO] [stdout]    = note: `#[warn(overlapping_range_endpoints)]` on by default
[INFO] [stdout] 
[INFO] [stdout] 
[INFO] [stdout] warning: 1 warning emitted
[INFO] [stdout] 
[INFO] [stdout] 
[INFO] [stderr]    Compiling base64-mime v0.1.0 (/opt/rustwide/workdir/base64-mime)
[INFO] [stdout] warning: multiple patterns overlap on their endpoints
[INFO] [stdout]   --> base64-mime/src/writer.rs:64:17
[INFO] [stdout]    |
[INFO] [stdout] 56 |             (0, 0..=2) | (1, 1) => {
[INFO] [stdout]    |                 ----- this range overlaps on `2_usize`...
[INFO] [stdout] ...
[INFO] [stdout] 64 |             (1, 2..) => {
[INFO] [stdout]    |                 ^^^ ... with this range
[INFO] [stdout]    |
[INFO] [stdout]    = note: you likely meant to write mutually exclusive ranges
[INFO] [stdout]    = note: `#[warn(overlapping_range_endpoints)]` on by default
[INFO] [stdout] 
[INFO] [stdout] 
[INFO] [stdout] warning: 1 warning emitted
[INFO] [stdout] 
[INFO] [stdout] 
[INFO] [stderr]     Finished test [unoptimized + debuginfo] target(s) in 0.54s
[INFO] running `Command { std: "docker" "inspect" "233508fa3f32872c896ba3d03a777bb0f74d3218120a544c148d46457d1a91f2", kill_on_drop: false }`
[INFO] running `Command { std: "docker" "rm" "-f" "233508fa3f32872c896ba3d03a777bb0f74d3218120a544c148d46457d1a91f2", kill_on_drop: false }`
[INFO] [stdout] 233508fa3f32872c896ba3d03a777bb0f74d3218120a544c148d46457d1a91f2
[INFO] running `Command { std: "docker" "create" "-v" "/var/lib/crater-agent-workspace/builds/worker-3-tc2/target:/opt/rustwide/target:rw,Z" "-v" "/var/lib/crater-agent-workspace/builds/worker-3-tc2/source:/opt/rustwide/workdir:ro,Z" "-v" "/var/lib/crater-agent-workspace/cargo-home:/opt/rustwide/cargo-home:ro,Z" "-v" "/var/lib/crater-agent-workspace/rustup-home:/opt/rustwide/rustup-home:ro,Z" "-e" "SOURCE_DIR=/opt/rustwide/workdir" "-e" "CARGO_TARGET_DIR=/opt/rustwide/target" "-e" "CARGO_INCREMENTAL=0" "-e" "RUST_BACKTRACE=full" "-e" "RUSTFLAGS=--cap-lints=warn" "-e" "RUSTDOCFLAGS=--cap-lints=warn" "-e" "CARGO_HOME=/opt/rustwide/cargo-home" "-e" "RUSTUP_HOME=/opt/rustwide/rustup-home" "-w" "/opt/rustwide/workdir" "-m" "1610612736" "--user" "0:0" "--network" "none" "ghcr.io/rust-lang/crates-build-env/linux@sha256:2788e3201cd34a07e3172128adcd8b3090168a8e3bcc40d7c032b9dda1df7d1c" "/opt/rustwide/cargo-home/bin/cargo" "+beta-2023-12-22" "test" "--frozen", kill_on_drop: false }`
[INFO] [stdout] 7a42d70ae003976e2538a6a87fcf42bc8e6326c37c5c5c097cacd9ad5ee454e1
[INFO] running `Command { std: "docker" "start" "-a" "7a42d70ae003976e2538a6a87fcf42bc8e6326c37c5c5c097cacd9ad5ee454e1", kill_on_drop: false }`
[INFO] [stderr] warning: virtual workspace defaulting to `resolver = "1"` despite one or more workspace members being on edition 2021 which implies `resolver = "2"`
[INFO] [stderr] note: to keep the current resolver, specify `workspace.resolver = "1"` in the workspace root's manifest
[INFO] [stderr] note: to use the edition 2021 resolver, specify `workspace.resolver = "2"` in the workspace root's manifest
[INFO] [stderr] note: for more details see https://doc.rust-lang.org/cargo/reference/resolver.html#resolver-versions
[INFO] [stderr] warning: multiple patterns overlap on their endpoints
[INFO] [stderr]   --> base64-mime/src/writer.rs:64:17
[INFO] [stderr]    |
[INFO] [stderr] 56 |             (0, 0..=2) | (1, 1) => {
[INFO] [stderr]    |                 ----- this range overlaps on `2_usize`...
[INFO] [stderr] ...
[INFO] [stderr] 64 |             (1, 2..) => {
[INFO] [stderr]    |                 ^^^ ... with this range
[INFO] [stderr]    |
[INFO] [stderr]    = note: you likely meant to write mutually exclusive ranges
[INFO] [stderr]    = note: `#[warn(overlapping_range_endpoints)]` on by default
[INFO] [stderr] 
[INFO] [stderr] warning: `base64-mime` (lib) generated 1 warning
[INFO] [stderr] warning: `base64-mime` (lib test) generated 1 warning (1 duplicate)
[INFO] [stderr]     Finished test [unoptimized + debuginfo] target(s) in 0.01s
[INFO] [stderr]      Running unittests src/main.rs (/opt/rustwide/target/debug/deps/base64_cli-27a01351c98d9cb8)
[INFO] [stdout] 
[INFO] [stdout] running 0 tests
[INFO] [stdout] 
[INFO] [stdout] test result: ok. 0 passed; 0 failed; 0 ignored; 0 measured; 0 filtered out; finished in 0.00s
[INFO] [stdout] 
[INFO] [stderr]      Running tests/decode_tests.rs (/opt/rustwide/target/debug/deps/decode_tests-52545e567b2d9257)
[INFO] [stdout] 
[INFO] [stdout] running 4 tests
[INFO] [stdout] test integration_test_decode_default ... ok
[INFO] [stdout] test integration_test_decode_stdin ... ok
[INFO] [stdout] test integration_test_decode_file_with_output_file ... ok
[INFO] [stdout] test integration_test_decode_file ... ok
[INFO] [stdout] 
[INFO] [stdout] test result: ok. 4 passed; 0 failed; 0 ignored; 0 measured; 0 filtered out; finished in 0.00s
[INFO] [stdout] 
[INFO] [stderr]      Running tests/encode_tests.rs (/opt/rustwide/target/debug/deps/encode_tests-58d0ed37e213aeb7)
[INFO] [stdout] 
[INFO] [stdout] running 4 tests
[INFO] [stdout] test integration_test_encode_default ... ok
[INFO] [stdout] test integration_test_encode_file_with_output_file ... ok
[INFO] [stdout] test integration_test_encode_stdin ... ok
[INFO] [stdout] test integration_test_encode_file ... ok
[INFO] [stdout] 
[INFO] [stdout] test result: ok. 4 passed; 0 failed; 0 ignored; 0 measured; 0 filtered out; finished in 0.00s
[INFO] [stdout] 
[INFO] [stderr]      Running tests/help_tests.rs (/opt/rustwide/target/debug/deps/help_tests-d82ad0e012f073c1)
[INFO] [stdout] 
[INFO] [stdout] running 3 tests
[INFO] [stdout] test integration_test_h_parameter_has_options ... ok
[INFO] [stdout] test integration_test_h_parameter_has_usage ... ok
[INFO] [stdout] test integration_test_help_parameter_is_same_as_h_parameter ... ok
[INFO] [stdout] 
[INFO] [stdout] test result: ok. 3 passed; 0 failed; 0 ignored; 0 measured; 0 filtered out; finished in 0.00s
[INFO] [stdout] 
[INFO] [stderr]      Running unittests src/lib.rs (/opt/rustwide/target/debug/deps/base64_mime-90a0e632e4f62810)
[INFO] [stdout] 
[INFO] [stdout] running 31 tests
[INFO] [stdout] test tests::reader::test_bad_padding_pattern_0010 ... ok
[INFO] [stdout] test tests::reader::test_bad_padding_pattern_0110 ... ok
[INFO] [stdout] test tests::reader::test_bad_padding_pattern_1000 ... ok
[INFO] [stdout] test tests::reader::test_new_reader ... ok
[INFO] [stdout] test tests::reader::test_bad_padding_pattern_0100 ... ok
[INFO] [stdout] test tests::reader::test_bad_padding_pattern_1110 ... ok
[INFO] [stdout] test tests::reader::test_read_multiword_with_nonalphabet_splitting_word ... ok
[INFO] [stdout] test tests::reader::test_read_multiword_with_nonalphabet_word_aligned ... ok
[INFO] [stdout] test tests::reader::test_read_two_padding_bytes ... ok
[INFO] [stdout] test tests::reader::test_read_only_nonalphabet ... ok
[INFO] [stdout] test tests::reader::test_bad_padding_pattern_1111 ... ok
[INFO] [stdout] test tests::reader::test_read_empty ... ok
[INFO] [stdout] test tests::reader::test_unexpected_eof_length_three ... ok
[INFO] [stdout] test tests::reader::test_unexpected_eof_length_one ... ok
[INFO] [stdout] test tests::reader::test_read_unpadded ... ok
[INFO] [stdout] test tests::reader::test_read_one_padding_byte ... ok
[INFO] [stdout] test tests::reader::test_unexpected_eof_length_two ... ok
[INFO] [stdout] test tests::writer::test_empty_write ... ok
[INFO] [stdout] test tests::writer::test_empty_write_call ... ok
[INFO] [stdout] test tests::writer::test_new_writer ... ok
[INFO] [stdout] test tests::writer::test_write_multiword_and_padding ... ok
[INFO] [stdout] test tests::writer::test_write_multiword_without_padding ... ok
[INFO] [stdout] test tests::writer::test_write_one_byte_return_value ... ok
[INFO] [stdout] test tests::writer::test_write_one_padding_byte ... ok
[INFO] [stdout] test tests::writer::test_write_three_bytes_return_value ... ok
[INFO] [stdout] test tests::writer::test_write_two_bytes_return_value ... ok
[INFO] [stdout] test tests::writer::test_write_two_padding_bytes ... ok
[INFO] [stdout] test tests::writer::test_write_unpadded ... ok
[INFO] [stdout] test tests::writer::test_write_zero_bytes_return_value ... ok
[INFO] [stdout] test tests::reader::test_read_multiword_without_padding ... FAILED
[INFO] [stdout] test tests::reader::test_read_multiword_with_padding ... FAILED
[INFO] [stdout] 
[INFO] [stdout] failures:
[INFO] [stdout] 
[INFO] [stdout] ---- tests::reader::test_read_multiword_without_padding stdout ----
[INFO] [stdout] thread 'tests::reader::test_read_multiword_without_padding' panicked at base64-mime/src/reader.rs:24:47:
[INFO] [stdout] range end index 4 out of range for slice of length 2
[INFO] [stdout] stack backtrace:
[INFO] [stdout]    0:     0x55f0d11dd296 - std::backtrace_rs::backtrace::libunwind::trace::h261606ad26a499c1
[INFO] [stdout]                                at /rustc/0e09125c6c3c2fd70d7de961bcf0e51575235fad/library/std/src/../../backtrace/src/backtrace/libunwind.rs:104:5
[INFO] [stdout]    1:     0x55f0d11dd296 - std::backtrace_rs::backtrace::trace_unsynchronized::hd183f0625477fb28
[INFO] [stdout]                                at /rustc/0e09125c6c3c2fd70d7de961bcf0e51575235fad/library/std/src/../../backtrace/src/backtrace/mod.rs:66:5
[INFO] [stdout]    2:     0x55f0d11dd296 - std::sys_common::backtrace::_print_fmt::hd7f8fef21b4eda67
[INFO] [stdout]                                at /rustc/0e09125c6c3c2fd70d7de961bcf0e51575235fad/library/std/src/sys_common/backtrace.rs:68:5
[INFO] [stdout]    3:     0x55f0d11dd296 - <std::sys_common::backtrace::_print::DisplayBacktrace as core::fmt::Display>::fmt::h623d9b51f2f453f1
[INFO] [stdout]                                at /rustc/0e09125c6c3c2fd70d7de961bcf0e51575235fad/library/std/src/sys_common/backtrace.rs:44:22
[INFO] [stdout]    4:     0x55f0d12060e0 - core::fmt::rt::Argument::fmt::h9f417ac76a86f368
[INFO] [stdout]                                at /rustc/0e09125c6c3c2fd70d7de961bcf0e51575235fad/library/core/src/fmt/rt.rs:142:9
[INFO] [stdout]    5:     0x55f0d12060e0 - core::fmt::write::hc9b6faf4ac2aeff7
[INFO] [stdout]                                at /rustc/0e09125c6c3c2fd70d7de961bcf0e51575235fad/library/core/src/fmt/mod.rs:1120:17
[INFO] [stdout]    6:     0x55f0d11dacff - std::io::Write::write_fmt::he04625a3a989fec3
[INFO] [stdout]                                at /rustc/0e09125c6c3c2fd70d7de961bcf0e51575235fad/library/std/src/io/mod.rs:1810:15
[INFO] [stdout]    7:     0x55f0d11dd074 - std::sys_common::backtrace::_print::hd5d66399c7df88a2
[INFO] [stdout]                                at /rustc/0e09125c6c3c2fd70d7de961bcf0e51575235fad/library/std/src/sys_common/backtrace.rs:47:5
[INFO] [stdout]    8:     0x55f0d11dd074 - std::sys_common::backtrace::print::he81ed2da642d37e5
[INFO] [stdout]                                at /rustc/0e09125c6c3c2fd70d7de961bcf0e51575235fad/library/std/src/sys_common/backtrace.rs:34:9
[INFO] [stdout]    9:     0x55f0d11dede7 - std::panicking::default_hook::{{closure}}::h85773f4fa117163d
[INFO] [stdout]   10:     0x55f0d11deacd - std::panicking::default_hook::h6a1694a91d09b278
[INFO] [stdout]                                at /rustc/0e09125c6c3c2fd70d7de961bcf0e51575235fad/library/std/src/panicking.rs:289:9
[INFO] [stdout]   11:     0x55f0d11aec27 - <alloc::boxed::Box<F,A> as core::ops::function::Fn<Args>>::call::h616ac37fa3cd6c8f
[INFO] [stdout]                                at /rustc/0e09125c6c3c2fd70d7de961bcf0e51575235fad/library/alloc/src/boxed.rs:2029:9
[INFO] [stdout]   12:     0x55f0d11aec27 - test::test_main::{{closure}}::h00d84697cefdcbb6
[INFO] [stdout]                                at /rustc/0e09125c6c3c2fd70d7de961bcf0e51575235fad/library/test/src/lib.rs:138:21
[INFO] [stdout]   13:     0x55f0d11df406 - <alloc::boxed::Box<F,A> as core::ops::function::Fn<Args>>::call::hcb3fe3b9bb537ba8
[INFO] [stdout]                                at /rustc/0e09125c6c3c2fd70d7de961bcf0e51575235fad/library/alloc/src/boxed.rs:2029:9
[INFO] [stdout]   14:     0x55f0d11df406 - std::panicking::rust_panic_with_hook::h0a7ad96e90f7145b
[INFO] [stdout]                                at /rustc/0e09125c6c3c2fd70d7de961bcf0e51575235fad/library/std/src/panicking.rs:783:13
[INFO] [stdout]   15:     0x55f0d11df152 - std::panicking::begin_panic_handler::{{closure}}::h7919090525c6485e
[INFO] [stdout]                                at /rustc/0e09125c6c3c2fd70d7de961bcf0e51575235fad/library/std/src/panicking.rs:657:13
[INFO] [stdout]   16:     0x55f0d11dd796 - std::sys_common::backtrace::__rust_end_short_backtrace::hf3289479464f7dfe
[INFO] [stdout]                                at /rustc/0e09125c6c3c2fd70d7de961bcf0e51575235fad/library/std/src/sys_common/backtrace.rs:171:18
[INFO] [stdout]   17:     0x55f0d11deeb0 - rust_begin_unwind
[INFO] [stdout]                                at /rustc/0e09125c6c3c2fd70d7de961bcf0e51575235fad/library/std/src/panicking.rs:645:5
[INFO] [stdout]   18:     0x55f0d1167cd5 - core::panicking::panic_fmt::hcc9f77c5c132af55
[INFO] [stdout]                                at /rustc/0e09125c6c3c2fd70d7de961bcf0e51575235fad/library/core/src/panicking.rs:72:14
[INFO] [stdout]   19:     0x55f0d1168282 - core::slice::index::slice_end_index_len_fail_rt::h977d198afe1a7bd9
[INFO] [stdout]                                at /rustc/0e09125c6c3c2fd70d7de961bcf0e51575235fad/library/core/src/slice/index.rs:76:5
[INFO] [stdout]   20:     0x55f0d1168282 - core::slice::index::slice_end_index_len_fail::h351c2da5a204ae45
[INFO] [stdout]                                at /rustc/0e09125c6c3c2fd70d7de961bcf0e51575235fad/library/core/src/slice/index.rs:68:9
[INFO] [stdout]   21:     0x55f0d116c01c - <core::ops::range::Range<usize> as core::slice::index::SliceIndex<[T]>>::index_mut::h056ca5c36527d88f
[INFO] [stdout]                                at /rustc/0e09125c6c3c2fd70d7de961bcf0e51575235fad/library/core/src/slice/index.rs:405:13
[INFO] [stdout]   22:     0x55f0d116a3e7 - core::slice::index::<impl core::ops::index::IndexMut<I> for [T]>::index_mut::h3e104af03e941517
[INFO] [stdout]                                at /rustc/0e09125c6c3c2fd70d7de961bcf0e51575235fad/library/core/src/slice/index.rs:29:9
[INFO] [stdout]   23:     0x55f0d1173080 - <base64_mime::reader::Base64Reader<R> as std::io::Read>::read::h2575d372de35015f
[INFO] [stdout]                                at /opt/rustwide/workdir/base64-mime/src/reader.rs:24:47
[INFO] [stdout]   24:     0x55f0d11694e5 - std::io::Read::read_buf::{{closure}}::h0db31b20a6ebe20b
[INFO] [stdout]                                at /rustc/0e09125c6c3c2fd70d7de961bcf0e51575235fad/library/std/src/io/mod.rs:929:30
[INFO] [stdout]   25:     0x55f0d1168811 - std::io::default_read_buf::hde2e4e7308c4f2d0
[INFO] [stdout]                                at /rustc/0e09125c6c3c2fd70d7de961bcf0e51575235fad/library/std/src/io/mod.rs:577:13
[INFO] [stdout]   26:     0x55f0d116fee2 - std::io::Read::read_buf::hf502c78a51245e9d
[INFO] [stdout]                                at /rustc/0e09125c6c3c2fd70d7de961bcf0e51575235fad/library/std/src/io/mod.rs:929:9
[INFO] [stdout]   27:     0x55f0d11690f1 - std::io::default_read_to_end::h97fa8b0031b8958b
[INFO] [stdout]                                at /rustc/0e09125c6c3c2fd70d7de961bcf0e51575235fad/library/std/src/io/mod.rs:480:19
[INFO] [stdout]   28:     0x55f0d116fead - std::io::Read::read_to_end::haf1b54842282624e
[INFO] [stdout]                                at /rustc/0e09125c6c3c2fd70d7de961bcf0e51575235fad/library/std/src/io/mod.rs:820:9
[INFO] [stdout]   29:     0x55f0d11791ae - base64_mime::tests::reader::template_read_test_with_text_and_expected::hb98584ca24ba8811
[INFO] [stdout]                                at /opt/rustwide/workdir/base64-mime/src/tests/reader.rs:61:17
[INFO] [stdout]   30:     0x55f0d1179f7e - base64_mime::tests::reader::test_read_multiword_without_padding::haaa23f849b521d1c
[INFO] [stdout]                                at /opt/rustwide/workdir/base64-mime/src/tests/reader.rs:47:5
[INFO] [stdout]   31:     0x55f0d1179f47 - base64_mime::tests::reader::test_read_multiword_without_padding::{{closure}}::hc573dc8bd76027a0
[INFO] [stdout]                                at /opt/rustwide/workdir/base64-mime/src/tests/reader.rs:46:45
[INFO] [stdout]   32:     0x55f0d1170a46 - core::ops::function::FnOnce::call_once::h7e44ee5aa3909b55
[INFO] [stdout]                                at /rustc/0e09125c6c3c2fd70d7de961bcf0e51575235fad/library/core/src/ops/function.rs:250:5
[INFO] [stdout]   33:     0x55f0d11b44ff - core::ops::function::FnOnce::call_once::hd64d26f405258157
[INFO] [stdout]                                at /rustc/0e09125c6c3c2fd70d7de961bcf0e51575235fad/library/core/src/ops/function.rs:250:5
[INFO] [stdout]   34:     0x55f0d11b44ff - test::__rust_begin_short_backtrace::he21b0b7a6d731bf9
[INFO] [stdout]                                at /rustc/0e09125c6c3c2fd70d7de961bcf0e51575235fad/library/test/src/lib.rs:627:18
[INFO] [stdout]   35:     0x55f0d11b3281 - test::run_test_in_process::{{closure}}::hf5c73986d7bdfde2
[INFO] [stdout]                                at /rustc/0e09125c6c3c2fd70d7de961bcf0e51575235fad/library/test/src/lib.rs:650:60
[INFO] [stdout]   36:     0x55f0d11b3281 - <core::panic::unwind_safe::AssertUnwindSafe<F> as core::ops::function::FnOnce<()>>::call_once::h330011ad032aadc0
[INFO] [stdout]                                at /rustc/0e09125c6c3c2fd70d7de961bcf0e51575235fad/library/core/src/panic/unwind_safe.rs:272:9
[INFO] [stdout]   37:     0x55f0d11b3281 - std::panicking::try::do_call::he61b0a958b795a41
[INFO] [stdout]                                at /rustc/0e09125c6c3c2fd70d7de961bcf0e51575235fad/library/std/src/panicking.rs:552:40
[INFO] [stdout]   38:     0x55f0d11b3281 - std::panicking::try::h7309da130f906eb7
[INFO] [stdout]                                at /rustc/0e09125c6c3c2fd70d7de961bcf0e51575235fad/library/std/src/panicking.rs:516:19
[INFO] [stdout]   39:     0x55f0d11b3281 - std::panic::catch_unwind::hc5c3a06fdaf0a92a
[INFO] [stdout]                                at /rustc/0e09125c6c3c2fd70d7de961bcf0e51575235fad/library/std/src/panic.rs:142:14
[INFO] [stdout]   40:     0x55f0d11b3281 - test::run_test_in_process::h7e7b7c71c3324e0f
[INFO] [stdout]                                at /rustc/0e09125c6c3c2fd70d7de961bcf0e51575235fad/library/test/src/lib.rs:650:27
[INFO] [stdout]   41:     0x55f0d11b3281 - test::run_test::{{closure}}::h1f509f28f5cf20b1
[INFO] [stdout]                                at /rustc/0e09125c6c3c2fd70d7de961bcf0e51575235fad/library/test/src/lib.rs:573:43
[INFO] [stdout]   42:     0x55f0d117a5b6 - test::run_test::{{closure}}::h1754218abf443f6d
[INFO] [stdout]                                at /rustc/0e09125c6c3c2fd70d7de961bcf0e51575235fad/library/test/src/lib.rs:601:41
[INFO] [stdout]   43:     0x55f0d117a5b6 - std::sys_common::backtrace::__rust_begin_short_backtrace::h2ee174b9d5954948
[INFO] [stdout]                                at /rustc/0e09125c6c3c2fd70d7de961bcf0e51575235fad/library/std/src/sys_common/backtrace.rs:155:18
[INFO] [stdout]   44:     0x55f0d117f617 - std::thread::Builder::spawn_unchecked_::{{closure}}::{{closure}}::hf60bee9c1a17ef09
[INFO] [stdout]                                at /rustc/0e09125c6c3c2fd70d7de961bcf0e51575235fad/library/std/src/thread/mod.rs:529:17
[INFO] [stdout]   45:     0x55f0d117f617 - <core::panic::unwind_safe::AssertUnwindSafe<F> as core::ops::function::FnOnce<()>>::call_once::h33d0dddec5216160
[INFO] [stdout]                                at /rustc/0e09125c6c3c2fd70d7de961bcf0e51575235fad/library/core/src/panic/unwind_safe.rs:272:9
[INFO] [stdout]   46:     0x55f0d117f617 - std::panicking::try::do_call::h144b3048b546f835
[INFO] [stdout]                                at /rustc/0e09125c6c3c2fd70d7de961bcf0e51575235fad/library/std/src/panicking.rs:552:40
[INFO] [stdout]   47:     0x55f0d117f617 - std::panicking::try::h978244d04646189f
[INFO] [stdout]                                at /rustc/0e09125c6c3c2fd70d7de961bcf0e51575235fad/library/std/src/panicking.rs:516:19
[INFO] [stdout]   48:     0x55f0d117f617 - std::panic::catch_unwind::hdf436369d188fe86
[INFO] [stdout]                                at /rustc/0e09125c6c3c2fd70d7de961bcf0e51575235fad/library/std/src/panic.rs:142:14
[INFO] [stdout]   49:     0x55f0d117f617 - std::thread::Builder::spawn_unchecked_::{{closure}}::h87329cbdd33c79ec
[INFO] [stdout]                                at /rustc/0e09125c6c3c2fd70d7de961bcf0e51575235fad/library/std/src/thread/mod.rs:528:30
[INFO] [stdout]   50:     0x55f0d117f617 - core::ops::function::FnOnce::call_once{{vtable.shim}}::h401abbe67897d450
[INFO] [stdout]                                at /rustc/0e09125c6c3c2fd70d7de961bcf0e51575235fad/library/core/src/ops/function.rs:250:5
[INFO] [stdout]   51:     0x55f0d11e3eb5 - <alloc::boxed::Box<F,A> as core::ops::function::FnOnce<Args>>::call_once::h5d7c8f150ab9c84c
[INFO] [stdout]                                at /rustc/0e09125c6c3c2fd70d7de961bcf0e51575235fad/library/alloc/src/boxed.rs:2015:9
[INFO] [stdout]   52:     0x55f0d11e3eb5 - <alloc::boxed::Box<F,A> as core::ops::function::FnOnce<Args>>::call_once::h570d5b005c242c15
[INFO] [stdout]                                at /rustc/0e09125c6c3c2fd70d7de961bcf0e51575235fad/library/alloc/src/boxed.rs:2015:9
[INFO] [stdout]   53:     0x55f0d11e3eb5 - std::sys::unix::thread::Thread::new::thread_start::h36b0a20c0b2361ad
[INFO] [stdout]                                at /rustc/0e09125c6c3c2fd70d7de961bcf0e51575235fad/library/std/src/sys/unix/thread.rs:108:17
[INFO] [stdout]   54:     0x7f96c2e00ac3 - <unknown>
[INFO] [stdout]   55:     0x7f96c2e91bf4 - __clone
[INFO] [stdout]   56:                0x0 - <unknown>
[INFO] [stdout] 
[INFO] [stdout] ---- tests::reader::test_read_multiword_with_padding stdout ----
[INFO] [stdout] thread 'tests::reader::test_read_multiword_with_padding' panicked at base64-mime/src/reader.rs:24:47:
[INFO] [stdout] range end index 4 out of range for slice of length 2
[INFO] [stdout] stack backtrace:
[INFO] [stdout]    0:     0x55f0d11dd296 - std::backtrace_rs::backtrace::libunwind::trace::h261606ad26a499c1
[INFO] [stdout]                                at /rustc/0e09125c6c3c2fd70d7de961bcf0e51575235fad/library/std/src/../../backtrace/src/backtrace/libunwind.rs:104:5
[INFO] [stdout]    1:     0x55f0d11dd296 - std::backtrace_rs::backtrace::trace_unsynchronized::hd183f0625477fb28
[INFO] [stdout]                                at /rustc/0e09125c6c3c2fd70d7de961bcf0e51575235fad/library/std/src/../../backtrace/src/backtrace/mod.rs:66:5
[INFO] [stdout]    2:     0x55f0d11dd296 - std::sys_common::backtrace::_print_fmt::hd7f8fef21b4eda67
[INFO] [stdout]                                at /rustc/0e09125c6c3c2fd70d7de961bcf0e51575235fad/library/std/src/sys_common/backtrace.rs:68:5
[INFO] [stdout]    3:     0x55f0d11dd296 - <std::sys_common::backtrace::_print::DisplayBacktrace as core::fmt::Display>::fmt::h623d9b51f2f453f1
[INFO] [stdout]                                at /rustc/0e09125c6c3c2fd70d7de961bcf0e51575235fad/library/std/src/sys_common/backtrace.rs:44:22
[INFO] [stdout]    4:     0x55f0d12060e0 - core::fmt::rt::Argument::fmt::h9f417ac76a86f368
[INFO] [stdout]                                at /rustc/0e09125c6c3c2fd70d7de961bcf0e51575235fad/library/core/src/fmt/rt.rs:142:9
[INFO] [stdout]    5:     0x55f0d12060e0 - core::fmt::write::hc9b6faf4ac2aeff7
[INFO] [stdout]                                at /rustc/0e09125c6c3c2fd70d7de961bcf0e51575235fad/library/core/src/fmt/mod.rs:1120:17
[INFO] [stdout]    6:     0x55f0d11dacff - std::io::Write::write_fmt::he04625a3a989fec3
[INFO] [stdout]                                at /rustc/0e09125c6c3c2fd70d7de961bcf0e51575235fad/library/std/src/io/mod.rs:1810:15
[INFO] [stdout]    7:     0x55f0d11dd074 - std::sys_common::backtrace::_print::hd5d66399c7df88a2
[INFO] [stdout]                                at /rustc/0e09125c6c3c2fd70d7de961bcf0e51575235fad/library/std/src/sys_common/backtrace.rs:47:5
[INFO] [stdout]    8:     0x55f0d11dd074 - std::sys_common::backtrace::print::he81ed2da642d37e5
[INFO] [stdout]                                at /rustc/0e09125c6c3c2fd70d7de961bcf0e51575235fad/library/std/src/sys_common/backtrace.rs:34:9
[INFO] [stdout]    9:     0x55f0d11dede7 - std::panicking::default_hook::{{closure}}::h85773f4fa117163d
[INFO] [stdout]   10:     0x55f0d11deacd - std::panicking::default_hook::h6a1694a91d09b278
[INFO] [stdout]                                at /rustc/0e09125c6c3c2fd70d7de961bcf0e51575235fad/library/std/src/panicking.rs:289:9
[INFO] [stdout]   11:     0x55f0d11aec27 - <alloc::boxed::Box<F,A> as core::ops::function::Fn<Args>>::call::h616ac37fa3cd6c8f
[INFO] [stdout]                                at /rustc/0e09125c6c3c2fd70d7de961bcf0e51575235fad/library/alloc/src/boxed.rs:2029:9
[INFO] [stdout]   12:     0x55f0d11aec27 - test::test_main::{{closure}}::h00d84697cefdcbb6
[INFO] [stdout]                                at /rustc/0e09125c6c3c2fd70d7de961bcf0e51575235fad/library/test/src/lib.rs:138:21
[INFO] [stdout]   13:     0x55f0d11df406 - <alloc::boxed::Box<F,A> as core::ops::function::Fn<Args>>::call::hcb3fe3b9bb537ba8
[INFO] [stdout]                                at /rustc/0e09125c6c3c2fd70d7de961bcf0e51575235fad/library/alloc/src/boxed.rs:2029:9
[INFO] [stdout]   14:     0x55f0d11df406 - std::panicking::rust_panic_with_hook::h0a7ad96e90f7145b
[INFO] [stdout]                                at /rustc/0e09125c6c3c2fd70d7de961bcf0e51575235fad/library/std/src/panicking.rs:783:13
[INFO] [stdout]   15:     0x55f0d11df152 - std::panicking::begin_panic_handler::{{closure}}::h7919090525c6485e
[INFO] [stdout]                                at /rustc/0e09125c6c3c2fd70d7de961bcf0e51575235fad/library/std/src/panicking.rs:657:13
[INFO] [stdout]   16:     0x55f0d11dd796 - std::sys_common::backtrace::__rust_end_short_backtrace::hf3289479464f7dfe
[INFO] [stdout]                                at /rustc/0e09125c6c3c2fd70d7de961bcf0e51575235fad/library/std/src/sys_common/backtrace.rs:171:18
[INFO] [stdout]   17:     0x55f0d11deeb0 - rust_begin_unwind
[INFO] [stdout]                                at /rustc/0e09125c6c3c2fd70d7de961bcf0e51575235fad/library/std/src/panicking.rs:645:5
[INFO] [stdout]   18:     0x55f0d1167cd5 - core::panicking::panic_fmt::hcc9f77c5c132af55
[INFO] [stdout]                                at /rustc/0e09125c6c3c2fd70d7de961bcf0e51575235fad/library/core/src/panicking.rs:72:14
[INFO] [stdout]   19:     0x55f0d1168282 - core::slice::index::slice_end_index_len_fail_rt::h977d198afe1a7bd9
[INFO] [stdout]                                at /rustc/0e09125c6c3c2fd70d7de961bcf0e51575235fad/library/core/src/slice/index.rs:76:5
[INFO] [stdout]   20:     0x55f0d1168282 - core::slice::index::slice_end_index_len_fail::h351c2da5a204ae45
[INFO] [stdout]                                at /rustc/0e09125c6c3c2fd70d7de961bcf0e51575235fad/library/core/src/slice/index.rs:68:9
[INFO] [stdout]   21:     0x55f0d116c01c - <core::ops::range::Range<usize> as core::slice::index::SliceIndex<[T]>>::index_mut::h056ca5c36527d88f
[INFO] [stdout]                                at /rustc/0e09125c6c3c2fd70d7de961bcf0e51575235fad/library/core/src/slice/index.rs:405:13
[INFO] [stdout]   22:     0x55f0d116a3e7 - core::slice::index::<impl core::ops::index::IndexMut<I> for [T]>::index_mut::h3e104af03e941517
[INFO] [stdout]                                at /rustc/0e09125c6c3c2fd70d7de961bcf0e51575235fad/library/core/src/slice/index.rs:29:9
[INFO] [stdout]   23:     0x55f0d1173080 - <base64_mime::reader::Base64Reader<R> as std::io::Read>::read::h2575d372de35015f
[INFO] [stdout]                                at /opt/rustwide/workdir/base64-mime/src/reader.rs:24:47
[INFO] [stdout]   24:     0x55f0d11694e5 - std::io::Read::read_buf::{{closure}}::h0db31b20a6ebe20b
[INFO] [stdout]                                at /rustc/0e09125c6c3c2fd70d7de961bcf0e51575235fad/library/std/src/io/mod.rs:929:30
[INFO] [stdout]   25:     0x55f0d1168811 - std::io::default_read_buf::hde2e4e7308c4f2d0
[INFO] [stdout]                                at /rustc/0e09125c6c3c2fd70d7de961bcf0e51575235fad/library/std/src/io/mod.rs:577:13
[INFO] [stdout]   26:     0x55f0d116fee2 - std::io::Read::read_buf::hf502c78a51245e9d
[INFO] [stdout]                                at /rustc/0e09125c6c3c2fd70d7de961bcf0e51575235fad/library/std/src/io/mod.rs:929:9
[INFO] [stdout]   27:     0x55f0d11690f1 - std::io::default_read_to_end::h97fa8b0031b8958b
[INFO] [stdout]                                at /rustc/0e09125c6c3c2fd70d7de961bcf0e51575235fad/library/std/src/io/mod.rs:480:19
[INFO] [stdout]   28:     0x55f0d116fead - std::io::Read::read_to_end::haf1b54842282624e
[INFO] [stdout]                                at /rustc/0e09125c6c3c2fd70d7de961bcf0e51575235fad/library/std/src/io/mod.rs:820:9
[INFO] [stdout]   29:     0x55f0d11791ae - base64_mime::tests::reader::template_read_test_with_text_and_expected::hb98584ca24ba8811
[INFO] [stdout]                                at /opt/rustwide/workdir/base64-mime/src/tests/reader.rs:61:17
[INFO] [stdout]   30:     0x55f0d1179fce - base64_mime::tests::reader::test_read_multiword_with_padding::h83d4fc0ada6078d8
[INFO] [stdout]                                at /opt/rustwide/workdir/base64-mime/src/tests/reader.rs:52:5
[INFO] [stdout]   31:     0x55f0d1179f97 - base64_mime::tests::reader::test_read_multiword_with_padding::{{closure}}::ha6f336d38851e74b
[INFO] [stdout]                                at /opt/rustwide/workdir/base64-mime/src/tests/reader.rs:51:42
[INFO] [stdout]   32:     0x55f0d1170b46 - core::ops::function::FnOnce::call_once::h9c2783de77b22866
[INFO] [stdout]                                at /rustc/0e09125c6c3c2fd70d7de961bcf0e51575235fad/library/core/src/ops/function.rs:250:5
[INFO] [stdout]   33:     0x55f0d11b44ff - core::ops::function::FnOnce::call_once::hd64d26f405258157
[INFO] [stdout]                                at /rustc/0e09125c6c3c2fd70d7de961bcf0e51575235fad/library/core/src/ops/function.rs:250:5
[INFO] [stdout]   34:     0x55f0d11b44ff - test::__rust_begin_short_backtrace::he21b0b7a6d731bf9
[INFO] [stdout]                                at /rustc/0e09125c6c3c2fd70d7de961bcf0e51575235fad/library/test/src/lib.rs:627:18
[INFO] [stdout]   35:     0x55f0d11b3281 - test::run_test_in_process::{{closure}}::hf5c73986d7bdfde2
[INFO] [stdout]                                at /rustc/0e09125c6c3c2fd70d7de961bcf0e51575235fad/library/test/src/lib.rs:650:60
[INFO] [stdout]   36:     0x55f0d11b3281 - <core::panic::unwind_safe::AssertUnwindSafe<F> as core::ops::function::FnOnce<()>>::call_once::h330011ad032aadc0
[INFO] [stdout]                                at /rustc/0e09125c6c3c2fd70d7de961bcf0e51575235fad/library/core/src/panic/unwind_safe.rs:272:9
[INFO] [stdout]   37:     0x55f0d11b3281 - std::panicking::try::do_call::he61b0a958b795a41
[INFO] [stdout]                                at /rustc/0e09125c6c3c2fd70d7de961bcf0e51575235fad/library/std/src/panicking.rs:552:40
[INFO] [stdout]   38:     0x55f0d11b3281 - std::panicking::try::h7309da130f906eb7
[INFO] [stdout]                                at /rustc/0e09125c6c3c2fd70d7de961bcf0e51575235fad/library/std/src/panicking.rs:516:19
[INFO] [stdout]   39:     0x55f0d11b3281 - std::panic::catch_unwind::hc5c3a06fdaf0a92a
[INFO] [stdout]                                at /rustc/0e09125c6c3c2fd70d7de961bcf0e51575235fad/library/std/src/panic.rs:142:14
[INFO] [stdout]   40:     0x55f0d11b3281 - test::run_test_in_process::h7e7b7c71c3324e0f
[INFO] [stdout]                                at /rustc/0e09125c6c3c2fd70d7de961bcf0e51575235fad/library/test/src/lib.rs:650:27
[INFO] [stdout]   41:     0x55f0d11b3281 - test::run_test::{{closure}}::h1f509f28f5cf20b1
[INFO] [stdout]                                at /rustc/0e09125c6c3c2fd70d7de961bcf0e51575235fad/library/test/src/lib.rs:573:43
[INFO] [stdout]   42:     0x55f0d117a5b6 - test::run_test::{{closure}}::h1754218abf443f6d
[INFO] [stdout]                                at /rustc/0e09125c6c3c2fd70d7de961bcf0e51575235fad/library/test/src/lib.rs:601:41
[INFO] [stdout]   43:     0x55f0d117a5b6 - std::sys_common::backtrace::__rust_begin_short_backtrace::h2ee174b9d5954948
[INFO] [stdout]                                at /rustc/0e09125c6c3c2fd70d7de961bcf0e51575235fad/library/std/src/sys_common/backtrace.rs:155:18
[INFO] [stdout]   44:     0x55f0d117f617 - std::thread::Builder::spawn_unchecked_::{{closure}}::{{closure}}::hf60bee9c1a17ef09
[INFO] [stdout]                                at /rustc/0e09125c6c3c2fd70d7de961bcf0e51575235fad/library/std/src/thread/mod.rs:529:17
[INFO] [stdout]   45:     0x55f0d117f617 - <core::panic::unwind_safe::AssertUnwindSafe<F> as core::ops::function::FnOnce<()>>::call_once::h33d0dddec5216160
[INFO] [stdout]                                at /rustc/0e09125c6c3c2fd70d7de961bcf0e51575235fad/library/core/src/panic/unwind_safe.rs:272:9
[INFO] [stdout]   46:     0x55f0d117f617 - std::panicking::try::do_call::h144b3048b546f835
[INFO] [stdout]                                at /rustc/0e09125c6c3c2fd70d7de961bcf0e51575235fad/library/std/src/panicking.rs:552:40
[INFO] [stdout]   47:     0x55f0d117f617 - std::panicking::try::h978244d04646189f
[INFO] [stdout]                                at /rustc/0e09125c6c3c2fd70d7de961bcf0e51575235fad/library/std/src/panicking.rs:516:19
[INFO] [stdout]   48:     0x55f0d117f617 - std::panic::catch_unwind::hdf436369d188fe86
[INFO] [stdout]                                at /rustc/0e09125c6c3c2fd70d7de961bcf0e51575235fad/library/std/src/panic.rs:142:14
[INFO] [stdout]   49:     0x55f0d117f617 - std::thread::Builder::spawn_unchecked_::{{closure}}::h87329cbdd33c79ec
[INFO] [stdout]                                at /rustc/0e09125c6c3c2fd70d7de961bcf0e51575235fad/library/std/src/thread/mod.rs:528:30
[INFO] [stdout]   50:     0x55f0d117f617 - core::ops::function::FnOnce::call_once{{vtable.shim}}::h401abbe67897d450
[INFO] [stdout]                                at /rustc/0e09125c6c3c2fd70d7de961bcf0e51575235fad/library/core/src/ops/function.rs:250:5
[INFO] [stdout]   51:     0x55f0d11e3eb5 - <alloc::boxed::Box<F,A> as core::ops::function::FnOnce<Args>>::call_once::h5d7c8f150ab9c84c
[INFO] [stdout]                                at /rustc/0e09125c6c3c2fd70d7de961bcf0e51575235fad/library/alloc/src/boxed.rs:2015:9
[INFO] [stdout]   52:     0x55f0d11e3eb5 - <alloc::boxed::Box<F,A> as core::ops::function::FnOnce<Args>>::call_once::h570d5b005c242c15
[INFO] [stdout]                                at /rustc/0e09125c6c3c2fd70d7de961bcf0e51575235fad/library/alloc/src/boxed.rs:2015:9
[INFO] [stdout]   53:     0x55f0d11e3eb5 - std::sys::unix::thread::Thread::new::thread_start::h36b0a20c0b2361ad
[INFO] [stdout]                                at /rustc/0e09125c6c3c2fd70d7de961bcf0e51575235fad/library/std/src/sys/unix/thread.rs:108:17
[INFO] [stdout]   54:     0x7f96c2e00ac3 - <unknown>
[INFO] [stdout]   55:     0x7f96c2e91bf4 - __clone
[INFO] [stdout]   56:                0x0 - <unknown>
[INFO] [stdout] 
[INFO] [stdout] 
[INFO] [stdout] failures:
[INFO] [stdout]     tests::reader::test_read_multiword_with_padding
[INFO] [stdout]     tests::reader::test_read_multiword_without_padding
[INFO] [stdout] 
[INFO] [stdout] test result: FAILED. 29 passed; 2 failed; 0 ignored; 0 measured; 0 filtered out; finished in 0.02s
[INFO] [stdout] 
[INFO] [stderr] error: test failed, to rerun pass `-p base64-mime --lib`
[INFO] running `Command { std: "docker" "inspect" "7a42d70ae003976e2538a6a87fcf42bc8e6326c37c5c5c097cacd9ad5ee454e1", kill_on_drop: false }`
[INFO] running `Command { std: "docker" "rm" "-f" "7a42d70ae003976e2538a6a87fcf42bc8e6326c37c5c5c097cacd9ad5ee454e1", kill_on_drop: false }`
[INFO] [stdout] 7a42d70ae003976e2538a6a87fcf42bc8e6326c37c5c5c097cacd9ad5ee454e1
