[INFO] cloning repository https://github.com/pexip/os-rust-crossbeam-channel
[INFO] running `Command { std: "git" "-c" "credential.helper=" "-c" "credential.helper=/workspace/cargo-home/bin/git-credential-null" "clone" "--bare" "https://github.com/pexip/os-rust-crossbeam-channel" "/workspace/cache/git-repos/https%3A%2F%2Fgithub.com%2Fpexip%2Fos-rust-crossbeam-channel", kill_on_drop: false }`
[INFO] [stderr] Cloning into bare repository '/workspace/cache/git-repos/https%3A%2F%2Fgithub.com%2Fpexip%2Fos-rust-crossbeam-channel'...
[INFO] running `Command { std: "git" "rev-parse" "HEAD", kill_on_drop: false }`
[INFO] [stdout] a8fe578b71d602631621b511a94d7c537ef63c2f
[INFO] testing pexip/os-rust-crossbeam-channel against 1.75.0 for beta-1.76-1
[INFO] running `Command { std: "git" "clone" "/workspace/cache/git-repos/https%3A%2F%2Fgithub.com%2Fpexip%2Fos-rust-crossbeam-channel" "/workspace/builds/worker-6-tc1/source", kill_on_drop: false }`
[INFO] [stderr] Cloning into '/workspace/builds/worker-6-tc1/source'...
[INFO] [stderr] done.
[INFO] validating manifest of git repo https://github.com/pexip/os-rust-crossbeam-channel on toolchain 1.75.0
[INFO] running `Command { std: CARGO_HOME="/workspace/cargo-home" RUSTUP_HOME="/workspace/rustup-home" "/workspace/cargo-home/bin/cargo" "+1.75.0" "metadata" "--manifest-path" "Cargo.toml" "--no-deps", kill_on_drop: false }`
[INFO] started tweaking git repo https://github.com/pexip/os-rust-crossbeam-channel
[INFO] finished tweaking git repo https://github.com/pexip/os-rust-crossbeam-channel
[INFO] tweaked toml for git repo https://github.com/pexip/os-rust-crossbeam-channel written to /workspace/builds/worker-6-tc1/source/Cargo.toml
[INFO] crate git repo https://github.com/pexip/os-rust-crossbeam-channel already has a lockfile, it will not be regenerated
[INFO] running `Command { std: CARGO_HOME="/workspace/cargo-home" RUSTUP_HOME="/workspace/rustup-home" "/workspace/cargo-home/bin/cargo" "+1.75.0" "fetch" "--manifest-path" "Cargo.toml", kill_on_drop: false }`
[INFO] running `Command { std: "docker" "create" "-v" "/var/lib/crater-agent-workspace/builds/worker-6-tc1/target:/opt/rustwide/target:rw,Z" "-v" "/var/lib/crater-agent-workspace/builds/worker-6-tc1/source:/opt/rustwide/workdir:ro,Z" "-v" "/var/lib/crater-agent-workspace/cargo-home:/opt/rustwide/cargo-home:ro,Z" "-v" "/var/lib/crater-agent-workspace/rustup-home:/opt/rustwide/rustup-home:ro,Z" "-e" "SOURCE_DIR=/opt/rustwide/workdir" "-e" "CARGO_TARGET_DIR=/opt/rustwide/target" "-e" "CARGO_HOME=/opt/rustwide/cargo-home" "-e" "RUSTUP_HOME=/opt/rustwide/rustup-home" "-w" "/opt/rustwide/workdir" "-m" "1610612736" "--user" "0:0" "--network" "none" "ghcr.io/rust-lang/crates-build-env/linux@sha256:2788e3201cd34a07e3172128adcd8b3090168a8e3bcc40d7c032b9dda1df7d1c" "/opt/rustwide/cargo-home/bin/cargo" "+1.75.0" "metadata" "--no-deps" "--format-version=1", kill_on_drop: false }`
[INFO] [stdout] 863488f8163c7115b74d36c48297c50515ae325ffc039717c84614d69a5b4b9c
[INFO] running `Command { std: "docker" "start" "-a" "863488f8163c7115b74d36c48297c50515ae325ffc039717c84614d69a5b4b9c", kill_on_drop: false }`
[INFO] running `Command { std: "docker" "inspect" "863488f8163c7115b74d36c48297c50515ae325ffc039717c84614d69a5b4b9c", kill_on_drop: false }`
[INFO] running `Command { std: "docker" "rm" "-f" "863488f8163c7115b74d36c48297c50515ae325ffc039717c84614d69a5b4b9c", kill_on_drop: false }`
[INFO] [stdout] 863488f8163c7115b74d36c48297c50515ae325ffc039717c84614d69a5b4b9c
[INFO] running `Command { std: "docker" "create" "-v" "/var/lib/crater-agent-workspace/builds/worker-6-tc1/target:/opt/rustwide/target:rw,Z" "-v" "/var/lib/crater-agent-workspace/builds/worker-6-tc1/source:/opt/rustwide/workdir:ro,Z" "-v" "/var/lib/crater-agent-workspace/cargo-home:/opt/rustwide/cargo-home:ro,Z" "-v" "/var/lib/crater-agent-workspace/rustup-home:/opt/rustwide/rustup-home:ro,Z" "-e" "SOURCE_DIR=/opt/rustwide/workdir" "-e" "CARGO_TARGET_DIR=/opt/rustwide/target" "-e" "CARGO_INCREMENTAL=0" "-e" "RUST_BACKTRACE=full" "-e" "RUSTFLAGS=--cap-lints=warn" "-e" "RUSTDOCFLAGS=--cap-lints=warn" "-e" "CARGO_HOME=/opt/rustwide/cargo-home" "-e" "RUSTUP_HOME=/opt/rustwide/rustup-home" "-w" "/opt/rustwide/workdir" "-m" "1610612736" "--user" "0:0" "--network" "none" "ghcr.io/rust-lang/crates-build-env/linux@sha256:2788e3201cd34a07e3172128adcd8b3090168a8e3bcc40d7c032b9dda1df7d1c" "/opt/rustwide/cargo-home/bin/cargo" "+1.75.0" "build" "--frozen" "--message-format=json", kill_on_drop: false }`
[INFO] [stdout] e2b943ceba2b077e279021be64991f46ab703763e1b6fe44dc46ef2376dc6225
[INFO] running `Command { std: "docker" "start" "-a" "e2b943ceba2b077e279021be64991f46ab703763e1b6fe44dc46ef2376dc6225", kill_on_drop: false }`
[INFO] [stderr]    Compiling crossbeam-utils v0.8.11
[INFO] [stderr]    Compiling once_cell v1.13.0
[INFO] [stderr]    Compiling cfg-if v1.0.0
[INFO] [stderr]    Compiling crossbeam-channel v0.5.6 (/opt/rustwide/workdir)
[INFO] [stderr]     Finished dev [unoptimized + debuginfo] target(s) in 0.68s
[INFO] running `Command { std: "docker" "inspect" "e2b943ceba2b077e279021be64991f46ab703763e1b6fe44dc46ef2376dc6225", kill_on_drop: false }`
[INFO] running `Command { std: "docker" "rm" "-f" "e2b943ceba2b077e279021be64991f46ab703763e1b6fe44dc46ef2376dc6225", kill_on_drop: false }`
[INFO] [stdout] e2b943ceba2b077e279021be64991f46ab703763e1b6fe44dc46ef2376dc6225
[INFO] running `Command { std: "docker" "create" "-v" "/var/lib/crater-agent-workspace/builds/worker-6-tc1/target:/opt/rustwide/target:rw,Z" "-v" "/var/lib/crater-agent-workspace/builds/worker-6-tc1/source:/opt/rustwide/workdir:ro,Z" "-v" "/var/lib/crater-agent-workspace/cargo-home:/opt/rustwide/cargo-home:ro,Z" "-v" "/var/lib/crater-agent-workspace/rustup-home:/opt/rustwide/rustup-home:ro,Z" "-e" "SOURCE_DIR=/opt/rustwide/workdir" "-e" "CARGO_TARGET_DIR=/opt/rustwide/target" "-e" "CARGO_INCREMENTAL=0" "-e" "RUST_BACKTRACE=full" "-e" "RUSTFLAGS=--cap-lints=warn" "-e" "RUSTDOCFLAGS=--cap-lints=warn" "-e" "CARGO_HOME=/opt/rustwide/cargo-home" "-e" "RUSTUP_HOME=/opt/rustwide/rustup-home" "-w" "/opt/rustwide/workdir" "-m" "1610612736" "--user" "0:0" "--network" "none" "ghcr.io/rust-lang/crates-build-env/linux@sha256:2788e3201cd34a07e3172128adcd8b3090168a8e3bcc40d7c032b9dda1df7d1c" "/opt/rustwide/cargo-home/bin/cargo" "+1.75.0" "test" "--frozen" "--no-run" "--message-format=json", kill_on_drop: false }`
[INFO] [stdout] 06778881e669adcd9884d604622a24b77f4fcfbcf887b35a71633deaab730d5d
[INFO] running `Command { std: "docker" "start" "-a" "06778881e669adcd9884d604622a24b77f4fcfbcf887b35a71633deaab730d5d", kill_on_drop: false }`
[INFO] [stderr]    Compiling libc v0.2.126
[INFO] [stderr]    Compiling ppv-lite86 v0.2.16
[INFO] [stderr]    Compiling signal-hook v0.3.14
[INFO] [stderr]    Compiling getrandom v0.2.7
[INFO] [stderr]    Compiling signal-hook-registry v1.4.0
[INFO] [stderr]    Compiling num_cpus v1.13.1
[INFO] [stderr]    Compiling rand_core v0.6.3
[INFO] [stderr]    Compiling rand_chacha v0.3.1
[INFO] [stderr]    Compiling rand v0.8.5
[INFO] [stderr]    Compiling crossbeam-channel v0.5.6 (/opt/rustwide/workdir)
[INFO] [stdout] warning: calls to `std::mem::drop` with a value that implements `Copy` does nothing
[INFO] [stdout]     --> tests/select_macro.rs:1215:27
[INFO] [stdout]      |
[INFO] [stdout] 1215 |         recv(r) -> res => drop::<Result<i32, RecvError>>(res),
[INFO] [stdout]      |                           ^^^^^^^^^^^^^^^^^^^^^^^^^^^^^^^---^
[INFO] [stdout]      |                                                          |
[INFO] [stdout]      |                                                          argument has type `Result<i32, crossbeam_channel::RecvError>`
[INFO] [stdout]      |
[INFO] [stdout]      = note: use `let _ = ...` to ignore the expression or result
[INFO] [stdout]      = note: `#[warn(dropping_copy_types)]` on by default
[INFO] [stdout] 
[INFO] [stdout] 
[INFO] [stdout] warning: calls to `std::mem::drop` with a value that implements `Copy` does nothing
[INFO] [stdout]     --> tests/select_macro.rs:1218:27
[INFO] [stdout]      |
[INFO] [stdout] 1218 |         recv(r) -> res => drop::<Result<i32, RecvError>>(res),
[INFO] [stdout]      |                           ^^^^^^^^^^^^^^^^^^^^^^^^^^^^^^^---^
[INFO] [stdout]      |                                                          |
[INFO] [stdout]      |                                                          argument has type `Result<i32, crossbeam_channel::RecvError>`
[INFO] [stdout]      |
[INFO] [stdout]      = note: use `let _ = ...` to ignore the expression or result
[INFO] [stdout] 
[INFO] [stdout] 
[INFO] [stdout] warning: calls to `std::mem::drop` with a value that implements `Copy` does nothing
[INFO] [stdout]     --> tests/select_macro.rs:1222:27
[INFO] [stdout]      |
[INFO] [stdout] 1222 |         recv(r) -> res => drop::<Result<i32, RecvError>>(res),
[INFO] [stdout]      |                           ^^^^^^^^^^^^^^^^^^^^^^^^^^^^^^^---^
[INFO] [stdout]      |                                                          |
[INFO] [stdout]      |                                                          argument has type `Result<i32, crossbeam_channel::RecvError>`
[INFO] [stdout]      |
[INFO] [stdout]      = note: use `let _ = ...` to ignore the expression or result
[INFO] [stdout] 
[INFO] [stdout] 
[INFO] [stdout] warning: calls to `std::mem::drop` with a value that implements `Copy` does nothing
[INFO] [stdout]     --> tests/select_macro.rs:1227:30
[INFO] [stdout]      |
[INFO] [stdout] 1227 |         send(s, 0) -> res => drop::<Result<(), SendError<i32>>>(res),
[INFO] [stdout]      |                              ^^^^^^^^^^^^^^^^^^^^^^^^^^^^^^^^^^^---^
[INFO] [stdout]      |                                                                 |
[INFO] [stdout]      |                                                                 argument has type `Result<(), crossbeam_channel::SendError<i32>>`
[INFO] [stdout]      |
[INFO] [stdout]      = note: use `let _ = ...` to ignore the expression or result
[INFO] [stdout] 
[INFO] [stdout] 
[INFO] [stdout] warning: calls to `std::mem::drop` with a value that implements `Copy` does nothing
[INFO] [stdout]     --> tests/select_macro.rs:1230:30
[INFO] [stdout]      |
[INFO] [stdout] 1230 |         send(s, 0) -> res => drop::<Result<(), SendError<i32>>>(res),
[INFO] [stdout]      |                              ^^^^^^^^^^^^^^^^^^^^^^^^^^^^^^^^^^^---^
[INFO] [stdout]      |                                                                 |
[INFO] [stdout]      |                                                                 argument has type `Result<(), crossbeam_channel::SendError<i32>>`
[INFO] [stdout]      |
[INFO] [stdout]      = note: use `let _ = ...` to ignore the expression or result
[INFO] [stdout] 
[INFO] [stdout] 
[INFO] [stdout] warning: calls to `std::mem::drop` with a value that implements `Copy` does nothing
[INFO] [stdout]     --> tests/select_macro.rs:1234:30
[INFO] [stdout]      |
[INFO] [stdout] 1234 |         send(s, 0) -> res => drop::<Result<(), SendError<i32>>>(res),
[INFO] [stdout]      |                              ^^^^^^^^^^^^^^^^^^^^^^^^^^^^^^^^^^^---^
[INFO] [stdout]      |                                                                 |
[INFO] [stdout]      |                                                                 argument has type `Result<(), crossbeam_channel::SendError<i32>>`
[INFO] [stdout]      |
[INFO] [stdout]      = note: use `let _ = ...` to ignore the expression or result
[INFO] [stdout] 
[INFO] [stdout] 
[INFO] [stdout] warning: calls to `std::mem::drop` with a value that implements `Copy` does nothing
[INFO] [stdout]     --> tests/select_macro.rs:1239:30
[INFO] [stdout]      |
[INFO] [stdout] 1239 |         send(s, 0) -> res => drop::<Result<(), SendError<i32>>>(res),
[INFO] [stdout]      |                              ^^^^^^^^^^^^^^^^^^^^^^^^^^^^^^^^^^^---^
[INFO] [stdout]      |                                                                 |
[INFO] [stdout]      |                                                                 argument has type `Result<(), crossbeam_channel::SendError<i32>>`
[INFO] [stdout]      |
[INFO] [stdout]      = note: use `let _ = ...` to ignore the expression or result
[INFO] [stdout] 
[INFO] [stdout] 
[INFO] [stdout] warning: calls to `std::mem::drop` with a value that implements `Copy` does nothing
[INFO] [stdout]     --> tests/select_macro.rs:1240:27
[INFO] [stdout]      |
[INFO] [stdout] 1240 |         recv(r) -> res => drop::<Result<i32, RecvError>>(res),
[INFO] [stdout]      |                           ^^^^^^^^^^^^^^^^^^^^^^^^^^^^^^^---^
[INFO] [stdout]      |                                                          |
[INFO] [stdout]      |                                                          argument has type `Result<i32, crossbeam_channel::RecvError>`
[INFO] [stdout]      |
[INFO] [stdout]      = note: use `let _ = ...` to ignore the expression or result
[INFO] [stdout] 
[INFO] [stdout] 
[INFO] [stdout] warning: 8 warnings emitted
[INFO] [stdout] 
[INFO] [stdout] 
[INFO] [stderr]     Finished test [unoptimized + debuginfo] target(s) in 4.73s
[INFO] running `Command { std: "docker" "inspect" "06778881e669adcd9884d604622a24b77f4fcfbcf887b35a71633deaab730d5d", kill_on_drop: false }`
[INFO] running `Command { std: "docker" "rm" "-f" "06778881e669adcd9884d604622a24b77f4fcfbcf887b35a71633deaab730d5d", kill_on_drop: false }`
[INFO] [stdout] 06778881e669adcd9884d604622a24b77f4fcfbcf887b35a71633deaab730d5d
[INFO] running `Command { std: "docker" "create" "-v" "/var/lib/crater-agent-workspace/builds/worker-6-tc1/target:/opt/rustwide/target:rw,Z" "-v" "/var/lib/crater-agent-workspace/builds/worker-6-tc1/source:/opt/rustwide/workdir:ro,Z" "-v" "/var/lib/crater-agent-workspace/cargo-home:/opt/rustwide/cargo-home:ro,Z" "-v" "/var/lib/crater-agent-workspace/rustup-home:/opt/rustwide/rustup-home:ro,Z" "-e" "SOURCE_DIR=/opt/rustwide/workdir" "-e" "CARGO_TARGET_DIR=/opt/rustwide/target" "-e" "CARGO_INCREMENTAL=0" "-e" "RUST_BACKTRACE=full" "-e" "RUSTFLAGS=--cap-lints=warn" "-e" "RUSTDOCFLAGS=--cap-lints=warn" "-e" "CARGO_HOME=/opt/rustwide/cargo-home" "-e" "RUSTUP_HOME=/opt/rustwide/rustup-home" "-w" "/opt/rustwide/workdir" "-m" "1610612736" "--user" "0:0" "--network" "none" "ghcr.io/rust-lang/crates-build-env/linux@sha256:2788e3201cd34a07e3172128adcd8b3090168a8e3bcc40d7c032b9dda1df7d1c" "/opt/rustwide/cargo-home/bin/cargo" "+1.75.0" "test" "--frozen", kill_on_drop: false }`
[INFO] [stdout] 97e9eeedbdfb7a50f814c2f319beb863226b5ac3038aea7536fc7d969664a21d
[INFO] running `Command { std: "docker" "start" "-a" "97e9eeedbdfb7a50f814c2f319beb863226b5ac3038aea7536fc7d969664a21d", kill_on_drop: false }`
[INFO] [stderr] warning: calls to `std::mem::drop` with a value that implements `Copy` does nothing
[INFO] [stderr]     --> tests/select_macro.rs:1215:27
[INFO] [stderr]      |
[INFO] [stderr] 1215 |         recv(r) -> res => drop::<Result<i32, RecvError>>(res),
[INFO] [stderr]      |                           ^^^^^^^^^^^^^^^^^^^^^^^^^^^^^^^---^
[INFO] [stderr]      |                                                          |
[INFO] [stderr]      |                                                          argument has type `Result<i32, crossbeam_channel::RecvError>`
[INFO] [stderr]      |
[INFO] [stderr]      = note: use `let _ = ...` to ignore the expression or result
[INFO] [stderr]      = note: `#[warn(dropping_copy_types)]` on by default
[INFO] [stderr] 
[INFO] [stderr] warning: calls to `std::mem::drop` with a value that implements `Copy` does nothing
[INFO] [stderr]     --> tests/select_macro.rs:1218:27
[INFO] [stderr]      |
[INFO] [stderr] 1218 |         recv(r) -> res => drop::<Result<i32, RecvError>>(res),
[INFO] [stderr]      |                           ^^^^^^^^^^^^^^^^^^^^^^^^^^^^^^^---^
[INFO] [stderr]      |                                                          |
[INFO] [stderr]      |                                                          argument has type `Result<i32, crossbeam_channel::RecvError>`
[INFO] [stderr]      |
[INFO] [stderr]      = note: use `let _ = ...` to ignore the expression or result
[INFO] [stderr] 
[INFO] [stderr] warning: calls to `std::mem::drop` with a value that implements `Copy` does nothing
[INFO] [stderr]     --> tests/select_macro.rs:1222:27
[INFO] [stderr]      |
[INFO] [stderr] 1222 |         recv(r) -> res => drop::<Result<i32, RecvError>>(res),
[INFO] [stderr]      |                           ^^^^^^^^^^^^^^^^^^^^^^^^^^^^^^^---^
[INFO] [stderr]      |                                                          |
[INFO] [stderr]      |                                                          argument has type `Result<i32, crossbeam_channel::RecvError>`
[INFO] [stderr]      |
[INFO] [stderr]      = note: use `let _ = ...` to ignore the expression or result
[INFO] [stderr] 
[INFO] [stderr] warning: calls to `std::mem::drop` with a value that implements `Copy` does nothing
[INFO] [stderr]     --> tests/select_macro.rs:1227:30
[INFO] [stderr]      |
[INFO] [stderr] 1227 |         send(s, 0) -> res => drop::<Result<(), SendError<i32>>>(res),
[INFO] [stderr]      |                              ^^^^^^^^^^^^^^^^^^^^^^^^^^^^^^^^^^^---^
[INFO] [stderr]      |                                                                 |
[INFO] [stderr]      |                                                                 argument has type `Result<(), crossbeam_channel::SendError<i32>>`
[INFO] [stderr]      |
[INFO] [stderr]      = note: use `let _ = ...` to ignore the expression or result
[INFO] [stderr] 
[INFO] [stderr] warning: calls to `std::mem::drop` with a value that implements `Copy` does nothing
[INFO] [stderr]     --> tests/select_macro.rs:1230:30
[INFO] [stderr]      |
[INFO] [stderr] 1230 |         send(s, 0) -> res => drop::<Result<(), SendError<i32>>>(res),
[INFO] [stderr]      |                              ^^^^^^^^^^^^^^^^^^^^^^^^^^^^^^^^^^^---^
[INFO] [stderr]      |                                                                 |
[INFO] [stderr]      |                                                                 argument has type `Result<(), crossbeam_channel::SendError<i32>>`
[INFO] [stderr]      |
[INFO] [stderr]      = note: use `let _ = ...` to ignore the expression or result
[INFO] [stderr] 
[INFO] [stderr] warning: calls to `std::mem::drop` with a value that implements `Copy` does nothing
[INFO] [stderr]     --> tests/select_macro.rs:1234:30
[INFO] [stderr]      |
[INFO] [stderr] 1234 |         send(s, 0) -> res => drop::<Result<(), SendError<i32>>>(res),
[INFO] [stderr]      |                              ^^^^^^^^^^^^^^^^^^^^^^^^^^^^^^^^^^^---^
[INFO] [stderr]      |                                                                 |
[INFO] [stderr]      |                                                                 argument has type `Result<(), crossbeam_channel::SendError<i32>>`
[INFO] [stderr]      |
[INFO] [stderr]      = note: use `let _ = ...` to ignore the expression or result
[INFO] [stderr] 
[INFO] [stderr] warning: calls to `std::mem::drop` with a value that implements `Copy` does nothing
[INFO] [stderr]     --> tests/select_macro.rs:1239:30
[INFO] [stderr]      |
[INFO] [stderr] 1239 |         send(s, 0) -> res => drop::<Result<(), SendError<i32>>>(res),
[INFO] [stderr]      |                              ^^^^^^^^^^^^^^^^^^^^^^^^^^^^^^^^^^^---^
[INFO] [stderr]      |                                                                 |
[INFO] [stderr]      |                                                                 argument has type `Result<(), crossbeam_channel::SendError<i32>>`
[INFO] [stderr]      |
[INFO] [stderr]      = note: use `let _ = ...` to ignore the expression or result
[INFO] [stderr] 
[INFO] [stderr] warning: calls to `std::mem::drop` with a value that implements `Copy` does nothing
[INFO] [stderr]     --> tests/select_macro.rs:1240:27
[INFO] [stderr]      |
[INFO] [stderr] 1240 |         recv(r) -> res => drop::<Result<i32, RecvError>>(res),
[INFO] [stderr]      |                           ^^^^^^^^^^^^^^^^^^^^^^^^^^^^^^^---^
[INFO] [stderr]      |                                                          |
[INFO] [stderr]      |                                                          argument has type `Result<i32, crossbeam_channel::RecvError>`
[INFO] [stderr]      |
[INFO] [stderr]      = note: use `let _ = ...` to ignore the expression or result
[INFO] [stderr] 
[INFO] [stderr] warning: `crossbeam-channel` (test "select_macro") generated 8 warnings
[INFO] [stderr]     Finished test [unoptimized + debuginfo] target(s) in 0.01s
[INFO] [stderr]      Running unittests src/lib.rs (/opt/rustwide/target/debug/deps/crossbeam_channel-3fa16da9a516ac48)
[INFO] [stdout] 
[INFO] [stdout] running 0 tests
[INFO] [stdout] 
[INFO] [stdout] test result: ok. 0 passed; 0 failed; 0 ignored; 0 measured; 0 filtered out; finished in 0.00s
[INFO] [stdout] 
[INFO] [stderr]      Running tests/after.rs (/opt/rustwide/target/debug/deps/after-4451ead286893b8c)
[INFO] [stdout] 
[INFO] [stdout] running 14 tests
[INFO] [stdout] test capacity ... ok
[INFO] [stdout] test stress_default ... ok
[INFO] [stdout] test recv ... ok
[INFO] [stdout] test recv_two ... ok
[INFO] [stdout] test len_empty_full ... ok
[INFO] [stdout] test recv_race ... ok
[INFO] [stdout] test ready ... ok
[INFO] [stdout] test select ... ok
[INFO] [stdout] test fire ... ok
[INFO] [stdout] test recv_timeout ... ok
[INFO] [stdout] test try_recv ... ok
[INFO] [stdout] test stress_clone ... ok
[INFO] [stdout] test fairness ... ok
[INFO] [stdout] test fairness_duplicates ... ok
[INFO] [stdout] 
[INFO] [stdout] test result: ok. 14 passed; 0 failed; 0 ignored; 0 measured; 0 filtered out; finished in 1.10s
[INFO] [stdout] 
[INFO] [stderr]      Running tests/array.rs (/opt/rustwide/target/debug/deps/array-986d9859a9bf147b)
[INFO] [stdout] 
[INFO] [stdout] running 26 tests
[INFO] [stdout] test capacity ... ok
[INFO] [stdout] test len_empty_full ... ok
[INFO] [stdout] test recv_after_disconnect ... ok
[INFO] [stdout] test recv_in_send ... ok
[INFO] [stdout] test send_after_disconnect ... ok
[INFO] [stdout] test fairness_duplicates ... ok
[INFO] [stdout] test channel_through_channel ... ok
[INFO] [stdout] test fairness ... ok
[INFO] [stdout] test len ... ok
[INFO] [stdout] test linearizable ... ok
[INFO] [stdout] test panic_on_drop ... ok
[INFO] [stdout] test spsc ... ok
[INFO] [stdout] test mpmc ... ok
[INFO] [stdout] test stress_iter ... ok
[INFO] [stdout] test drops ... ok
[INFO] [stdout] test disconnect_wakes_sender ... ok
[INFO] [stdout] test disconnect_wakes_receiver ... ok
[INFO] [stdout] test smoke ... ok
[INFO] [stdout] test stress_oneshot ... ok
[INFO] [stdout] test recv_timeout ... ok
[INFO] [stdout] test try_recv ... ok
[INFO] [stdout] test try_send ... ok
[INFO] [stdout] test send_timeout ... ok
[INFO] [stdout] test stress_timeout_two_threads ... ok
[INFO] [stdout] test recv ... ok
[INFO] [stdout] test send ... ok
[INFO] [stdout] 
[INFO] [stdout] test result: ok. 26 passed; 0 failed; 0 ignored; 0 measured; 0 filtered out; finished in 3.51s
[INFO] [stdout] 
[INFO] [stderr]      Running tests/golang.rs (/opt/rustwide/target/debug/deps/golang-d88cdaf0df319413)
[INFO] [stdout] 
[INFO] [stdout] running 26 tests
[INFO] [stdout] test chan_test::test_chan_send_interface ... ok
[INFO] [stdout] test fifo::asynch_fifo ... ok
[INFO] [stdout] test chan_test::test_select_duplicate_channel ... ok
[INFO] [stdout] test chan1::main ... ok
[INFO] [stdout] test select4::main ... ok
[INFO] [stdout] test chan_test::test_self_select ... ok
[INFO] [stdout] test select6::main ... ok
[INFO] [stdout] test fifo::synch_fifo ... ok
[INFO] [stdout] test select::main ... ok
[INFO] [stdout] test select7::main ... ok
[INFO] [stdout] test zerosize::zero_size_struct ... ok
[INFO] [stdout] test zerosize::zero_size_array ... ok
[INFO] [stdout] test nonblock::main ... ok
[INFO] [stdout] test goroutines::main ... ok
[INFO] [stdout] test sieve1::main ... ok
[INFO] [stdout] test chan_test::test_select_fairness ... ok
[INFO] [stdout] test chan_test::test_pseudo_random_send ... ok
[INFO] [stdout] test doubleselect::main ... ok
[INFO] [stdout] test select2::main ... ok
[INFO] [stdout] test chan::main ... ok
[INFO] [stdout] test chan_test::test_select_stress ... ok
[INFO] [stdout] test chan_test::test_nonblock_select_race ... ok
[INFO] [stdout] test chan_test::test_nonblock_select_race2 ... ok
[INFO] [stdout] test chan_test::test_nonblock_recv_race ... ok
[INFO] [stdout] test chan_test::test_chan ... ok
[INFO] [stdout] test chan_test::test_multi_consumer ... ok
[INFO] [stdout] 
[INFO] [stdout] test result: ok. 26 passed; 0 failed; 0 ignored; 0 measured; 0 filtered out; finished in 2.52s
[INFO] [stdout] 
[INFO] [stderr]      Running tests/iter.rs (/opt/rustwide/target/debug/deps/iter-2e8f59a8494da354)
[INFO] [stdout] 
[INFO] [stdout] running 5 tests
[INFO] [stdout] test recv_into_iter_owned ... ok
[INFO] [stdout] test recv_into_iter_borrowed ... ok
[INFO] [stdout] test nested_recv_iter ... ok
[INFO] [stdout] test recv_try_iter ... ok
[INFO] [stdout] test recv_iter_break ... ok
[INFO] [stderr]      Running tests/list.rs (/opt/rustwide/target/debug/deps/list-43d585269566c664)
[INFO] [stdout] 
[INFO] [stdout] test result: ok. 5 passed; 0 failed; 0 ignored; 0 measured; 0 filtered out; finished in 0.00s
[INFO] [stdout] 
[INFO] [stdout] 
[INFO] [stdout] running 24 tests
[INFO] [stdout] test capacity ... ok
[INFO] [stdout] test len_empty_full ... ok
[INFO] [stdout] test len ... ok
[INFO] [stdout] test recv_after_disconnect ... ok
[INFO] [stdout] test recv_in_send ... ok
[INFO] [stdout] test send_after_disconnect ... ok
[INFO] [stdout] test send_timeout ... ok
[INFO] [stdout] test send ... ok
[INFO] [stdout] test try_send ... ok
[INFO] [stdout] test fairness_duplicates ... ok
[INFO] [stdout] test fairness ... ok
[INFO] [stdout] test linearizable ... ok
[INFO] [stdout] test channel_through_channel ... ok
[INFO] [stdout] test spsc ... ok
[INFO] [stdout] test mpmc ... ok
[INFO] [stdout] test stress_iter ... ok
[INFO] [stdout] test drops ... ok
[INFO] [stdout] test disconnect_wakes_receiver ... ok
[INFO] [stdout] test smoke ... ok
[INFO] [stdout] test stress_oneshot ... ok
[INFO] [stdout] test recv_timeout ... ok
[INFO] [stdout] test try_recv ... ok
[INFO] [stdout] test stress_timeout_two_threads ... ok
[INFO] [stdout] test recv ... ok
[INFO] [stdout] 
[INFO] [stdout] test result: ok. 24 passed; 0 failed; 0 ignored; 0 measured; 0 filtered out; finished in 3.51s
[INFO] [stdout] 
[INFO] [stderr]      Running tests/mpsc.rs (/opt/rustwide/target/debug/deps/mpsc-cdcec6e3012b0d0e)
[INFO] [stdout] 
[INFO] [stdout] running 127 tests
[INFO] [stdout] test channel_tests::drop_full ... ok
[INFO] [stdout] test channel_tests::drop_full_shared ... ok
[INFO] [stdout] test channel_tests::issue_32114 ... ok
[INFO] [stdout] test channel_tests::chan_gone_concurrent ... ok
[INFO] [stdout] test channel_tests::oneshot_multi_task_recv_then_send ... ok
[INFO] [stdout] test channel_tests::oneshot_multi_thread_close_stress ... ok
[INFO] [stdout] test channel_tests::no_runtime ... ok
[INFO] [stdout] test channel_tests::oneshot_multi_task_recv_then_close ... ok
[INFO] [stdout] test channel_tests::oneshot_single_thread_close_chan_first ... ok
[INFO] [stdout] test channel_tests::oneshot_multi_thread_send_close_stress ... ok
[INFO] [stdout] test channel_tests::oneshot_multi_thread_send_recv_stress ... ok
[INFO] [stdout] test channel_tests::oneshot_single_thread_close_port_first ... ok
[INFO] [stdout] test channel_tests::oneshot_single_thread_peek_close ... ok
[INFO] [stdout] test channel_tests::oneshot_single_thread_peek_open ... ok
[INFO] [stdout] test channel_tests::oneshot_single_thread_recv_chan_close ... ok
[INFO] [stdout] test channel_tests::oneshot_multi_thread_recv_close_stress ... ok
[INFO] [stdout] test channel_tests::oneshot_single_thread_send_then_recv ... ok
[INFO] [stdout] test channel_tests::oneshot_single_thread_peek_data ... ok
[INFO] [stdout] test channel_tests::oneshot_single_thread_try_recv_closed ... ok
[INFO] [stdout] test channel_tests::oneshot_single_thread_try_recv_open ... ok
[INFO] [stdout] test channel_tests::oneshot_single_thread_send_port_close ... ok
[INFO] [stdout] test channel_tests::oneshot_single_thread_try_send_open ... ok
[INFO] [stdout] test channel_tests::oneshot_single_thread_try_send_closed ... ok
[INFO] [stdout] test channel_tests::destroy_upgraded_shared_port_when_sender_still_active ... ok
[INFO] [stdout] test channel_tests::port_gone_concurrent ... ok
[INFO] [stdout] test channel_tests::port_gone_concurrent_shared ... ok
[INFO] [stdout] test channel_tests::oneshot_single_thread_recv_timeout ... ok
[INFO] [stdout] test channel_tests::recv_from_outside_runtime ... ok
[INFO] [stdout] test channel_tests::send_from_outside_runtime ... ok
[INFO] [stdout] test channel_tests::smoke_chan_gone ... ok
[INFO] [stdout] test channel_tests::recv_timeout_upgrade ... ok
[INFO] [stdout] test channel_tests::smoke ... ok
[INFO] [stdout] test channel_tests::smoke_chan_gone_shared ... ok
[INFO] [stdout] test channel_tests::smoke_port_gone ... ok
[INFO] [stdout] test channel_tests::smoke_shared ... ok
[INFO] [stdout] test channel_tests::smoke_shared_port_gone ... ok
[INFO] [stdout] test channel_tests::smoke_shared_port_gone2 ... ok
[INFO] [stdout] test channel_tests::smoke_threads ... ok
[INFO] [stdout] test channel_tests::shared_recv_timeout ... ok
[INFO] [stdout] test channel_tests::test_recv_into_iter_borrowed ... ok
[INFO] [stdout] test channel_tests::test_nested_recv_iter ... ok
[INFO] [stdout] test select_tests::cloning3 ... ok
[INFO] [stdout] test channel_tests::test_recv_into_iter_owned ... ok
[INFO] [stdout] test channel_tests::recv_a_lot ... ok
[INFO] [stdout] test channel_tests::stream_send_recv_stress ... ok
[INFO] [stdout] test select_tests::both_ready ... ok
[INFO] [stdout] test select_tests::cloning ... ok
[INFO] [stdout] test select_tests::preflight4 ... ok
[INFO] [stdout] test select_tests::cloning2 ... ok
[INFO] [stdout] test select_tests::closed ... ok
[INFO] [stdout] test select_tests::preflight1 ... ok
[INFO] [stdout] test select_tests::preflight2 ... ok
[INFO] [stdout] test select_tests::preflight3 ... ok
[INFO] [stdout] test channel_tests::test_recv_try_iter ... ok
[INFO] [stdout] test select_tests::preflight5 ... ok
[INFO] [stdout] test select_tests::preflight7 ... ok
[INFO] [stdout] test channel_tests::try_recv_states ... ok
[INFO] [stdout] test select_tests::oneshot_data_waiting ... ok
[INFO] [stdout] test select_tests::preflight6 ... ok
[INFO] [stdout] test channel_tests::stress ... ok
[INFO] [stdout] test channel_tests::test_recv_iter_break ... ok
[INFO] [stdout] test select_tests::preflight9 ... ok
[INFO] [stdout] test select_tests::sync2 ... ok
[INFO] [stdout] test select_tests::sync1 ... ok
[INFO] [stdout] test select_tests::preflight8 ... ok
[INFO] [stdout] test select_tests::smoke ... ok
[INFO] [stdout] test select_tests::smoke2 ... ok
[INFO] [stdout] test select_tests::shared_data_waiting ... ok
[INFO] [stdout] test sync_channel_tests::chan_gone_concurrent ... ok
[INFO] [stdout] test sync_channel_tests::drop_full ... ok
[INFO] [stdout] test select_tests::sync3 ... ok
[INFO] [stdout] test select_tests::unblocks ... ok
[INFO] [stdout] test select_tests::stream_data_waiting ... ok
[INFO] [stdout] test sync_channel_tests::oneshot_multi_task_recv_then_send ... ok
[INFO] [stdout] test sync_channel_tests::oneshot_single_thread_peek_data ... ok
[INFO] [stdout] test sync_channel_tests::oneshot_single_thread_peek_open ... ok
[INFO] [stdout] test sync_channel_tests::oneshot_single_thread_peek_close ... ok
[INFO] [stdout] test sync_channel_tests::oneshot_single_thread_close_chan_first ... ok
[INFO] [stdout] test sync_channel_tests::destroy_upgraded_shared_port_when_sender_still_active ... ok
[INFO] [stdout] test sync_channel_tests::oneshot_single_thread_close_port_first ... ok
[INFO] [stdout] test sync_channel_tests::oneshot_multi_thread_close_stress ... ok
[INFO] [stdout] test sync_channel_tests::oneshot_multi_thread_send_recv_stress ... ok
[INFO] [stdout] test sync_channel_tests::oneshot_multi_task_recv_then_close ... ok
[INFO] [stdout] test sync_channel_tests::oneshot_single_thread_send_port_close ... ok
[INFO] [stdout] test sync_channel_tests::oneshot_single_thread_send_then_recv ... ok
[INFO] [stdout] test sync_channel_tests::oneshot_single_thread_recv_chan_close ... ok
[INFO] [stdout] test sync_channel_tests::oneshot_multi_thread_send_close_stress ... ok
[INFO] [stdout] test sync_channel_tests::oneshot_multi_thread_recv_close_stress ... ok
[INFO] [stdout] test sync_channel_tests::oneshot_single_thread_try_recv_closed ... ok
[INFO] [stdout] test sync_channel_tests::oneshot_single_thread_try_recv_open ... ok
[INFO] [stdout] test sync_channel_tests::oneshot_single_thread_try_send_closed ... ok
[INFO] [stdout] test sync_channel_tests::oneshot_single_thread_try_send_closed2 ... ok
[INFO] [stdout] test sync_channel_tests::send1 ... ok
[INFO] [stdout] test sync_channel_tests::send2 ... ok
[INFO] [stdout] test sync_channel_tests::port_gone_concurrent ... ok
[INFO] [stdout] test sync_channel_tests::port_gone_concurrent_shared ... ok
[INFO] [stdout] test sync_channel_tests::oneshot_single_thread_try_send_open ... ok
[INFO] [stdout] test sync_channel_tests::oneshot_single_thread_try_recv_closed_with_data ... ok
[INFO] [stdout] test sync_channel_tests::smoke_chan_gone ... ok
[INFO] [stdout] test sync_channel_tests::recv_timeout ... ok
[INFO] [stdout] test sync_channel_tests::smoke_chan_gone_shared ... ok
[INFO] [stdout] test sync_channel_tests::send3 ... ok
[INFO] [stdout] test sync_channel_tests::smoke ... ok
[INFO] [stdout] test sync_channel_tests::send4 ... ok
[INFO] [stdout] test sync_channel_tests::smoke_shared ... ok
[INFO] [stdout] test sync_channel_tests::smoke_shared_port_gone2 ... ok
[INFO] [stdout] test sync_channel_tests::smoke_port_gone ... ok
[INFO] [stdout] test sync_channel_tests::smoke_threads ... ok
[INFO] [stdout] test sync_channel_tests::stream_send_recv_stress ... ok
[INFO] [stdout] test sync_channel_tests::test_recv_iter_break ... ok
[INFO] [stdout] test sync_channel_tests::recv_a_lot ... ok
[INFO] [stdout] test sync_channel_tests::try_recv_states ... ok
[INFO] [stdout] test sync_channel_tests::try_send1 ... ok
[INFO] [stdout] test sync_channel_tests::try_send2 ... ok
[INFO] [stdout] test sync_channel_tests::test_nested_recv_iter ... ok
[INFO] [stdout] test sync_channel_tests::stress ... ok
[INFO] [stdout] test sync_channel_tests::try_send3 ... ok
[INFO] [stdout] test select_tests::stress ... ok
[INFO] [stdout] test channel_tests::stress_shared ... ok
[INFO] [stdout] test sync_channel_tests::stress_recv_timeout_two_threads ... ok
[INFO] [stdout] test channel_tests::shared_chan_stress ... ok
[INFO] [stdout] test sync_channel_tests::shared_chan_stress ... ok
[INFO] [stdout] test sync_channel_tests::issue_15761 ... ok
[INFO] [stdout] test sync_channel_tests::stress_shared ... ok
[INFO] [stdout] test sync_channel_tests::stress_recv_timeout_shared ... ok
[INFO] [stdout] test channel_tests::stress_recv_timeout_shared ... ok
[INFO] [stdout] test channel_tests::stress_recv_timeout_two_threads ... ok
[INFO] [stdout] 
[INFO] [stdout] test result: ok. 127 passed; 0 failed; 0 ignored; 0 measured; 0 filtered out; finished in 10.22s
[INFO] [stdout] 
[INFO] [stderr]      Running tests/never.rs (/opt/rustwide/target/debug/deps/never-07be3b1e0c481a7e)
[INFO] [stdout] 
[INFO] [stdout] running 7 tests
[INFO] [stdout] test capacity ... ok
[INFO] [stdout] test len_empty_full ... ok
[INFO] [stdout] test optional ... ok
[INFO] [stdout] test smoke ... ok
[INFO] [stdout] test try_recv ... ok
[INFO] [stdout] test recv_timeout ... ok
[INFO] [stdout] test tick_n ... ok
[INFO] [stdout] 
[INFO] [stdout] test result: ok. 7 passed; 0 failed; 0 ignored; 0 measured; 0 filtered out; finished in 1.50s
[INFO] [stdout] 
[INFO] [stderr]      Running tests/ready.rs (/opt/rustwide/target/debug/deps/ready-51454d9dbd64e68d)
[INFO] [stdout] 
[INFO] [stdout] running 24 tests
[INFO] [stdout] test duplicate_operations ... ok
[INFO] [stdout] test default_when_disconnected ... ok
[INFO] [stdout] test default ... ok
[INFO] [stdout] test cloning1 ... ok
[INFO] [stdout] test preflight1 ... ok
[INFO] [stdout] test nesting ... ok
[INFO] [stdout] test preflight3 ... ok
[INFO] [stdout] test preflight2 ... ok
[INFO] [stdout] test smoke1 ... ok
[INFO] [stdout] test smoke2 ... ok
[INFO] [stdout] test channel_through_channel ... ok
[INFO] [stdout] test fairness1 ... ok
[INFO] [stdout] test stress_mixed ... ok
[INFO] [stdout] test stress_recv ... ok
[INFO] [stdout] test stress_send ... ok
[INFO] [stdout] test fairness2 ... ok
[INFO] [stdout] test send_recv_same_channel ... ok
[INFO] [stdout] test default_only ... ok
[INFO] [stdout] test cloning2 ... ok
[INFO] [stdout] test both_ready ... ok
[INFO] [stdout] test disconnected ... ok
[INFO] [stdout] test unblocks ... ok
[INFO] [stdout] test timeout ... ok
[INFO] [stdout] test stress_timeout_two_threads ... ok
[INFO] [stdout] 
[INFO] [stdout] test result: ok. 24 passed; 0 failed; 0 ignored; 0 measured; 0 filtered out; finished in 5.01s
[INFO] [stdout] 
[INFO] [stderr]      Running tests/same_channel.rs (/opt/rustwide/target/debug/deps/same_channel-e9a8d27ac75d2b12)
[INFO] [stdout] 
[INFO] [stdout] running 7 tests
[INFO] [stdout] test after_same_channel ... ok
[INFO] [stdout] test list_same_channel ... ok
[INFO] [stdout] test array_same_channel ... ok
[INFO] [stdout] test different_flavors_same_channel ... ok
[INFO] [stdout] test never_same_channel ... ok
[INFO] [stdout] test tick_same_channel ... ok
[INFO] [stdout] test zero_same_channel ... ok
[INFO] [stdout] 
[INFO] [stdout] test result: ok. 7 passed; 0 failed; 0 ignored; 0 measured; 0 filtered out; finished in 0.00s
[INFO] [stdout] 
[INFO] [stderr]      Running tests/select.rs (/opt/rustwide/target/debug/deps/select-c213de92c1481f62)
[INFO] [stdout] 
[INFO] [stdout] running 32 tests
[INFO] [stdout] test default_when_disconnected ... ok
[INFO] [stdout] test cloning1 ... ok
[INFO] [stdout] test default ... ok
[INFO] [stdout] test duplicate_operations ... ok
[INFO] [stdout] test preflight3 ... ok
[INFO] [stdout] test nesting ... ok
[INFO] [stdout] test preflight2 ... ok
[INFO] [stdout] test preflight1 ... ok
[INFO] [stdout] test smoke1 ... ok
[INFO] [stdout] test smoke2 ... ok
[INFO] [stdout] test send_and_clone ... ok
[INFO] [stdout] test fairness1 ... ok
[INFO] [stdout] test matching ... ok
[INFO] [stdout] test channel_through_channel ... ok
[INFO] [stdout] test fairness2 ... ok
[INFO] [stdout] test matching_with_leftover ... ok
[INFO] [stdout] test sync_and_clone ... ok
[INFO] [stdout] test stress_recv ... ok
[INFO] [stdout] test stress_mixed ... ok
[INFO] [stdout] test reuse ... ok
[INFO] [stdout] test stress_send ... ok
[INFO] [stdout] test send_recv_same_channel ... ok
[INFO] [stdout] test linearizable_try ... ok
[INFO] [stdout] test both_ready ... ok
[INFO] [stdout] test default_only ... ok
[INFO] [stdout] test cloning2 ... ok
[INFO] [stdout] test linearizable_timeout ... ok
[INFO] [stdout] test disconnected ... ok
[INFO] [stdout] test unblocks ... ok
[INFO] [stdout] test timeout ... ok
[INFO] [stdout] test stress_timeout_two_threads ... ok
[INFO] [stdout] test loop_try ... ok
[INFO] [stdout] 
[INFO] [stdout] test result: ok. 32 passed; 0 failed; 0 ignored; 0 measured; 0 filtered out; finished in 10.01s
[INFO] [stdout] 
[INFO] [stderr]      Running tests/select_macro.rs (/opt/rustwide/target/debug/deps/select_macro-3f0d0aaefd9a9387)
[INFO] [stdout] 
[INFO] [stdout] running 56 tests
[INFO] [stdout] test case_blocks ... ok
[INFO] [stdout] test default_syntax ... ok
[INFO] [stdout] test default ... ok
[INFO] [stdout] test default_when_disconnected ... ok
[INFO] [stdout] test cloning1 ... ok
[INFO] [stdout] test deref ... ok
[INFO] [stdout] test duplicate_operations ... ok
[INFO] [stdout] test evaluate ... ok
[INFO] [stdout] test handles_on_heap ... ok
[INFO] [stdout] test infer_types ... ok
[INFO] [stdout] test fairness_send ... ok
[INFO] [stdout] test move_handles ... ok
[INFO] [stdout] test nesting ... ok
[INFO] [stdout] test once_blocks ... ok
[INFO] [stdout] test once_receiver ... ok
[INFO] [stdout] test fairness2 ... ok
[INFO] [stdout] test once_sender ... ok
[INFO] [stdout] test fairness_recv ... ok
[INFO] [stdout] test parse_nesting ... ok
[INFO] [stdout] test preflight1 ... ok
[INFO] [stdout] test preflight2 ... ok
[INFO] [stdout] test preflight3 ... ok
[INFO] [stdout] test channel_through_channel ... ok
[INFO] [stdout] test fairness1 ... ok
[INFO] [stdout] test matching ... ok
[INFO] [stdout] test result_types ... ok
[INFO] [stdout] test references ... ok
[INFO] [stdout] test same_variable_name ... ok
[INFO] [stdout] test matching_with_leftover ... ok
[INFO] [stdout] test panic_receiver - should panic ... ok
[INFO] [stdout] test panic_sender - should panic ... ok
[INFO] [stdout] test smoke1 ... ok
[INFO] [stdout] test smoke2 ... ok
[INFO] [stdout] test stress_mixed ... ok
[INFO] [stdout] test stress_recv ... ok
[INFO] [stdout] test stress_send ... ok
[INFO] [stdout] test linearizable_timeout ... ok
[INFO] [stdout] test trailing_comma ... ok
[INFO] [stdout] test linearizable_default ... ok
[INFO] [stdout] test both_ready ... ok
[INFO] [stdout] test cloning2 ... ok
[INFO] [stdout] test default_only ... ok
[INFO] [stdout] test send_recv_same_channel ... ok
[INFO] [stdout] test disconnect_wakes_receiver ... ok
[INFO] [stdout] test disconnect_wakes_sender ... ok
[INFO] [stdout] test disconnected ... ok
[INFO] [stdout] test unblocks ... ok
[INFO] [stdout] test recv_timeout ... ok
[INFO] [stdout] test send_timeout ... ok
[INFO] [stdout] test try_recv ... ok
[INFO] [stdout] test try_send ... ok
[INFO] [stdout] test timeout ... ok
[INFO] [stdout] test recv ... ok
[INFO] [stdout] test send ... ok
[INFO] [stdout] test stress_timeout_two_threads ... ok
[INFO] [stdout] test loop_try ... ok
[INFO] [stdout] 
[INFO] [stdout] test result: ok. 56 passed; 0 failed; 0 ignored; 0 measured; 0 filtered out; finished in 10.02s
[INFO] [stdout] 
[INFO] [stderr]      Running tests/thread_locals.rs (/opt/rustwide/target/debug/deps/thread_locals-eaa5accc889fb83d)
[INFO] [stdout] 
[INFO] [stdout] running 1 test
[INFO] [stdout] test use_while_exiting ... ok
[INFO] [stdout] 
[INFO] [stdout] test result: ok. 1 passed; 0 failed; 0 ignored; 0 measured; 0 filtered out; finished in 0.20s
[INFO] [stdout] 
[INFO] [stderr]      Running tests/tick.rs (/opt/rustwide/target/debug/deps/tick-b7bb19dadde558f5)
[INFO] [stdout] 
[INFO] [stdout] running 14 tests
[INFO] [stdout] test capacity ... ok
[INFO] [stdout] test stress_default ... ok
[INFO] [stdout] test recv ... ok
[INFO] [stdout] test len_empty_full ... ok
[INFO] [stdout] test recv_race ... ok
[INFO] [stdout] test fire ... ok
[INFO] [stdout] test intervals ... ok
[INFO] [stdout] test recv_timeout ... ok
[INFO] [stdout] test fairness ... ok
[INFO] [stdout] test try_recv ... ok
[INFO] [stdout] test recv_two ... ok
[INFO] [stdout] test fairness_duplicates ... ok
[INFO] [stdout] test ready ... ok
[INFO] [stdout] test select ... ok
[INFO] [stdout] 
[INFO] [stdout] test result: ok. 14 passed; 0 failed; 0 ignored; 0 measured; 0 filtered out; finished in 1.10s
[INFO] [stdout] 
[INFO] [stderr]      Running tests/zero.rs (/opt/rustwide/target/debug/deps/zero-0edb44603dfc46e8)
[INFO] [stdout] 
[INFO] [stdout] running 22 tests
[INFO] [stdout] test capacity ... ok
[INFO] [stdout] test smoke ... ok
[INFO] [stdout] test len_empty_full ... ok
[INFO] [stdout] test channel_through_channel ... ok
[INFO] [stdout] test stress_iter ... ok
[INFO] [stdout] test len ... ok
[INFO] [stdout] test mpmc ... ok
[INFO] [stdout] test fairness ... ok
[INFO] [stdout] test fairness_duplicates ... ok
[INFO] [stdout] test spsc ... ok
[INFO] [stdout] test recv_in_send ... ok
[INFO] [stdout] test disconnect_wakes_sender ... ok
[INFO] [stdout] test disconnect_wakes_receiver ... ok
[INFO] [stdout] test recv_timeout ... ok
[INFO] [stdout] test send_timeout ... ok
[INFO] [stdout] test drops ... ok
[INFO] [stdout] test try_recv ... ok
[INFO] [stdout] test try_send ... ok
[INFO] [stdout] test stress_oneshot ... ok
[INFO] [stdout] test stress_timeout_two_threads ... ok
[INFO] [stdout] test recv ... ok
[INFO] [stdout] test send ... ok
[INFO] [stdout] 
[INFO] [stdout] test result: ok. 22 passed; 0 failed; 0 ignored; 0 measured; 0 filtered out; finished in 3.56s
[INFO] [stdout] 
[INFO] [stderr]    Doc-tests crossbeam-channel
[INFO] [stdout] 
[INFO] [stdout] running 72 tests
[INFO] [stdout] test src/channel.rs - channel::Receiver<T>::same_channel (line 1112) ... ok
[INFO] [stdout] test src/channel.rs - channel::Sender<T>::capacity (line 599) ... ok
[INFO] [stdout] test src/channel.rs - channel::Receiver<T>::capacity (line 1017) ... ok
[INFO] [stdout] test src/channel.rs - channel::Receiver<T>::len (line 992) ... ok
[INFO] [stdout] test src/channel.rs - channel::Receiver<T>::is_full (line 968) ... ok
[INFO] [stdout] test src/channel.rs - channel::Receiver<T>::is_empty (line 942) ... ok
[INFO] [stdout] test src/channel.rs - channel::Receiver<T>::try_recv (line 736) ... ok
[INFO] [stdout] test src/channel.rs - channel::Iter (line 1199) ... ok
[INFO] [stdout] test src/channel.rs - channel::IntoIter (line 1297) ... ok
[INFO] [stdout] test src/channel.rs - channel::Receiver<T>::iter (line 1049) ... ok
[INFO] [stdout] test src/channel.rs - channel::Sender (line 332) ... ok
[INFO] [stdout] test src/channel.rs - channel::Sender<T>::same_channel (line 623) ... ok
[INFO] [stdout] test src/channel.rs - channel::Sender<T>::is_empty (line 533) ... ok
[INFO] [stdout] test src/channel.rs - channel::Sender<T>::len (line 577) ... ok
[INFO] [stdout] test src/channel.rs - channel::Sender<T>::is_full (line 556) ... ok
[INFO] [stdout] test src/channel.rs - channel::Sender<T>::try_send (line 380) ... ok
[INFO] [stdout] test src/channel.rs - channel::after (line 139) ... ok
[INFO] [stdout] test src/channel.rs - channel::at (line 206) ... ok
[INFO] [stdout] test src/channel.rs - channel::after (line 154) ... ok
[INFO] [stdout] test src/channel.rs - channel::never (line 238) ... ok
[INFO] [stdout] test src/channel.rs - channel::Receiver (line 678) ... ok
[INFO] [stdout] test src/channel.rs - channel::Receiver<T>::recv_timeout (line 840) ... ok
[INFO] [stdout] test src/channel.rs - channel::Receiver<T>::recv_deadline (line 881) ... ok
[INFO] [stdout] test src/channel.rs - channel::Receiver<T>::recv (line 785) ... ok
[INFO] [stdout] test src/channel.rs - channel::at (line 191) ... ok
[INFO] [stdout] test src/err.rs - err::TrySendError<T>::into_inner (line 185) ... ok
[INFO] [stdout] test src/err.rs - err::SendError<T>::into_inner (line 137) ... ok
[INFO] [stdout] test src/err.rs - err::SendTimeoutError<T>::into_inner (line 248) ... ok
[INFO] [stdout] test src/channel.rs - channel::unbounded (line 25) ... ok
[INFO] [stdout] test src/lib.rs - (line 106) ... ok
[INFO] [stdout] test src/channel.rs - channel::tick (line 279) ... ok
[INFO] [stdout] test src/channel.rs - channel::Sender<T>::send (line 410) ... ok
[INFO] [stdout] test src/channel.rs - channel::Sender<T>::send_deadline (line 491) ... ok
[INFO] [stdout] test src/lib.rs - (line 149) ... ok
[INFO] [stdout] test src/channel.rs - channel::Sender<T>::send_timeout (line 450) ... ok
[INFO] [stdout] test src/lib.rs - (line 124) ... ok
[INFO] [stdout] test src/channel.rs - channel::tick (line 294) ... ok
[INFO] [stdout] test src/channel.rs - channel::bounded (line 91) ... ok
[INFO] [stdout] test src/channel.rs - channel::bounded (line 68) ... ok
[INFO] [stdout] test src/select.rs - select::Select (line 560) ... ok
[INFO] [stdout] test src/lib.rs - (line 239) ... ok
[INFO] [stdout] test src/lib.rs - (line 216) ... ok
[INFO] [stdout] test src/select.rs - select::Select (line 541) ... ok
[INFO] [stdout] test src/channel.rs - channel::Receiver<T>::try_iter (line 1081) ... ok
[INFO] [stdout] test src/lib.rs - (line 183) ... ok
[INFO] [stdout] test src/select.rs - select::Select<'a>::new (line 610) ... ok
[INFO] [stdout] test src/lib.rs - (line 35) ... ok
[INFO] [stdout] test src/lib.rs - (line 268) ... ok
[INFO] [stdout] test src/lib.rs - (line 7) ... ok
[INFO] [stdout] test src/lib.rs - (line 52) ... ok
[INFO] [stdout] test src/lib.rs - (line 67) ... ok
[INFO] [stdout] test src/lib.rs - (line 85) ... ok
[INFO] [stdout] test src/channel.rs - channel::TryIter (line 1247) ... ok
[INFO] [stdout] test src/select.rs - select::Select<'a>::ready (line 974) ... ok
[INFO] [stdout] test src/select.rs - select::Select<'a>::send (line 631) ... ok
[INFO] [stdout] test src/select.rs - select::Select<'a>::remove (line 683) ... ok
[INFO] [stdout] test src/select.rs - select::Select<'a>::ready_timeout (line 1021) ... ok
[INFO] [stdout] test src/select.rs - select::Select<'a>::ready_deadline (line 1065) ... ok
[INFO] [stdout] test src/select.rs - select::Select<'a>::select (line 783) ... ok
[INFO] [stdout] test src/select.rs - select::Select<'a>::recv (line 653) ... ok
[INFO] [stdout] test src/select.rs - select::Select<'a>::try_select (line 738) ... ok
[INFO] [stdout] test src/lib.rs - (line 303) ... ok
[INFO] [stdout] test src/select.rs - select::Select<'a>::select_timeout (line 827) ... ok
[INFO] [stdout] test src/select.rs - select::SelectedOperation<'_>::send (line 1188) ... ok
[INFO] [stdout] test src/select.rs - select::Select<'a>::try_ready (line 929) ... ok
[INFO] [stdout] test src/select.rs - select::SelectedOperation<'_>::index (line 1153) ... ok
[INFO] [stdout] test src/select.rs - select::Select<'a>::select_deadline (line 877) ... ok
[INFO] [stdout] test src/select.rs - select::SelectedOperation<'_>::recv (line 1222) ... ok
[INFO] [stdout] test src/select_macro.rs - select_macro::select (line 1024) ... ok
[INFO] [stdout] test src/select_macro.rs - select_macro::select (line 1005) ... ok
[INFO] [stdout] test src/select_macro.rs - select_macro::select (line 1051) ... ok
[INFO] [stdout] test src/select_macro.rs - select_macro::select (line 1078) ... ok
[INFO] [stdout] 
[INFO] [stdout] test result: ok. 72 passed; 0 failed; 0 ignored; 0 measured; 0 filtered out; finished in 4.50s
[INFO] [stdout] 
[INFO] running `Command { std: "docker" "inspect" "97e9eeedbdfb7a50f814c2f319beb863226b5ac3038aea7536fc7d969664a21d", kill_on_drop: false }`
[INFO] running `Command { std: "docker" "rm" "-f" "97e9eeedbdfb7a50f814c2f319beb863226b5ac3038aea7536fc7d969664a21d", kill_on_drop: false }`
[INFO] [stdout] 97e9eeedbdfb7a50f814c2f319beb863226b5ac3038aea7536fc7d969664a21d
[INFO] testing pexip/os-rust-crossbeam-channel against beta-2023-12-22 for beta-1.76-1
[INFO] running `Command { std: "git" "clone" "/workspace/cache/git-repos/https%3A%2F%2Fgithub.com%2Fpexip%2Fos-rust-crossbeam-channel" "/workspace/builds/worker-6-tc2/source", kill_on_drop: false }`
[INFO] [stderr] Cloning into '/workspace/builds/worker-6-tc2/source'...
[INFO] [stderr] done.
[INFO] validating manifest of git repo https://github.com/pexip/os-rust-crossbeam-channel on toolchain beta-2023-12-22
[INFO] running `Command { std: CARGO_HOME="/workspace/cargo-home" RUSTUP_HOME="/workspace/rustup-home" "/workspace/cargo-home/bin/cargo" "+beta-2023-12-22" "metadata" "--manifest-path" "Cargo.toml" "--no-deps", kill_on_drop: false }`
[INFO] started tweaking git repo https://github.com/pexip/os-rust-crossbeam-channel
[INFO] finished tweaking git repo https://github.com/pexip/os-rust-crossbeam-channel
[INFO] tweaked toml for git repo https://github.com/pexip/os-rust-crossbeam-channel written to /workspace/builds/worker-6-tc2/source/Cargo.toml
[INFO] crate git repo https://github.com/pexip/os-rust-crossbeam-channel already has a lockfile, it will not be regenerated
[INFO] running `Command { std: CARGO_HOME="/workspace/cargo-home" RUSTUP_HOME="/workspace/rustup-home" "/workspace/cargo-home/bin/cargo" "+beta-2023-12-22" "fetch" "--manifest-path" "Cargo.toml", kill_on_drop: false }`
[INFO] running `Command { std: "docker" "create" "-v" "/var/lib/crater-agent-workspace/builds/worker-6-tc2/target:/opt/rustwide/target:rw,Z" "-v" "/var/lib/crater-agent-workspace/builds/worker-6-tc2/source:/opt/rustwide/workdir:ro,Z" "-v" "/var/lib/crater-agent-workspace/cargo-home:/opt/rustwide/cargo-home:ro,Z" "-v" "/var/lib/crater-agent-workspace/rustup-home:/opt/rustwide/rustup-home:ro,Z" "-e" "SOURCE_DIR=/opt/rustwide/workdir" "-e" "CARGO_TARGET_DIR=/opt/rustwide/target" "-e" "CARGO_HOME=/opt/rustwide/cargo-home" "-e" "RUSTUP_HOME=/opt/rustwide/rustup-home" "-w" "/opt/rustwide/workdir" "-m" "1610612736" "--user" "0:0" "--network" "none" "ghcr.io/rust-lang/crates-build-env/linux@sha256:2788e3201cd34a07e3172128adcd8b3090168a8e3bcc40d7c032b9dda1df7d1c" "/opt/rustwide/cargo-home/bin/cargo" "+beta-2023-12-22" "metadata" "--no-deps" "--format-version=1", kill_on_drop: false }`
[INFO] [stdout] 7f56e47d83f2cce96cc138115adf5f24fe101d5b646c5973515d8671b6d18b2f
[INFO] running `Command { std: "docker" "start" "-a" "7f56e47d83f2cce96cc138115adf5f24fe101d5b646c5973515d8671b6d18b2f", kill_on_drop: false }`
[INFO] running `Command { std: "docker" "inspect" "7f56e47d83f2cce96cc138115adf5f24fe101d5b646c5973515d8671b6d18b2f", kill_on_drop: false }`
[INFO] running `Command { std: "docker" "rm" "-f" "7f56e47d83f2cce96cc138115adf5f24fe101d5b646c5973515d8671b6d18b2f", kill_on_drop: false }`
[INFO] [stdout] 7f56e47d83f2cce96cc138115adf5f24fe101d5b646c5973515d8671b6d18b2f
[INFO] running `Command { std: "docker" "create" "-v" "/var/lib/crater-agent-workspace/builds/worker-6-tc2/target:/opt/rustwide/target:rw,Z" "-v" "/var/lib/crater-agent-workspace/builds/worker-6-tc2/source:/opt/rustwide/workdir:ro,Z" "-v" "/var/lib/crater-agent-workspace/cargo-home:/opt/rustwide/cargo-home:ro,Z" "-v" "/var/lib/crater-agent-workspace/rustup-home:/opt/rustwide/rustup-home:ro,Z" "-e" "SOURCE_DIR=/opt/rustwide/workdir" "-e" "CARGO_TARGET_DIR=/opt/rustwide/target" "-e" "CARGO_INCREMENTAL=0" "-e" "RUST_BACKTRACE=full" "-e" "RUSTFLAGS=--cap-lints=warn" "-e" "RUSTDOCFLAGS=--cap-lints=warn" "-e" "CARGO_HOME=/opt/rustwide/cargo-home" "-e" "RUSTUP_HOME=/opt/rustwide/rustup-home" "-w" "/opt/rustwide/workdir" "-m" "1610612736" "--user" "0:0" "--network" "none" "ghcr.io/rust-lang/crates-build-env/linux@sha256:2788e3201cd34a07e3172128adcd8b3090168a8e3bcc40d7c032b9dda1df7d1c" "/opt/rustwide/cargo-home/bin/cargo" "+beta-2023-12-22" "build" "--frozen" "--message-format=json", kill_on_drop: false }`
[INFO] [stdout] e9b77b98774f9c4bc92c6772d09ce9095ea6dc1df8a2048f850cd1a7713e7da3
[INFO] running `Command { std: "docker" "start" "-a" "e9b77b98774f9c4bc92c6772d09ce9095ea6dc1df8a2048f850cd1a7713e7da3", kill_on_drop: false }`
[INFO] [stderr]    Compiling crossbeam-utils v0.8.11
[INFO] [stderr]    Compiling once_cell v1.13.0
[INFO] [stderr]    Compiling cfg-if v1.0.0
[INFO] [stderr]    Compiling crossbeam-channel v0.5.6 (/opt/rustwide/workdir)
[INFO] [stderr]     Finished dev [unoptimized + debuginfo] target(s) in 0.79s
[INFO] running `Command { std: "docker" "inspect" "e9b77b98774f9c4bc92c6772d09ce9095ea6dc1df8a2048f850cd1a7713e7da3", kill_on_drop: false }`
[INFO] running `Command { std: "docker" "rm" "-f" "e9b77b98774f9c4bc92c6772d09ce9095ea6dc1df8a2048f850cd1a7713e7da3", kill_on_drop: false }`
[INFO] [stdout] e9b77b98774f9c4bc92c6772d09ce9095ea6dc1df8a2048f850cd1a7713e7da3
[INFO] running `Command { std: "docker" "create" "-v" "/var/lib/crater-agent-workspace/builds/worker-6-tc2/target:/opt/rustwide/target:rw,Z" "-v" "/var/lib/crater-agent-workspace/builds/worker-6-tc2/source:/opt/rustwide/workdir:ro,Z" "-v" "/var/lib/crater-agent-workspace/cargo-home:/opt/rustwide/cargo-home:ro,Z" "-v" "/var/lib/crater-agent-workspace/rustup-home:/opt/rustwide/rustup-home:ro,Z" "-e" "SOURCE_DIR=/opt/rustwide/workdir" "-e" "CARGO_TARGET_DIR=/opt/rustwide/target" "-e" "CARGO_INCREMENTAL=0" "-e" "RUST_BACKTRACE=full" "-e" "RUSTFLAGS=--cap-lints=warn" "-e" "RUSTDOCFLAGS=--cap-lints=warn" "-e" "CARGO_HOME=/opt/rustwide/cargo-home" "-e" "RUSTUP_HOME=/opt/rustwide/rustup-home" "-w" "/opt/rustwide/workdir" "-m" "1610612736" "--user" "0:0" "--network" "none" "ghcr.io/rust-lang/crates-build-env/linux@sha256:2788e3201cd34a07e3172128adcd8b3090168a8e3bcc40d7c032b9dda1df7d1c" "/opt/rustwide/cargo-home/bin/cargo" "+beta-2023-12-22" "test" "--frozen" "--no-run" "--message-format=json", kill_on_drop: false }`
[INFO] [stdout] 66dc8bd2c4bef8cb99937228a4f7f3deb9ff2534a12346603c988aecdd381c06
[INFO] running `Command { std: "docker" "start" "-a" "66dc8bd2c4bef8cb99937228a4f7f3deb9ff2534a12346603c988aecdd381c06", kill_on_drop: false }`
[INFO] [stderr]    Compiling libc v0.2.126
[INFO] [stderr]    Compiling signal-hook v0.3.14
[INFO] [stderr]    Compiling ppv-lite86 v0.2.16
[INFO] [stderr]    Compiling getrandom v0.2.7
[INFO] [stderr]    Compiling signal-hook-registry v1.4.0
[INFO] [stderr]    Compiling num_cpus v1.13.1
[INFO] [stderr]    Compiling rand_core v0.6.3
[INFO] [stderr]    Compiling rand_chacha v0.3.1
[INFO] [stderr]    Compiling rand v0.8.5
[INFO] [stderr]    Compiling crossbeam-channel v0.5.6 (/opt/rustwide/workdir)
[INFO] [stdout] warning: calls to `std::mem::drop` with a value that implements `Copy` does nothing
[INFO] [stdout]     --> tests/select_macro.rs:1215:27
[INFO] [stdout]      |
[INFO] [stdout] 1215 |         recv(r) -> res => drop::<Result<i32, RecvError>>(res),
[INFO] [stdout]      |                           ^^^^^^^^^^^^^^^^^^^^^^^^^^^^^^^---^
[INFO] [stdout]      |                                                          |
[INFO] [stdout]      |                                                          argument has type `Result<i32, crossbeam_channel::RecvError>`
[INFO] [stdout]      |
[INFO] [stdout]      = note: use `let _ = ...` to ignore the expression or result
[INFO] [stdout]      = note: `#[warn(dropping_copy_types)]` on by default
[INFO] [stdout] 
[INFO] [stdout] 
[INFO] [stdout] warning: calls to `std::mem::drop` with a value that implements `Copy` does nothing
[INFO] [stdout]     --> tests/select_macro.rs:1218:27
[INFO] [stdout]      |
[INFO] [stdout] 1218 |         recv(r) -> res => drop::<Result<i32, RecvError>>(res),
[INFO] [stdout]      |                           ^^^^^^^^^^^^^^^^^^^^^^^^^^^^^^^---^
[INFO] [stdout]      |                                                          |
[INFO] [stdout]      |                                                          argument has type `Result<i32, crossbeam_channel::RecvError>`
[INFO] [stdout]      |
[INFO] [stdout]      = note: use `let _ = ...` to ignore the expression or result
[INFO] [stdout] 
[INFO] [stdout] 
[INFO] [stdout] warning: calls to `std::mem::drop` with a value that implements `Copy` does nothing
[INFO] [stdout]     --> tests/select_macro.rs:1222:27
[INFO] [stdout]      |
[INFO] [stdout] 1222 |         recv(r) -> res => drop::<Result<i32, RecvError>>(res),
[INFO] [stdout]      |                           ^^^^^^^^^^^^^^^^^^^^^^^^^^^^^^^---^
[INFO] [stdout]      |                                                          |
[INFO] [stdout]      |                                                          argument has type `Result<i32, crossbeam_channel::RecvError>`
[INFO] [stdout]      |
[INFO] [stdout]      = note: use `let _ = ...` to ignore the expression or result
[INFO] [stdout] 
[INFO] [stdout] 
[INFO] [stdout] warning: calls to `std::mem::drop` with a value that implements `Copy` does nothing
[INFO] [stdout]     --> tests/select_macro.rs:1227:30
[INFO] [stdout]      |
[INFO] [stdout] 1227 |         send(s, 0) -> res => drop::<Result<(), SendError<i32>>>(res),
[INFO] [stdout]      |                              ^^^^^^^^^^^^^^^^^^^^^^^^^^^^^^^^^^^---^
[INFO] [stdout]      |                                                                 |
[INFO] [stdout]      |                                                                 argument has type `Result<(), crossbeam_channel::SendError<i32>>`
[INFO] [stdout]      |
[INFO] [stdout]      = note: use `let _ = ...` to ignore the expression or result
[INFO] [stdout] 
[INFO] [stdout] 
[INFO] [stdout] warning: calls to `std::mem::drop` with a value that implements `Copy` does nothing
[INFO] [stdout]     --> tests/select_macro.rs:1230:30
[INFO] [stdout]      |
[INFO] [stdout] 1230 |         send(s, 0) -> res => drop::<Result<(), SendError<i32>>>(res),
[INFO] [stdout]      |                              ^^^^^^^^^^^^^^^^^^^^^^^^^^^^^^^^^^^---^
[INFO] [stdout]      |                                                                 |
[INFO] [stdout]      |                                                                 argument has type `Result<(), crossbeam_channel::SendError<i32>>`
[INFO] [stdout]      |
[INFO] [stdout]      = note: use `let _ = ...` to ignore the expression or result
[INFO] [stdout] 
[INFO] [stdout] 
[INFO] [stdout] warning: calls to `std::mem::drop` with a value that implements `Copy` does nothing
[INFO] [stdout]     --> tests/select_macro.rs:1234:30
[INFO] [stdout]      |
[INFO] [stdout] 1234 |         send(s, 0) -> res => drop::<Result<(), SendError<i32>>>(res),
[INFO] [stdout]      |                              ^^^^^^^^^^^^^^^^^^^^^^^^^^^^^^^^^^^---^
[INFO] [stdout]      |                                                                 |
[INFO] [stdout]      |                                                                 argument has type `Result<(), crossbeam_channel::SendError<i32>>`
[INFO] [stdout]      |
[INFO] [stdout]      = note: use `let _ = ...` to ignore the expression or result
[INFO] [stdout] 
[INFO] [stdout] 
[INFO] [stdout] warning: calls to `std::mem::drop` with a value that implements `Copy` does nothing
[INFO] [stdout]     --> tests/select_macro.rs:1239:30
[INFO] [stdout]      |
[INFO] [stdout] 1239 |         send(s, 0) -> res => drop::<Result<(), SendError<i32>>>(res),
[INFO] [stdout]      |                              ^^^^^^^^^^^^^^^^^^^^^^^^^^^^^^^^^^^---^
[INFO] [stdout]      |                                                                 |
[INFO] [stdout]      |                                                                 argument has type `Result<(), crossbeam_channel::SendError<i32>>`
[INFO] [stdout]      |
[INFO] [stdout]      = note: use `let _ = ...` to ignore the expression or result
[INFO] [stdout] 
[INFO] [stdout] 
[INFO] [stdout] warning: calls to `std::mem::drop` with a value that implements `Copy` does nothing
[INFO] [stdout]     --> tests/select_macro.rs:1240:27
[INFO] [stdout]      |
[INFO] [stdout] 1240 |         recv(r) -> res => drop::<Result<i32, RecvError>>(res),
[INFO] [stdout]      |                           ^^^^^^^^^^^^^^^^^^^^^^^^^^^^^^^---^
[INFO] [stdout]      |                                                          |
[INFO] [stdout]      |                                                          argument has type `Result<i32, crossbeam_channel::RecvError>`
[INFO] [stdout]      |
[INFO] [stdout]      = note: use `let _ = ...` to ignore the expression or result
[INFO] [stdout] 
[INFO] [stdout] 
[INFO] [stdout] warning: 8 warnings emitted
[INFO] [stdout] 
[INFO] [stdout] 
[INFO] [stderr]     Finished test [unoptimized + debuginfo] target(s) in 4.42s
[INFO] running `Command { std: "docker" "inspect" "66dc8bd2c4bef8cb99937228a4f7f3deb9ff2534a12346603c988aecdd381c06", kill_on_drop: false }`
[INFO] running `Command { std: "docker" "rm" "-f" "66dc8bd2c4bef8cb99937228a4f7f3deb9ff2534a12346603c988aecdd381c06", kill_on_drop: false }`
[INFO] [stdout] 66dc8bd2c4bef8cb99937228a4f7f3deb9ff2534a12346603c988aecdd381c06
[INFO] running `Command { std: "docker" "create" "-v" "/var/lib/crater-agent-workspace/builds/worker-6-tc2/target:/opt/rustwide/target:rw,Z" "-v" "/var/lib/crater-agent-workspace/builds/worker-6-tc2/source:/opt/rustwide/workdir:ro,Z" "-v" "/var/lib/crater-agent-workspace/cargo-home:/opt/rustwide/cargo-home:ro,Z" "-v" "/var/lib/crater-agent-workspace/rustup-home:/opt/rustwide/rustup-home:ro,Z" "-e" "SOURCE_DIR=/opt/rustwide/workdir" "-e" "CARGO_TARGET_DIR=/opt/rustwide/target" "-e" "CARGO_INCREMENTAL=0" "-e" "RUST_BACKTRACE=full" "-e" "RUSTFLAGS=--cap-lints=warn" "-e" "RUSTDOCFLAGS=--cap-lints=warn" "-e" "CARGO_HOME=/opt/rustwide/cargo-home" "-e" "RUSTUP_HOME=/opt/rustwide/rustup-home" "-w" "/opt/rustwide/workdir" "-m" "1610612736" "--user" "0:0" "--network" "none" "ghcr.io/rust-lang/crates-build-env/linux@sha256:2788e3201cd34a07e3172128adcd8b3090168a8e3bcc40d7c032b9dda1df7d1c" "/opt/rustwide/cargo-home/bin/cargo" "+beta-2023-12-22" "test" "--frozen", kill_on_drop: false }`
[INFO] [stdout] cec207baab46e0249c79206e8f2b243da690d32a3ba4fa748650242aa544db82
[INFO] running `Command { std: "docker" "start" "-a" "cec207baab46e0249c79206e8f2b243da690d32a3ba4fa748650242aa544db82", kill_on_drop: false }`
[INFO] [stderr] warning: calls to `std::mem::drop` with a value that implements `Copy` does nothing
[INFO] [stderr]     --> tests/select_macro.rs:1215:27
[INFO] [stderr]      |
[INFO] [stderr] 1215 |         recv(r) -> res => drop::<Result<i32, RecvError>>(res),
[INFO] [stderr]      |                           ^^^^^^^^^^^^^^^^^^^^^^^^^^^^^^^---^
[INFO] [stderr]      |                                                          |
[INFO] [stderr]      |                                                          argument has type `Result<i32, crossbeam_channel::RecvError>`
[INFO] [stderr]      |
[INFO] [stderr]      = note: use `let _ = ...` to ignore the expression or result
[INFO] [stderr]      = note: `#[warn(dropping_copy_types)]` on by default
[INFO] [stderr] 
[INFO] [stderr] warning: calls to `std::mem::drop` with a value that implements `Copy` does nothing
[INFO] [stderr]     --> tests/select_macro.rs:1218:27
[INFO] [stderr]      |
[INFO] [stderr] 1218 |         recv(r) -> res => drop::<Result<i32, RecvError>>(res),
[INFO] [stderr]      |                           ^^^^^^^^^^^^^^^^^^^^^^^^^^^^^^^---^
[INFO] [stderr]      |                                                          |
[INFO] [stderr]      |                                                          argument has type `Result<i32, crossbeam_channel::RecvError>`
[INFO] [stderr]      |
[INFO] [stderr]      = note: use `let _ = ...` to ignore the expression or result
[INFO] [stderr] 
[INFO] [stderr] warning: calls to `std::mem::drop` with a value that implements `Copy` does nothing
[INFO] [stderr]     --> tests/select_macro.rs:1222:27
[INFO] [stderr]      |
[INFO] [stderr] 1222 |         recv(r) -> res => drop::<Result<i32, RecvError>>(res),
[INFO] [stderr]      |                           ^^^^^^^^^^^^^^^^^^^^^^^^^^^^^^^---^
[INFO] [stderr]      |                                                          |
[INFO] [stderr]      |                                                          argument has type `Result<i32, crossbeam_channel::RecvError>`
[INFO] [stderr]      |
[INFO] [stderr]      = note: use `let _ = ...` to ignore the expression or result
[INFO] [stderr] 
[INFO] [stderr] warning: calls to `std::mem::drop` with a value that implements `Copy` does nothing
[INFO] [stderr]     --> tests/select_macro.rs:1227:30
[INFO] [stderr]      |
[INFO] [stderr] 1227 |         send(s, 0) -> res => drop::<Result<(), SendError<i32>>>(res),
[INFO] [stderr]      |                              ^^^^^^^^^^^^^^^^^^^^^^^^^^^^^^^^^^^---^
[INFO] [stderr]      |                                                                 |
[INFO] [stderr]      |                                                                 argument has type `Result<(), crossbeam_channel::SendError<i32>>`
[INFO] [stderr]      |
[INFO] [stderr]      = note: use `let _ = ...` to ignore the expression or result
[INFO] [stderr] 
[INFO] [stderr] warning: calls to `std::mem::drop` with a value that implements `Copy` does nothing
[INFO] [stderr]     --> tests/select_macro.rs:1230:30
[INFO] [stderr]      |
[INFO] [stderr] 1230 |         send(s, 0) -> res => drop::<Result<(), SendError<i32>>>(res),
[INFO] [stderr]      |                              ^^^^^^^^^^^^^^^^^^^^^^^^^^^^^^^^^^^---^
[INFO] [stderr]      |                                                                 |
[INFO] [stderr]      |                                                                 argument has type `Result<(), crossbeam_channel::SendError<i32>>`
[INFO] [stderr]      |
[INFO] [stderr]      = note: use `let _ = ...` to ignore the expression or result
[INFO] [stderr] 
[INFO] [stderr] warning: calls to `std::mem::drop` with a value that implements `Copy` does nothing
[INFO] [stderr]     --> tests/select_macro.rs:1234:30
[INFO] [stderr]      |
[INFO] [stderr] 1234 |         send(s, 0) -> res => drop::<Result<(), SendError<i32>>>(res),
[INFO] [stderr]      |                              ^^^^^^^^^^^^^^^^^^^^^^^^^^^^^^^^^^^---^
[INFO] [stderr]      |                                                                 |
[INFO] [stderr]      |                                                                 argument has type `Result<(), crossbeam_channel::SendError<i32>>`
[INFO] [stderr]      |
[INFO] [stderr]      = note: use `let _ = ...` to ignore the expression or result
[INFO] [stderr] 
[INFO] [stderr] warning: calls to `std::mem::drop` with a value that implements `Copy` does nothing
[INFO] [stderr]     --> tests/select_macro.rs:1239:30
[INFO] [stderr]      |
[INFO] [stderr] 1239 |         send(s, 0) -> res => drop::<Result<(), SendError<i32>>>(res),
[INFO] [stderr]      |                              ^^^^^^^^^^^^^^^^^^^^^^^^^^^^^^^^^^^---^
[INFO] [stderr]      |                                                                 |
[INFO] [stderr]      |                                                                 argument has type `Result<(), crossbeam_channel::SendError<i32>>`
[INFO] [stderr]      |
[INFO] [stderr]      = note: use `let _ = ...` to ignore the expression or result
[INFO] [stderr] 
[INFO] [stderr] warning: calls to `std::mem::drop` with a value that implements `Copy` does nothing
[INFO] [stderr]     --> tests/select_macro.rs:1240:27
[INFO] [stderr]      |
[INFO] [stderr] 1240 |         recv(r) -> res => drop::<Result<i32, RecvError>>(res),
[INFO] [stderr]      |                           ^^^^^^^^^^^^^^^^^^^^^^^^^^^^^^^---^
[INFO] [stderr]      |                                                          |
[INFO] [stderr]      |                                                          argument has type `Result<i32, crossbeam_channel::RecvError>`
[INFO] [stderr]      |
[INFO] [stderr]      = note: use `let _ = ...` to ignore the expression or result
[INFO] [stderr] 
[INFO] [stderr] warning: `crossbeam-channel` (test "select_macro") generated 8 warnings
[INFO] [stderr]     Finished test [unoptimized + debuginfo] target(s) in 0.01s
[INFO] [stderr]      Running unittests src/lib.rs (/opt/rustwide/target/debug/deps/crossbeam_channel-812d482b1fadf4ce)
[INFO] [stdout] 
[INFO] [stdout] running 0 tests
[INFO] [stdout] 
[INFO] [stdout] test result: ok. 0 passed; 0 failed; 0 ignored; 0 measured; 0 filtered out; finished in 0.00s
[INFO] [stdout] 
[INFO] [stderr]      Running tests/after.rs (/opt/rustwide/target/debug/deps/after-5b9351a6f48f2ebc)
[INFO] [stdout] 
[INFO] [stdout] running 14 tests
[INFO] [stdout] test capacity ... ok
[INFO] [stdout] test stress_default ... ok
[INFO] [stdout] test recv ... ok
[INFO] [stdout] test recv_two ... ok
[INFO] [stdout] test len_empty_full ... ok
[INFO] [stdout] test recv_race ... ok
[INFO] [stdout] test ready ... ok
[INFO] [stdout] test select ... ok
[INFO] [stdout] test fire ... ok
[INFO] [stdout] test recv_timeout ... ok
[INFO] [stdout] test try_recv ... ok
[INFO] [stdout] test stress_clone ... ok
[INFO] [stdout] test fairness ... ok
[INFO] [stdout] test fairness_duplicates ... ok
[INFO] [stdout] 
[INFO] [stdout] test result: ok. 14 passed; 0 failed; 0 ignored; 0 measured; 0 filtered out; finished in 1.08s
[INFO] [stdout] 
[INFO] [stderr]      Running tests/array.rs (/opt/rustwide/target/debug/deps/array-5fa1c868292c9a4b)
[INFO] [stdout] 
[INFO] [stdout] running 26 tests
[INFO] [stdout] test capacity ... ok
[INFO] [stdout] test len_empty_full ... ok
[INFO] [stdout] test recv_after_disconnect ... ok
[INFO] [stdout] test recv_in_send ... ok
[INFO] [stdout] test send_after_disconnect ... ok
[INFO] [stdout] test channel_through_channel ... ok
[INFO] [stdout] test fairness_duplicates ... ok
[INFO] [stdout] test fairness ... ok
[INFO] [stdout] test len ... ok
[INFO] [stdout] test mpmc ... ok
[INFO] [stdout] test panic_on_drop ... ok
[INFO] [stdout] test linearizable ... ok
[INFO] [stdout] test spsc ... ok
[INFO] [stdout] test stress_iter ... ok
[INFO] [stdout] test drops ... ok
[INFO] [stdout] test disconnect_wakes_receiver ... ok
[INFO] [stdout] test disconnect_wakes_sender ... ok
[INFO] [stdout] test smoke ... ok
[INFO] [stdout] test stress_oneshot ... ok
[INFO] [stdout] test recv_timeout ... ok
[INFO] [stdout] test try_recv ... ok
[INFO] [stdout] test try_send ... ok
[INFO] [stdout] test send_timeout ... ok
[INFO] [stdout] test stress_timeout_two_threads ... ok
[INFO] [stdout] test recv ... ok
[INFO] [stdout] test send ... ok
[INFO] [stdout] 
[INFO] [stdout] test result: ok. 26 passed; 0 failed; 0 ignored; 0 measured; 0 filtered out; finished in 3.51s
[INFO] [stdout] 
[INFO] [stderr]      Running tests/golang.rs (/opt/rustwide/target/debug/deps/golang-435e4c72a5033715)
[INFO] [stdout] 
[INFO] [stdout] running 26 tests
[INFO] [stdout] test chan_test::test_chan_send_interface ... ok
[INFO] [stdout] test chan_test::test_select_duplicate_channel ... ok
[INFO] [stdout] test fifo::asynch_fifo ... ok
[INFO] [stdout] test chan1::main ... ok
[INFO] [stdout] test select4::main ... ok
[INFO] [stdout] test select6::main ... ok
[INFO] [stdout] test chan_test::test_self_select ... ok
[INFO] [stdout] test fifo::synch_fifo ... ok
[INFO] [stdout] test select::main ... ok
[INFO] [stdout] test select7::main ... ok
[INFO] [stdout] test zerosize::zero_size_array ... ok
[INFO] [stdout] test zerosize::zero_size_struct ... ok
[INFO] [stdout] test nonblock::main ... ok
[INFO] [stdout] test sieve1::main ... ok
[INFO] [stdout] test chan_test::test_select_fairness ... ok
[INFO] [stdout] test goroutines::main ... ok
[INFO] [stdout] test doubleselect::main ... ok
[INFO] [stdout] test chan_test::test_pseudo_random_send ... ok
[INFO] [stdout] test chan_test::test_select_stress ... ok
[INFO] [stdout] test chan::main ... ok
[INFO] [stdout] test chan_test::test_nonblock_select_race2 ... ok
[INFO] [stdout] test chan_test::test_nonblock_select_race ... ok
[INFO] [stdout] test select2::main ... FAILED
[INFO] [stdout] test chan_test::test_nonblock_recv_race ... ok
[INFO] [stdout] test chan_test::test_chan ... ok
[INFO] [stdout] test chan_test::test_multi_consumer ... ok
[INFO] [stdout] 
[INFO] [stdout] failures:
[INFO] [stdout] 
[INFO] [stdout] ---- select2::main stdout ----
[INFO] [stdout] thread 'select2::main' panicked at tests/golang.rs:767:9:
[INFO] [stdout] assertion failed: !(ALLOCATED.load(SeqCst) > alloc &&
[INFO] [stdout]             (ALLOCATED.load(SeqCst) - alloc) > (N as usize + 10000))
[INFO] [stdout] stack backtrace:
[INFO] [stdout]    0:     0x55af734cae36 - std::backtrace_rs::backtrace::libunwind::trace::h261606ad26a499c1
[INFO] [stdout]                                at /rustc/0e09125c6c3c2fd70d7de961bcf0e51575235fad/library/std/src/../../backtrace/src/backtrace/libunwind.rs:104:5
[INFO] [stdout]    1:     0x55af734cae36 - std::backtrace_rs::backtrace::trace_unsynchronized::hd183f0625477fb28
[INFO] [stdout]                                at /rustc/0e09125c6c3c2fd70d7de961bcf0e51575235fad/library/std/src/../../backtrace/src/backtrace/mod.rs:66:5
[INFO] [stdout]    2:     0x55af734cae36 - std::sys_common::backtrace::_print_fmt::hd7f8fef21b4eda67
[INFO] [stdout]                                at /rustc/0e09125c6c3c2fd70d7de961bcf0e51575235fad/library/std/src/sys_common/backtrace.rs:68:5
[INFO] [stdout]    3:     0x55af734cae36 - <std::sys_common::backtrace::_print::DisplayBacktrace as core::fmt::Display>::fmt::h623d9b51f2f453f1
[INFO] [stdout]                                at /rustc/0e09125c6c3c2fd70d7de961bcf0e51575235fad/library/std/src/sys_common/backtrace.rs:44:22
[INFO] [stdout]    4:     0x55af734f3c20 - core::fmt::rt::Argument::fmt::h9f417ac76a86f368
[INFO] [stdout]                                at /rustc/0e09125c6c3c2fd70d7de961bcf0e51575235fad/library/core/src/fmt/rt.rs:142:9
[INFO] [stdout]    5:     0x55af734f3c20 - core::fmt::write::hc9b6faf4ac2aeff7
[INFO] [stdout]                                at /rustc/0e09125c6c3c2fd70d7de961bcf0e51575235fad/library/core/src/fmt/mod.rs:1120:17
[INFO] [stdout]    6:     0x55af734c887f - std::io::Write::write_fmt::he04625a3a989fec3
[INFO] [stdout]                                at /rustc/0e09125c6c3c2fd70d7de961bcf0e51575235fad/library/std/src/io/mod.rs:1810:15
[INFO] [stdout]    7:     0x55af734cac14 - std::sys_common::backtrace::_print::hd5d66399c7df88a2
[INFO] [stdout]                                at /rustc/0e09125c6c3c2fd70d7de961bcf0e51575235fad/library/std/src/sys_common/backtrace.rs:47:5
[INFO] [stdout]    8:     0x55af734cac14 - std::sys_common::backtrace::print::he81ed2da642d37e5
[INFO] [stdout]                                at /rustc/0e09125c6c3c2fd70d7de961bcf0e51575235fad/library/std/src/sys_common/backtrace.rs:34:9
[INFO] [stdout]    9:     0x55af734cc807 - std::panicking::default_hook::{{closure}}::h85773f4fa117163d
[INFO] [stdout]   10:     0x55af734cc4ed - std::panicking::default_hook::h6a1694a91d09b278
[INFO] [stdout]                                at /rustc/0e09125c6c3c2fd70d7de961bcf0e51575235fad/library/std/src/panicking.rs:289:9
[INFO] [stdout]   11:     0x55af7348d867 - <alloc::boxed::Box<F,A> as core::ops::function::Fn<Args>>::call::h616ac37fa3cd6c8f
[INFO] [stdout]                                at /rustc/0e09125c6c3c2fd70d7de961bcf0e51575235fad/library/alloc/src/boxed.rs:2029:9
[INFO] [stdout]   12:     0x55af7348d867 - test::test_main::{{closure}}::h00d84697cefdcbb6
[INFO] [stdout]                                at /rustc/0e09125c6c3c2fd70d7de961bcf0e51575235fad/library/test/src/lib.rs:138:21
[INFO] [stdout]   13:     0x55af734cce26 - <alloc::boxed::Box<F,A> as core::ops::function::Fn<Args>>::call::hcb3fe3b9bb537ba8
[INFO] [stdout]                                at /rustc/0e09125c6c3c2fd70d7de961bcf0e51575235fad/library/alloc/src/boxed.rs:2029:9
[INFO] [stdout]   14:     0x55af734cce26 - std::panicking::rust_panic_with_hook::h0a7ad96e90f7145b
[INFO] [stdout]                                at /rustc/0e09125c6c3c2fd70d7de961bcf0e51575235fad/library/std/src/panicking.rs:783:13
[INFO] [stdout]   15:     0x55af734ccb39 - std::panicking::begin_panic_handler::{{closure}}::h7919090525c6485e
[INFO] [stdout]                                at /rustc/0e09125c6c3c2fd70d7de961bcf0e51575235fad/library/std/src/panicking.rs:649:13
[INFO] [stdout]   16:     0x55af734cb336 - std::sys_common::backtrace::__rust_end_short_backtrace::hf3289479464f7dfe
[INFO] [stdout]                                at /rustc/0e09125c6c3c2fd70d7de961bcf0e51575235fad/library/std/src/sys_common/backtrace.rs:171:18
[INFO] [stdout]   17:     0x55af734cc8d0 - rust_begin_unwind
[INFO] [stdout]                                at /rustc/0e09125c6c3c2fd70d7de961bcf0e51575235fad/library/std/src/panicking.rs:645:5
[INFO] [stdout]   18:     0x55af73314cd5 - core::panicking::panic_fmt::hcc9f77c5c132af55
[INFO] [stdout]                                at /rustc/0e09125c6c3c2fd70d7de961bcf0e51575235fad/library/core/src/panicking.rs:72:14
[INFO] [stdout]   19:     0x55af73314d93 - core::panicking::panic::h5a1259c1164bd480
[INFO] [stdout]                                at /rustc/0e09125c6c3c2fd70d7de961bcf0e51575235fad/library/core/src/panicking.rs:144:5
[INFO] [stdout]   20:     0x55af73428bdc - golang::select2::main::h0c35d32c7208fe07
[INFO] [stdout]                                at /opt/rustwide/workdir/tests/golang.rs:767:9
[INFO] [stdout]   21:     0x55af73428947 - golang::select2::main::{{closure}}::h9b4da0b5e86ee985
[INFO] [stdout]                                at /opt/rustwide/workdir/tests/golang.rs:736:14
[INFO] [stdout]   22:     0x55af733ae436 - core::ops::function::FnOnce::call_once::h6cb4a9966db99465
[INFO] [stdout]                                at /rustc/0e09125c6c3c2fd70d7de961bcf0e51575235fad/library/core/src/ops/function.rs:250:5
[INFO] [stdout]   23:     0x55af7349313f - core::ops::function::FnOnce::call_once::hd64d26f405258157
[INFO] [stdout]                                at /rustc/0e09125c6c3c2fd70d7de961bcf0e51575235fad/library/core/src/ops/function.rs:250:5
[INFO] [stdout]   24:     0x55af7349313f - test::__rust_begin_short_backtrace::he21b0b7a6d731bf9
[INFO] [stdout]                                at /rustc/0e09125c6c3c2fd70d7de961bcf0e51575235fad/library/test/src/lib.rs:627:18
[INFO] [stdout]   25:     0x55af73491ec1 - test::run_test_in_process::{{closure}}::hf5c73986d7bdfde2
[INFO] [stdout]                                at /rustc/0e09125c6c3c2fd70d7de961bcf0e51575235fad/library/test/src/lib.rs:650:60
[INFO] [stdout]   26:     0x55af73491ec1 - <core::panic::unwind_safe::AssertUnwindSafe<F> as core::ops::function::FnOnce<()>>::call_once::h330011ad032aadc0
[INFO] [stdout]                                at /rustc/0e09125c6c3c2fd70d7de961bcf0e51575235fad/library/core/src/panic/unwind_safe.rs:272:9
[INFO] [stdout]   27:     0x55af73491ec1 - std::panicking::try::do_call::he61b0a958b795a41
[INFO] [stdout]                                at /rustc/0e09125c6c3c2fd70d7de961bcf0e51575235fad/library/std/src/panicking.rs:552:40
[INFO] [stdout]   28:     0x55af73491ec1 - std::panicking::try::h7309da130f906eb7
[INFO] [stdout]                                at /rustc/0e09125c6c3c2fd70d7de961bcf0e51575235fad/library/std/src/panicking.rs:516:19
[INFO] [stdout]   29:     0x55af73491ec1 - std::panic::catch_unwind::hc5c3a06fdaf0a92a
[INFO] [stdout]                                at /rustc/0e09125c6c3c2fd70d7de961bcf0e51575235fad/library/std/src/panic.rs:142:14
[INFO] [stdout]   30:     0x55af73491ec1 - test::run_test_in_process::h7e7b7c71c3324e0f
[INFO] [stdout]                                at /rustc/0e09125c6c3c2fd70d7de961bcf0e51575235fad/library/test/src/lib.rs:650:27
[INFO] [stdout]   31:     0x55af73491ec1 - test::run_test::{{closure}}::h1f509f28f5cf20b1
[INFO] [stdout]                                at /rustc/0e09125c6c3c2fd70d7de961bcf0e51575235fad/library/test/src/lib.rs:573:43
[INFO] [stdout]   32:     0x55af734591f6 - test::run_test::{{closure}}::h1754218abf443f6d
[INFO] [stdout]                                at /rustc/0e09125c6c3c2fd70d7de961bcf0e51575235fad/library/test/src/lib.rs:601:41
[INFO] [stdout]   33:     0x55af734591f6 - std::sys_common::backtrace::__rust_begin_short_backtrace::h2ee174b9d5954948
[INFO] [stdout]                                at /rustc/0e09125c6c3c2fd70d7de961bcf0e51575235fad/library/std/src/sys_common/backtrace.rs:155:18
[INFO] [stdout]   34:     0x55af7345e257 - std::thread::Builder::spawn_unchecked_::{{closure}}::{{closure}}::hf60bee9c1a17ef09
[INFO] [stdout]                                at /rustc/0e09125c6c3c2fd70d7de961bcf0e51575235fad/library/std/src/thread/mod.rs:529:17
[INFO] [stdout]   35:     0x55af7345e257 - <core::panic::unwind_safe::AssertUnwindSafe<F> as core::ops::function::FnOnce<()>>::call_once::h33d0dddec5216160
[INFO] [stdout]                                at /rustc/0e09125c6c3c2fd70d7de961bcf0e51575235fad/library/core/src/panic/unwind_safe.rs:272:9
[INFO] [stdout]   36:     0x55af7345e257 - std::panicking::try::do_call::h144b3048b546f835
[INFO] [stdout]                                at /rustc/0e09125c6c3c2fd70d7de961bcf0e51575235fad/library/std/src/panicking.rs:552:40
[INFO] [stdout]   37:     0x55af7345e257 - std::panicking::try::h978244d04646189f
[INFO] [stdout]                                at /rustc/0e09125c6c3c2fd70d7de961bcf0e51575235fad/library/std/src/panicking.rs:516:19
[INFO] [stdout]   38:     0x55af7345e257 - std::panic::catch_unwind::hdf436369d188fe86
[INFO] [stdout]                                at /rustc/0e09125c6c3c2fd70d7de961bcf0e51575235fad/library/std/src/panic.rs:142:14
[INFO] [stdout]   39:     0x55af7345e257 - std::thread::Builder::spawn_unchecked_::{{closure}}::h87329cbdd33c79ec
[INFO] [stdout]                                at /rustc/0e09125c6c3c2fd70d7de961bcf0e51575235fad/library/std/src/thread/mod.rs:528:30
[INFO] [stdout]   40:     0x55af7345e257 - core::ops::function::FnOnce::call_once{{vtable.shim}}::h401abbe67897d450
[INFO] [stdout]                                at /rustc/0e09125c6c3c2fd70d7de961bcf0e51575235fad/library/core/src/ops/function.rs:250:5
[INFO] [stdout]   41:     0x55af734d18d5 - <alloc::boxed::Box<F,A> as core::ops::function::FnOnce<Args>>::call_once::h5d7c8f150ab9c84c
[INFO] [stdout]                                at /rustc/0e09125c6c3c2fd70d7de961bcf0e51575235fad/library/alloc/src/boxed.rs:2015:9
[INFO] [stdout]   42:     0x55af734d18d5 - <alloc::boxed::Box<F,A> as core::ops::function::FnOnce<Args>>::call_once::h570d5b005c242c15
[INFO] [stdout]                                at /rustc/0e09125c6c3c2fd70d7de961bcf0e51575235fad/library/alloc/src/boxed.rs:2015:9
[INFO] [stdout]   43:     0x55af734d18d5 - std::sys::unix::thread::Thread::new::thread_start::h36b0a20c0b2361ad
[INFO] [stdout]                                at /rustc/0e09125c6c3c2fd70d7de961bcf0e51575235fad/library/std/src/sys/unix/thread.rs:108:17
[INFO] [stdout]   44:     0x7f7689b16ac3 - <unknown>
[INFO] [stdout]   45:     0x7f7689ba7bf4 - __clone
[INFO] [stdout]   46:                0x0 - <unknown>
[INFO] [stdout] 
[INFO] [stdout] 
[INFO] [stdout] failures:
[INFO] [stdout]     select2::main
[INFO] [stdout] 
[INFO] [stdout] test result: FAILED. 25 passed; 1 failed; 0 ignored; 0 measured; 0 filtered out; finished in 4.26s
[INFO] [stdout] 
[INFO] [stderr] error: test failed, to rerun pass `--test golang`
[INFO] running `Command { std: "docker" "inspect" "cec207baab46e0249c79206e8f2b243da690d32a3ba4fa748650242aa544db82", kill_on_drop: false }`
[INFO] running `Command { std: "docker" "rm" "-f" "cec207baab46e0249c79206e8f2b243da690d32a3ba4fa748650242aa544db82", kill_on_drop: false }`
[INFO] [stdout] cec207baab46e0249c79206e8f2b243da690d32a3ba4fa748650242aa544db82
