[INFO] cloning repository https://github.com/mslynch/adventofcode2016
[INFO] running `Command { std: "git" "-c" "credential.helper=" "-c" "credential.helper=/workspace/cargo-home/bin/git-credential-null" "clone" "--bare" "https://github.com/mslynch/adventofcode2016" "/workspace/cache/git-repos/https%3A%2F%2Fgithub.com%2Fmslynch%2Fadventofcode2016", kill_on_drop: false }`
[INFO] [stderr] Cloning into bare repository '/workspace/cache/git-repos/https%3A%2F%2Fgithub.com%2Fmslynch%2Fadventofcode2016'...
[INFO] running `Command { std: "git" "rev-parse" "HEAD", kill_on_drop: false }`
[INFO] [stdout] a3f4b8d0ff5f71873da766172ccfe22908a147f5
[INFO] testing mslynch/adventofcode2016 against 1.75.0 for beta-1.76-1
[INFO] running `Command { std: "git" "clone" "/workspace/cache/git-repos/https%3A%2F%2Fgithub.com%2Fmslynch%2Fadventofcode2016" "/workspace/builds/worker-4-tc1/source", kill_on_drop: false }`
[INFO] [stderr] Cloning into '/workspace/builds/worker-4-tc1/source'...
[INFO] [stderr] done.
[INFO] validating manifest of git repo https://github.com/mslynch/adventofcode2016 on toolchain 1.75.0
[INFO] running `Command { std: CARGO_HOME="/workspace/cargo-home" RUSTUP_HOME="/workspace/rustup-home" "/workspace/cargo-home/bin/cargo" "+1.75.0" "metadata" "--manifest-path" "Cargo.toml" "--no-deps", kill_on_drop: false }`
[INFO] started tweaking git repo https://github.com/mslynch/adventofcode2016
[INFO] finished tweaking git repo https://github.com/mslynch/adventofcode2016
[INFO] tweaked toml for git repo https://github.com/mslynch/adventofcode2016 written to /workspace/builds/worker-4-tc1/source/Cargo.toml
[INFO] crate git repo https://github.com/mslynch/adventofcode2016 already has a lockfile, it will not be regenerated
[INFO] running `Command { std: CARGO_HOME="/workspace/cargo-home" RUSTUP_HOME="/workspace/rustup-home" "/workspace/cargo-home/bin/cargo" "+1.75.0" "fetch" "--manifest-path" "Cargo.toml", kill_on_drop: false }`
[INFO] [stderr]  Downloading crates ...
[INFO] [stderr]   Downloaded rpds v0.6.0
[INFO] [stderr]   Downloaded fancy-regex v0.2.0
[INFO] running `Command { std: "docker" "create" "-v" "/var/lib/crater-agent-workspace/builds/worker-4-tc1/target:/opt/rustwide/target:rw,Z" "-v" "/var/lib/crater-agent-workspace/builds/worker-4-tc1/source:/opt/rustwide/workdir:ro,Z" "-v" "/var/lib/crater-agent-workspace/cargo-home:/opt/rustwide/cargo-home:ro,Z" "-v" "/var/lib/crater-agent-workspace/rustup-home:/opt/rustwide/rustup-home:ro,Z" "-e" "SOURCE_DIR=/opt/rustwide/workdir" "-e" "CARGO_TARGET_DIR=/opt/rustwide/target" "-e" "CARGO_HOME=/opt/rustwide/cargo-home" "-e" "RUSTUP_HOME=/opt/rustwide/rustup-home" "-w" "/opt/rustwide/workdir" "-m" "1610612736" "--user" "0:0" "--network" "none" "ghcr.io/rust-lang/crates-build-env/linux@sha256:2788e3201cd34a07e3172128adcd8b3090168a8e3bcc40d7c032b9dda1df7d1c" "/opt/rustwide/cargo-home/bin/cargo" "+1.75.0" "metadata" "--no-deps" "--format-version=1", kill_on_drop: false }`
[INFO] [stdout] 098351cb2c2f64b96d5f54931eb45bf4c7ed4ad069f0c7e9791eb392599eb089
[INFO] running `Command { std: "docker" "start" "-a" "098351cb2c2f64b96d5f54931eb45bf4c7ed4ad069f0c7e9791eb392599eb089", kill_on_drop: false }`
[INFO] running `Command { std: "docker" "inspect" "098351cb2c2f64b96d5f54931eb45bf4c7ed4ad069f0c7e9791eb392599eb089", kill_on_drop: false }`
[INFO] running `Command { std: "docker" "rm" "-f" "098351cb2c2f64b96d5f54931eb45bf4c7ed4ad069f0c7e9791eb392599eb089", kill_on_drop: false }`
[INFO] [stdout] 098351cb2c2f64b96d5f54931eb45bf4c7ed4ad069f0c7e9791eb392599eb089
[INFO] running `Command { std: "docker" "create" "-v" "/var/lib/crater-agent-workspace/builds/worker-4-tc1/target:/opt/rustwide/target:rw,Z" "-v" "/var/lib/crater-agent-workspace/builds/worker-4-tc1/source:/opt/rustwide/workdir:ro,Z" "-v" "/var/lib/crater-agent-workspace/cargo-home:/opt/rustwide/cargo-home:ro,Z" "-v" "/var/lib/crater-agent-workspace/rustup-home:/opt/rustwide/rustup-home:ro,Z" "-e" "SOURCE_DIR=/opt/rustwide/workdir" "-e" "CARGO_TARGET_DIR=/opt/rustwide/target" "-e" "CARGO_INCREMENTAL=0" "-e" "RUST_BACKTRACE=full" "-e" "RUSTFLAGS=--cap-lints=warn" "-e" "RUSTDOCFLAGS=--cap-lints=warn" "-e" "CARGO_HOME=/opt/rustwide/cargo-home" "-e" "RUSTUP_HOME=/opt/rustwide/rustup-home" "-w" "/opt/rustwide/workdir" "-m" "1610612736" "--user" "0:0" "--network" "none" "ghcr.io/rust-lang/crates-build-env/linux@sha256:2788e3201cd34a07e3172128adcd8b3090168a8e3bcc40d7c032b9dda1df7d1c" "/opt/rustwide/cargo-home/bin/cargo" "+1.75.0" "build" "--frozen" "--message-format=json", kill_on_drop: false }`
[INFO] [stdout] 1627bf3c71891b4fb13ef996fbd76079562de8d74a5774590a28d2e2b1395c25
[INFO] running `Command { std: "docker" "start" "-a" "1627bf3c71891b4fb13ef996fbd76079562de8d74a5774590a28d2e2b1395c25", kill_on_drop: false }`
[INFO] [stderr]    Compiling libc v0.2.43
[INFO] [stderr]    Compiling memchr v2.2.1
[INFO] [stderr]    Compiling semver-parser v0.7.0
[INFO] [stderr]    Compiling typenum v1.10.0
[INFO] [stderr]    Compiling gcc v0.3.54
[INFO] [stderr]    Compiling lazy_static v1.4.0
[INFO] [stderr]    Compiling unicode-width v0.1.5
[INFO] [stderr]    Compiling bit-vec v0.5.1
[INFO] [stderr]    Compiling thread_local v0.3.6
[INFO] [stderr]    Compiling regex-syntax v0.6.12
[INFO] [stderr]    Compiling semver v0.9.0
[INFO] [stderr]    Compiling bit-set v0.5.1
[INFO] [stderr]    Compiling rustc_version v0.2.3
[INFO] [stderr]    Compiling rand v0.4.3
[INFO] [stderr]    Compiling time v0.1.40
[INFO] [stderr]    Compiling atty v0.2.11
[INFO] [stderr]    Compiling textwrap v0.10.0
[INFO] [stderr]    Compiling im v12.3.4
[INFO] [stderr]    Compiling rust-crypto v0.2.36
[INFO] [stderr]    Compiling aho-corasick v0.7.6
[INFO] [stderr]    Compiling bitflags v1.0.4
[INFO] [stderr]    Compiling vec_map v0.8.1
[INFO] [stderr]    Compiling rustc-serialize v0.3.24
[INFO] [stderr]    Compiling either v1.5.0
[INFO] [stderr]    Compiling rand v0.3.22
[INFO] [stderr]    Compiling strsim v0.7.0
[INFO] [stderr]    Compiling ansi_term v0.11.0
[INFO] [stderr]    Compiling itertools v0.9.0
[INFO] [stderr]    Compiling sized-chunks v0.1.3
[INFO] [stderr]    Compiling clap v2.32.0
[INFO] [stderr]    Compiling maplit v1.0.1
[INFO] [stderr]    Compiling rpds v0.6.0
[INFO] [stderr]    Compiling md5 v0.7.0
[INFO] [stderr]    Compiling regex v1.3.1
[INFO] [stderr]    Compiling fancy-regex v0.2.0
[INFO] [stderr]    Compiling adventofcode2016 v0.1.0 (/opt/rustwide/workdir)
[INFO] [stderr]     Finished dev [unoptimized + debuginfo] target(s) in 6.71s
[INFO] [stderr] warning: the following packages contain code that will be rejected by a future version of Rust: rustc-serialize v0.3.24
[INFO] [stderr] note: to see what the problems were, use the option `--future-incompat-report`, or run `cargo report future-incompatibilities --id 1`
[INFO] running `Command { std: "docker" "inspect" "1627bf3c71891b4fb13ef996fbd76079562de8d74a5774590a28d2e2b1395c25", kill_on_drop: false }`
[INFO] running `Command { std: "docker" "rm" "-f" "1627bf3c71891b4fb13ef996fbd76079562de8d74a5774590a28d2e2b1395c25", kill_on_drop: false }`
[INFO] [stdout] 1627bf3c71891b4fb13ef996fbd76079562de8d74a5774590a28d2e2b1395c25
[INFO] running `Command { std: "docker" "create" "-v" "/var/lib/crater-agent-workspace/builds/worker-4-tc1/target:/opt/rustwide/target:rw,Z" "-v" "/var/lib/crater-agent-workspace/builds/worker-4-tc1/source:/opt/rustwide/workdir:ro,Z" "-v" "/var/lib/crater-agent-workspace/cargo-home:/opt/rustwide/cargo-home:ro,Z" "-v" "/var/lib/crater-agent-workspace/rustup-home:/opt/rustwide/rustup-home:ro,Z" "-e" "SOURCE_DIR=/opt/rustwide/workdir" "-e" "CARGO_TARGET_DIR=/opt/rustwide/target" "-e" "CARGO_INCREMENTAL=0" "-e" "RUST_BACKTRACE=full" "-e" "RUSTFLAGS=--cap-lints=warn" "-e" "RUSTDOCFLAGS=--cap-lints=warn" "-e" "CARGO_HOME=/opt/rustwide/cargo-home" "-e" "RUSTUP_HOME=/opt/rustwide/rustup-home" "-w" "/opt/rustwide/workdir" "-m" "1610612736" "--user" "0:0" "--network" "none" "ghcr.io/rust-lang/crates-build-env/linux@sha256:2788e3201cd34a07e3172128adcd8b3090168a8e3bcc40d7c032b9dda1df7d1c" "/opt/rustwide/cargo-home/bin/cargo" "+1.75.0" "test" "--frozen" "--no-run" "--message-format=json", kill_on_drop: false }`
[INFO] [stdout] ddd5039ea40c1cd2ce0341ac79d1266bcb726365fbe54d91d358e39eb0246121
[INFO] running `Command { std: "docker" "start" "-a" "ddd5039ea40c1cd2ce0341ac79d1266bcb726365fbe54d91d358e39eb0246121", kill_on_drop: false }`
[INFO] [stderr]    Compiling adventofcode2016 v0.1.0 (/opt/rustwide/workdir)
[INFO] [stderr]     Finished test [unoptimized + debuginfo] target(s) in 3.95s
[INFO] [stderr] warning: the following packages contain code that will be rejected by a future version of Rust: rustc-serialize v0.3.24
[INFO] [stderr] note: to see what the problems were, use the option `--future-incompat-report`, or run `cargo report future-incompatibilities --id 1`
[INFO] running `Command { std: "docker" "inspect" "ddd5039ea40c1cd2ce0341ac79d1266bcb726365fbe54d91d358e39eb0246121", kill_on_drop: false }`
[INFO] running `Command { std: "docker" "rm" "-f" "ddd5039ea40c1cd2ce0341ac79d1266bcb726365fbe54d91d358e39eb0246121", kill_on_drop: false }`
[INFO] [stdout] ddd5039ea40c1cd2ce0341ac79d1266bcb726365fbe54d91d358e39eb0246121
[INFO] running `Command { std: "docker" "create" "-v" "/var/lib/crater-agent-workspace/builds/worker-4-tc1/target:/opt/rustwide/target:rw,Z" "-v" "/var/lib/crater-agent-workspace/builds/worker-4-tc1/source:/opt/rustwide/workdir:ro,Z" "-v" "/var/lib/crater-agent-workspace/cargo-home:/opt/rustwide/cargo-home:ro,Z" "-v" "/var/lib/crater-agent-workspace/rustup-home:/opt/rustwide/rustup-home:ro,Z" "-e" "SOURCE_DIR=/opt/rustwide/workdir" "-e" "CARGO_TARGET_DIR=/opt/rustwide/target" "-e" "CARGO_INCREMENTAL=0" "-e" "RUST_BACKTRACE=full" "-e" "RUSTFLAGS=--cap-lints=warn" "-e" "RUSTDOCFLAGS=--cap-lints=warn" "-e" "CARGO_HOME=/opt/rustwide/cargo-home" "-e" "RUSTUP_HOME=/opt/rustwide/rustup-home" "-w" "/opt/rustwide/workdir" "-m" "1610612736" "--user" "0:0" "--network" "none" "ghcr.io/rust-lang/crates-build-env/linux@sha256:2788e3201cd34a07e3172128adcd8b3090168a8e3bcc40d7c032b9dda1df7d1c" "/opt/rustwide/cargo-home/bin/cargo" "+1.75.0" "test" "--frozen", kill_on_drop: false }`
[INFO] [stdout] fdd5c22ffc576d7b74103590e1662e091cca33bf6e3376d7f55b5ac28da83cd4
[INFO] running `Command { std: "docker" "start" "-a" "fdd5c22ffc576d7b74103590e1662e091cca33bf6e3376d7f55b5ac28da83cd4", kill_on_drop: false }`
[INFO] [stderr]     Finished test [unoptimized + debuginfo] target(s) in 0.03s
[INFO] [stderr] warning: the following packages contain code that will be rejected by a future version of Rust: rustc-serialize v0.3.24
[INFO] [stderr] note: to see what the problems were, use the option `--future-incompat-report`, or run `cargo report future-incompatibilities --id 1`
[INFO] [stderr]      Running unittests src/lib.rs (/opt/rustwide/target/debug/deps/adventofcode2016-1bf864c9464783ea)
[INFO] [stdout] 
[INFO] [stdout] running 84 tests
[INFO] [stdout] test day01::tests::position_range_y_decreasing ... ok
[INFO] [stdout] test day01::tests::position_range_x_decreasing ... ok
[INFO] [stdout] test day03::tests::test_equilateral ... ok
[INFO] [stdout] test day01::tests::position_range_y_increasing ... ok
[INFO] [stdout] test day01::tests::position_range_x_increasing ... ok
[INFO] [stdout] test day03::tests::test_isosceles ... ok
[INFO] [stdout] test day03::tests::test_non_triangle ... ok
[INFO] [stdout] test day03::tests::test_scalene ... ok
[INFO] [stdout] test day04::tests::decryption_test ... ok
[INFO] [stdout] test day04::tests::test_shift_char_1 ... ok
[INFO] [stdout] test day04::tests::test_room_parsing ... ok
[INFO] [stdout] test day05::tests::test_interesting_hash_digit ... ok
[INFO] [stdout] test day04::tests::test_shift_char_2 ... ok
[INFO] [stdout] test day03::tests::vertical_parse_test ... ok
[INFO] [stdout] test day07::tests::bab_strings_test ... ok
[INFO] [stdout] test day04::tests::test_shift_char_4 ... ok
[INFO] [stdout] test day04::tests::test_shift_char_3 ... ok
[INFO] [stdout] test day07::tests::contains_abba_test_2 ... ok
[INFO] [stdout] test day07::tests::non_abba_test_1 ... ok
[INFO] [stdout] test day07::tests::non_abba_test_2 ... ok
[INFO] [stdout] test day07::tests::non_abba_test_3 ... ok
[INFO] [stdout] test day07::tests::parse_address_test_1 ... ok
[INFO] [stdout] test day07::tests::tls_test_1 ... ok
[INFO] [stdout] test day07::tests::ssl_test_1 ... ok
[INFO] [stdout] test day07::tests::contains_abba_test_1 ... ok
[INFO] [stdout] test day07::tests::tls_test_2 ... ok
[INFO] [stdout] test day07::tests::tls_test_3 ... ok
[INFO] [stdout] test day07::tests::ssl_test_2 ... ok
[INFO] [stdout] test day07::tests::ssl_test_3 ... ok
[INFO] [stdout] test day07::tests::ssl_test_4 ... ok
[INFO] [stdout] test day08::tests::fill_test ... ok
[INFO] [stdout] test day07::tests::tls_test_4 ... ok
[INFO] [stdout] test day08::tests::rotate_col_test ... ok
[INFO] [stdout] test day08::tests::rotate_row_test_2 ... ok
[INFO] [stdout] test day08::tests::rotate_row_test_1 ... ok
[INFO] [stdout] test day09::tests::decompression_test_1 ... ok
[INFO] [stdout] test day09::tests::decompression_test_5 ... ok
[INFO] [stdout] test day09::tests::decompression_test_3 ... ok
[INFO] [stdout] test day09::tests::decompression_test_6 ... ok
[INFO] [stdout] test day09::tests::recursive_decompression_test_1 ... ok
[INFO] [stdout] test day09::tests::recursive_decompression_test_3 ... ok
[INFO] [stdout] test day09::tests::recursive_decompression_test_4 ... ok
[INFO] [stdout] test day09::tests::decompression_test_2 ... ok
[INFO] [stdout] test day09::tests::decompression_test_4 ... ok
[INFO] [stdout] test day09::tests::recursive_decompression_test_2 ... ok
[INFO] [stdout] test day11::tests::above_bounds_building_is_invalid ... ok
[INFO] [stdout] test day11::tests::above_bounds_floor_is_invalid ... ok
[INFO] [stdout] test day11::tests::finished_building ... ok
[INFO] [stdout] test day11::tests::get_chip_pairs_on_current_floor_test ... ok
[INFO] [stdout] test day11::tests::below_bounds_floor_is_invalid ... ok
[INFO] [stdout] test day11::tests::below_bounds_building_is_invalid ... ok
[INFO] [stdout] test day11::tests::get_chip_down_states_test ... ok
[INFO] [stdout] test day10::tests::run_bots_test ... ok
[INFO] [stdout] test day11::tests::valid_building_is_valid ... ok
[INFO] [stdout] test day11::tests::swap_out_pair_test ... ok
[INFO] [stdout] test day13::tests::test_is_open ... ok
[INFO] [stdout] test day11::tests::get_rtg_pairs_on_current_floor_test ... ok
[INFO] [stdout] test day11::tests::unfinished_building ... ok
[INFO] [stdout] test day14::tests::has_n_in_a_row_test ... ok
[INFO] [stdout] test day14::tests::hash_test ... ok
[INFO] [stdout] test day14::tests::get_quintuplet_chars_test ... ok
[INFO] [stdout] test day15::tests::is_open_at_test ... ok
[INFO] [stdout] test day11::tests::invalid_building_chip_rtg_conflict_is_invalid ... ok
[INFO] [stdout] test day11::tests::test_parse_input ... ok
[INFO] [stdout] test day16::tests::checksum_test ... ok
[INFO] [stdout] test day16::tests::dragon_curve_test ... ok
[INFO] [stdout] test day17::tests::get_position_test ... ok
[INFO] [stdout] test day18::tests::get_tile_test ... ok
[INFO] [stdout] test day18::tests::get_next_row_test ... ok
[INFO] [stdout] test day21::tests::invert_move_position_test ... ok
[INFO] [stdout] test day21::tests::invert_rotate_on_letter_test_1 ... ok
[INFO] [stdout] test day21::tests::invert_rotate_on_letter_test_2 ... ok
[INFO] [stdout] test day21::tests::invert_rotate_on_letter_test_3 ... ok
[INFO] [stdout] test day21::tests::move_position_test ... ok
[INFO] [stdout] test day21::tests::invert_steps_test_1 ... ok
[INFO] [stdout] test day21::tests::rotate_on_letter_test_2 ... ok
[INFO] [stdout] test day21::tests::invert_rotate_steps_test_2 ... ok
[INFO] [stdout] test day21::tests::rotate_steps_test_1 ... ok
[INFO] [stdout] test day21::tests::reverse_test ... ok
[INFO] [stdout] test day21::tests::rotate_steps_test_2 ... ok
[INFO] [stdout] test day21::tests::rotate_on_letter_test_1 ... ok
[INFO] [stdout] test day21::tests::rotate_on_letter_test_3 ... ok
[INFO] [stdout] test day21::tests::swap_letter_test ... ok
[INFO] [stdout] test day21::tests::swap_position_test ... ok
[INFO] [stdout] 
[INFO] [stdout] test result: ok. 84 passed; 0 failed; 0 ignored; 0 measured; 0 filtered out; finished in 0.01s
[INFO] [stderr]      Running unittests src/main.rs (/opt/rustwide/target/debug/deps/adventofcode2016-cc4bd8cefddfc076)
[INFO] [stdout] 
[INFO] [stdout] 
[INFO] [stdout] running 0 tests
[INFO] [stdout] 
[INFO] [stdout] test result: ok. 0 passed; 0 failed; 0 ignored; 0 measured; 0 filtered out; finished in 0.00s
[INFO] [stdout] 
[INFO] [stderr]      Running tests/day01.rs (/opt/rustwide/target/debug/deps/day01-ddcd1f5c489b58ec)
[INFO] [stdout] 
[INFO] [stdout] running 4 tests
[INFO] [stdout] test test1 ... ok
[INFO] [stdout] test test2 ... ok
[INFO] [stdout] test test3 ... ok
[INFO] [stdout] test test4 ... ok
[INFO] [stdout] 
[INFO] [stdout] test result: ok. 4 passed; 0 failed; 0 ignored; 0 measured; 0 filtered out; finished in 0.00s
[INFO] [stdout] 
[INFO] [stderr]      Running tests/day02.rs (/opt/rustwide/target/debug/deps/day02-54c4884082a4dfbc)
[INFO] [stdout] 
[INFO] [stdout] running 2 tests
[INFO] [stdout] test decode_test ... ok
[INFO] [stdout] test diamond_decode_test ... ok
[INFO] [stdout] 
[INFO] [stdout] test result: ok. 2 passed; 0 failed; 0 ignored; 0 measured; 0 filtered out; finished in 0.00s
[INFO] [stdout] 
[INFO] [stderr]      Running tests/day03.rs (/opt/rustwide/target/debug/deps/day03-4e3cc36ad82ac48f)
[INFO] [stdout] 
[INFO] [stdout] running 2 tests
[INFO] [stdout] test actual_triangle_count_test ... ok
[INFO] [stdout] test actual_vertical_triangle_count_test ... ok
[INFO] [stdout] 
[INFO] [stdout] test result: ok. 2 passed; 0 failed; 0 ignored; 0 measured; 0 filtered out; finished in 0.00s
[INFO] [stdout] 
[INFO] [stderr]      Running tests/day04.rs (/opt/rustwide/target/debug/deps/day04-452bdfd2263339a0)
[INFO] [stdout] 
[INFO] [stdout] running 2 tests
[INFO] [stdout] test northpole_test ... ok
[INFO] [stdout] test real_rooms_test ... FAILED
[INFO] [stdout] 
[INFO] [stdout] failures:
[INFO] [stdout] 
[INFO] [stdout] ---- real_rooms_test stdout ----
[INFO] [stdout] decrypted is ttttt uuu s r q
[INFO] [stdout] decrypted is z a b c d e f g
[INFO] [stdout] decrypted is bch o fsoz fcca
[INFO] [stdout] decrypted is lglsddq jwsd jgge
[INFO] [stdout] thread 'real_rooms_test' panicked at tests/day04.rs:12:5:
[INFO] [stdout] assertion `left == right` failed: real sector ids are summed
[INFO] [stdout]   left: "1514"
[INFO] [stdout]  right: "1110"
[INFO] [stdout] stack backtrace:
[INFO] [stdout]    0:     0x559dad7541bc - std::backtrace_rs::backtrace::libunwind::trace::ha637c64ce894333a
[INFO] [stdout]                                at /rustc/82e1608dfa6e0b5569232559e3d385fea5a93112/library/std/src/../../backtrace/src/backtrace/libunwind.rs:104:5
[INFO] [stdout]    1:     0x559dad7541bc - std::backtrace_rs::backtrace::trace_unsynchronized::h47f62dea28e0c88d
[INFO] [stdout]                                at /rustc/82e1608dfa6e0b5569232559e3d385fea5a93112/library/std/src/../../backtrace/src/backtrace/mod.rs:66:5
[INFO] [stdout]    2:     0x559dad7541bc - std::sys_common::backtrace::_print_fmt::h9eef0abe20ede486
[INFO] [stdout]                                at /rustc/82e1608dfa6e0b5569232559e3d385fea5a93112/library/std/src/sys_common/backtrace.rs:67:5
[INFO] [stdout]    3:     0x559dad7541bc - <std::sys_common::backtrace::_print::DisplayBacktrace as core::fmt::Display>::fmt::hed7f999df88cc644
[INFO] [stdout]                                at /rustc/82e1608dfa6e0b5569232559e3d385fea5a93112/library/std/src/sys_common/backtrace.rs:44:22
[INFO] [stdout]    4:     0x559dad77dd30 - core::fmt::rt::Argument::fmt::h1539a9308b8d058d
[INFO] [stdout]                                at /rustc/82e1608dfa6e0b5569232559e3d385fea5a93112/library/core/src/fmt/rt.rs:142:9
[INFO] [stdout]    5:     0x559dad77dd30 - core::fmt::write::h3a39390d8560d9c9
[INFO] [stdout]                                at /rustc/82e1608dfa6e0b5569232559e3d385fea5a93112/library/core/src/fmt/mod.rs:1120:17
[INFO] [stdout]    6:     0x559dad751b6f - std::io::Write::write_fmt::h040b369f3a0f9cbc
[INFO] [stdout]                                at /rustc/82e1608dfa6e0b5569232559e3d385fea5a93112/library/std/src/io/mod.rs:1762:15
[INFO] [stdout]    7:     0x559dad753fa4 - std::sys_common::backtrace::_print::h894006fb5c6f3d45
[INFO] [stdout]                                at /rustc/82e1608dfa6e0b5569232559e3d385fea5a93112/library/std/src/sys_common/backtrace.rs:47:5
[INFO] [stdout]    8:     0x559dad753fa4 - std::sys_common::backtrace::print::h23a2d212c6fff936
[INFO] [stdout]                                at /rustc/82e1608dfa6e0b5569232559e3d385fea5a93112/library/std/src/sys_common/backtrace.rs:34:9
[INFO] [stdout]    9:     0x559dad755c67 - std::panicking::default_hook::{{closure}}::h8a1d2ee00185001a
[INFO] [stdout]   10:     0x559dad755953 - std::panicking::default_hook::h6038f2eba384e475
[INFO] [stdout]                                at /rustc/82e1608dfa6e0b5569232559e3d385fea5a93112/library/std/src/panicking.rs:289:9
[INFO] [stdout]   11:     0x559dad703cb7 - <alloc::boxed::Box<F,A> as core::ops::function::Fn<Args>>::call::h0ad024c9bdc6d768
[INFO] [stdout]                                at /rustc/82e1608dfa6e0b5569232559e3d385fea5a93112/library/alloc/src/boxed.rs:2021:9
[INFO] [stdout]   12:     0x559dad703cb7 - test::test_main::{{closure}}::h7500b54257359db6
[INFO] [stdout]                                at /rustc/82e1608dfa6e0b5569232559e3d385fea5a93112/library/test/src/lib.rs:138:21
[INFO] [stdout]   13:     0x559dad756278 - <alloc::boxed::Box<F,A> as core::ops::function::Fn<Args>>::call::h1f8f335eaa9cfaee
[INFO] [stdout]                                at /rustc/82e1608dfa6e0b5569232559e3d385fea5a93112/library/alloc/src/boxed.rs:2021:9
[INFO] [stdout]   14:     0x559dad756278 - std::panicking::rust_panic_with_hook::h2b5517d590cab22e
[INFO] [stdout]                                at /rustc/82e1608dfa6e0b5569232559e3d385fea5a93112/library/std/src/panicking.rs:783:13
[INFO] [stdout]   15:     0x559dad755fce - std::panicking::begin_panic_handler::{{closure}}::h233112c06e0ef43e
[INFO] [stdout]                                at /rustc/82e1608dfa6e0b5569232559e3d385fea5a93112/library/std/src/panicking.rs:657:13
[INFO] [stdout]   16:     0x559dad754686 - std::sys_common::backtrace::__rust_end_short_backtrace::h6e893f24d7ebbff8
[INFO] [stdout]                                at /rustc/82e1608dfa6e0b5569232559e3d385fea5a93112/library/std/src/sys_common/backtrace.rs:170:18
[INFO] [stdout]   17:     0x559dad755d32 - rust_begin_unwind
[INFO] [stdout]                                at /rustc/82e1608dfa6e0b5569232559e3d385fea5a93112/library/std/src/panicking.rs:645:5
[INFO] [stdout]   18:     0x559dad6cecf5 - core::panicking::panic_fmt::hbf0e066aabfa482c
[INFO] [stdout]                                at /rustc/82e1608dfa6e0b5569232559e3d385fea5a93112/library/core/src/panicking.rs:72:14
[INFO] [stdout]   19:     0x559dad6cf101 - core::panicking::assert_failed_inner::h0bba8b7c26ee4492
[INFO] [stdout]   20:     0x559dad6cf9ae - core::panicking::assert_failed::h5577fb80567669c1
[INFO] [stdout]                                at /rustc/82e1608dfa6e0b5569232559e3d385fea5a93112/library/core/src/panicking.rs:279:5
[INFO] [stdout]   21:     0x559dad6d0044 - day04::real_rooms_test::h00f1c48c763d5ca7
[INFO] [stdout]                                at /opt/rustwide/workdir/tests/day04.rs:12:5
[INFO] [stdout]   22:     0x559dad6cfd87 - day04::real_rooms_test::{{closure}}::h73bf1b8d210c257e
[INFO] [stdout]                                at /opt/rustwide/workdir/tests/day04.rs:8:21
[INFO] [stdout]   23:     0x559dad6cf826 - core::ops::function::FnOnce::call_once::he22f3807a351d4ca
[INFO] [stdout]                                at /rustc/82e1608dfa6e0b5569232559e3d385fea5a93112/library/core/src/ops/function.rs:250:5
[INFO] [stdout]   24:     0x559dad70930f - core::ops::function::FnOnce::call_once::h2b5d431d5046312d
[INFO] [stdout]                                at /rustc/82e1608dfa6e0b5569232559e3d385fea5a93112/library/core/src/ops/function.rs:250:5
[INFO] [stdout]   25:     0x559dad70930f - test::__rust_begin_short_backtrace::h7714669af176e207
[INFO] [stdout]                                at /rustc/82e1608dfa6e0b5569232559e3d385fea5a93112/library/test/src/lib.rs:628:18
[INFO] [stdout]   26:     0x559dad708325 - test::run_test_in_process::{{closure}}::h85218797dcbcec12
[INFO] [stdout]                                at /rustc/82e1608dfa6e0b5569232559e3d385fea5a93112/library/test/src/lib.rs:651:60
[INFO] [stdout]   27:     0x559dad708325 - <core::panic::unwind_safe::AssertUnwindSafe<F> as core::ops::function::FnOnce<()>>::call_once::h76c106ea31c14d7b
[INFO] [stdout]                                at /rustc/82e1608dfa6e0b5569232559e3d385fea5a93112/library/core/src/panic/unwind_safe.rs:272:9
[INFO] [stdout]   28:     0x559dad708325 - std::panicking::try::do_call::h3bd5d0f6620ee946
[INFO] [stdout]                                at /rustc/82e1608dfa6e0b5569232559e3d385fea5a93112/library/std/src/panicking.rs:552:40
[INFO] [stdout]   29:     0x559dad708325 - std::panicking::try::h232e535e4744fe31
[INFO] [stdout]                                at /rustc/82e1608dfa6e0b5569232559e3d385fea5a93112/library/std/src/panicking.rs:516:19
[INFO] [stdout]   30:     0x559dad708325 - std::panic::catch_unwind::h3ce3bd6ca8dbac68
[INFO] [stdout]                                at /rustc/82e1608dfa6e0b5569232559e3d385fea5a93112/library/std/src/panic.rs:142:14
[INFO] [stdout]   31:     0x559dad708325 - test::run_test_in_process::hc97b257c9621286a
[INFO] [stdout]                                at /rustc/82e1608dfa6e0b5569232559e3d385fea5a93112/library/test/src/lib.rs:651:27
[INFO] [stdout]   32:     0x559dad708325 - test::run_test::{{closure}}::h2aa798823a438d38
[INFO] [stdout]                                at /rustc/82e1608dfa6e0b5569232559e3d385fea5a93112/library/test/src/lib.rs:574:43
[INFO] [stdout]   33:     0x559dad6d05e6 - test::run_test::{{closure}}::h87d231c78fb59832
[INFO] [stdout]                                at /rustc/82e1608dfa6e0b5569232559e3d385fea5a93112/library/test/src/lib.rs:602:41
[INFO] [stdout]   34:     0x559dad6d05e6 - std::sys_common::backtrace::__rust_begin_short_backtrace::he6df152596625789
[INFO] [stdout]                                at /rustc/82e1608dfa6e0b5569232559e3d385fea5a93112/library/std/src/sys_common/backtrace.rs:154:18
[INFO] [stdout]   35:     0x559dad6d5697 - std::thread::Builder::spawn_unchecked_::{{closure}}::{{closure}}::ha94be15d1e0acf36
[INFO] [stdout]                                at /rustc/82e1608dfa6e0b5569232559e3d385fea5a93112/library/std/src/thread/mod.rs:529:17
[INFO] [stdout]   36:     0x559dad6d5697 - <core::panic::unwind_safe::AssertUnwindSafe<F> as core::ops::function::FnOnce<()>>::call_once::h9dc6bd6372f16606
[INFO] [stdout]                                at /rustc/82e1608dfa6e0b5569232559e3d385fea5a93112/library/core/src/panic/unwind_safe.rs:272:9
[INFO] [stdout]   37:     0x559dad6d5697 - std::panicking::try::do_call::h9057517f80303cd4
[INFO] [stdout]                                at /rustc/82e1608dfa6e0b5569232559e3d385fea5a93112/library/std/src/panicking.rs:552:40
[INFO] [stdout]   38:     0x559dad6d5697 - std::panicking::try::he3a30b11ee45340c
[INFO] [stdout]                                at /rustc/82e1608dfa6e0b5569232559e3d385fea5a93112/library/std/src/panicking.rs:516:19
[INFO] [stdout]   39:     0x559dad6d5697 - std::panic::catch_unwind::h410458cfd3528b8b
[INFO] [stdout]                                at /rustc/82e1608dfa6e0b5569232559e3d385fea5a93112/library/std/src/panic.rs:142:14
[INFO] [stdout]   40:     0x559dad6d5697 - std::thread::Builder::spawn_unchecked_::{{closure}}::h72ac3bdb567b737b
[INFO] [stdout]                                at /rustc/82e1608dfa6e0b5569232559e3d385fea5a93112/library/std/src/thread/mod.rs:528:30
[INFO] [stdout]   41:     0x559dad6d5697 - core::ops::function::FnOnce::call_once{{vtable.shim}}::h38f34da3654a8344
[INFO] [stdout]                                at /rustc/82e1608dfa6e0b5569232559e3d385fea5a93112/library/core/src/ops/function.rs:250:5
[INFO] [stdout]   42:     0x559dad75ad35 - <alloc::boxed::Box<F,A> as core::ops::function::FnOnce<Args>>::call_once::hc7eafaff61e32df9
[INFO] [stdout]                                at /rustc/82e1608dfa6e0b5569232559e3d385fea5a93112/library/alloc/src/boxed.rs:2007:9
[INFO] [stdout]   43:     0x559dad75ad35 - <alloc::boxed::Box<F,A> as core::ops::function::FnOnce<Args>>::call_once::h6ba4a5de48dd2304
[INFO] [stdout]                                at /rustc/82e1608dfa6e0b5569232559e3d385fea5a93112/library/alloc/src/boxed.rs:2007:9
[INFO] [stdout]   44:     0x559dad75ad35 - std::sys::unix::thread::Thread::new::thread_start::he469335aef763e45
[INFO] [stdout]                                at /rustc/82e1608dfa6e0b5569232559e3d385fea5a93112/library/std/src/sys/unix/thread.rs:108:17
[INFO] [stdout]   45:     0x7f57a3124ac3 - <unknown>
[INFO] [stdout]   46:     0x7f57a31b5bf4 - __clone
[INFO] [stdout]   47:                0x0 - <unknown>
[INFO] [stdout] 
[INFO] [stdout] 
[INFO] [stdout] failures:
[INFO] [stdout]     real_rooms_test
[INFO] [stdout] 
[INFO] [stdout] test result: FAILED. 1 passed; 1 failed; 0 ignored; 0 measured; 0 filtered out; finished in 0.02s
[INFO] [stdout] 
[INFO] [stderr] error: test failed, to rerun pass `--test day04`
[INFO] running `Command { std: "docker" "inspect" "fdd5c22ffc576d7b74103590e1662e091cca33bf6e3376d7f55b5ac28da83cd4", kill_on_drop: false }`
[INFO] running `Command { std: "docker" "rm" "-f" "fdd5c22ffc576d7b74103590e1662e091cca33bf6e3376d7f55b5ac28da83cd4", kill_on_drop: false }`
[INFO] [stdout] fdd5c22ffc576d7b74103590e1662e091cca33bf6e3376d7f55b5ac28da83cd4
[INFO] testing mslynch/adventofcode2016 against beta-2023-12-22 for beta-1.76-1
[INFO] running `Command { std: "git" "clone" "/workspace/cache/git-repos/https%3A%2F%2Fgithub.com%2Fmslynch%2Fadventofcode2016" "/workspace/builds/worker-4-tc2/source", kill_on_drop: false }`
[INFO] [stderr] Cloning into '/workspace/builds/worker-4-tc2/source'...
[INFO] [stderr] done.
[INFO] validating manifest of git repo https://github.com/mslynch/adventofcode2016 on toolchain beta-2023-12-22
[INFO] running `Command { std: CARGO_HOME="/workspace/cargo-home" RUSTUP_HOME="/workspace/rustup-home" "/workspace/cargo-home/bin/cargo" "+beta-2023-12-22" "metadata" "--manifest-path" "Cargo.toml" "--no-deps", kill_on_drop: false }`
[INFO] started tweaking git repo https://github.com/mslynch/adventofcode2016
[INFO] finished tweaking git repo https://github.com/mslynch/adventofcode2016
[INFO] tweaked toml for git repo https://github.com/mslynch/adventofcode2016 written to /workspace/builds/worker-4-tc2/source/Cargo.toml
[INFO] crate git repo https://github.com/mslynch/adventofcode2016 already has a lockfile, it will not be regenerated
[INFO] running `Command { std: CARGO_HOME="/workspace/cargo-home" RUSTUP_HOME="/workspace/rustup-home" "/workspace/cargo-home/bin/cargo" "+beta-2023-12-22" "fetch" "--manifest-path" "Cargo.toml", kill_on_drop: false }`
[INFO] running `Command { std: "docker" "create" "-v" "/var/lib/crater-agent-workspace/builds/worker-4-tc2/target:/opt/rustwide/target:rw,Z" "-v" "/var/lib/crater-agent-workspace/builds/worker-4-tc2/source:/opt/rustwide/workdir:ro,Z" "-v" "/var/lib/crater-agent-workspace/cargo-home:/opt/rustwide/cargo-home:ro,Z" "-v" "/var/lib/crater-agent-workspace/rustup-home:/opt/rustwide/rustup-home:ro,Z" "-e" "SOURCE_DIR=/opt/rustwide/workdir" "-e" "CARGO_TARGET_DIR=/opt/rustwide/target" "-e" "CARGO_HOME=/opt/rustwide/cargo-home" "-e" "RUSTUP_HOME=/opt/rustwide/rustup-home" "-w" "/opt/rustwide/workdir" "-m" "1610612736" "--user" "0:0" "--network" "none" "ghcr.io/rust-lang/crates-build-env/linux@sha256:2788e3201cd34a07e3172128adcd8b3090168a8e3bcc40d7c032b9dda1df7d1c" "/opt/rustwide/cargo-home/bin/cargo" "+beta-2023-12-22" "metadata" "--no-deps" "--format-version=1", kill_on_drop: false }`
[INFO] [stdout] e6242640ce6a53621f5398f35abcb72e6d01584813c80e714b0824391b506a53
[INFO] running `Command { std: "docker" "start" "-a" "e6242640ce6a53621f5398f35abcb72e6d01584813c80e714b0824391b506a53", kill_on_drop: false }`
[INFO] running `Command { std: "docker" "inspect" "e6242640ce6a53621f5398f35abcb72e6d01584813c80e714b0824391b506a53", kill_on_drop: false }`
[INFO] running `Command { std: "docker" "rm" "-f" "e6242640ce6a53621f5398f35abcb72e6d01584813c80e714b0824391b506a53", kill_on_drop: false }`
[INFO] [stdout] e6242640ce6a53621f5398f35abcb72e6d01584813c80e714b0824391b506a53
[INFO] running `Command { std: "docker" "create" "-v" "/var/lib/crater-agent-workspace/builds/worker-4-tc2/target:/opt/rustwide/target:rw,Z" "-v" "/var/lib/crater-agent-workspace/builds/worker-4-tc2/source:/opt/rustwide/workdir:ro,Z" "-v" "/var/lib/crater-agent-workspace/cargo-home:/opt/rustwide/cargo-home:ro,Z" "-v" "/var/lib/crater-agent-workspace/rustup-home:/opt/rustwide/rustup-home:ro,Z" "-e" "SOURCE_DIR=/opt/rustwide/workdir" "-e" "CARGO_TARGET_DIR=/opt/rustwide/target" "-e" "CARGO_INCREMENTAL=0" "-e" "RUST_BACKTRACE=full" "-e" "RUSTFLAGS=--cap-lints=warn" "-e" "RUSTDOCFLAGS=--cap-lints=warn" "-e" "CARGO_HOME=/opt/rustwide/cargo-home" "-e" "RUSTUP_HOME=/opt/rustwide/rustup-home" "-w" "/opt/rustwide/workdir" "-m" "1610612736" "--user" "0:0" "--network" "none" "ghcr.io/rust-lang/crates-build-env/linux@sha256:2788e3201cd34a07e3172128adcd8b3090168a8e3bcc40d7c032b9dda1df7d1c" "/opt/rustwide/cargo-home/bin/cargo" "+beta-2023-12-22" "build" "--frozen" "--message-format=json", kill_on_drop: false }`
[INFO] [stdout] fbd81c3b45f40fb73b26b98f3aab6bf949b29fb8468bcd78713a8bebecd210df
[INFO] running `Command { std: "docker" "start" "-a" "fbd81c3b45f40fb73b26b98f3aab6bf949b29fb8468bcd78713a8bebecd210df", kill_on_drop: false }`
[INFO] [stderr]    Compiling libc v0.2.43
[INFO] [stderr]    Compiling memchr v2.2.1
[INFO] [stderr]    Compiling semver-parser v0.7.0
[INFO] [stderr]    Compiling typenum v1.10.0
[INFO] [stderr]    Compiling lazy_static v1.4.0
[INFO] [stderr]    Compiling gcc v0.3.54
[INFO] [stderr]    Compiling regex-syntax v0.6.12
[INFO] [stderr]    Compiling bit-vec v0.5.1
[INFO] [stderr]    Compiling thread_local v0.3.6
[INFO] [stderr]    Compiling semver v0.9.0
[INFO] [stderr]    Compiling unicode-width v0.1.5
[INFO] [stderr]    Compiling bit-set v0.5.1
[INFO] [stderr]    Compiling textwrap v0.10.0
[INFO] [stderr]    Compiling rustc_version v0.2.3
[INFO] [stderr]    Compiling rand v0.4.3
[INFO] [stderr]    Compiling time v0.1.40
[INFO] [stderr]    Compiling im v12.3.4
[INFO] [stderr]    Compiling aho-corasick v0.7.6
[INFO] [stderr]    Compiling rust-crypto v0.2.36
[INFO] [stderr]    Compiling atty v0.2.11
[INFO] [stderr]    Compiling bitflags v1.0.4
[INFO] [stderr]    Compiling either v1.5.0
[INFO] [stderr]    Compiling strsim v0.7.0
[INFO] [stderr]    Compiling rand v0.3.22
[INFO] [stderr]    Compiling rustc-serialize v0.3.24
[INFO] [stderr]    Compiling vec_map v0.8.1
[INFO] [stderr]    Compiling sized-chunks v0.1.3
[INFO] [stderr]    Compiling ansi_term v0.11.0
[INFO] [stderr]    Compiling itertools v0.9.0
[INFO] [stderr]    Compiling clap v2.32.0
[INFO] [stdout] error[E0310]: the parameter type `T` may not live long enough
[INFO] [stdout]     --> /opt/rustwide/cargo-home/registry/src/index.crates.io-6f17d22bba15001f/rustc-serialize-0.3.24/src/serialize.rs:1155:5
[INFO] [stdout]      |
[INFO] [stdout] 1155 |     fn decode<D: Decoder>(d: &mut D) -> Result<Cow<'static, T>, D::Error> {
[INFO] [stdout]      |     ^^^^^^^^^^^^^^^^^^^^^^^^^^^^^^^^^^^^^^^^^^^^^^^^^^^^^^^^^^^^^^^^^^^^^
[INFO] [stdout]      |     |
[INFO] [stdout]      |     the parameter type `T` must be valid for the static lifetime...
[INFO] [stdout]      |     ...so that the type `T` will meet its required lifetime bounds...
[INFO] [stdout]      |
[INFO] [stdout] note: ...that is required by this bound
[INFO] [stdout]     --> /rustc/0e09125c6c3c2fd70d7de961bcf0e51575235fad/library/alloc/src/borrow.rs:180:30
[INFO] [stdout] help: consider adding an explicit lifetime bound
[INFO] [stdout]      |
[INFO] [stdout] 1151 | impl<'a, T: ?Sized + 'static> Decodable for Cow<'a, T>
[INFO] [stdout]      |                    +++++++++
[INFO] [stdout] 
[INFO] [stdout] 
[INFO] [stderr]    Compiling rpds v0.6.0
[INFO] [stderr]    Compiling maplit v1.0.1
[INFO] [stderr]    Compiling md5 v0.7.0
[INFO] [stderr]    Compiling regex v1.3.1
[INFO] [stdout] error: aborting due to 1 previous error
[INFO] [stdout] 
[INFO] [stdout] 
[INFO] [stdout] For more information about this error, try `rustc --explain E0310`.
[INFO] [stdout] 
[INFO] [stderr] error: could not compile `rustc-serialize` (lib) due to 2 previous errors
[INFO] [stderr] warning: build failed, waiting for other jobs to finish...
[INFO] running `Command { std: "docker" "inspect" "fbd81c3b45f40fb73b26b98f3aab6bf949b29fb8468bcd78713a8bebecd210df", kill_on_drop: false }`
[INFO] running `Command { std: "docker" "rm" "-f" "fbd81c3b45f40fb73b26b98f3aab6bf949b29fb8468bcd78713a8bebecd210df", kill_on_drop: false }`
[INFO] [stdout] fbd81c3b45f40fb73b26b98f3aab6bf949b29fb8468bcd78713a8bebecd210df
