[INFO] cloning repository https://github.com/msft-mirror-aosp/platform.external.rust.crates.quiche
[INFO] running `Command { std: "git" "-c" "credential.helper=" "-c" "credential.helper=/workspace/cargo-home/bin/git-credential-null" "clone" "--bare" "https://github.com/msft-mirror-aosp/platform.external.rust.crates.quiche" "/workspace/cache/git-repos/https%3A%2F%2Fgithub.com%2Fmsft-mirror-aosp%2Fplatform.external.rust.crates.quiche", kill_on_drop: false }`
[INFO] [stderr] Cloning into bare repository '/workspace/cache/git-repos/https%3A%2F%2Fgithub.com%2Fmsft-mirror-aosp%2Fplatform.external.rust.crates.quiche'...
[INFO] running `Command { std: "git" "rev-parse" "HEAD", kill_on_drop: false }`
[INFO] [stdout] 7ae35b8530e3fefad5ab7a7b822ef2f1685aea85
[INFO] testing msft-mirror-aosp/platform.external.rust.crates.quiche against 1.75.0 for beta-1.76-1
[INFO] running `Command { std: "git" "clone" "/workspace/cache/git-repos/https%3A%2F%2Fgithub.com%2Fmsft-mirror-aosp%2Fplatform.external.rust.crates.quiche" "/workspace/builds/worker-2-tc1/source", kill_on_drop: false }`
[INFO] [stderr] Cloning into '/workspace/builds/worker-2-tc1/source'...
[INFO] [stderr] done.
[INFO] validating manifest of git repo https://github.com/msft-mirror-aosp/platform.external.rust.crates.quiche on toolchain 1.75.0
[INFO] running `Command { std: CARGO_HOME="/workspace/cargo-home" RUSTUP_HOME="/workspace/rustup-home" "/workspace/cargo-home/bin/cargo" "+1.75.0" "metadata" "--manifest-path" "Cargo.toml" "--no-deps", kill_on_drop: false }`
[INFO] started tweaking git repo https://github.com/msft-mirror-aosp/platform.external.rust.crates.quiche
[INFO] finished tweaking git repo https://github.com/msft-mirror-aosp/platform.external.rust.crates.quiche
[INFO] tweaked toml for git repo https://github.com/msft-mirror-aosp/platform.external.rust.crates.quiche written to /workspace/builds/worker-2-tc1/source/Cargo.toml
[INFO] crate git repo https://github.com/msft-mirror-aosp/platform.external.rust.crates.quiche already has a lockfile, it will not be regenerated
[INFO] running `Command { std: CARGO_HOME="/workspace/cargo-home" RUSTUP_HOME="/workspace/rustup-home" "/workspace/cargo-home/bin/cargo" "+1.75.0" "fetch" "--manifest-path" "Cargo.toml", kill_on_drop: false }`
[INFO] [stderr]     Updating crates.io index
[INFO] [stderr]  Downloading crates ...
[INFO] [stderr]   Downloaded serde_with_macros v1.2.2
[INFO] [stderr]   Downloaded serde_with v1.5.1
[INFO] [stderr]   Downloaded qlog v0.3.0
[INFO] running `Command { std: "docker" "create" "-v" "/var/lib/crater-agent-workspace/builds/worker-2-tc1/target:/opt/rustwide/target:rw,Z" "-v" "/var/lib/crater-agent-workspace/builds/worker-2-tc1/source:/opt/rustwide/workdir:ro,Z" "-v" "/var/lib/crater-agent-workspace/cargo-home:/opt/rustwide/cargo-home:ro,Z" "-v" "/var/lib/crater-agent-workspace/rustup-home:/opt/rustwide/rustup-home:ro,Z" "-e" "SOURCE_DIR=/opt/rustwide/workdir" "-e" "CARGO_TARGET_DIR=/opt/rustwide/target" "-e" "CARGO_HOME=/opt/rustwide/cargo-home" "-e" "RUSTUP_HOME=/opt/rustwide/rustup-home" "-w" "/opt/rustwide/workdir" "-m" "1610612736" "--user" "0:0" "--network" "none" "ghcr.io/rust-lang/crates-build-env/linux@sha256:2788e3201cd34a07e3172128adcd8b3090168a8e3bcc40d7c032b9dda1df7d1c" "/opt/rustwide/cargo-home/bin/cargo" "+1.75.0" "metadata" "--no-deps" "--format-version=1", kill_on_drop: false }`
[INFO] [stdout] d2f37dffb8a6ef974966e72e2318b133029c963bf4f29443bdcb014346e1d760
[INFO] running `Command { std: "docker" "start" "-a" "d2f37dffb8a6ef974966e72e2318b133029c963bf4f29443bdcb014346e1d760", kill_on_drop: false }`
[INFO] running `Command { std: "docker" "inspect" "d2f37dffb8a6ef974966e72e2318b133029c963bf4f29443bdcb014346e1d760", kill_on_drop: false }`
[INFO] running `Command { std: "docker" "rm" "-f" "d2f37dffb8a6ef974966e72e2318b133029c963bf4f29443bdcb014346e1d760", kill_on_drop: false }`
[INFO] [stdout] d2f37dffb8a6ef974966e72e2318b133029c963bf4f29443bdcb014346e1d760
[INFO] running `Command { std: "docker" "create" "-v" "/var/lib/crater-agent-workspace/builds/worker-2-tc1/target:/opt/rustwide/target:rw,Z" "-v" "/var/lib/crater-agent-workspace/builds/worker-2-tc1/source:/opt/rustwide/workdir:ro,Z" "-v" "/var/lib/crater-agent-workspace/cargo-home:/opt/rustwide/cargo-home:ro,Z" "-v" "/var/lib/crater-agent-workspace/rustup-home:/opt/rustwide/rustup-home:ro,Z" "-e" "SOURCE_DIR=/opt/rustwide/workdir" "-e" "CARGO_TARGET_DIR=/opt/rustwide/target" "-e" "CARGO_INCREMENTAL=0" "-e" "RUST_BACKTRACE=full" "-e" "RUSTFLAGS=--cap-lints=warn" "-e" "RUSTDOCFLAGS=--cap-lints=warn" "-e" "CARGO_HOME=/opt/rustwide/cargo-home" "-e" "RUSTUP_HOME=/opt/rustwide/rustup-home" "-w" "/opt/rustwide/workdir" "-m" "1610612736" "--user" "0:0" "--network" "none" "ghcr.io/rust-lang/crates-build-env/linux@sha256:2788e3201cd34a07e3172128adcd8b3090168a8e3bcc40d7c032b9dda1df7d1c" "/opt/rustwide/cargo-home/bin/cargo" "+1.75.0" "build" "--frozen" "--message-format=json", kill_on_drop: false }`
[INFO] [stdout] 7a232b1cb57e2f1c86a1f645ec7e68a882152d016e87d1e1d034cf0ad4ecb736
[INFO] running `Command { std: "docker" "start" "-a" "7a232b1cb57e2f1c86a1f645ec7e68a882152d016e87d1e1d034cf0ad4ecb736", kill_on_drop: false }`
[INFO] [stderr]    Compiling cc v1.0.61
[INFO] [stderr]    Compiling libc v0.2.80
[INFO] [stderr]    Compiling libm v0.2.1
[INFO] [stderr]    Compiling log v0.4.11
[INFO] [stderr]    Compiling spin v0.5.2
[INFO] [stderr]    Compiling cfg-if v0.1.10
[INFO] [stderr]    Compiling once_cell v1.4.1
[INFO] [stderr]    Compiling untrusted v0.7.1
[INFO] [stderr]    Compiling lazy_static v1.4.0
[INFO] [stderr]    Compiling cmake v0.1.44
[INFO] [stderr]    Compiling ring v0.16.15
[INFO] [stderr]    Compiling quiche v0.6.0 (/opt/rustwide/workdir)
[INFO] [stdout] warning: unused return value of `Box::<T>::from_raw` that must be used
[INFO] [stdout]    --> src/ffi.rs:257:14
[INFO] [stdout]     |
[INFO] [stdout] 257 |     unsafe { Box::from_raw(config) };
[INFO] [stdout]     |              ^^^^^^^^^^^^^^^^^^^^^
[INFO] [stdout]     |
[INFO] [stdout]     = note: call `drop(Box::from_raw(ptr))` if you intend to drop the `Box`
[INFO] [stdout]     = note: `#[warn(unused_must_use)]` on by default
[INFO] [stdout] help: use `let _ = ...` to ignore the resulting value
[INFO] [stdout]     |
[INFO] [stdout] 257 |     unsafe { let _ = Box::from_raw(config); };
[INFO] [stdout]     |              +++++++                      +
[INFO] [stdout] 
[INFO] [stdout] 
[INFO] [stdout] warning: unused return value of `Box::<T>::from_raw` that must be used
[INFO] [stdout]    --> src/ffi.rs:722:14
[INFO] [stdout]     |
[INFO] [stdout] 722 |     unsafe { Box::from_raw(iter) };
[INFO] [stdout]     |              ^^^^^^^^^^^^^^^^^^^
[INFO] [stdout]     |
[INFO] [stdout]     = note: call `drop(Box::from_raw(ptr))` if you intend to drop the `Box`
[INFO] [stdout] help: use `let _ = ...` to ignore the resulting value
[INFO] [stdout]     |
[INFO] [stdout] 722 |     unsafe { let _ = Box::from_raw(iter); };
[INFO] [stdout]     |              +++++++                    +
[INFO] [stdout] 
[INFO] [stdout] 
[INFO] [stdout] warning: unused return value of `Box::<T>::from_raw` that must be used
[INFO] [stdout]    --> src/ffi.rs:806:14
[INFO] [stdout]     |
[INFO] [stdout] 806 |     unsafe { Box::from_raw(conn) };
[INFO] [stdout]     |              ^^^^^^^^^^^^^^^^^^^
[INFO] [stdout]     |
[INFO] [stdout]     = note: call `drop(Box::from_raw(ptr))` if you intend to drop the `Box`
[INFO] [stdout] help: use `let _ = ...` to ignore the resulting value
[INFO] [stdout]     |
[INFO] [stdout] 806 |     unsafe { let _ = Box::from_raw(conn); };
[INFO] [stdout]     |              +++++++                    +
[INFO] [stdout] 
[INFO] [stdout] 
[INFO] [stdout] warning: unused return value of `Box::<T>::from_raw` that must be used
[INFO] [stdout]   --> src/h3/ffi.rs:74:14
[INFO] [stdout]    |
[INFO] [stdout] 74 |     unsafe { Box::from_raw(config) };
[INFO] [stdout]    |              ^^^^^^^^^^^^^^^^^^^^^
[INFO] [stdout]    |
[INFO] [stdout]    = note: call `drop(Box::from_raw(ptr))` if you intend to drop the `Box`
[INFO] [stdout] help: use `let _ = ...` to ignore the resulting value
[INFO] [stdout]    |
[INFO] [stdout] 74 |     unsafe { let _ = Box::from_raw(config); };
[INFO] [stdout]    |              +++++++                      +
[INFO] [stdout] 
[INFO] [stdout] 
[INFO] [stdout] warning: unused return value of `Box::<T>::from_raw` that must be used
[INFO] [stdout]    --> src/h3/ffi.rs:168:14
[INFO] [stdout]     |
[INFO] [stdout] 168 |     unsafe { Box::from_raw(ev) };
[INFO] [stdout]     |              ^^^^^^^^^^^^^^^^^
[INFO] [stdout]     |
[INFO] [stdout]     = note: call `drop(Box::from_raw(ptr))` if you intend to drop the `Box`
[INFO] [stdout] help: use `let _ = ...` to ignore the resulting value
[INFO] [stdout]     |
[INFO] [stdout] 168 |     unsafe { let _ = Box::from_raw(ev); };
[INFO] [stdout]     |              +++++++                  +
[INFO] [stdout] 
[INFO] [stdout] 
[INFO] [stdout] warning: unused return value of `Box::<T>::from_raw` that must be used
[INFO] [stdout]    --> src/h3/ffi.rs:308:14
[INFO] [stdout]     |
[INFO] [stdout] 308 |     unsafe { Box::from_raw(conn) };
[INFO] [stdout]     |              ^^^^^^^^^^^^^^^^^^^
[INFO] [stdout]     |
[INFO] [stdout]     = note: call `drop(Box::from_raw(ptr))` if you intend to drop the `Box`
[INFO] [stdout] help: use `let _ = ...` to ignore the resulting value
[INFO] [stdout]     |
[INFO] [stdout] 308 |     unsafe { let _ = Box::from_raw(conn); };
[INFO] [stdout]     |              +++++++                    +
[INFO] [stdout] 
[INFO] [stdout] 
[INFO] [stdout] warning: 6 warnings emitted
[INFO] [stdout] 
[INFO] [stdout] 
[INFO] [stderr]     Finished dev [unoptimized + debuginfo] target(s) in 13.01s
[INFO] running `Command { std: "docker" "inspect" "7a232b1cb57e2f1c86a1f645ec7e68a882152d016e87d1e1d034cf0ad4ecb736", kill_on_drop: false }`
[INFO] running `Command { std: "docker" "rm" "-f" "7a232b1cb57e2f1c86a1f645ec7e68a882152d016e87d1e1d034cf0ad4ecb736", kill_on_drop: false }`
[INFO] [stdout] 7a232b1cb57e2f1c86a1f645ec7e68a882152d016e87d1e1d034cf0ad4ecb736
[INFO] running `Command { std: "docker" "create" "-v" "/var/lib/crater-agent-workspace/builds/worker-2-tc1/target:/opt/rustwide/target:rw,Z" "-v" "/var/lib/crater-agent-workspace/builds/worker-2-tc1/source:/opt/rustwide/workdir:ro,Z" "-v" "/var/lib/crater-agent-workspace/cargo-home:/opt/rustwide/cargo-home:ro,Z" "-v" "/var/lib/crater-agent-workspace/rustup-home:/opt/rustwide/rustup-home:ro,Z" "-e" "SOURCE_DIR=/opt/rustwide/workdir" "-e" "CARGO_TARGET_DIR=/opt/rustwide/target" "-e" "CARGO_INCREMENTAL=0" "-e" "RUST_BACKTRACE=full" "-e" "RUSTFLAGS=--cap-lints=warn" "-e" "RUSTDOCFLAGS=--cap-lints=warn" "-e" "CARGO_HOME=/opt/rustwide/cargo-home" "-e" "RUSTUP_HOME=/opt/rustwide/rustup-home" "-w" "/opt/rustwide/workdir" "-m" "1610612736" "--user" "0:0" "--network" "none" "ghcr.io/rust-lang/crates-build-env/linux@sha256:2788e3201cd34a07e3172128adcd8b3090168a8e3bcc40d7c032b9dda1df7d1c" "/opt/rustwide/cargo-home/bin/cargo" "+1.75.0" "test" "--frozen" "--no-run" "--message-format=json", kill_on_drop: false }`
[INFO] [stdout] 18da36f33680567df234c6b3d550957dfe56af814fe31d13e418b37cfcfd0b71
[INFO] running `Command { std: "docker" "start" "-a" "18da36f33680567df234c6b3d550957dfe56af814fe31d13e418b37cfcfd0b71", kill_on_drop: false }`
[INFO] [stderr]    Compiling matches v0.1.8
[INFO] [stderr]    Compiling tinyvec v0.3.4
[INFO] [stderr]    Compiling slab v0.4.2
[INFO] [stderr]    Compiling percent-encoding v1.0.1
[INFO] [stderr]    Compiling net2 v0.2.35
[INFO] [stderr]    Compiling iovec v0.1.4
[INFO] [stdout] warning: unused return value of `Box::<T>::from_raw` that must be used
[INFO] [stdout]    --> src/ffi.rs:257:14
[INFO] [stdout]     |
[INFO] [stdout] 257 |     unsafe { Box::from_raw(config) };
[INFO] [stdout]     |              ^^^^^^^^^^^^^^^^^^^^^
[INFO] [stdout]     |
[INFO] [stdout]     = note: call `drop(Box::from_raw(ptr))` if you intend to drop the `Box`
[INFO] [stdout]     = note: `#[warn(unused_must_use)]` on by default
[INFO] [stdout] help: use `let _ = ...` to ignore the resulting value
[INFO] [stdout]     |
[INFO] [stdout] 257 |     unsafe { let _ = Box::from_raw(config); };
[INFO] [stdout]     |              +++++++                      +
[INFO] [stdout] 
[INFO] [stdout] 
[INFO] [stdout] warning: unused return value of `Box::<T>::from_raw` that must be used
[INFO] [stdout]    --> src/ffi.rs:722:14
[INFO] [stdout]     |
[INFO] [stdout] 722 |     unsafe { Box::from_raw(iter) };
[INFO] [stdout]     |              ^^^^^^^^^^^^^^^^^^^
[INFO] [stdout]     |
[INFO] [stdout]     = note: call `drop(Box::from_raw(ptr))` if you intend to drop the `Box`
[INFO] [stdout] help: use `let _ = ...` to ignore the resulting value
[INFO] [stdout]     |
[INFO] [stdout] 722 |     unsafe { let _ = Box::from_raw(iter); };
[INFO] [stdout]     |              +++++++                    +
[INFO] [stdout] 
[INFO] [stdout] 
[INFO] [stdout] warning: unused return value of `Box::<T>::from_raw` that must be used
[INFO] [stdout]    --> src/ffi.rs:806:14
[INFO] [stdout]     |
[INFO] [stdout] 806 |     unsafe { Box::from_raw(conn) };
[INFO] [stdout]     |              ^^^^^^^^^^^^^^^^^^^
[INFO] [stdout]     |
[INFO] [stdout]     = note: call `drop(Box::from_raw(ptr))` if you intend to drop the `Box`
[INFO] [stdout] help: use `let _ = ...` to ignore the resulting value
[INFO] [stdout]     |
[INFO] [stdout] 806 |     unsafe { let _ = Box::from_raw(conn); };
[INFO] [stdout]     |              +++++++                    +
[INFO] [stdout] 
[INFO] [stdout] 
[INFO] [stdout] warning: unused return value of `Box::<T>::from_raw` that must be used
[INFO] [stdout]   --> src/h3/ffi.rs:74:14
[INFO] [stdout]    |
[INFO] [stdout] 74 |     unsafe { Box::from_raw(config) };
[INFO] [stdout]    |              ^^^^^^^^^^^^^^^^^^^^^
[INFO] [stdout]    |
[INFO] [stdout]    = note: call `drop(Box::from_raw(ptr))` if you intend to drop the `Box`
[INFO] [stdout] help: use `let _ = ...` to ignore the resulting value
[INFO] [stdout]    |
[INFO] [stdout] 74 |     unsafe { let _ = Box::from_raw(config); };
[INFO] [stdout]    |              +++++++                      +
[INFO] [stdout] 
[INFO] [stdout] 
[INFO] [stdout] warning: unused return value of `Box::<T>::from_raw` that must be used
[INFO] [stdout]    --> src/h3/ffi.rs:168:14
[INFO] [stdout]     |
[INFO] [stdout] 168 |     unsafe { Box::from_raw(ev) };
[INFO] [stdout]     |              ^^^^^^^^^^^^^^^^^
[INFO] [stdout]     |
[INFO] [stdout]     = note: call `drop(Box::from_raw(ptr))` if you intend to drop the `Box`
[INFO] [stdout] help: use `let _ = ...` to ignore the resulting value
[INFO] [stdout]     |
[INFO] [stdout] 168 |     unsafe { let _ = Box::from_raw(ev); };
[INFO] [stdout]     |              +++++++                  +
[INFO] [stdout] 
[INFO] [stdout] 
[INFO] [stdout] warning: unused return value of `Box::<T>::from_raw` that must be used
[INFO] [stdout]    --> src/h3/ffi.rs:308:14
[INFO] [stdout]     |
[INFO] [stdout] 308 |     unsafe { Box::from_raw(conn) };
[INFO] [stdout]     |              ^^^^^^^^^^^^^^^^^^^
[INFO] [stdout]     |
[INFO] [stdout]     = note: call `drop(Box::from_raw(ptr))` if you intend to drop the `Box`
[INFO] [stdout] help: use `let _ = ...` to ignore the resulting value
[INFO] [stdout]     |
[INFO] [stdout] 308 |     unsafe { let _ = Box::from_raw(conn); };
[INFO] [stdout]     |              +++++++                    +
[INFO] [stdout] 
[INFO] [stdout] 
[INFO] [stdout] warning: 6 warnings emitted
[INFO] [stdout] 
[INFO] [stdout] 
[INFO] [stderr]    Compiling unicode-bidi v0.3.4
[INFO] [stderr]    Compiling mio v0.6.22
[INFO] [stderr]    Compiling unicode-normalization v0.1.13
[INFO] [stderr]    Compiling idna v0.1.5
[INFO] [stderr]    Compiling url v1.7.2
[INFO] [stderr]    Compiling quiche v0.6.0 (/opt/rustwide/workdir)
[INFO] [stdout] warning: unused return value of `Box::<T>::from_raw` that must be used
[INFO] [stdout]    --> src/ffi.rs:257:14
[INFO] [stdout]     |
[INFO] [stdout] 257 |     unsafe { Box::from_raw(config) };
[INFO] [stdout]     |              ^^^^^^^^^^^^^^^^^^^^^
[INFO] [stdout]     |
[INFO] [stdout]     = note: call `drop(Box::from_raw(ptr))` if you intend to drop the `Box`
[INFO] [stdout]     = note: `#[warn(unused_must_use)]` on by default
[INFO] [stdout] help: use `let _ = ...` to ignore the resulting value
[INFO] [stdout]     |
[INFO] [stdout] 257 |     unsafe { let _ = Box::from_raw(config); };
[INFO] [stdout]     |              +++++++                      +
[INFO] [stdout] 
[INFO] [stdout] 
[INFO] [stdout] warning: unused return value of `Box::<T>::from_raw` that must be used
[INFO] [stdout]    --> src/ffi.rs:722:14
[INFO] [stdout]     |
[INFO] [stdout] 722 |     unsafe { Box::from_raw(iter) };
[INFO] [stdout]     |              ^^^^^^^^^^^^^^^^^^^
[INFO] [stdout]     |
[INFO] [stdout]     = note: call `drop(Box::from_raw(ptr))` if you intend to drop the `Box`
[INFO] [stdout] help: use `let _ = ...` to ignore the resulting value
[INFO] [stdout]     |
[INFO] [stdout] 722 |     unsafe { let _ = Box::from_raw(iter); };
[INFO] [stdout]     |              +++++++                    +
[INFO] [stdout] 
[INFO] [stdout] 
[INFO] [stdout] warning: unused return value of `Box::<T>::from_raw` that must be used
[INFO] [stdout]    --> src/ffi.rs:806:14
[INFO] [stdout]     |
[INFO] [stdout] 806 |     unsafe { Box::from_raw(conn) };
[INFO] [stdout]     |              ^^^^^^^^^^^^^^^^^^^
[INFO] [stdout]     |
[INFO] [stdout]     = note: call `drop(Box::from_raw(ptr))` if you intend to drop the `Box`
[INFO] [stdout] help: use `let _ = ...` to ignore the resulting value
[INFO] [stdout]     |
[INFO] [stdout] 806 |     unsafe { let _ = Box::from_raw(conn); };
[INFO] [stdout]     |              +++++++                    +
[INFO] [stdout] 
[INFO] [stdout] 
[INFO] [stdout] warning: unused return value of `Box::<T>::from_raw` that must be used
[INFO] [stdout]   --> src/h3/ffi.rs:74:14
[INFO] [stdout]    |
[INFO] [stdout] 74 |     unsafe { Box::from_raw(config) };
[INFO] [stdout]    |              ^^^^^^^^^^^^^^^^^^^^^
[INFO] [stdout]    |
[INFO] [stdout]    = note: call `drop(Box::from_raw(ptr))` if you intend to drop the `Box`
[INFO] [stdout] help: use `let _ = ...` to ignore the resulting value
[INFO] [stdout]    |
[INFO] [stdout] 74 |     unsafe { let _ = Box::from_raw(config); };
[INFO] [stdout]    |              +++++++                      +
[INFO] [stdout] 
[INFO] [stdout] 
[INFO] [stdout] warning: unused return value of `Box::<T>::from_raw` that must be used
[INFO] [stdout]    --> src/h3/ffi.rs:168:14
[INFO] [stdout]     |
[INFO] [stdout] 168 |     unsafe { Box::from_raw(ev) };
[INFO] [stdout]     |              ^^^^^^^^^^^^^^^^^
[INFO] [stdout]     |
[INFO] [stdout]     = note: call `drop(Box::from_raw(ptr))` if you intend to drop the `Box`
[INFO] [stdout] help: use `let _ = ...` to ignore the resulting value
[INFO] [stdout]     |
[INFO] [stdout] 168 |     unsafe { let _ = Box::from_raw(ev); };
[INFO] [stdout]     |              +++++++                  +
[INFO] [stdout] 
[INFO] [stdout] 
[INFO] [stdout] warning: unused return value of `Box::<T>::from_raw` that must be used
[INFO] [stdout]    --> src/h3/ffi.rs:308:14
[INFO] [stdout]     |
[INFO] [stdout] 308 |     unsafe { Box::from_raw(conn) };
[INFO] [stdout]     |              ^^^^^^^^^^^^^^^^^^^
[INFO] [stdout]     |
[INFO] [stdout]     = note: call `drop(Box::from_raw(ptr))` if you intend to drop the `Box`
[INFO] [stdout] help: use `let _ = ...` to ignore the resulting value
[INFO] [stdout]     |
[INFO] [stdout] 308 |     unsafe { let _ = Box::from_raw(conn); };
[INFO] [stdout]     |              +++++++                    +
[INFO] [stdout] 
[INFO] [stdout] 
[INFO] [stdout] warning: 6 warnings emitted
[INFO] [stdout] 
[INFO] [stdout] 
[INFO] [stderr]     Finished test [unoptimized + debuginfo] target(s) in 6.04s
[INFO] running `Command { std: "docker" "inspect" "18da36f33680567df234c6b3d550957dfe56af814fe31d13e418b37cfcfd0b71", kill_on_drop: false }`
[INFO] running `Command { std: "docker" "rm" "-f" "18da36f33680567df234c6b3d550957dfe56af814fe31d13e418b37cfcfd0b71", kill_on_drop: false }`
[INFO] [stdout] 18da36f33680567df234c6b3d550957dfe56af814fe31d13e418b37cfcfd0b71
[INFO] running `Command { std: "docker" "create" "-v" "/var/lib/crater-agent-workspace/builds/worker-2-tc1/target:/opt/rustwide/target:rw,Z" "-v" "/var/lib/crater-agent-workspace/builds/worker-2-tc1/source:/opt/rustwide/workdir:ro,Z" "-v" "/var/lib/crater-agent-workspace/cargo-home:/opt/rustwide/cargo-home:ro,Z" "-v" "/var/lib/crater-agent-workspace/rustup-home:/opt/rustwide/rustup-home:ro,Z" "-e" "SOURCE_DIR=/opt/rustwide/workdir" "-e" "CARGO_TARGET_DIR=/opt/rustwide/target" "-e" "CARGO_INCREMENTAL=0" "-e" "RUST_BACKTRACE=full" "-e" "RUSTFLAGS=--cap-lints=warn" "-e" "RUSTDOCFLAGS=--cap-lints=warn" "-e" "CARGO_HOME=/opt/rustwide/cargo-home" "-e" "RUSTUP_HOME=/opt/rustwide/rustup-home" "-w" "/opt/rustwide/workdir" "-m" "1610612736" "--user" "0:0" "--network" "none" "ghcr.io/rust-lang/crates-build-env/linux@sha256:2788e3201cd34a07e3172128adcd8b3090168a8e3bcc40d7c032b9dda1df7d1c" "/opt/rustwide/cargo-home/bin/cargo" "+1.75.0" "test" "--frozen", kill_on_drop: false }`
[INFO] [stdout] 3bbe3e4b63a1935beaafff258498e08d05855147bfa00efb97641be1d42081d9
[INFO] running `Command { std: "docker" "start" "-a" "3bbe3e4b63a1935beaafff258498e08d05855147bfa00efb97641be1d42081d9", kill_on_drop: false }`
[INFO] [stderr] warning: unused return value of `Box::<T>::from_raw` that must be used
[INFO] [stderr]    --> src/ffi.rs:257:14
[INFO] [stderr]     |
[INFO] [stderr] 257 |     unsafe { Box::from_raw(config) };
[INFO] [stderr]     |              ^^^^^^^^^^^^^^^^^^^^^
[INFO] [stderr]     |
[INFO] [stderr]     = note: call `drop(Box::from_raw(ptr))` if you intend to drop the `Box`
[INFO] [stderr]     = note: `#[warn(unused_must_use)]` on by default
[INFO] [stderr] help: use `let _ = ...` to ignore the resulting value
[INFO] [stderr]     |
[INFO] [stderr] 257 |     unsafe { let _ = Box::from_raw(config); };
[INFO] [stderr]     |              +++++++                      +
[INFO] [stderr] 
[INFO] [stderr] warning: unused return value of `Box::<T>::from_raw` that must be used
[INFO] [stderr]    --> src/ffi.rs:722:14
[INFO] [stderr]     |
[INFO] [stderr] 722 |     unsafe { Box::from_raw(iter) };
[INFO] [stderr]     |              ^^^^^^^^^^^^^^^^^^^
[INFO] [stderr]     |
[INFO] [stderr]     = note: call `drop(Box::from_raw(ptr))` if you intend to drop the `Box`
[INFO] [stderr] help: use `let _ = ...` to ignore the resulting value
[INFO] [stderr]     |
[INFO] [stderr] 722 |     unsafe { let _ = Box::from_raw(iter); };
[INFO] [stderr]     |              +++++++                    +
[INFO] [stderr] 
[INFO] [stderr] warning: unused return value of `Box::<T>::from_raw` that must be used
[INFO] [stderr]    --> src/ffi.rs:806:14
[INFO] [stderr]     |
[INFO] [stderr] 806 |     unsafe { Box::from_raw(conn) };
[INFO] [stderr]     |              ^^^^^^^^^^^^^^^^^^^
[INFO] [stderr]     |
[INFO] [stderr]     = note: call `drop(Box::from_raw(ptr))` if you intend to drop the `Box`
[INFO] [stderr] help: use `let _ = ...` to ignore the resulting value
[INFO] [stderr]     |
[INFO] [stderr] 806 |     unsafe { let _ = Box::from_raw(conn); };
[INFO] [stderr]     |              +++++++                    +
[INFO] [stderr] 
[INFO] [stderr] warning: unused return value of `Box::<T>::from_raw` that must be used
[INFO] [stderr]   --> src/h3/ffi.rs:74:14
[INFO] [stderr]    |
[INFO] [stderr] 74 |     unsafe { Box::from_raw(config) };
[INFO] [stderr]    |              ^^^^^^^^^^^^^^^^^^^^^
[INFO] [stderr]    |
[INFO] [stderr]    = note: call `drop(Box::from_raw(ptr))` if you intend to drop the `Box`
[INFO] [stderr] help: use `let _ = ...` to ignore the resulting value
[INFO] [stderr]    |
[INFO] [stderr] 74 |     unsafe { let _ = Box::from_raw(config); };
[INFO] [stderr]    |              +++++++                      +
[INFO] [stderr] 
[INFO] [stderr] warning: unused return value of `Box::<T>::from_raw` that must be used
[INFO] [stderr]    --> src/h3/ffi.rs:168:14
[INFO] [stderr]     |
[INFO] [stderr] 168 |     unsafe { Box::from_raw(ev) };
[INFO] [stderr]     |              ^^^^^^^^^^^^^^^^^
[INFO] [stderr]     |
[INFO] [stderr]     = note: call `drop(Box::from_raw(ptr))` if you intend to drop the `Box`
[INFO] [stderr] help: use `let _ = ...` to ignore the resulting value
[INFO] [stderr]     |
[INFO] [stderr] 168 |     unsafe { let _ = Box::from_raw(ev); };
[INFO] [stderr]     |              +++++++                  +
[INFO] [stderr] 
[INFO] [stderr] warning: unused return value of `Box::<T>::from_raw` that must be used
[INFO] [stderr]    --> src/h3/ffi.rs:308:14
[INFO] [stderr]     |
[INFO] [stderr] 308 |     unsafe { Box::from_raw(conn) };
[INFO] [stderr]     |              ^^^^^^^^^^^^^^^^^^^
[INFO] [stderr]     |
[INFO] [stderr]     = note: call `drop(Box::from_raw(ptr))` if you intend to drop the `Box`
[INFO] [stderr] help: use `let _ = ...` to ignore the resulting value
[INFO] [stderr]     |
[INFO] [stderr] 308 |     unsafe { let _ = Box::from_raw(conn); };
[INFO] [stderr]     |              +++++++                    +
[INFO] [stderr] 
[INFO] [stderr] warning: `quiche` (lib) generated 6 warnings
[INFO] [stderr] warning: `quiche` (lib test) generated 6 warnings (6 duplicates)
[INFO] [stderr]     Finished test [unoptimized + debuginfo] target(s) in 0.03s
[INFO] [stderr]      Running unittests src/lib.rs (/opt/rustwide/target/debug/deps/quiche-dfa2f89f15c51d92)
[INFO] [stdout] 
[INFO] [stdout] running 288 tests
[INFO] [stdout] test crypto::tests::derive_chacha20_secrets ... ok
[INFO] [stdout] test crypto::tests::derive_initial_secrets ... ok
[INFO] [stdout] test frame::tests::application_close ... ok
[INFO] [stdout] test crypto::tests::derive_initial_secrets_old ... ok
[INFO] [stdout] test frame::tests::ack ... ok
[INFO] [stdout] test frame::tests::connection_close ... ok
[INFO] [stdout] test frame::tests::crypto ... ok
[INFO] [stdout] test frame::tests::datagram ... ok
[INFO] [stdout] test frame::tests::handshake_done ... ok
[INFO] [stdout] test frame::tests::max_data ... ok
[INFO] [stdout] test frame::tests::max_stream_data ... ok
[INFO] [stdout] test frame::tests::max_streams_bidi ... ok
[INFO] [stdout] test frame::tests::max_streams_uni ... ok
[INFO] [stdout] test frame::tests::new_token ... ok
[INFO] [stdout] test frame::tests::data_blocked ... ok
[INFO] [stdout] test frame::tests::path_response ... ok
[INFO] [stdout] test frame::tests::ping ... ok
[INFO] [stdout] test frame::tests::reset_stream ... ok
[INFO] [stdout] test frame::tests::retire_connection_id ... ok
[INFO] [stdout] test frame::tests::stop_sending ... ok
[INFO] [stdout] test frame::tests::stream ... ok
[INFO] [stdout] test frame::tests::new_connection_id ... ok
[INFO] [stdout] test frame::tests::padding ... ok
[INFO] [stdout] test frame::tests::streams_blocked_bidi ... ok
[INFO] [stdout] test frame::tests::streams_blocked_uni ... ok
[INFO] [stdout] test frame::tests::path_challenge ... ok
[INFO] [stdout] test h3::frame::tests::cancel_push ... ok
[INFO] [stdout] test frame::tests::stream_data_blocked ... ok
[INFO] [stdout] test frame::tests::stream_too_big ... ok
[INFO] [stdout] test h3::frame::tests::headers ... ok
[INFO] [stdout] test h3::frame::tests::data ... ok
[INFO] [stdout] test h3::frame::tests::settings_all_no_grease ... ok
[INFO] [stdout] test h3::frame::tests::settings_h3_only ... ok
[INFO] [stdout] test h3::frame::tests::settings_qpack_only ... ok
[INFO] [stdout] test h3::frame::tests::goaway ... ok
[INFO] [stdout] test h3::frame::tests::unknown_type ... ok
[INFO] [stdout] test h3::qpack::decoder::tests::decode_int1 ... ok
[INFO] [stdout] test h3::frame::tests::max_push_id ... ok
[INFO] [stdout] test h3::qpack::decoder::tests::decode_int2 ... ok
[INFO] [stdout] test h3::qpack::decoder::tests::decode_int3 ... ok
[INFO] [stdout] test h3::frame::tests::push_promise ... ok
[INFO] [stdout] test h3::frame::tests::settings_all_grease ... ok
[INFO] [stdout] test h3::qpack::encoder::tests::encode_int2 ... ok
[INFO] [stdout] test h3::stream::tests::control_bad_frame ... ok
[INFO] [stdout] test h3::qpack::encoder::tests::encode_int1 ... ok
[INFO] [stdout] test h3::stream::tests::control_bad_multiple_settings ... ok
[INFO] [stdout] test h3::qpack::encoder::tests::encode_int3 ... ok
[INFO] [stdout] test h3::stream::tests::control_good ... ok
[INFO] [stdout] test h3::stream::tests::grease ... ok
[INFO] [stdout] test h3::stream::tests::push_good ... ok
[INFO] [stdout] test h3::stream::tests::control_bad_late_settings ... ok
[INFO] [stdout] test h3::stream::tests::request_good ... ok
[INFO] [stdout] test h3::stream::tests::request_no_data ... ok
[INFO] [stdout] test h3::qpack::tests::lower_case ... ok
[INFO] [stdout] test h3::tests::grease_value_in_varint_limit ... ok
[INFO] [stdout] test h3::qpack::tests::encode_decode ... ok
[INFO] [stdout] test h3::tests::goaway_from_server_invalid_id ... ok
[INFO] [stdout] test h3::tests::goaway_from_server_good ... ok
[INFO] [stdout] test h3::tests::close_control_stream ... ok
[INFO] [stdout] test h3::tests::cancel_push_from_server ... ok
[INFO] [stdout] test h3::tests::cancel_push_from_client ... ok
[INFO] [stdout] test h3::tests::goaway_from_server_increase_id ... ok
[INFO] [stdout] test h3::tests::headers_blocked ... ok
[INFO] [stdout] test h3::tests::goaway_from_client_good ... ok
[INFO] [stdout] test h3::tests::body_response_before_headers ... ok
[INFO] [stdout] test h3::tests::max_push_id_from_client_limit_reduction ... ok
[INFO] [stdout] test h3::tests::max_push_id_from_client_bad_stream ... ok
[INFO] [stdout] test h3::tests::many_requests_many_chunks_response_one_chunk ... ok
[INFO] [stdout] test h3::tests::max_push_id_from_client_good ... ok
[INFO] [stdout] test h3::tests::cancel_push_from_client_bad_stream ... ok
[INFO] [stdout] test h3::tests::client_request_after_goaway ... ok
[INFO] [stdout] test h3::tests::close_qpack_stream ... ok
[INFO] [stdout] test h3::tests::max_push_id_from_server ... ok
[INFO] [stdout] test h3::tests::open_multiple_control_streams ... ok
[INFO] [stdout] test h3::tests::uni_stream_local_counting ... ok
[INFO] [stdout] test h3::tests::push_promise_from_client ... ok
[INFO] [stdout] test h3::tests::qpack_data ... ok
[INFO] [stdout] test minmax::tests::get_windowed_max_estimates_rtt ... ok
[INFO] [stdout] test h3::tests::request_one_chunk_response_no_body ... ok
[INFO] [stdout] test minmax::tests::get_windowed_max_rtt ... ok
[INFO] [stdout] test minmax::tests::get_windowed_min_bandwidth ... ok
[INFO] [stdout] test h3::tests::request_no_body_response_no_body ... ok
[INFO] [stdout] test minmax::tests::get_windowed_min_estimates_rtt ... ok
[INFO] [stdout] test h3::tests::send_body_invalid_client_stream ... ok
[INFO] [stdout] test minmax::tests::get_windowed_max_estimates_bandwidth ... ok
[INFO] [stdout] test minmax::tests::get_windowed_min_rtt ... ok
[INFO] [stdout] test minmax::tests::get_windowed_min_estimates_bandwidth ... ok
[INFO] [stdout] test minmax::tests::reset_filter_bandwidth ... ok
[INFO] [stdout] test h3::tests::request_no_body_response_many_chunks ... ok
[INFO] [stdout] test minmax::tests::reset_filter_rtt ... ok
[INFO] [stdout] test octets::tests::get_bytes ... ok
[INFO] [stdout] test octets::tests::get_bytes_mut ... ok
[INFO] [stdout] test octets::tests::get_varint_mut ... ok
[INFO] [stdout] test octets::tests::get_u_mut ... ok
[INFO] [stdout] test octets::tests::peek_bytes ... ok
[INFO] [stdout] test octets::tests::peek_u_mut ... ok
[INFO] [stdout] test octets::tests::get_u ... ok
[INFO] [stdout] test octets::tests::get_varint ... ok
[INFO] [stdout] test octets::tests::peek_bytes_mut ... ok
[INFO] [stdout] test octets::tests::put_varint ... ok
[INFO] [stdout] test octets::tests::put_bytes ... ok
[INFO] [stdout] test octets::tests::put_u ... ok
[INFO] [stdout] test octets::tests::peek_u ... ok
[INFO] [stdout] test octets::tests::slice ... ok
[INFO] [stdout] test octets::tests::slice_last ... ok
[INFO] [stdout] test octets::tests::slice_last_mut ... ok
[INFO] [stdout] test h3::tests::send_body_invalid_server_stream ... ok
[INFO] [stdout] test minmax::tests::get_windowed_max_bandwidth ... ok
[INFO] [stdout] test packet::tests::application ... ok
[INFO] [stdout] test octets::tests::slice_mut ... ok
[INFO] [stdout] test octets::tests::split ... ok
[INFO] [stdout] test octets::tests::split_at ... ok
[INFO] [stdout] test packet::tests::decrypt_chacha20 ... ok
[INFO] [stdout] test packet::tests::encrypt_chacha20 ... ok
[INFO] [stdout] test packet::tests::decrypt_client_initial_old ... ok
[INFO] [stdout] test packet::tests::decrypt_server_initial_old ... ok
[INFO] [stdout] test packet::tests::decrypt_client_initial ... ok
[INFO] [stdout] test h3::tests::stream_backpressure ... ok
[INFO] [stdout] test packet::tests::decrypt_pkt_underflow ... ok
[INFO] [stdout] test packet::tests::encrypt_client_initial ... ok
[INFO] [stdout] test packet::tests::decrypt_server_initial ... ok
[INFO] [stdout] test packet::tests::initial ... ok
[INFO] [stdout] test packet::tests::initial_non_v1_scid_long ... ok
[INFO] [stdout] test packet::tests::handshake ... ok
[INFO] [stdout] test packet::tests::encrypt_server_initial_old ... ok
[INFO] [stdout] test packet::tests::initial_v1_dcid_too_long ... ok
[INFO] [stdout] test packet::tests::pkt_num_window ... ok
[INFO] [stdout] test packet::tests::initial_v1_scid_too_long ... ok
[INFO] [stdout] test packet::tests::encrypt_server_initial ... ok
[INFO] [stdout] test packet::tests::encrypt_client_initial_old ... ok
[INFO] [stdout] test packet::tests::pkt_num_decode ... ok
[INFO] [stdout] test packet::tests::retry ... ok
[INFO] [stdout] test ranges::tests::eq_range ... ok
[INFO] [stdout] test ranges::tests::first_last ... ok
[INFO] [stdout] test ranges::tests::flatten_one ... ok
[INFO] [stdout] test ranges::tests::capacity ... ok
[INFO] [stdout] test ranges::tests::insert_overlapping ... ok
[INFO] [stdout] test ranges::tests::insert_overlapping_multi ... ok
[INFO] [stdout] test ranges::tests::insert_contained ... ok
[INFO] [stdout] test ranges::tests::next_to ... ok
[INFO] [stdout] test ranges::tests::flatten_rev ... ok
[INFO] [stdout] test ranges::tests::insert_non_overlapping ... ok
[INFO] [stdout] test ranges::tests::prev_to ... ok
[INFO] [stdout] test ranges::tests::push_item ... ok
[INFO] [stdout] test ranges::tests::remove_largest ... ok
[INFO] [stdout] test h3::tests::request_many_chunks_response_no_body ... ok
[INFO] [stdout] test h3::tests::transport_error ... ok
[INFO] [stdout] test recovery::hystart::tests::congestion_event ... ok
[INFO] [stdout] test recovery::hystart::tests::limited_slow_start ... ok
[INFO] [stdout] test recovery::hystart::tests::reno_slow_start ... ok
[INFO] [stdout] test recovery::hystart::tests::start_round ... ok
[INFO] [stdout] test h3::tests::request_max_header_size_limit ... ok
[INFO] [stdout] test h3::tests::request_no_body_response_one_chunk ... ok
[INFO] [stdout] test h3::tests::zero_length_data_blocked ... ok
[INFO] [stdout] test recovery::cubic::tests::cubic_slow_start ... ok
[INFO] [stdout] test recovery::cubic::tests::cubic_hystart_limited_slow_start ... ok
[INFO] [stdout] test recovery::reno::tests::reno_congestion_event ... ok
[INFO] [stdout] test recovery::tests::lookup_cc_algo_bad ... ok
[INFO] [stdout] test recovery::tests::lookup_cc_algo_ok ... ok
[INFO] [stdout] test recovery::reno::tests::reno_congestion_avoidance ... ok
[INFO] [stdout] test recovery::reno::tests::reno_init ... ok
[INFO] [stdout] test recovery::cubic::tests::cubic_congestion_event ... ok
[INFO] [stdout] test stream::tests::empty_read ... ok
[INFO] [stdout] test stream::tests::empty_stream_frame ... ok
[INFO] [stdout] test recovery::cubic::tests::cubic_congestion_avoidance ... ok
[INFO] [stdout] test stream::tests::empty_write ... ok
[INFO] [stdout] test stream::tests::fully_overlapping_read2 ... ok
[INFO] [stdout] test stream::tests::fully_overlapping_read3 ... ok
[INFO] [stdout] test stream::tests::fully_overlapping_read_multi ... ok
[INFO] [stdout] test stream::tests::incomplete_read ... ok
[INFO] [stdout] test stream::tests::fully_overlapping_read ... ok
[INFO] [stdout] test stream::tests::multi_write ... ok
[INFO] [stdout] test stream::tests::overlapping_end_read ... ok
[INFO] [stdout] test stream::tests::ordered_read ... ok
[INFO] [stdout] test recovery::cubic::tests::cubic_send ... ok
[INFO] [stdout] test stream::tests::overlapping_start_read ... ok
[INFO] [stdout] test stream::tests::partially_multi_overlapping_reordered_read ... ok
[INFO] [stdout] test stream::tests::partially_multi_overlapping_reordered_read2 ... ok
[INFO] [stdout] test stream::tests::past_read ... ok
[INFO] [stdout] test stream::tests::recv_data_below_off ... ok
[INFO] [stdout] test stream::tests::recv_fin_dup ... ok
[INFO] [stdout] test stream::tests::recv_fin_change ... ok
[INFO] [stdout] test stream::tests::recv_fin_flow_control ... ok
[INFO] [stdout] test stream::tests::recv_fin_reset_mismatch ... ok
[INFO] [stdout] test stream::tests::recv_fin_lower_than_received ... ok
[INFO] [stdout] test stream::tests::recv_flow_control ... ok
[INFO] [stdout] test stream::tests::recv_past_fin ... ok
[INFO] [stdout] test stream::tests::recv_reset_change ... ok
[INFO] [stdout] test stream::tests::recv_reset_dup ... ok
[INFO] [stdout] test stream::tests::recv_reset_lower_than_received ... ok
[INFO] [stdout] test stream::tests::send_ack ... ok
[INFO] [stdout] test stream::tests::send_ack_reordering ... ok
[INFO] [stdout] test stream::tests::resend ... ok
[INFO] [stdout] test stream::tests::send_fin_dup ... ok
[INFO] [stdout] test stream::tests::send_fin_zero_length ... ok
[INFO] [stdout] test stream::tests::send_fin_max_data_match ... ok
[INFO] [stdout] test stream::tests::send_fin_zero_length_output ... ok
[INFO] [stdout] test stream::tests::send_flow_control ... ok
[INFO] [stdout] test stream::tests::send_past_fin ... ok
[INFO] [stdout] test stream::tests::send_undo_fin ... ok
[INFO] [stdout] test stream::tests::split_write ... ok
[INFO] [stdout] test stream::tests::stream_complete ... ok
[INFO] [stdout] test stream::tests::split_read ... ok
[INFO] [stdout] test stream::tests::zero_len_write ... ok
[INFO] [stdout] test stream::tests::write_blocked_by_off ... ok
[INFO] [stdout] test recovery::reno::tests::reno_send ... ok
[INFO] [stdout] test stream::tests::zero_len_read ... ok
[INFO] [stdout] test recovery::cubic::tests::cubic_init ... ok
[INFO] [stdout] test h3::tests::max_state_buf_size ... ok
[INFO] [stdout] test h3::tests::poll_after_error ... ok
[INFO] [stdout] test recovery::reno::tests::reno_slow_start ... ok
[INFO] [stdout] test octets::tests::varint_too_large - should panic ... ok
[INFO] [stdout] test recovery::tests::loss_on_pto ... ok
[INFO] [stdout] test recovery::tests::collapse_cwnd ... ok
[INFO] [stdout] test recovery::tests::loss_on_reordering ... ok
[INFO] [stdout] test recovery::tests::loss_on_timer ... ok
[INFO] [stdout] test tests::config_set_cc_algorithm_name ... ok
[INFO] [stdout] test tests::connection_must_be_send ... ok
[INFO] [stdout] test tests::collect_streams ... ok
[INFO] [stdout] test tests::dgram_recv_queue_overflow ... ok
[INFO] [stdout] test tests::data_blocked ... ok
[INFO] [stdout] test recovery::delivery_rate::tests::rate_check ... ok
[INFO] [stdout] test tests::dgram_send_app_limited ... ok
[INFO] [stdout] test tests::dgram_multiple_datagrams ... ok
[INFO] [stdout] test tests::dgram_send_fails_invalidstate ... ok
[INFO] [stdout] test tests::dgram_send_max_size ... ok
[INFO] [stdout] test tests::dgram_send_queue_overflow ... ok
[INFO] [stdout] test recovery::delivery_rate::tests::app_limited_check ... ok
[INFO] [stdout] test tests::app_limited_false ... ok
[INFO] [stdout] test tests::app_limited_true ... ok
[INFO] [stdout] test tests::empty_stream_frame ... ok
[INFO] [stdout] test tests::app_limited_false_no_frame ... ok
[INFO] [stdout] test tests::early_1rtt_packet ... ok
[INFO] [stdout] test tests::dgram_single_datagram ... ok
[INFO] [stdout] test tests::app_limited_false_no_header ... ok
[INFO] [stdout] test tests::flow_control_update ... ok
[INFO] [stdout] test tests::flow_control_limit ... ok
[INFO] [stdout] test tests::flow_control_limit_send ... ok
[INFO] [stdout] test tests::flow_control_limit_dup ... ok
[INFO] [stdout] test tests::handshake ... ok
[INFO] [stdout] test tests::early_retransmit ... ok
[INFO] [stdout] test tests::handshake_confirmation ... ok
[INFO] [stdout] test tests::invalid_initial_client ... ok
[INFO] [stdout] test tests::invalid_initial_payload ... ok
[INFO] [stdout] test tests::handshake_packet_type_corruption ... ok
[INFO] [stdout] test tests::invalid_initial_source_connection_id ... ok
[INFO] [stdout] test tests::handshake_alpn_mismatch ... ok
[INFO] [stdout] test tests::invalid_initial_server ... ok
[INFO] [stdout] test tests::missing_initial_source_connection_id ... ok
[INFO] [stdout] test recovery::cubic::tests::cubic_collapse_cwnd_and_restart ... ok
[INFO] [stdout] test tests::invalid_packet ... ok
[INFO] [stdout] test tests::reset_stream_flow_control ... ok
[INFO] [stdout] test tests::path_challenge ... ok
[INFO] [stdout] test tests::peer_cert ... ok
[INFO] [stdout] test tests::stream ... ok
[INFO] [stdout] test tests::stream_data_blocked ... ok
[INFO] [stdout] test tests::stream_data_overlap_with_reordering ... ok
[INFO] [stdout] test tests::stream_data_overlap ... ok
[INFO] [stdout] test tests::stream_flow_control_limit_uni ... ok
[INFO] [stdout] test tests::invalid_retry_source_connection_id ... ok
[INFO] [stdout] test tests::stream_limit_max_bidi ... ok
[INFO] [stdout] test tests::stream_flow_control_limit_bidi ... ok
[INFO] [stdout] test tests::limit_ack_ranges ... ok
[INFO] [stdout] test tests::stream_flow_control_update ... ok
[INFO] [stdout] test tests::stream_limit_bidi ... ok
[INFO] [stdout] test tests::handshake_anti_deadlock ... ok
[INFO] [stdout] test tests::stream_limit_max_uni ... ok
[INFO] [stdout] test tests::limit_handshake_data ... ok
[INFO] [stdout] test tests::stream_limit_uni ... ok
[INFO] [stdout] test tests::missing_retry_source_connection_id ... ok
[INFO] [stdout] test tests::unknown_version ... ignored, Android: failure reason unkown.
[INFO] [stdout] test tests::transport_params ... ok
[INFO] [stdout] test tests::stream_limit_update_bidi ... ok
[INFO] [stdout] test tests::stream_limit_update_uni ... ok
[INFO] [stdout] test tests::retry ... ok
[INFO] [stdout] test tests::stream_priority ... ok
[INFO] [stdout] test tests::stream_round_robin ... ok
[INFO] [stdout] test tests::stream_send_on_32bit_arch ... ok
[INFO] [stdout] test tests::stream_readable ... ok
[INFO] [stdout] test tests::stream_writable ... ok
[INFO] [stdout] test tests::stream_reprioritize - should panic ... ok
[INFO] [stdout] test tests::stream_shutdown_write ... ok
[INFO] [stdout] test tests::stream_shutdown_read ... ok
[INFO] [stdout] test tests::streams_blocked_max_bidi ... ok
[INFO] [stdout] test tests::stream_zero_length_fin ... ok
[INFO] [stdout] test tests::streams_blocked_max_uni ... ok
[INFO] [stdout] test tests::verify_custom_root ... ok
[INFO] [stdout] test tests::version_negotiation ... ok
[INFO] [stdout] 
[INFO] [stdout] test result: ok. 287 passed; 0 failed; 1 ignored; 0 measured; 0 filtered out; finished in 0.58s
[INFO] [stdout] 
[INFO] [stderr]    Doc-tests quiche
[INFO] [stdout] 
[INFO] [stdout] running 39 tests
[INFO] [stdout] test src/lib.rs - (line 182) - compile ... ok
[INFO] [stdout] test src/lib.rs - (line 145) - compile ... ok
[INFO] [stdout] test src/h3/mod.rs - h3 (line 60) - compile ... ok
[INFO] [stdout] test src/h3/mod.rs - h3 (line 96) - compile ... ok
[INFO] [stdout] test src/lib.rs - (line 102) - compile ... ok
[INFO] [stdout] test src/h3/mod.rs - h3 (line 124) - compile ... ok
[INFO] [stdout] test src/h3/mod.rs - h3 (line 75) - compile ... ok
[INFO] [stdout] test src/h3/mod.rs - h3 (line 185) - compile ... ok
[INFO] [stdout] test src/lib.rs - (line 200) - compile ... ok
[INFO] [stdout] test src/lib.rs - Config::load_cert_chain_from_pem_file (line 478) - compile ... ok
[INFO] [stdout] test src/lib.rs - Config::load_verify_locations_from_file (line 509) - compile ... ok
[INFO] [stdout] test src/lib.rs - Config::load_verify_locations_from_directory (line 525) - compile ... ok
[INFO] [stdout] test src/lib.rs - Config::load_priv_key_from_pem_file (line 493) - compile ... ok
[INFO] [stdout] test src/lib.rs - (line 71) - compile ... ok
[INFO] [stdout] test src/lib.rs - Connection::dgram_max_writable_len (line 3190) - compile ... ok
[INFO] [stdout] test src/lib.rs - Connection::dgram_send (line 3135) - compile ... ok
[INFO] [stdout] test src/lib.rs - Connection::readable (line 2993) - compile ... ok
[INFO] [stdout] test src/lib.rs - Connection::dgram_recv (line 3065) - compile ... ok
[INFO] [stdout] test src/lib.rs - Connection::recv (line 1365) - compile ... ok
[INFO] [stdout] test src/lib.rs - Connection::dgram_purge_outgoing (line 3170) - compile ... ok
[INFO] [stdout] test src/lib.rs - Connection::send (line 1911) - compile ... ok
[INFO] [stdout] test src/lib.rs - Connection::stream_recv (line 2634) - compile ... ok
[INFO] [stdout] test src/lib.rs - Connection::writable (line 3026) - compile ... ok
[INFO] [stdout] test src/lib.rs - accept (line 938) - compile ... ok
[INFO] [stdout] test src/lib.rs - Connection::stream_send (line 2734) - compile ... ok
[INFO] [stdout] test src/lib.rs - connect (line 960) - compile ... ok
[INFO] [stdout] test src/lib.rs - negotiate_version (line 987) - compile ... ok
[INFO] [stdout] test src/packet.rs - packet::Header::from_slice (line 176) - compile ... ok
[INFO] [stdout] test src/lib.rs - retry (line 1025) - compile ... ok
[INFO] [stdout] test src/lib.rs - (line 43) ... ok
[INFO] [stdout] test src/lib.rs - (line 252) ... ok
[INFO] [stdout] test src/h3/mod.rs - h3 (line 40) ... ok
[INFO] [stdout] test src/lib.rs - (line 54) ... ok
[INFO] [stdout] test src/lib.rs - Config::set_application_protos (line 583) ... ok
[INFO] [stdout] test src/h3/mod.rs - h3 (line 51) ... ok
[INFO] [stdout] test src/lib.rs - (line 244) ... ok
[INFO] [stdout] test src/lib.rs - Config::set_cc_algorithm_name (line 730) ... ok
[INFO] [stdout] test src/lib.rs - Config::new (line 450) ... ok
[INFO] [stdout] test src/lib.rs - (line 132) ... ok
[INFO] [stdout] 
[INFO] [stdout] test result: ok. 39 passed; 0 failed; 0 ignored; 0 measured; 0 filtered out; finished in 0.89s
[INFO] [stdout] 
[INFO] running `Command { std: "docker" "inspect" "3bbe3e4b63a1935beaafff258498e08d05855147bfa00efb97641be1d42081d9", kill_on_drop: false }`
[INFO] running `Command { std: "docker" "rm" "-f" "3bbe3e4b63a1935beaafff258498e08d05855147bfa00efb97641be1d42081d9", kill_on_drop: false }`
[INFO] [stdout] 3bbe3e4b63a1935beaafff258498e08d05855147bfa00efb97641be1d42081d9
[INFO] testing msft-mirror-aosp/platform.external.rust.crates.quiche against beta-2023-12-22 for beta-1.76-1
[INFO] running `Command { std: "git" "clone" "/workspace/cache/git-repos/https%3A%2F%2Fgithub.com%2Fmsft-mirror-aosp%2Fplatform.external.rust.crates.quiche" "/workspace/builds/worker-2-tc2/source", kill_on_drop: false }`
[INFO] [stderr] Cloning into '/workspace/builds/worker-2-tc2/source'...
[INFO] [stderr] done.
[INFO] validating manifest of git repo https://github.com/msft-mirror-aosp/platform.external.rust.crates.quiche on toolchain beta-2023-12-22
[INFO] running `Command { std: CARGO_HOME="/workspace/cargo-home" RUSTUP_HOME="/workspace/rustup-home" "/workspace/cargo-home/bin/cargo" "+beta-2023-12-22" "metadata" "--manifest-path" "Cargo.toml" "--no-deps", kill_on_drop: false }`
[INFO] started tweaking git repo https://github.com/msft-mirror-aosp/platform.external.rust.crates.quiche
[INFO] finished tweaking git repo https://github.com/msft-mirror-aosp/platform.external.rust.crates.quiche
[INFO] tweaked toml for git repo https://github.com/msft-mirror-aosp/platform.external.rust.crates.quiche written to /workspace/builds/worker-2-tc2/source/Cargo.toml
[INFO] crate git repo https://github.com/msft-mirror-aosp/platform.external.rust.crates.quiche already has a lockfile, it will not be regenerated
[INFO] running `Command { std: CARGO_HOME="/workspace/cargo-home" RUSTUP_HOME="/workspace/rustup-home" "/workspace/cargo-home/bin/cargo" "+beta-2023-12-22" "fetch" "--manifest-path" "Cargo.toml", kill_on_drop: false }`
[INFO] running `Command { std: "docker" "create" "-v" "/var/lib/crater-agent-workspace/builds/worker-2-tc2/target:/opt/rustwide/target:rw,Z" "-v" "/var/lib/crater-agent-workspace/builds/worker-2-tc2/source:/opt/rustwide/workdir:ro,Z" "-v" "/var/lib/crater-agent-workspace/cargo-home:/opt/rustwide/cargo-home:ro,Z" "-v" "/var/lib/crater-agent-workspace/rustup-home:/opt/rustwide/rustup-home:ro,Z" "-e" "SOURCE_DIR=/opt/rustwide/workdir" "-e" "CARGO_TARGET_DIR=/opt/rustwide/target" "-e" "CARGO_HOME=/opt/rustwide/cargo-home" "-e" "RUSTUP_HOME=/opt/rustwide/rustup-home" "-w" "/opt/rustwide/workdir" "-m" "1610612736" "--user" "0:0" "--network" "none" "ghcr.io/rust-lang/crates-build-env/linux@sha256:2788e3201cd34a07e3172128adcd8b3090168a8e3bcc40d7c032b9dda1df7d1c" "/opt/rustwide/cargo-home/bin/cargo" "+beta-2023-12-22" "metadata" "--no-deps" "--format-version=1", kill_on_drop: false }`
[INFO] [stdout] 912a6ff1dde6baff77646ff22f2e59f771647370888db5fe6554a5959f8ba7e2
[INFO] running `Command { std: "docker" "start" "-a" "912a6ff1dde6baff77646ff22f2e59f771647370888db5fe6554a5959f8ba7e2", kill_on_drop: false }`
[INFO] running `Command { std: "docker" "inspect" "912a6ff1dde6baff77646ff22f2e59f771647370888db5fe6554a5959f8ba7e2", kill_on_drop: false }`
[INFO] running `Command { std: "docker" "rm" "-f" "912a6ff1dde6baff77646ff22f2e59f771647370888db5fe6554a5959f8ba7e2", kill_on_drop: false }`
[INFO] [stdout] 912a6ff1dde6baff77646ff22f2e59f771647370888db5fe6554a5959f8ba7e2
[INFO] running `Command { std: "docker" "create" "-v" "/var/lib/crater-agent-workspace/builds/worker-2-tc2/target:/opt/rustwide/target:rw,Z" "-v" "/var/lib/crater-agent-workspace/builds/worker-2-tc2/source:/opt/rustwide/workdir:ro,Z" "-v" "/var/lib/crater-agent-workspace/cargo-home:/opt/rustwide/cargo-home:ro,Z" "-v" "/var/lib/crater-agent-workspace/rustup-home:/opt/rustwide/rustup-home:ro,Z" "-e" "SOURCE_DIR=/opt/rustwide/workdir" "-e" "CARGO_TARGET_DIR=/opt/rustwide/target" "-e" "CARGO_INCREMENTAL=0" "-e" "RUST_BACKTRACE=full" "-e" "RUSTFLAGS=--cap-lints=warn" "-e" "RUSTDOCFLAGS=--cap-lints=warn" "-e" "CARGO_HOME=/opt/rustwide/cargo-home" "-e" "RUSTUP_HOME=/opt/rustwide/rustup-home" "-w" "/opt/rustwide/workdir" "-m" "1610612736" "--user" "0:0" "--network" "none" "ghcr.io/rust-lang/crates-build-env/linux@sha256:2788e3201cd34a07e3172128adcd8b3090168a8e3bcc40d7c032b9dda1df7d1c" "/opt/rustwide/cargo-home/bin/cargo" "+beta-2023-12-22" "build" "--frozen" "--message-format=json", kill_on_drop: false }`
[INFO] [stdout] 8aa56bb33d223c4d2f043212e833c7de0e1c23f843f8796a60449b30ef3edde4
[INFO] running `Command { std: "docker" "start" "-a" "8aa56bb33d223c4d2f043212e833c7de0e1c23f843f8796a60449b30ef3edde4", kill_on_drop: false }`
[INFO] [stderr]    Compiling cc v1.0.61
[INFO] [stderr]    Compiling libc v0.2.80
[INFO] [stderr]    Compiling libm v0.2.1
[INFO] [stderr]    Compiling log v0.4.11
[INFO] [stderr]    Compiling untrusted v0.7.1
[INFO] [stderr]    Compiling once_cell v1.4.1
[INFO] [stderr]    Compiling cfg-if v0.1.10
[INFO] [stderr]    Compiling spin v0.5.2
[INFO] [stderr]    Compiling lazy_static v1.4.0
[INFO] [stderr]    Compiling cmake v0.1.44
[INFO] [stderr]    Compiling ring v0.16.15
[INFO] [stderr]    Compiling quiche v0.6.0 (/opt/rustwide/workdir)
[INFO] [stdout] warning: unused return value of `Box::<T>::from_raw` that must be used
[INFO] [stdout]    --> src/ffi.rs:257:14
[INFO] [stdout]     |
[INFO] [stdout] 257 |     unsafe { Box::from_raw(config) };
[INFO] [stdout]     |              ^^^^^^^^^^^^^^^^^^^^^
[INFO] [stdout]     |
[INFO] [stdout]     = note: call `drop(Box::from_raw(ptr))` if you intend to drop the `Box`
[INFO] [stdout]     = note: `#[warn(unused_must_use)]` on by default
[INFO] [stdout] help: use `let _ = ...` to ignore the resulting value
[INFO] [stdout]     |
[INFO] [stdout] 257 |     unsafe { let _ = Box::from_raw(config); };
[INFO] [stdout]     |              +++++++                      +
[INFO] [stdout] 
[INFO] [stdout] 
[INFO] [stdout] warning: unused return value of `Box::<T>::from_raw` that must be used
[INFO] [stdout]    --> src/ffi.rs:722:14
[INFO] [stdout]     |
[INFO] [stdout] 722 |     unsafe { Box::from_raw(iter) };
[INFO] [stdout]     |              ^^^^^^^^^^^^^^^^^^^
[INFO] [stdout]     |
[INFO] [stdout]     = note: call `drop(Box::from_raw(ptr))` if you intend to drop the `Box`
[INFO] [stdout] help: use `let _ = ...` to ignore the resulting value
[INFO] [stdout]     |
[INFO] [stdout] 722 |     unsafe { let _ = Box::from_raw(iter); };
[INFO] [stdout]     |              +++++++                    +
[INFO] [stdout] 
[INFO] [stdout] 
[INFO] [stdout] warning: unused return value of `Box::<T>::from_raw` that must be used
[INFO] [stdout]    --> src/ffi.rs:806:14
[INFO] [stdout]     |
[INFO] [stdout] 806 |     unsafe { Box::from_raw(conn) };
[INFO] [stdout]     |              ^^^^^^^^^^^^^^^^^^^
[INFO] [stdout]     |
[INFO] [stdout]     = note: call `drop(Box::from_raw(ptr))` if you intend to drop the `Box`
[INFO] [stdout] help: use `let _ = ...` to ignore the resulting value
[INFO] [stdout]     |
[INFO] [stdout] 806 |     unsafe { let _ = Box::from_raw(conn); };
[INFO] [stdout]     |              +++++++                    +
[INFO] [stdout] 
[INFO] [stdout] 
[INFO] [stdout] warning: unused return value of `Box::<T>::from_raw` that must be used
[INFO] [stdout]   --> src/h3/ffi.rs:74:14
[INFO] [stdout]    |
[INFO] [stdout] 74 |     unsafe { Box::from_raw(config) };
[INFO] [stdout]    |              ^^^^^^^^^^^^^^^^^^^^^
[INFO] [stdout]    |
[INFO] [stdout]    = note: call `drop(Box::from_raw(ptr))` if you intend to drop the `Box`
[INFO] [stdout] help: use `let _ = ...` to ignore the resulting value
[INFO] [stdout]    |
[INFO] [stdout] 74 |     unsafe { let _ = Box::from_raw(config); };
[INFO] [stdout]    |              +++++++                      +
[INFO] [stdout] 
[INFO] [stdout] 
[INFO] [stdout] warning: unused return value of `Box::<T>::from_raw` that must be used
[INFO] [stdout]    --> src/h3/ffi.rs:168:14
[INFO] [stdout]     |
[INFO] [stdout] 168 |     unsafe { Box::from_raw(ev) };
[INFO] [stdout]     |              ^^^^^^^^^^^^^^^^^
[INFO] [stdout]     |
[INFO] [stdout]     = note: call `drop(Box::from_raw(ptr))` if you intend to drop the `Box`
[INFO] [stdout] help: use `let _ = ...` to ignore the resulting value
[INFO] [stdout]     |
[INFO] [stdout] 168 |     unsafe { let _ = Box::from_raw(ev); };
[INFO] [stdout]     |              +++++++                  +
[INFO] [stdout] 
[INFO] [stdout] 
[INFO] [stdout] warning: unused return value of `Box::<T>::from_raw` that must be used
[INFO] [stdout]    --> src/h3/ffi.rs:308:14
[INFO] [stdout]     |
[INFO] [stdout] 308 |     unsafe { Box::from_raw(conn) };
[INFO] [stdout]     |              ^^^^^^^^^^^^^^^^^^^
[INFO] [stdout]     |
[INFO] [stdout]     = note: call `drop(Box::from_raw(ptr))` if you intend to drop the `Box`
[INFO] [stdout] help: use `let _ = ...` to ignore the resulting value
[INFO] [stdout]     |
[INFO] [stdout] 308 |     unsafe { let _ = Box::from_raw(conn); };
[INFO] [stdout]     |              +++++++                    +
[INFO] [stdout] 
[INFO] [stdout] 
[INFO] [stdout] warning: 6 warnings emitted
[INFO] [stdout] 
[INFO] [stdout] 
[INFO] [stderr]     Finished dev [unoptimized + debuginfo] target(s) in 15.09s
[INFO] running `Command { std: "docker" "inspect" "8aa56bb33d223c4d2f043212e833c7de0e1c23f843f8796a60449b30ef3edde4", kill_on_drop: false }`
[INFO] running `Command { std: "docker" "rm" "-f" "8aa56bb33d223c4d2f043212e833c7de0e1c23f843f8796a60449b30ef3edde4", kill_on_drop: false }`
[INFO] [stdout] 8aa56bb33d223c4d2f043212e833c7de0e1c23f843f8796a60449b30ef3edde4
[INFO] running `Command { std: "docker" "create" "-v" "/var/lib/crater-agent-workspace/builds/worker-2-tc2/target:/opt/rustwide/target:rw,Z" "-v" "/var/lib/crater-agent-workspace/builds/worker-2-tc2/source:/opt/rustwide/workdir:ro,Z" "-v" "/var/lib/crater-agent-workspace/cargo-home:/opt/rustwide/cargo-home:ro,Z" "-v" "/var/lib/crater-agent-workspace/rustup-home:/opt/rustwide/rustup-home:ro,Z" "-e" "SOURCE_DIR=/opt/rustwide/workdir" "-e" "CARGO_TARGET_DIR=/opt/rustwide/target" "-e" "CARGO_INCREMENTAL=0" "-e" "RUST_BACKTRACE=full" "-e" "RUSTFLAGS=--cap-lints=warn" "-e" "RUSTDOCFLAGS=--cap-lints=warn" "-e" "CARGO_HOME=/opt/rustwide/cargo-home" "-e" "RUSTUP_HOME=/opt/rustwide/rustup-home" "-w" "/opt/rustwide/workdir" "-m" "1610612736" "--user" "0:0" "--network" "none" "ghcr.io/rust-lang/crates-build-env/linux@sha256:2788e3201cd34a07e3172128adcd8b3090168a8e3bcc40d7c032b9dda1df7d1c" "/opt/rustwide/cargo-home/bin/cargo" "+beta-2023-12-22" "test" "--frozen" "--no-run" "--message-format=json", kill_on_drop: false }`
[INFO] [stdout] 14c7c08eb926f30a864498f0ec91dac39841db67cf9b3f06010218cd879c2c6d
[INFO] running `Command { std: "docker" "start" "-a" "14c7c08eb926f30a864498f0ec91dac39841db67cf9b3f06010218cd879c2c6d", kill_on_drop: false }`
[INFO] [stderr]    Compiling matches v0.1.8
[INFO] [stderr]    Compiling tinyvec v0.3.4
[INFO] [stderr]    Compiling slab v0.4.2
[INFO] [stderr]    Compiling percent-encoding v1.0.1
[INFO] [stderr]    Compiling iovec v0.1.4
[INFO] [stderr]    Compiling net2 v0.2.35
[INFO] [stdout] warning: unused return value of `Box::<T>::from_raw` that must be used
[INFO] [stdout]    --> src/ffi.rs:257:14
[INFO] [stdout]     |
[INFO] [stdout] 257 |     unsafe { Box::from_raw(config) };
[INFO] [stdout]     |              ^^^^^^^^^^^^^^^^^^^^^
[INFO] [stdout]     |
[INFO] [stdout]     = note: call `drop(Box::from_raw(ptr))` if you intend to drop the `Box`
[INFO] [stdout]     = note: `#[warn(unused_must_use)]` on by default
[INFO] [stdout] help: use `let _ = ...` to ignore the resulting value
[INFO] [stdout]     |
[INFO] [stdout] 257 |     unsafe { let _ = Box::from_raw(config); };
[INFO] [stdout]     |              +++++++                      +
[INFO] [stdout] 
[INFO] [stdout] 
[INFO] [stdout] warning: unused return value of `Box::<T>::from_raw` that must be used
[INFO] [stdout]    --> src/ffi.rs:722:14
[INFO] [stdout]     |
[INFO] [stdout] 722 |     unsafe { Box::from_raw(iter) };
[INFO] [stdout]     |              ^^^^^^^^^^^^^^^^^^^
[INFO] [stdout]     |
[INFO] [stdout]     = note: call `drop(Box::from_raw(ptr))` if you intend to drop the `Box`
[INFO] [stdout] help: use `let _ = ...` to ignore the resulting value
[INFO] [stdout]     |
[INFO] [stdout] 722 |     unsafe { let _ = Box::from_raw(iter); };
[INFO] [stdout]     |              +++++++                    +
[INFO] [stdout] 
[INFO] [stdout] 
[INFO] [stdout] warning: unused return value of `Box::<T>::from_raw` that must be used
[INFO] [stdout]    --> src/ffi.rs:806:14
[INFO] [stdout]     |
[INFO] [stdout] 806 |     unsafe { Box::from_raw(conn) };
[INFO] [stdout]     |              ^^^^^^^^^^^^^^^^^^^
[INFO] [stdout]     |
[INFO] [stdout]     = note: call `drop(Box::from_raw(ptr))` if you intend to drop the `Box`
[INFO] [stdout] help: use `let _ = ...` to ignore the resulting value
[INFO] [stdout]     |
[INFO] [stdout] 806 |     unsafe { let _ = Box::from_raw(conn); };
[INFO] [stdout]     |              +++++++                    +
[INFO] [stdout] 
[INFO] [stdout] 
[INFO] [stdout] warning: unused return value of `Box::<T>::from_raw` that must be used
[INFO] [stdout]   --> src/h3/ffi.rs:74:14
[INFO] [stdout]    |
[INFO] [stdout] 74 |     unsafe { Box::from_raw(config) };
[INFO] [stdout]    |              ^^^^^^^^^^^^^^^^^^^^^
[INFO] [stdout]    |
[INFO] [stdout]    = note: call `drop(Box::from_raw(ptr))` if you intend to drop the `Box`
[INFO] [stdout] help: use `let _ = ...` to ignore the resulting value
[INFO] [stdout]    |
[INFO] [stdout] 74 |     unsafe { let _ = Box::from_raw(config); };
[INFO] [stdout]    |              +++++++                      +
[INFO] [stdout] 
[INFO] [stdout] 
[INFO] [stdout] warning: unused return value of `Box::<T>::from_raw` that must be used
[INFO] [stdout]    --> src/h3/ffi.rs:168:14
[INFO] [stdout]     |
[INFO] [stdout] 168 |     unsafe { Box::from_raw(ev) };
[INFO] [stdout]     |              ^^^^^^^^^^^^^^^^^
[INFO] [stdout]     |
[INFO] [stdout]     = note: call `drop(Box::from_raw(ptr))` if you intend to drop the `Box`
[INFO] [stdout] help: use `let _ = ...` to ignore the resulting value
[INFO] [stdout]     |
[INFO] [stdout] 168 |     unsafe { let _ = Box::from_raw(ev); };
[INFO] [stdout]     |              +++++++                  +
[INFO] [stdout] 
[INFO] [stdout] 
[INFO] [stdout] warning: unused return value of `Box::<T>::from_raw` that must be used
[INFO] [stdout]    --> src/h3/ffi.rs:308:14
[INFO] [stdout]     |
[INFO] [stdout] 308 |     unsafe { Box::from_raw(conn) };
[INFO] [stdout]     |              ^^^^^^^^^^^^^^^^^^^
[INFO] [stdout]     |
[INFO] [stdout]     = note: call `drop(Box::from_raw(ptr))` if you intend to drop the `Box`
[INFO] [stdout] help: use `let _ = ...` to ignore the resulting value
[INFO] [stdout]     |
[INFO] [stdout] 308 |     unsafe { let _ = Box::from_raw(conn); };
[INFO] [stdout]     |              +++++++                    +
[INFO] [stdout] 
[INFO] [stdout] 
[INFO] [stdout] warning: 6 warnings emitted
[INFO] [stdout] 
[INFO] [stdout] 
[INFO] [stderr]    Compiling unicode-bidi v0.3.4
[INFO] [stderr]    Compiling mio v0.6.22
[INFO] [stderr]    Compiling unicode-normalization v0.1.13
[INFO] [stderr]    Compiling idna v0.1.5
[INFO] [stderr]    Compiling url v1.7.2
[INFO] [stderr]    Compiling quiche v0.6.0 (/opt/rustwide/workdir)
[INFO] [stdout] warning: unused return value of `Box::<T>::from_raw` that must be used
[INFO] [stdout]    --> src/ffi.rs:257:14
[INFO] [stdout]     |
[INFO] [stdout] 257 |     unsafe { Box::from_raw(config) };
[INFO] [stdout]     |              ^^^^^^^^^^^^^^^^^^^^^
[INFO] [stdout]     |
[INFO] [stdout]     = note: call `drop(Box::from_raw(ptr))` if you intend to drop the `Box`
[INFO] [stdout]     = note: `#[warn(unused_must_use)]` on by default
[INFO] [stdout] help: use `let _ = ...` to ignore the resulting value
[INFO] [stdout]     |
[INFO] [stdout] 257 |     unsafe { let _ = Box::from_raw(config); };
[INFO] [stdout]     |              +++++++                      +
[INFO] [stdout] 
[INFO] [stdout] 
[INFO] [stdout] warning: unused return value of `Box::<T>::from_raw` that must be used
[INFO] [stdout]    --> src/ffi.rs:722:14
[INFO] [stdout]     |
[INFO] [stdout] 722 |     unsafe { Box::from_raw(iter) };
[INFO] [stdout]     |              ^^^^^^^^^^^^^^^^^^^
[INFO] [stdout]     |
[INFO] [stdout]     = note: call `drop(Box::from_raw(ptr))` if you intend to drop the `Box`
[INFO] [stdout] help: use `let _ = ...` to ignore the resulting value
[INFO] [stdout]     |
[INFO] [stdout] 722 |     unsafe { let _ = Box::from_raw(iter); };
[INFO] [stdout]     |              +++++++                    +
[INFO] [stdout] 
[INFO] [stdout] 
[INFO] [stdout] warning: unused return value of `Box::<T>::from_raw` that must be used
[INFO] [stdout]    --> src/ffi.rs:806:14
[INFO] [stdout]     |
[INFO] [stdout] 806 |     unsafe { Box::from_raw(conn) };
[INFO] [stdout]     |              ^^^^^^^^^^^^^^^^^^^
[INFO] [stdout]     |
[INFO] [stdout]     = note: call `drop(Box::from_raw(ptr))` if you intend to drop the `Box`
[INFO] [stdout] help: use `let _ = ...` to ignore the resulting value
[INFO] [stdout]     |
[INFO] [stdout] 806 |     unsafe { let _ = Box::from_raw(conn); };
[INFO] [stdout]     |              +++++++                    +
[INFO] [stdout] 
[INFO] [stdout] 
[INFO] [stdout] warning: unused return value of `Box::<T>::from_raw` that must be used
[INFO] [stdout]   --> src/h3/ffi.rs:74:14
[INFO] [stdout]    |
[INFO] [stdout] 74 |     unsafe { Box::from_raw(config) };
[INFO] [stdout]    |              ^^^^^^^^^^^^^^^^^^^^^
[INFO] [stdout]    |
[INFO] [stdout]    = note: call `drop(Box::from_raw(ptr))` if you intend to drop the `Box`
[INFO] [stdout] help: use `let _ = ...` to ignore the resulting value
[INFO] [stdout]    |
[INFO] [stdout] 74 |     unsafe { let _ = Box::from_raw(config); };
[INFO] [stdout]    |              +++++++                      +
[INFO] [stdout] 
[INFO] [stdout] 
[INFO] [stdout] warning: unused return value of `Box::<T>::from_raw` that must be used
[INFO] [stdout]    --> src/h3/ffi.rs:168:14
[INFO] [stdout]     |
[INFO] [stdout] 168 |     unsafe { Box::from_raw(ev) };
[INFO] [stdout]     |              ^^^^^^^^^^^^^^^^^
[INFO] [stdout]     |
[INFO] [stdout]     = note: call `drop(Box::from_raw(ptr))` if you intend to drop the `Box`
[INFO] [stdout] help: use `let _ = ...` to ignore the resulting value
[INFO] [stdout]     |
[INFO] [stdout] 168 |     unsafe { let _ = Box::from_raw(ev); };
[INFO] [stdout]     |              +++++++                  +
[INFO] [stdout] 
[INFO] [stdout] 
[INFO] [stdout] warning: unused return value of `Box::<T>::from_raw` that must be used
[INFO] [stdout]    --> src/h3/ffi.rs:308:14
[INFO] [stdout]     |
[INFO] [stdout] 308 |     unsafe { Box::from_raw(conn) };
[INFO] [stdout]     |              ^^^^^^^^^^^^^^^^^^^
[INFO] [stdout]     |
[INFO] [stdout]     = note: call `drop(Box::from_raw(ptr))` if you intend to drop the `Box`
[INFO] [stdout] help: use `let _ = ...` to ignore the resulting value
[INFO] [stdout]     |
[INFO] [stdout] 308 |     unsafe { let _ = Box::from_raw(conn); };
[INFO] [stdout]     |              +++++++                    +
[INFO] [stdout] 
[INFO] [stdout] 
[INFO] [stdout] warning: 6 warnings emitted
[INFO] [stdout] 
[INFO] [stdout] 
[INFO] [stderr]     Finished test [unoptimized + debuginfo] target(s) in 4.60s
[INFO] running `Command { std: "docker" "inspect" "14c7c08eb926f30a864498f0ec91dac39841db67cf9b3f06010218cd879c2c6d", kill_on_drop: false }`
[INFO] running `Command { std: "docker" "rm" "-f" "14c7c08eb926f30a864498f0ec91dac39841db67cf9b3f06010218cd879c2c6d", kill_on_drop: false }`
[INFO] [stdout] 14c7c08eb926f30a864498f0ec91dac39841db67cf9b3f06010218cd879c2c6d
[INFO] running `Command { std: "docker" "create" "-v" "/var/lib/crater-agent-workspace/builds/worker-2-tc2/target:/opt/rustwide/target:rw,Z" "-v" "/var/lib/crater-agent-workspace/builds/worker-2-tc2/source:/opt/rustwide/workdir:ro,Z" "-v" "/var/lib/crater-agent-workspace/cargo-home:/opt/rustwide/cargo-home:ro,Z" "-v" "/var/lib/crater-agent-workspace/rustup-home:/opt/rustwide/rustup-home:ro,Z" "-e" "SOURCE_DIR=/opt/rustwide/workdir" "-e" "CARGO_TARGET_DIR=/opt/rustwide/target" "-e" "CARGO_INCREMENTAL=0" "-e" "RUST_BACKTRACE=full" "-e" "RUSTFLAGS=--cap-lints=warn" "-e" "RUSTDOCFLAGS=--cap-lints=warn" "-e" "CARGO_HOME=/opt/rustwide/cargo-home" "-e" "RUSTUP_HOME=/opt/rustwide/rustup-home" "-w" "/opt/rustwide/workdir" "-m" "1610612736" "--user" "0:0" "--network" "none" "ghcr.io/rust-lang/crates-build-env/linux@sha256:2788e3201cd34a07e3172128adcd8b3090168a8e3bcc40d7c032b9dda1df7d1c" "/opt/rustwide/cargo-home/bin/cargo" "+beta-2023-12-22" "test" "--frozen", kill_on_drop: false }`
[INFO] [stdout] 9a3ca49f0d9972735211a1c1c591a170055f3ace2f0b507289a1e44a45e8d0a5
[INFO] running `Command { std: "docker" "start" "-a" "9a3ca49f0d9972735211a1c1c591a170055f3ace2f0b507289a1e44a45e8d0a5", kill_on_drop: false }`
[INFO] [stderr] warning: unused return value of `Box::<T>::from_raw` that must be used
[INFO] [stderr]    --> src/ffi.rs:257:14
[INFO] [stderr]     |
[INFO] [stderr] 257 |     unsafe { Box::from_raw(config) };
[INFO] [stderr]     |              ^^^^^^^^^^^^^^^^^^^^^
[INFO] [stderr]     |
[INFO] [stderr]     = note: call `drop(Box::from_raw(ptr))` if you intend to drop the `Box`
[INFO] [stderr]     = note: `#[warn(unused_must_use)]` on by default
[INFO] [stderr] help: use `let _ = ...` to ignore the resulting value
[INFO] [stderr]     |
[INFO] [stderr] 257 |     unsafe { let _ = Box::from_raw(config); };
[INFO] [stderr]     |              +++++++                      +
[INFO] [stderr] 
[INFO] [stderr] warning: unused return value of `Box::<T>::from_raw` that must be used
[INFO] [stderr]    --> src/ffi.rs:722:14
[INFO] [stderr]     |
[INFO] [stderr] 722 |     unsafe { Box::from_raw(iter) };
[INFO] [stderr]     |              ^^^^^^^^^^^^^^^^^^^
[INFO] [stderr]     |
[INFO] [stderr]     = note: call `drop(Box::from_raw(ptr))` if you intend to drop the `Box`
[INFO] [stderr] help: use `let _ = ...` to ignore the resulting value
[INFO] [stderr]     |
[INFO] [stderr] 722 |     unsafe { let _ = Box::from_raw(iter); };
[INFO] [stderr]     |              +++++++                    +
[INFO] [stderr] 
[INFO] [stderr] warning: unused return value of `Box::<T>::from_raw` that must be used
[INFO] [stderr]    --> src/ffi.rs:806:14
[INFO] [stderr]     |
[INFO] [stderr] 806 |     unsafe { Box::from_raw(conn) };
[INFO] [stderr]     |              ^^^^^^^^^^^^^^^^^^^
[INFO] [stderr]     |
[INFO] [stderr]     = note: call `drop(Box::from_raw(ptr))` if you intend to drop the `Box`
[INFO] [stderr] help: use `let _ = ...` to ignore the resulting value
[INFO] [stderr]     |
[INFO] [stderr] 806 |     unsafe { let _ = Box::from_raw(conn); };
[INFO] [stderr]     |              +++++++                    +
[INFO] [stderr] 
[INFO] [stderr] warning: unused return value of `Box::<T>::from_raw` that must be used
[INFO] [stderr]   --> src/h3/ffi.rs:74:14
[INFO] [stderr]    |
[INFO] [stderr] 74 |     unsafe { Box::from_raw(config) };
[INFO] [stderr]    |              ^^^^^^^^^^^^^^^^^^^^^
[INFO] [stderr]    |
[INFO] [stderr]    = note: call `drop(Box::from_raw(ptr))` if you intend to drop the `Box`
[INFO] [stderr] help: use `let _ = ...` to ignore the resulting value
[INFO] [stderr]    |
[INFO] [stderr] 74 |     unsafe { let _ = Box::from_raw(config); };
[INFO] [stderr]    |              +++++++                      +
[INFO] [stderr] 
[INFO] [stderr] warning: unused return value of `Box::<T>::from_raw` that must be used
[INFO] [stderr]    --> src/h3/ffi.rs:168:14
[INFO] [stderr]     |
[INFO] [stderr] 168 |     unsafe { Box::from_raw(ev) };
[INFO] [stderr]     |              ^^^^^^^^^^^^^^^^^
[INFO] [stderr]     |
[INFO] [stderr]     = note: call `drop(Box::from_raw(ptr))` if you intend to drop the `Box`
[INFO] [stderr] help: use `let _ = ...` to ignore the resulting value
[INFO] [stderr]     |
[INFO] [stderr] 168 |     unsafe { let _ = Box::from_raw(ev); };
[INFO] [stderr]     |              +++++++                  +
[INFO] [stderr] 
[INFO] [stderr] warning: unused return value of `Box::<T>::from_raw` that must be used
[INFO] [stderr]    --> src/h3/ffi.rs:308:14
[INFO] [stderr]     |
[INFO] [stderr] 308 |     unsafe { Box::from_raw(conn) };
[INFO] [stderr]     |              ^^^^^^^^^^^^^^^^^^^
[INFO] [stderr]     |
[INFO] [stderr]     = note: call `drop(Box::from_raw(ptr))` if you intend to drop the `Box`
[INFO] [stderr] help: use `let _ = ...` to ignore the resulting value
[INFO] [stderr]     |
[INFO] [stderr] 308 |     unsafe { let _ = Box::from_raw(conn); };
[INFO] [stderr]     |              +++++++                    +
[INFO] [stderr] 
[INFO] [stderr] warning: `quiche` (lib) generated 6 warnings
[INFO] [stderr] warning: `quiche` (lib test) generated 6 warnings (6 duplicates)
[INFO] [stderr]     Finished test [unoptimized + debuginfo] target(s) in 0.06s
[INFO] [stderr]      Running unittests src/lib.rs (/opt/rustwide/target/debug/deps/quiche-5be91c47990dc3fc)
[INFO] [stdout] 
[INFO] [stdout] running 288 tests
[INFO] [stdout] test frame::tests::handshake_done ... ok
[INFO] [stdout] test frame::tests::max_data ... ok
[INFO] [stdout] test frame::tests::max_streams_uni ... ok
[INFO] [stdout] test frame::tests::ack ... ok
[INFO] [stdout] test frame::tests::datagram ... ok
[INFO] [stdout] test frame::tests::crypto ... ok
[INFO] [stdout] test frame::tests::max_streams_bidi ... ok
[INFO] [stdout] test frame::tests::max_stream_data ... ok
[INFO] [stdout] test frame::tests::connection_close ... ok
[INFO] [stdout] test frame::tests::application_close ... ok
[INFO] [stdout] test crypto::tests::derive_initial_secrets ... ok
[INFO] [stdout] test crypto::tests::derive_chacha20_secrets ... ok
[INFO] [stdout] test crypto::tests::derive_initial_secrets_old ... ok
[INFO] [stdout] test frame::tests::padding ... ok
[INFO] [stdout] test frame::tests::stop_sending ... ok
[INFO] [stdout] test frame::tests::retire_connection_id ... ok
[INFO] [stdout] test frame::tests::stream_data_blocked ... ok
[INFO] [stdout] test frame::tests::streams_blocked_bidi ... ok
[INFO] [stdout] test frame::tests::stream ... ok
[INFO] [stdout] test frame::tests::new_token ... ok
[INFO] [stdout] test frame::tests::new_connection_id ... ok
[INFO] [stdout] test frame::tests::reset_stream ... ok
[INFO] [stdout] test frame::tests::stream_too_big ... ok
[INFO] [stdout] test frame::tests::ping ... ok
[INFO] [stdout] test frame::tests::path_challenge ... ok
[INFO] [stdout] test frame::tests::path_response ... ok
[INFO] [stdout] test frame::tests::data_blocked ... ok
[INFO] [stdout] test h3::frame::tests::data ... ok
[INFO] [stdout] test h3::frame::tests::headers ... ok
[INFO] [stdout] test h3::frame::tests::settings_h3_only ... ok
[INFO] [stdout] test h3::frame::tests::unknown_type ... ok
[INFO] [stdout] test h3::qpack::decoder::tests::decode_int3 ... ok
[INFO] [stdout] test h3::qpack::encoder::tests::encode_int1 ... ok
[INFO] [stdout] test h3::qpack::encoder::tests::encode_int2 ... ok
[INFO] [stdout] test h3::qpack::encoder::tests::encode_int3 ... ok
[INFO] [stdout] test h3::stream::tests::control_bad_frame ... ok
[INFO] [stdout] test h3::stream::tests::control_bad_late_settings ... ok
[INFO] [stdout] test h3::frame::tests::settings_qpack_only ... ok
[INFO] [stdout] test h3::frame::tests::push_promise ... ok
[INFO] [stdout] test h3::stream::tests::control_good ... ok
[INFO] [stdout] test h3::stream::tests::control_bad_multiple_settings ... ok
[INFO] [stdout] test h3::frame::tests::max_push_id ... ok
[INFO] [stdout] test h3::qpack::tests::lower_case ... ok
[INFO] [stdout] test h3::frame::tests::settings_all_no_grease ... ok
[INFO] [stdout] test h3::stream::tests::grease ... ok
[INFO] [stdout] test h3::stream::tests::push_good ... ok
[INFO] [stdout] test h3::frame::tests::cancel_push ... ok
[INFO] [stdout] test h3::frame::tests::goaway ... ok
[INFO] [stdout] test h3::stream::tests::request_no_data ... ok
[INFO] [stdout] test frame::tests::streams_blocked_uni ... ok
[INFO] [stdout] test h3::stream::tests::request_good ... ok
[INFO] [stdout] test h3::qpack::decoder::tests::decode_int1 ... ok
[INFO] [stdout] test h3::frame::tests::settings_all_grease ... ok
[INFO] [stdout] test h3::qpack::decoder::tests::decode_int2 ... ok
[INFO] [stdout] test h3::tests::grease_value_in_varint_limit ... ok
[INFO] [stdout] test h3::qpack::tests::encode_decode ... ok
[INFO] [stdout] test h3::tests::cancel_push_from_client ... ok
[INFO] [stdout] test h3::tests::headers_blocked ... ok
[INFO] [stdout] test h3::tests::many_requests_many_chunks_response_one_chunk ... ok
[INFO] [stdout] test h3::tests::body_response_before_headers ... ok
[INFO] [stdout] test h3::tests::max_push_id_from_server ... ok
[INFO] [stdout] test h3::tests::max_push_id_from_client_good ... ok
[INFO] [stdout] test h3::tests::close_qpack_stream ... ok
[INFO] [stdout] test h3::tests::push_promise_from_client ... ok
[INFO] [stdout] test h3::tests::goaway_from_client_good ... ok
[INFO] [stdout] test h3::tests::goaway_from_server_increase_id ... ok
[INFO] [stdout] test h3::tests::client_request_after_goaway ... ok
[INFO] [stdout] test h3::tests::cancel_push_from_client_bad_stream ... ok
[INFO] [stdout] test h3::tests::goaway_from_server_invalid_id ... ok
[INFO] [stdout] test h3::tests::qpack_data ... ok
[INFO] [stdout] test h3::tests::request_one_chunk_response_no_body ... ok
[INFO] [stdout] test h3::tests::send_body_invalid_client_stream ... ok
[INFO] [stdout] test h3::tests::request_no_body_response_many_chunks ... ok
[INFO] [stdout] test h3::tests::close_control_stream ... ok
[INFO] [stdout] test h3::tests::send_body_invalid_server_stream ... ok
[INFO] [stdout] test h3::tests::max_push_id_from_client_limit_reduction ... ok
[INFO] [stdout] test h3::tests::cancel_push_from_server ... ok
[INFO] [stdout] test h3::tests::uni_stream_local_counting ... ok
[INFO] [stdout] test minmax::tests::get_windowed_max_estimates_bandwidth ... ok
[INFO] [stdout] test minmax::tests::get_windowed_max_bandwidth ... ok
[INFO] [stdout] test minmax::tests::get_windowed_min_bandwidth ... ok
[INFO] [stdout] test minmax::tests::get_windowed_min_estimates_rtt ... ok
[INFO] [stdout] test h3::tests::request_no_body_response_one_chunk ... ok
[INFO] [stdout] test minmax::tests::get_windowed_max_estimates_rtt ... ok
[INFO] [stdout] test minmax::tests::get_windowed_max_rtt ... ok
[INFO] [stdout] test h3::tests::request_many_chunks_response_no_body ... ok
[INFO] [stdout] test h3::tests::open_multiple_control_streams ... ok
[INFO] [stdout] test h3::tests::max_push_id_from_client_bad_stream ... ok
[INFO] [stdout] test minmax::tests::get_windowed_min_rtt ... ok
[INFO] [stdout] test minmax::tests::reset_filter_bandwidth ... ok
[INFO] [stdout] test minmax::tests::get_windowed_min_estimates_bandwidth ... ok
[INFO] [stdout] test octets::tests::get_bytes_mut ... ok
[INFO] [stdout] test octets::tests::get_u_mut ... ok
[INFO] [stdout] test octets::tests::get_bytes ... ok
[INFO] [stdout] test minmax::tests::reset_filter_rtt ... ok
[INFO] [stdout] test octets::tests::get_varint_mut ... ok
[INFO] [stdout] test h3::tests::stream_backpressure ... ok
[INFO] [stdout] test octets::tests::peek_u_mut ... ok
[INFO] [stdout] test octets::tests::get_varint ... ok
[INFO] [stdout] test octets::tests::get_u ... ok
[INFO] [stdout] test h3::tests::goaway_from_server_good ... ok
[INFO] [stdout] test h3::tests::zero_length_data_blocked ... ok
[INFO] [stdout] test h3::tests::poll_after_error ... ok
[INFO] [stdout] test octets::tests::put_varint ... ok
[INFO] [stdout] test octets::tests::split ... ok
[INFO] [stdout] test octets::tests::put_bytes ... ok
[INFO] [stdout] test octets::tests::peek_bytes_mut ... ok
[INFO] [stdout] test octets::tests::split_at ... ok
[INFO] [stdout] test packet::tests::application ... ok
[INFO] [stdout] test packet::tests::decrypt_client_initial ... ok
[INFO] [stdout] test octets::tests::peek_bytes ... ok
[INFO] [stdout] test h3::tests::request_no_body_response_no_body ... ok
[INFO] [stdout] test octets::tests::peek_u ... ok
[INFO] [stdout] test h3::tests::request_max_header_size_limit ... ok
[INFO] [stdout] test packet::tests::decrypt_chacha20 ... ok
[INFO] [stdout] test octets::tests::put_u ... ok
[INFO] [stdout] test octets::tests::slice_last ... ok
[INFO] [stdout] test octets::tests::slice_mut ... ok
[INFO] [stdout] test octets::tests::slice ... ok
[INFO] [stdout] test octets::tests::slice_last_mut ... ok
[INFO] [stdout] test packet::tests::decrypt_client_initial_old ... ok
[INFO] [stdout] test packet::tests::encrypt_chacha20 ... ok
[INFO] [stdout] test packet::tests::decrypt_server_initial_old ... ok
[INFO] [stdout] test packet::tests::pkt_num_window ... ok
[INFO] [stdout] test packet::tests::handshake ... ok
[INFO] [stdout] test packet::tests::encrypt_client_initial ... ok
[INFO] [stdout] test packet::tests::retry ... ok
[INFO] [stdout] test packet::tests::initial ... ok
[INFO] [stdout] test packet::tests::decrypt_server_initial ... ok
[INFO] [stdout] test packet::tests::initial_non_v1_scid_long ... ok
[INFO] [stdout] test packet::tests::encrypt_client_initial_old ... ok
[INFO] [stdout] test packet::tests::initial_v1_scid_too_long ... ok
[INFO] [stdout] test packet::tests::pkt_num_decode ... ok
[INFO] [stdout] test packet::tests::initial_v1_dcid_too_long ... ok
[INFO] [stdout] test packet::tests::encrypt_server_initial_old ... ok
[INFO] [stdout] test ranges::tests::eq_range ... ok
[INFO] [stdout] test ranges::tests::first_last ... ok
[INFO] [stdout] test ranges::tests::flatten_rev ... ok
[INFO] [stdout] test packet::tests::decrypt_pkt_underflow ... ok
[INFO] [stdout] test packet::tests::encrypt_server_initial ... ok
[INFO] [stdout] test ranges::tests::insert_overlapping_multi ... ok
[INFO] [stdout] test ranges::tests::capacity ... ok
[INFO] [stdout] test ranges::tests::insert_non_overlapping ... ok
[INFO] [stdout] test ranges::tests::flatten_one ... ok
[INFO] [stdout] test ranges::tests::insert_overlapping ... ok
[INFO] [stdout] test ranges::tests::insert_contained ... ok
[INFO] [stdout] test h3::tests::transport_error ... ok
[INFO] [stdout] test recovery::hystart::tests::congestion_event ... ok
[INFO] [stdout] test recovery::hystart::tests::limited_slow_start ... ok
[INFO] [stdout] test recovery::hystart::tests::reno_slow_start ... ok
[INFO] [stdout] test ranges::tests::prev_to ... ok
[INFO] [stdout] test ranges::tests::remove_largest ... ok
[INFO] [stdout] test ranges::tests::next_to ... ok
[INFO] [stdout] test recovery::hystart::tests::start_round ... ok
[INFO] [stdout] test ranges::tests::push_item ... ok
[INFO] [stdout] test recovery::cubic::tests::cubic_congestion_event ... ok
[INFO] [stdout] test recovery::cubic::tests::cubic_slow_start ... ok
[INFO] [stdout] test recovery::cubic::tests::cubic_init ... ok
[INFO] [stdout] test recovery::cubic::tests::cubic_congestion_avoidance ... ok
[INFO] [stdout] test recovery::cubic::tests::cubic_hystart_limited_slow_start ... ok
[INFO] [stdout] test recovery::tests::lookup_cc_algo_ok ... ok
[INFO] [stdout] test recovery::tests::lookup_cc_algo_bad ... ok
[INFO] [stdout] test recovery::tests::collapse_cwnd ... ok
[INFO] [stdout] test stream::tests::empty_read ... ok
[INFO] [stdout] test recovery::reno::tests::reno_send ... ok
[INFO] [stdout] test stream::tests::empty_stream_frame ... ok
[INFO] [stdout] test recovery::tests::loss_on_pto ... ok
[INFO] [stdout] test recovery::reno::tests::reno_init ... ok
[INFO] [stdout] test recovery::reno::tests::reno_slow_start ... ok
[INFO] [stdout] test recovery::reno::tests::reno_congestion_event ... ok
[INFO] [stdout] test stream::tests::empty_write ... ok
[INFO] [stdout] test stream::tests::fully_overlapping_read2 ... ok
[INFO] [stdout] test recovery::tests::loss_on_reordering ... ok
[INFO] [stdout] test stream::tests::fully_overlapping_read ... ok
[INFO] [stdout] test stream::tests::fully_overlapping_read_multi ... ok
[INFO] [stdout] test recovery::tests::loss_on_timer ... ok
[INFO] [stdout] test stream::tests::fully_overlapping_read3 ... ok
[INFO] [stdout] test stream::tests::incomplete_read ... ok
[INFO] [stdout] test stream::tests::overlapping_start_read ... ok
[INFO] [stdout] test stream::tests::overlapping_end_read ... ok
[INFO] [stdout] test stream::tests::multi_write ... ok
[INFO] [stdout] test stream::tests::past_read ... ok
[INFO] [stdout] test stream::tests::partially_multi_overlapping_reordered_read2 ... ok
[INFO] [stdout] test stream::tests::recv_fin_lower_than_received ... ok
[INFO] [stdout] test stream::tests::recv_fin_flow_control ... ok
[INFO] [stdout] test stream::tests::recv_fin_reset_mismatch ... ok
[INFO] [stdout] test stream::tests::recv_data_below_off ... ok
[INFO] [stdout] test stream::tests::recv_fin_dup ... ok
[INFO] [stdout] test stream::tests::recv_flow_control ... ok
[INFO] [stdout] test stream::tests::recv_fin_change ... ok
[INFO] [stdout] test stream::tests::partially_multi_overlapping_reordered_read ... ok
[INFO] [stdout] test stream::tests::ordered_read ... ok
[INFO] [stdout] test stream::tests::send_ack ... ok
[INFO] [stdout] test stream::tests::send_fin_dup ... ok
[INFO] [stdout] test stream::tests::send_fin_zero_length ... ok
[INFO] [stdout] test stream::tests::recv_reset_dup ... ok
[INFO] [stdout] test recovery::delivery_rate::tests::app_limited_check ... ok
[INFO] [stdout] test stream::tests::resend ... ok
[INFO] [stdout] test stream::tests::recv_past_fin ... ok
[INFO] [stdout] test stream::tests::recv_reset_change ... ok
[INFO] [stdout] test stream::tests::send_fin_max_data_match ... ok
[INFO] [stdout] test stream::tests::send_ack_reordering ... ok
[INFO] [stdout] test stream::tests::send_flow_control ... ok
[INFO] [stdout] test stream::tests::zero_len_write ... ok
[INFO] [stdout] test stream::tests::recv_reset_lower_than_received ... ok
[INFO] [stdout] test stream::tests::split_read ... ok
[INFO] [stdout] test stream::tests::write_blocked_by_off ... ok
[INFO] [stdout] test stream::tests::stream_complete ... ok
[INFO] [stdout] test stream::tests::send_undo_fin ... ok
[INFO] [stdout] test stream::tests::send_fin_zero_length_output ... ok
[INFO] [stdout] test stream::tests::send_past_fin ... ok
[INFO] [stdout] test stream::tests::zero_len_read ... ok
[INFO] [stdout] test stream::tests::split_write ... ok
[INFO] [stdout] test h3::tests::max_state_buf_size ... ok
[INFO] [stdout] test tests::dgram_multiple_datagrams ... ok
[INFO] [stdout] test tests::config_set_cc_algorithm_name ... ok
[INFO] [stdout] test recovery::reno::tests::reno_congestion_avoidance ... ok
[INFO] [stdout] test tests::dgram_recv_queue_overflow ... ok
[INFO] [stdout] test recovery::cubic::tests::cubic_collapse_cwnd_and_restart ... ok
[INFO] [stdout] test tests::dgram_send_fails_invalidstate ... ok
[INFO] [stdout] test tests::connection_must_be_send ... ok
[INFO] [stdout] test tests::data_blocked ... ok
[INFO] [stdout] test tests::early_1rtt_packet ... ok
[INFO] [stdout] test recovery::cubic::tests::cubic_send ... ok
[INFO] [stdout] test tests::dgram_send_queue_overflow ... ok
[INFO] [stdout] test tests::dgram_single_datagram ... ok
[INFO] [stdout] test tests::dgram_send_app_limited ... ok
[INFO] [stdout] test tests::flow_control_limit ... ok
[INFO] [stdout] test tests::dgram_send_max_size ... ok
[INFO] [stdout] test tests::app_limited_false_no_header ... ok
[INFO] [stdout] test tests::handshake ... ok
[INFO] [stdout] test tests::handshake_confirmation ... ok
[INFO] [stdout] test recovery::delivery_rate::tests::rate_check ... ok
[INFO] [stdout] test tests::collect_streams ... ok
[INFO] [stdout] test tests::handshake_packet_type_corruption ... ok
[INFO] [stdout] test tests::flow_control_limit_dup ... ok
[INFO] [stdout] test tests::invalid_initial_payload ... ok
[INFO] [stdout] test tests::flow_control_limit_send ... ok
[INFO] [stdout] test tests::app_limited_false ... ok
[INFO] [stdout] test tests::invalid_initial_source_connection_id ... ok
[INFO] [stdout] test tests::invalid_initial_client ... ok
[INFO] [stdout] test tests::invalid_packet ... ok
[INFO] [stdout] test octets::tests::varint_too_large - should panic ... ok
[INFO] [stdout] test tests::path_challenge ... ok
[INFO] [stdout] test tests::early_retransmit ... ok
[INFO] [stdout] test tests::peer_cert ... ok
[INFO] [stdout] test tests::missing_initial_source_connection_id ... ok
[INFO] [stdout] test tests::stream_data_overlap ... ok
[INFO] [stdout] test tests::flow_control_update ... ok
[INFO] [stdout] test tests::stream_data_blocked ... ok
[INFO] [stdout] test tests::app_limited_true ... ok
[INFO] [stdout] test tests::stream_flow_control_update ... ok
[INFO] [stdout] test tests::limit_ack_ranges ... ok
[INFO] [stdout] test tests::app_limited_false_no_frame ... ok
[INFO] [stdout] test tests::invalid_initial_server ... ok
[INFO] [stdout] test tests::empty_stream_frame ... FAILED
[INFO] [stdout] test tests::stream_data_overlap_with_reordering ... ok
[INFO] [stdout] test tests::stream ... ok
[INFO] [stdout] test tests::handshake_alpn_mismatch ... ok
[INFO] [stdout] test tests::stream_flow_control_limit_uni ... ok
[INFO] [stdout] test tests::limit_handshake_data ... ok
[INFO] [stdout] test tests::stream_limit_max_uni ... ok
[INFO] [stdout] test tests::stream_limit_max_bidi ... ok
[INFO] [stdout] test tests::invalid_retry_source_connection_id ... ok
[INFO] [stdout] test tests::stream_limit_update_bidi ... ok
[INFO] [stdout] test tests::reset_stream_flow_control ... ok
[INFO] [stdout] test tests::stream_limit_update_uni ... ok
[INFO] [stdout] test tests::stream_round_robin ... ok
[INFO] [stdout] test tests::stream_reprioritize - should panic ... ok
[INFO] [stdout] test tests::stream_send_on_32bit_arch ... ok
[INFO] [stdout] test tests::missing_retry_source_connection_id ... ok
[INFO] [stdout] test tests::stream_shutdown_read ... ok
[INFO] [stdout] test tests::stream_readable ... ok
[INFO] [stdout] test tests::stream_shutdown_write ... ok
[INFO] [stdout] test tests::unknown_version ... ignored, Android: failure reason unkown.
[INFO] [stdout] test tests::stream_zero_length_fin ... ok
[INFO] [stdout] test tests::handshake_anti_deadlock ... ok
[INFO] [stdout] test tests::transport_params ... ok
[INFO] [stdout] test tests::stream_limit_uni ... ok
[INFO] [stdout] test tests::stream_writable ... ok
[INFO] [stdout] test tests::stream_flow_control_limit_bidi ... ok
[INFO] [stdout] test tests::streams_blocked_max_uni ... ok
[INFO] [stdout] test tests::verify_custom_root ... ok
[INFO] [stdout] test tests::stream_limit_bidi ... ok
[INFO] [stdout] test tests::stream_priority ... ok
[INFO] [stdout] test tests::streams_blocked_max_bidi ... ok
[INFO] [stdout] test tests::retry ... ok
[INFO] [stdout] test tests::version_negotiation ... ok
[INFO] [stdout] 
[INFO] [stdout] failures:
[INFO] [stdout] 
[INFO] [stdout] ---- tests::empty_stream_frame stdout ----
[INFO] [stdout] thread 'tests::empty_stream_frame' panicked at src/lib.rs:5108:9:
[INFO] [stdout] assertion `left == right` failed
[INFO] [stdout]   left: Ok(40)
[INFO] [stdout]  right: Ok(39)
[INFO] [stdout] stack backtrace:
[INFO] [stdout]    0:     0x55de5b9017a6 - std::backtrace_rs::backtrace::libunwind::trace::h261606ad26a499c1
[INFO] [stdout]                                at /rustc/0e09125c6c3c2fd70d7de961bcf0e51575235fad/library/std/src/../../backtrace/src/backtrace/libunwind.rs:104:5
[INFO] [stdout]    1:     0x55de5b9017a6 - std::backtrace_rs::backtrace::trace_unsynchronized::hd183f0625477fb28
[INFO] [stdout]                                at /rustc/0e09125c6c3c2fd70d7de961bcf0e51575235fad/library/std/src/../../backtrace/src/backtrace/mod.rs:66:5
[INFO] [stdout]    2:     0x55de5b9017a6 - std::sys_common::backtrace::_print_fmt::hd7f8fef21b4eda67
[INFO] [stdout]                                at /rustc/0e09125c6c3c2fd70d7de961bcf0e51575235fad/library/std/src/sys_common/backtrace.rs:68:5
[INFO] [stdout]    3:     0x55de5b9017a6 - <std::sys_common::backtrace::_print::DisplayBacktrace as core::fmt::Display>::fmt::h623d9b51f2f453f1
[INFO] [stdout]                                at /rustc/0e09125c6c3c2fd70d7de961bcf0e51575235fad/library/std/src/sys_common/backtrace.rs:44:22
[INFO] [stdout]    4:     0x55de5b92adc0 - core::fmt::rt::Argument::fmt::h9f417ac76a86f368
[INFO] [stdout]                                at /rustc/0e09125c6c3c2fd70d7de961bcf0e51575235fad/library/core/src/fmt/rt.rs:142:9
[INFO] [stdout]    5:     0x55de5b92adc0 - core::fmt::write::hc9b6faf4ac2aeff7
[INFO] [stdout]                                at /rustc/0e09125c6c3c2fd70d7de961bcf0e51575235fad/library/core/src/fmt/mod.rs:1120:17
[INFO] [stdout]    6:     0x55de5b8ff06f - std::io::Write::write_fmt::he04625a3a989fec3
[INFO] [stdout]                                at /rustc/0e09125c6c3c2fd70d7de961bcf0e51575235fad/library/std/src/io/mod.rs:1810:15
[INFO] [stdout]    7:     0x55de5b901584 - std::sys_common::backtrace::_print::hd5d66399c7df88a2
[INFO] [stdout]                                at /rustc/0e09125c6c3c2fd70d7de961bcf0e51575235fad/library/std/src/sys_common/backtrace.rs:47:5
[INFO] [stdout]    8:     0x55de5b901584 - std::sys_common::backtrace::print::he81ed2da642d37e5
[INFO] [stdout]                                at /rustc/0e09125c6c3c2fd70d7de961bcf0e51575235fad/library/std/src/sys_common/backtrace.rs:34:9
[INFO] [stdout]    9:     0x55de5b9032f7 - std::panicking::default_hook::{{closure}}::h85773f4fa117163d
[INFO] [stdout]   10:     0x55de5b902fdd - std::panicking::default_hook::h6a1694a91d09b278
[INFO] [stdout]                                at /rustc/0e09125c6c3c2fd70d7de961bcf0e51575235fad/library/std/src/panicking.rs:289:9
[INFO] [stdout]   11:     0x55de5b8ae307 - <alloc::boxed::Box<F,A> as core::ops::function::Fn<Args>>::call::h616ac37fa3cd6c8f
[INFO] [stdout]                                at /rustc/0e09125c6c3c2fd70d7de961bcf0e51575235fad/library/alloc/src/boxed.rs:2029:9
[INFO] [stdout]   12:     0x55de5b8ae307 - test::test_main::{{closure}}::h00d84697cefdcbb6
[INFO] [stdout]                                at /rustc/0e09125c6c3c2fd70d7de961bcf0e51575235fad/library/test/src/lib.rs:138:21
[INFO] [stdout]   13:     0x55de5b903916 - <alloc::boxed::Box<F,A> as core::ops::function::Fn<Args>>::call::hcb3fe3b9bb537ba8
[INFO] [stdout]                                at /rustc/0e09125c6c3c2fd70d7de961bcf0e51575235fad/library/alloc/src/boxed.rs:2029:9
[INFO] [stdout]   14:     0x55de5b903916 - std::panicking::rust_panic_with_hook::h0a7ad96e90f7145b
[INFO] [stdout]                                at /rustc/0e09125c6c3c2fd70d7de961bcf0e51575235fad/library/std/src/panicking.rs:783:13
[INFO] [stdout]   15:     0x55de5b903662 - std::panicking::begin_panic_handler::{{closure}}::h7919090525c6485e
[INFO] [stdout]                                at /rustc/0e09125c6c3c2fd70d7de961bcf0e51575235fad/library/std/src/panicking.rs:657:13
[INFO] [stdout]   16:     0x55de5b901ca6 - std::sys_common::backtrace::__rust_end_short_backtrace::hf3289479464f7dfe
[INFO] [stdout]                                at /rustc/0e09125c6c3c2fd70d7de961bcf0e51575235fad/library/std/src/sys_common/backtrace.rs:171:18
[INFO] [stdout]   17:     0x55de5b9033c0 - rust_begin_unwind
[INFO] [stdout]                                at /rustc/0e09125c6c3c2fd70d7de961bcf0e51575235fad/library/std/src/panicking.rs:645:5
[INFO] [stdout]   18:     0x55de5b5dc0a5 - core::panicking::panic_fmt::hcc9f77c5c132af55
[INFO] [stdout]                                at /rustc/0e09125c6c3c2fd70d7de961bcf0e51575235fad/library/core/src/panicking.rs:72:14
[INFO] [stdout]   19:     0x55de5b5dc51b - core::panicking::assert_failed_inner::h9f13e27dd63c3a08
[INFO] [stdout]                                at /rustc/0e09125c6c3c2fd70d7de961bcf0e51575235fad/library/core/src/panicking.rs:342:17
[INFO] [stdout]   20:     0x55de5b73007e - core::panicking::assert_failed::h5eee9aefdda643d5
[INFO] [stdout]                                at /rustc/0e09125c6c3c2fd70d7de961bcf0e51575235fad/library/core/src/panicking.rs:297:5
[INFO] [stdout]   21:     0x55de5b5fc5e5 - quiche::tests::empty_stream_frame::ha13cd2a1189fc800
[INFO] [stdout]                                at /opt/rustwide/workdir/src/lib.rs:5108:9
[INFO] [stdout]   22:     0x55de5b5fc267 - quiche::tests::empty_stream_frame::{{closure}}::habf679ab21bd3b52
[INFO] [stdout]                                at /opt/rustwide/workdir/src/lib.rs:5095:28
[INFO] [stdout]   23:     0x55de5b66e006 - core::ops::function::FnOnce::call_once::hdc4a56c519f095d9
[INFO] [stdout]                                at /rustc/0e09125c6c3c2fd70d7de961bcf0e51575235fad/library/core/src/ops/function.rs:250:5
[INFO] [stdout]   24:     0x55de5b8b3bdf - core::ops::function::FnOnce::call_once::hd64d26f405258157
[INFO] [stdout]                                at /rustc/0e09125c6c3c2fd70d7de961bcf0e51575235fad/library/core/src/ops/function.rs:250:5
[INFO] [stdout]   25:     0x55de5b8b3bdf - test::__rust_begin_short_backtrace::he21b0b7a6d731bf9
[INFO] [stdout]                                at /rustc/0e09125c6c3c2fd70d7de961bcf0e51575235fad/library/test/src/lib.rs:627:18
[INFO] [stdout]   26:     0x55de5b8b2961 - test::run_test_in_process::{{closure}}::hf5c73986d7bdfde2
[INFO] [stdout]                                at /rustc/0e09125c6c3c2fd70d7de961bcf0e51575235fad/library/test/src/lib.rs:650:60
[INFO] [stdout]   27:     0x55de5b8b2961 - <core::panic::unwind_safe::AssertUnwindSafe<F> as core::ops::function::FnOnce<()>>::call_once::h330011ad032aadc0
[INFO] [stdout]                                at /rustc/0e09125c6c3c2fd70d7de961bcf0e51575235fad/library/core/src/panic/unwind_safe.rs:272:9
[INFO] [stdout]   28:     0x55de5b8b2961 - std::panicking::try::do_call::he61b0a958b795a41
[INFO] [stdout]                                at /rustc/0e09125c6c3c2fd70d7de961bcf0e51575235fad/library/std/src/panicking.rs:552:40
[INFO] [stdout]   29:     0x55de5b8b2961 - std::panicking::try::h7309da130f906eb7
[INFO] [stdout]                                at /rustc/0e09125c6c3c2fd70d7de961bcf0e51575235fad/library/std/src/panicking.rs:516:19
[INFO] [stdout]   30:     0x55de5b8b2961 - std::panic::catch_unwind::hc5c3a06fdaf0a92a
[INFO] [stdout]                                at /rustc/0e09125c6c3c2fd70d7de961bcf0e51575235fad/library/std/src/panic.rs:142:14
[INFO] [stdout]   31:     0x55de5b8b2961 - test::run_test_in_process::h7e7b7c71c3324e0f
[INFO] [stdout]                                at /rustc/0e09125c6c3c2fd70d7de961bcf0e51575235fad/library/test/src/lib.rs:650:27
[INFO] [stdout]   32:     0x55de5b8b2961 - test::run_test::{{closure}}::h1f509f28f5cf20b1
[INFO] [stdout]                                at /rustc/0e09125c6c3c2fd70d7de961bcf0e51575235fad/library/test/src/lib.rs:573:43
[INFO] [stdout]   33:     0x55de5b879c96 - test::run_test::{{closure}}::h1754218abf443f6d
[INFO] [stdout]                                at /rustc/0e09125c6c3c2fd70d7de961bcf0e51575235fad/library/test/src/lib.rs:601:41
[INFO] [stdout]   34:     0x55de5b879c96 - std::sys_common::backtrace::__rust_begin_short_backtrace::h2ee174b9d5954948
[INFO] [stdout]                                at /rustc/0e09125c6c3c2fd70d7de961bcf0e51575235fad/library/std/src/sys_common/backtrace.rs:155:18
[INFO] [stdout]   35:     0x55de5b87ecf7 - std::thread::Builder::spawn_unchecked_::{{closure}}::{{closure}}::hf60bee9c1a17ef09
[INFO] [stdout]                                at /rustc/0e09125c6c3c2fd70d7de961bcf0e51575235fad/library/std/src/thread/mod.rs:529:17
[INFO] [stdout]   36:     0x55de5b87ecf7 - <core::panic::unwind_safe::AssertUnwindSafe<F> as core::ops::function::FnOnce<()>>::call_once::h33d0dddec5216160
[INFO] [stdout]                                at /rustc/0e09125c6c3c2fd70d7de961bcf0e51575235fad/library/core/src/panic/unwind_safe.rs:272:9
[INFO] [stdout]   37:     0x55de5b87ecf7 - std::panicking::try::do_call::h144b3048b546f835
[INFO] [stdout]                                at /rustc/0e09125c6c3c2fd70d7de961bcf0e51575235fad/library/std/src/panicking.rs:552:40
[INFO] [stdout]   38:     0x55de5b87ecf7 - std::panicking::try::h978244d04646189f
[INFO] [stdout]                                at /rustc/0e09125c6c3c2fd70d7de961bcf0e51575235fad/library/std/src/panicking.rs:516:19
[INFO] [stdout]   39:     0x55de5b87ecf7 - std::panic::catch_unwind::hdf436369d188fe86
[INFO] [stdout]                                at /rustc/0e09125c6c3c2fd70d7de961bcf0e51575235fad/library/std/src/panic.rs:142:14
[INFO] [stdout]   40:     0x55de5b87ecf7 - std::thread::Builder::spawn_unchecked_::{{closure}}::h87329cbdd33c79ec
[INFO] [stdout]                                at /rustc/0e09125c6c3c2fd70d7de961bcf0e51575235fad/library/std/src/thread/mod.rs:528:30
[INFO] [stdout]   41:     0x55de5b87ecf7 - core::ops::function::FnOnce::call_once{{vtable.shim}}::h401abbe67897d450
[INFO] [stdout]                                at /rustc/0e09125c6c3c2fd70d7de961bcf0e51575235fad/library/core/src/ops/function.rs:250:5
[INFO] [stdout]   42:     0x55de5b9083c5 - <alloc::boxed::Box<F,A> as core::ops::function::FnOnce<Args>>::call_once::h5d7c8f150ab9c84c
[INFO] [stdout]                                at /rustc/0e09125c6c3c2fd70d7de961bcf0e51575235fad/library/alloc/src/boxed.rs:2015:9
[INFO] [stdout]   43:     0x55de5b9083c5 - <alloc::boxed::Box<F,A> as core::ops::function::FnOnce<Args>>::call_once::h570d5b005c242c15
[INFO] [stdout]                                at /rustc/0e09125c6c3c2fd70d7de961bcf0e51575235fad/library/alloc/src/boxed.rs:2015:9
[INFO] [stdout]   44:     0x55de5b9083c5 - std::sys::unix::thread::Thread::new::thread_start::h36b0a20c0b2361ad
[INFO] [stdout]                                at /rustc/0e09125c6c3c2fd70d7de961bcf0e51575235fad/library/std/src/sys/unix/thread.rs:108:17
[INFO] [stdout]   45:     0x7f715319bac3 - <unknown>
[INFO] [stdout]   46:     0x7f715322cbf4 - __clone
[INFO] [stdout]   47:                0x0 - <unknown>
[INFO] [stdout] 
[INFO] [stdout] 
[INFO] [stdout] failures:
[INFO] [stdout]     tests::empty_stream_frame
[INFO] [stdout] 
[INFO] [stdout] test result: FAILED. 286 passed; 1 failed; 1 ignored; 0 measured; 0 filtered out; finished in 1.94s
[INFO] [stdout] 
[INFO] [stderr] error: test failed, to rerun pass `--lib`
[INFO] running `Command { std: "docker" "inspect" "9a3ca49f0d9972735211a1c1c591a170055f3ace2f0b507289a1e44a45e8d0a5", kill_on_drop: false }`
[INFO] running `Command { std: "docker" "rm" "-f" "9a3ca49f0d9972735211a1c1c591a170055f3ace2f0b507289a1e44a45e8d0a5", kill_on_drop: false }`
[INFO] [stdout] 9a3ca49f0d9972735211a1c1c591a170055f3ace2f0b507289a1e44a45e8d0a5
