[INFO] cloning repository https://github.com/kyrosle/flutter_blog_backend
[INFO] running `Command { std: "git" "-c" "credential.helper=" "-c" "credential.helper=/workspace/cargo-home/bin/git-credential-null" "clone" "--bare" "https://github.com/kyrosle/flutter_blog_backend" "/workspace/cache/git-repos/https%3A%2F%2Fgithub.com%2Fkyrosle%2Fflutter_blog_backend", kill_on_drop: false }`
[INFO] [stderr] Cloning into bare repository '/workspace/cache/git-repos/https%3A%2F%2Fgithub.com%2Fkyrosle%2Fflutter_blog_backend'...
[INFO] running `Command { std: "git" "rev-parse" "HEAD", kill_on_drop: false }`
[INFO] [stdout] 94bd804910189b630752e87b4b597f42a911e798
[INFO] testing kyrosle/flutter_blog_backend against 1.75.0 for beta-1.76-1
[INFO] running `Command { std: "git" "clone" "/workspace/cache/git-repos/https%3A%2F%2Fgithub.com%2Fkyrosle%2Fflutter_blog_backend" "/workspace/builds/worker-6-tc1/source", kill_on_drop: false }`
[INFO] [stderr] Cloning into '/workspace/builds/worker-6-tc1/source'...
[INFO] [stderr] done.
[INFO] validating manifest of git repo https://github.com/kyrosle/flutter_blog_backend on toolchain 1.75.0
[INFO] running `Command { std: CARGO_HOME="/workspace/cargo-home" RUSTUP_HOME="/workspace/rustup-home" "/workspace/cargo-home/bin/cargo" "+1.75.0" "metadata" "--manifest-path" "Cargo.toml" "--no-deps", kill_on_drop: false }`
[INFO] started tweaking git repo https://github.com/kyrosle/flutter_blog_backend
[INFO] finished tweaking git repo https://github.com/kyrosle/flutter_blog_backend
[INFO] tweaked toml for git repo https://github.com/kyrosle/flutter_blog_backend written to /workspace/builds/worker-6-tc1/source/Cargo.toml
[INFO] crate git repo https://github.com/kyrosle/flutter_blog_backend already has a lockfile, it will not be regenerated
[INFO] running `Command { std: CARGO_HOME="/workspace/cargo-home" RUSTUP_HOME="/workspace/rustup-home" "/workspace/cargo-home/bin/cargo" "+1.75.0" "fetch" "--manifest-path" "Cargo.toml", kill_on_drop: false }`
[INFO] [stderr]     Updating crates.io index
[INFO] [stderr]     Blocking waiting for file lock on package cache
[INFO] [stderr]  Downloading crates ...
[INFO] [stderr]   Downloaded serde_yaml v0.9.14
[INFO] [stderr]   Downloaded bigdecimal v0.3.0
[INFO] [stderr]   Downloaded rbatis-macro-driver v4.0.15
[INFO] [stderr]   Downloaded axum-core v0.3.0
[INFO] [stderr]   Downloaded serde_path_to_error v0.1.8
[INFO] [stderr]   Downloaded ord_subset v3.1.1
[INFO] [stderr]   Downloaded dark-std v0.2.3
[INFO] [stderr]   Downloaded quickcheck v1.0.3
[INFO] [stderr]   Downloaded axum v0.6.0
[INFO] [stderr]   Downloaded matchit v0.6.0
[INFO] [stderr]   Downloaded rbdc v0.1.22
[INFO] [stderr]   Downloaded decimal v2.1.0
[INFO] [stderr]   Downloaded rbs v0.1.13
[INFO] [stderr]   Downloaded fast_log v1.5.46
[INFO] [stderr]   Downloaded fastdate v0.1.30
[INFO] [stderr]   Downloaded rbatis-codegen v4.0.24
[INFO] [stderr]   Downloaded rbdc-pg v0.1.20
[INFO] [stderr]   Downloaded rbatis v4.0.43
[INFO] running `Command { std: "docker" "create" "-v" "/var/lib/crater-agent-workspace/builds/worker-6-tc1/target:/opt/rustwide/target:rw,Z" "-v" "/var/lib/crater-agent-workspace/builds/worker-6-tc1/source:/opt/rustwide/workdir:ro,Z" "-v" "/var/lib/crater-agent-workspace/cargo-home:/opt/rustwide/cargo-home:ro,Z" "-v" "/var/lib/crater-agent-workspace/rustup-home:/opt/rustwide/rustup-home:ro,Z" "-e" "SOURCE_DIR=/opt/rustwide/workdir" "-e" "CARGO_TARGET_DIR=/opt/rustwide/target" "-e" "CARGO_HOME=/opt/rustwide/cargo-home" "-e" "RUSTUP_HOME=/opt/rustwide/rustup-home" "-w" "/opt/rustwide/workdir" "-m" "1610612736" "--user" "0:0" "--network" "none" "ghcr.io/rust-lang/crates-build-env/linux@sha256:2788e3201cd34a07e3172128adcd8b3090168a8e3bcc40d7c032b9dda1df7d1c" "/opt/rustwide/cargo-home/bin/cargo" "+1.75.0" "metadata" "--no-deps" "--format-version=1", kill_on_drop: false }`
[INFO] [stdout] 3bac4d694707350d07c93e8ba1ef3d79b6d446f20e673a9ab3771a819b4fcfe0
[INFO] running `Command { std: "docker" "start" "-a" "3bac4d694707350d07c93e8ba1ef3d79b6d446f20e673a9ab3771a819b4fcfe0", kill_on_drop: false }`
[INFO] running `Command { std: "docker" "inspect" "3bac4d694707350d07c93e8ba1ef3d79b6d446f20e673a9ab3771a819b4fcfe0", kill_on_drop: false }`
[INFO] running `Command { std: "docker" "rm" "-f" "3bac4d694707350d07c93e8ba1ef3d79b6d446f20e673a9ab3771a819b4fcfe0", kill_on_drop: false }`
[INFO] [stdout] 3bac4d694707350d07c93e8ba1ef3d79b6d446f20e673a9ab3771a819b4fcfe0
[INFO] running `Command { std: "docker" "create" "-v" "/var/lib/crater-agent-workspace/builds/worker-6-tc1/target:/opt/rustwide/target:rw,Z" "-v" "/var/lib/crater-agent-workspace/builds/worker-6-tc1/source:/opt/rustwide/workdir:ro,Z" "-v" "/var/lib/crater-agent-workspace/cargo-home:/opt/rustwide/cargo-home:ro,Z" "-v" "/var/lib/crater-agent-workspace/rustup-home:/opt/rustwide/rustup-home:ro,Z" "-e" "SOURCE_DIR=/opt/rustwide/workdir" "-e" "CARGO_TARGET_DIR=/opt/rustwide/target" "-e" "CARGO_INCREMENTAL=0" "-e" "RUST_BACKTRACE=full" "-e" "RUSTFLAGS=--cap-lints=warn" "-e" "RUSTDOCFLAGS=--cap-lints=warn" "-e" "CARGO_HOME=/opt/rustwide/cargo-home" "-e" "RUSTUP_HOME=/opt/rustwide/rustup-home" "-w" "/opt/rustwide/workdir" "-m" "1610612736" "--user" "0:0" "--network" "none" "ghcr.io/rust-lang/crates-build-env/linux@sha256:2788e3201cd34a07e3172128adcd8b3090168a8e3bcc40d7c032b9dda1df7d1c" "/opt/rustwide/cargo-home/bin/cargo" "+1.75.0" "build" "--frozen" "--message-format=json", kill_on_drop: false }`
[INFO] [stdout] f9abad0e6db06b2fc254416ad3137e00c7a73b7eef12dc8103bfb01731e47132
[INFO] running `Command { std: "docker" "start" "-a" "f9abad0e6db06b2fc254416ad3137e00c7a73b7eef12dc8103bfb01731e47132", kill_on_drop: false }`
[INFO] [stderr]    Compiling libc v0.2.137
[INFO] [stderr]    Compiling autocfg v1.1.0
[INFO] [stderr]    Compiling proc-macro2 v1.0.47
[INFO] [stderr]    Compiling quote v1.0.21
[INFO] [stderr]    Compiling unicode-ident v1.0.5
[INFO] [stderr]    Compiling syn v1.0.104
[INFO] [stderr]    Compiling once_cell v1.16.0
[INFO] [stderr]    Compiling log v0.4.17
[INFO] [stderr]    Compiling serde_derive v1.0.148
[INFO] [stderr]    Compiling memchr v2.5.0
[INFO] [stderr]    Compiling version_check v0.9.4
[INFO] [stderr]    Compiling serde v1.0.148
[INFO] [stderr]    Compiling itoa v1.0.4
[INFO] [stderr]    Compiling futures-core v0.3.25
[INFO] [stderr]    Compiling pin-project-lite v0.2.9
[INFO] [stderr]    Compiling futures-sink v0.3.25
[INFO] [stderr]    Compiling parking_lot_core v0.9.4
[INFO] [stderr]    Compiling smallvec v1.10.0
[INFO] [stderr]    Compiling bytes v1.3.0
[INFO] [stderr]    Compiling futures-channel v0.3.25
[INFO] [stderr]    Compiling pkg-config v0.3.26
[INFO] [stderr]    Compiling futures-task v0.3.25
[INFO] [stderr]    Compiling ryu v1.0.11
[INFO] [stderr]    Compiling futures-util v0.3.25
[INFO] [stderr]    Compiling thiserror v1.0.37
[INFO] [stderr]    Compiling regex-syntax v0.6.28
[INFO] [stderr]    Compiling async-trait v0.1.58
[INFO] [stderr]    Compiling futures-io v0.3.25
[INFO] [stderr]    Compiling lock_api v0.4.9
[INFO] [stderr]    Compiling slab v0.4.7
[INFO] [stderr]    Compiling num-traits v0.2.15
[INFO] [stderr]    Compiling tokio v1.22.0
[INFO] [stderr]    Compiling tinyvec v1.6.0
[INFO] [stderr]    Compiling ucd-trie v0.1.5
[INFO] [stderr]    Compiling paste v1.0.9
[INFO] [stderr]    Compiling typenum v1.15.0
[INFO] [stderr]    Compiling crossbeam-utils v0.8.14
[INFO] [stderr]    Compiling aho-corasick v0.7.20
[INFO] [stderr]    Compiling percent-encoding v2.2.0
[INFO] [stderr]    Compiling byteorder v1.4.3
[INFO] [stderr]    Compiling generic-array v0.14.6
[INFO] [stderr]    Compiling jobserver v0.1.25
[INFO] [stderr]    Compiling getrandom v0.2.8
[INFO] [stderr]    Compiling num_cpus v1.14.0
[INFO] [stderr]    Compiling cc v1.0.77
[INFO] [stderr]    Compiling signal-hook-registry v1.4.0
[INFO] [stderr]    Compiling parking_lot v0.12.1
[INFO] [stderr]    Compiling socket2 v0.4.7
[INFO] [stderr]    Compiling mio v0.8.5
[INFO] [stderr]    Compiling form_urlencoded v1.1.0
[INFO] [stderr]    Compiling ahash v0.7.6
[INFO] [stderr]    Compiling unicode-bidi v0.3.8
[INFO] [stderr]    Compiling regex v1.7.0
[INFO] [stderr]    Compiling unicode-normalization v0.1.22
[INFO] [stderr]    Compiling rand_core v0.6.4
[INFO] [stderr]    Compiling memoffset v0.7.1
[INFO] [stderr]    Compiling rustversion v1.0.9
[INFO] [stderr]    Compiling serde_json v1.0.89
[INFO] [stderr]    Compiling ppv-lite86 v0.2.17
[INFO] [stderr]    Compiling crossbeam-epoch v0.9.13
[INFO] [stderr]    Compiling base64 v0.13.1
[INFO] [stderr]    Compiling idna v0.3.0
[INFO] [stderr]    Compiling rand_chacha v0.3.1
[INFO] [stderr]    Compiling hashbrown v0.12.3
[INFO] [stderr]    Compiling rustls v0.20.7
[INFO] [stderr]    Compiling crossbeam-queue v0.3.8
[INFO] [stderr]    Compiling ring v0.16.20
[INFO] [stderr]    Compiling libz-sys v1.1.8
[INFO] [stderr]    Compiling openssl-sys v0.9.78
[INFO] [stderr]    Compiling rand v0.8.5
[INFO] [stderr]    Compiling env_logger v0.8.4
[INFO] [stderr]    Compiling url v2.3.1
[INFO] [stderr]    Compiling crypto-common v0.1.6
[INFO] [stderr]    Compiling block-buffer v0.10.3
[INFO] [stderr]    Compiling libssh2-sys v0.2.23
[INFO] [stderr]    Compiling http v0.2.8
[INFO] [stderr]    Compiling rmp v0.8.11
[INFO] [stderr]    Compiling num-integer v0.1.45
[INFO] [stderr]    Compiling tracing-core v0.1.30
[INFO] [stderr]    Compiling tower-service v0.3.2
[INFO] [stderr]    Compiling subtle v2.4.1
[INFO] [stderr]    Compiling bitflags v1.3.2
[INFO] [stderr]    Compiling quickcheck v1.0.3
[INFO] [stderr]    Compiling crossbeam-deque v0.8.2
[INFO] [stderr]    Compiling digest v0.10.6
[INFO] [stderr]    Compiling crossbeam-channel v0.5.6
[INFO] [stderr]    Compiling spin v0.9.4
[INFO] [stderr]    Compiling num-bigint v0.4.3
[INFO] [stderr]    Compiling tracing v0.1.37
[INFO] [stderr]    Compiling retain_mut v0.1.9
[INFO] [stderr]    Compiling tower-layer v0.3.2
[INFO] [stderr]    Compiling deadpool-runtime v0.1.2
[INFO] [stderr]    Compiling http-body v0.4.5
[INFO] [stderr]    Compiling httparse v1.8.0
[INFO] [stderr]    Compiling crossbeam v0.8.2
[INFO] [stderr]    Compiling axum-core v0.3.0
[INFO] [stderr]    Compiling hashlink v0.8.1
[INFO] [stderr]    Compiling libgit2-sys v0.14.0+1.5.0
[INFO] [stderr]    Compiling decimal v2.1.0
[INFO] [stderr]    Compiling rustls-pemfile v1.0.1
[INFO] [stderr]    Compiling uuid v1.2.2
[INFO] [stderr]    Compiling indexmap v1.9.2
[INFO] [stderr]    Compiling want v0.3.0
[INFO] [stderr]    Compiling axum v0.6.0
[INFO] [stderr]    Compiling dirs-sys v0.3.7
[INFO] [stderr]    Compiling cpufeatures v0.2.5
[INFO] [stderr]    Compiling anyhow v1.0.66
[INFO] [stderr]    Compiling ord_subset v3.1.1
[INFO] [stderr]    Compiling httpdate v1.0.2
[INFO] [stderr]    Compiling http-range-header v0.3.0
[INFO] [stderr]    Compiling dirs v4.0.0
[INFO] [stderr]    Compiling sha2 v0.10.6
[INFO] [stderr]    Compiling hmac v0.12.1
[INFO] [stderr]    Compiling md-5 v0.10.5
[INFO] [stderr]    Compiling stringprep v0.1.2
[INFO] [stderr]    Compiling atoi v2.0.0
[INFO] [stderr]    Compiling sync_wrapper v0.1.1
[INFO] [stderr]    Compiling unsafe-libyaml v0.2.4
[INFO] [stderr]    Compiling remove_dir_all v0.5.3
[INFO] [stderr]    Compiling fastrand v1.8.0
[INFO] [stderr]    Compiling openssl-probe v0.1.5
[INFO] [stderr]    Compiling either v1.8.0
[INFO] [stderr]    Compiling whoami v1.2.3
[INFO] [stderr]    Compiling matchit v0.6.0
[INFO] [stderr]    Compiling tempfile v3.3.0
[INFO] [stderr]    Compiling bigdecimal v0.3.0
[INFO] [stderr]    Compiling thiserror-impl v1.0.37
[INFO] [stderr]    Compiling futures-macro v0.3.25
[INFO] [stderr]    Compiling tokio-macros v1.8.0
[INFO] [stderr]    Compiling pin-project-internal v1.0.12
[INFO] [stderr]    Compiling webpki v0.22.0
[INFO] [stderr]    Compiling sct v0.7.0
[INFO] [stderr]    Compiling webpki-roots v0.22.5
[INFO] [stderr]    Compiling pin-project v1.0.12
[INFO] [stderr]    Compiling flume v0.10.14
[INFO] [stderr]    Compiling pest v2.5.0
[INFO] [stderr]    Compiling pest_meta v2.5.0
[INFO] [stderr]    Compiling pest_generator v2.5.0
[INFO] [stderr]    Compiling pest_derive v2.5.0
[INFO] [stderr]    Compiling futures-executor v0.3.25
[INFO] [stderr]    Compiling futures v0.3.25
[INFO] [stderr]    Compiling deadpool v0.9.5
[INFO] [stderr]    Compiling tokio-rustls v0.23.4
[INFO] [stderr]    Compiling tower v0.4.13
[INFO] [stderr]    Compiling hyper v0.14.23
[INFO] [stderr]    Compiling tower-http v0.3.4
[INFO] [stderr]    Compiling git2 v0.15.0
[INFO] [stderr]    Compiling serde_bytes v0.11.7
[INFO] [stderr]    Compiling fastdate v0.1.30
[INFO] [stderr]    Compiling dark-std v0.2.3
[INFO] [stderr]    Compiling serde_urlencoded v0.7.1
[INFO] [stderr]    Compiling serde_path_to_error v0.1.8
[INFO] [stderr]    Compiling serde_yaml v0.9.14
[INFO] [stderr]    Compiling rbs v0.1.13
[INFO] [stderr]    Compiling fast_log v1.5.46
[INFO] [stderr]    Compiling html_parser v0.6.3
[INFO] [stderr]    Compiling rbdc v0.1.22
[INFO] [stderr]    Compiling rbatis-codegen v4.0.24
[INFO] [stderr]    Compiling rbdc-pg v0.1.20
[INFO] [stderr]    Compiling rbatis-macro-driver v4.0.15
[INFO] [stderr]    Compiling rbatis v4.0.43
[INFO] [stderr]    Compiling flutter_blog_backend v0.1.0 (/opt/rustwide/workdir)
[INFO] [stderr]     Finished dev [unoptimized + debuginfo] target(s) in 46.81s
[INFO] [stderr] warning: the following packages contain code that will be rejected by a future version of Rust: rustc-serialize v0.3.24
[INFO] [stderr] note: to see what the problems were, use the option `--future-incompat-report`, or run `cargo report future-incompatibilities --id 1`
[INFO] running `Command { std: "docker" "inspect" "f9abad0e6db06b2fc254416ad3137e00c7a73b7eef12dc8103bfb01731e47132", kill_on_drop: false }`
[INFO] running `Command { std: "docker" "rm" "-f" "f9abad0e6db06b2fc254416ad3137e00c7a73b7eef12dc8103bfb01731e47132", kill_on_drop: false }`
[INFO] [stdout] f9abad0e6db06b2fc254416ad3137e00c7a73b7eef12dc8103bfb01731e47132
[INFO] running `Command { std: "docker" "create" "-v" "/var/lib/crater-agent-workspace/builds/worker-6-tc1/target:/opt/rustwide/target:rw,Z" "-v" "/var/lib/crater-agent-workspace/builds/worker-6-tc1/source:/opt/rustwide/workdir:ro,Z" "-v" "/var/lib/crater-agent-workspace/cargo-home:/opt/rustwide/cargo-home:ro,Z" "-v" "/var/lib/crater-agent-workspace/rustup-home:/opt/rustwide/rustup-home:ro,Z" "-e" "SOURCE_DIR=/opt/rustwide/workdir" "-e" "CARGO_TARGET_DIR=/opt/rustwide/target" "-e" "CARGO_INCREMENTAL=0" "-e" "RUST_BACKTRACE=full" "-e" "RUSTFLAGS=--cap-lints=warn" "-e" "RUSTDOCFLAGS=--cap-lints=warn" "-e" "CARGO_HOME=/opt/rustwide/cargo-home" "-e" "RUSTUP_HOME=/opt/rustwide/rustup-home" "-w" "/opt/rustwide/workdir" "-m" "1610612736" "--user" "0:0" "--network" "none" "ghcr.io/rust-lang/crates-build-env/linux@sha256:2788e3201cd34a07e3172128adcd8b3090168a8e3bcc40d7c032b9dda1df7d1c" "/opt/rustwide/cargo-home/bin/cargo" "+1.75.0" "test" "--frozen" "--no-run" "--message-format=json", kill_on_drop: false }`
[INFO] [stdout] 0116623c752aae9281fefa5ba77078c929a02ad2b4cc317a6b16c5007090381f
[INFO] running `Command { std: "docker" "start" "-a" "0116623c752aae9281fefa5ba77078c929a02ad2b4cc317a6b16c5007090381f", kill_on_drop: false }`
[INFO] [stderr]    Compiling flutter_blog_backend v0.1.0 (/opt/rustwide/workdir)
[INFO] [stderr]     Finished test [unoptimized + debuginfo] target(s) in 3.49s
[INFO] [stderr] warning: the following packages contain code that will be rejected by a future version of Rust: rustc-serialize v0.3.24
[INFO] [stderr] note: to see what the problems were, use the option `--future-incompat-report`, or run `cargo report future-incompatibilities --id 1`
[INFO] running `Command { std: "docker" "inspect" "0116623c752aae9281fefa5ba77078c929a02ad2b4cc317a6b16c5007090381f", kill_on_drop: false }`
[INFO] running `Command { std: "docker" "rm" "-f" "0116623c752aae9281fefa5ba77078c929a02ad2b4cc317a6b16c5007090381f", kill_on_drop: false }`
[INFO] [stdout] 0116623c752aae9281fefa5ba77078c929a02ad2b4cc317a6b16c5007090381f
[INFO] running `Command { std: "docker" "create" "-v" "/var/lib/crater-agent-workspace/builds/worker-6-tc1/target:/opt/rustwide/target:rw,Z" "-v" "/var/lib/crater-agent-workspace/builds/worker-6-tc1/source:/opt/rustwide/workdir:ro,Z" "-v" "/var/lib/crater-agent-workspace/cargo-home:/opt/rustwide/cargo-home:ro,Z" "-v" "/var/lib/crater-agent-workspace/rustup-home:/opt/rustwide/rustup-home:ro,Z" "-e" "SOURCE_DIR=/opt/rustwide/workdir" "-e" "CARGO_TARGET_DIR=/opt/rustwide/target" "-e" "CARGO_INCREMENTAL=0" "-e" "RUST_BACKTRACE=full" "-e" "RUSTFLAGS=--cap-lints=warn" "-e" "RUSTDOCFLAGS=--cap-lints=warn" "-e" "CARGO_HOME=/opt/rustwide/cargo-home" "-e" "RUSTUP_HOME=/opt/rustwide/rustup-home" "-w" "/opt/rustwide/workdir" "-m" "1610612736" "--user" "0:0" "--network" "none" "ghcr.io/rust-lang/crates-build-env/linux@sha256:2788e3201cd34a07e3172128adcd8b3090168a8e3bcc40d7c032b9dda1df7d1c" "/opt/rustwide/cargo-home/bin/cargo" "+1.75.0" "test" "--frozen", kill_on_drop: false }`
[INFO] [stdout] c51e8b7c4c9bd9471a6dce51c452439cd5f543eaaf96ca6a0993e166475df91e
[INFO] running `Command { std: "docker" "start" "-a" "c51e8b7c4c9bd9471a6dce51c452439cd5f543eaaf96ca6a0993e166475df91e", kill_on_drop: false }`
[INFO] [stderr]     Finished test [unoptimized + debuginfo] target(s) in 0.11s
[INFO] [stderr] warning: the following packages contain code that will be rejected by a future version of Rust: rustc-serialize v0.3.24
[INFO] [stderr] note: to see what the problems were, use the option `--future-incompat-report`, or run `cargo report future-incompatibilities --id 1`
[INFO] [stderr]      Running unittests src/lib.rs (/opt/rustwide/target/debug/deps/flutter_blog_backend-24acd5e05f064f07)
[INFO] [stdout] 
[INFO] [stdout] running 4 tests
[INFO] [stdout] test core::spath::test::test_spath_to_str ... ok
[INFO] [stdout] test core::spath::test::test_check_file ... ok
[INFO] [stdout] test core::spath::test::test_check_dir_file ... ok
[INFO] [stdout] test core::spath::test::test_check_dir ... ok
[INFO] [stdout] 
[INFO] [stdout] test result: ok. 4 passed; 0 failed; 0 ignored; 0 measured; 0 filtered out; finished in 0.00s
[INFO] [stdout] 
[INFO] [stderr]      Running unittests src/main.rs (/opt/rustwide/target/debug/deps/flutter_blog_backend-d2c867df31d5230c)
[INFO] [stdout] 
[INFO] [stdout] running 0 tests
[INFO] [stdout] 
[INFO] [stdout] test result: ok. 0 passed; 0 failed; 0 ignored; 0 measured; 0 filtered out; finished in 0.00s
[INFO] [stdout] 
[INFO] [stderr]    Doc-tests flutter_blog_backend
[INFO] [stdout] 
[INFO] [stdout] running 1 test
[INFO] [stdout] test src/utils/git_pull.rs - utils::git_pull::run (line 195) ... FAILED
[INFO] [stdout] 
[INFO] [stdout] failures:
[INFO] [stdout] 
[INFO] [stdout] ---- src/utils/git_pull.rs - utils::git_pull::run (line 195) stdout ----
[INFO] [stdout] error[E0432]: unresolved import `structopt`
[INFO] [stdout]  --> src/utils/git_pull.rs:196:5
[INFO] [stdout]   |
[INFO] [stdout] 3 | use structopt::StructOpt;
[INFO] [stdout]   |     ^^^^^^^^^ use of undeclared crate or module `structopt`
[INFO] [stdout] 
[INFO] [stdout] error: cannot determine resolution for the derive macro `StructOpt`
[INFO] [stdout]  --> src/utils/git_pull.rs:198:10
[INFO] [stdout]   |
[INFO] [stdout] 5 | #[derive(StructOpt)]
[INFO] [stdout]   |          ^^^^^^^^^
[INFO] [stdout]   |
[INFO] [stdout]   = note: import resolution is stuck, try simplifying macro imports
[INFO] [stdout] 
[INFO] [stdout] error[E0425]: cannot find function `run` in this scope
[INFO] [stdout]   --> src/utils/git_pull.rs:205:11
[INFO] [stdout]    |
[INFO] [stdout] 12 |     match run(&args) {
[INFO] [stdout]    |           ^^^ not found in this scope
[INFO] [stdout]    |
[INFO] [stdout] help: consider importing this function
[INFO] [stdout]    |
[INFO] [stdout] 2  + use flutter_blog_backend::utils::git_pull::run;
[INFO] [stdout]    |
[INFO] [stdout] 
[INFO] [stdout] error[E0599]: no function or associated item named `from_args` found for struct `_doctest_main_src_utils_git_pull_rs_195_0::Args` in the current scope
[INFO] [stdout]   --> src/utils/git_pull.rs:204:22
[INFO] [stdout]    |
[INFO] [stdout] 6  | struct Args {
[INFO] [stdout]    | ----------- function or associated item `from_args` not found for this struct
[INFO] [stdout] ...
[INFO] [stdout] 11 |     let args = Args::from_args();
[INFO] [stdout]    |                      ^^^^^^^^^ function or associated item not found in `Args`
[INFO] [stdout] 
[INFO] [stdout] error: aborting due to 4 previous errors
[INFO] [stdout] 
[INFO] [stdout] Some errors have detailed explanations: E0425, E0432, E0599.
[INFO] [stdout] For more information about an error, try `rustc --explain E0425`.
[INFO] [stdout] Couldn't compile the test.
[INFO] [stdout] 
[INFO] [stdout] failures:
[INFO] [stdout]     src/utils/git_pull.rs - utils::git_pull::run (line 195)
[INFO] [stdout] 
[INFO] [stdout] test result: FAILED. 0 passed; 1 failed; 0 ignored; 0 measured; 0 filtered out; finished in 0.18s
[INFO] [stdout] 
[INFO] [stderr] error: doctest failed, to rerun pass `--doc`
[INFO] running `Command { std: "docker" "inspect" "c51e8b7c4c9bd9471a6dce51c452439cd5f543eaaf96ca6a0993e166475df91e", kill_on_drop: false }`
[INFO] running `Command { std: "docker" "rm" "-f" "c51e8b7c4c9bd9471a6dce51c452439cd5f543eaaf96ca6a0993e166475df91e", kill_on_drop: false }`
[INFO] [stdout] c51e8b7c4c9bd9471a6dce51c452439cd5f543eaaf96ca6a0993e166475df91e
