[INFO] cloning repository https://github.com/j-mcavoy/larvae
[INFO] running `Command { std: "git" "-c" "credential.helper=" "-c" "credential.helper=/workspace/cargo-home/bin/git-credential-null" "clone" "--bare" "https://github.com/j-mcavoy/larvae" "/workspace/cache/git-repos/https%3A%2F%2Fgithub.com%2Fj-mcavoy%2Flarvae", kill_on_drop: false }`
[INFO] [stderr] Cloning into bare repository '/workspace/cache/git-repos/https%3A%2F%2Fgithub.com%2Fj-mcavoy%2Flarvae'...
[INFO] running `Command { std: "git" "rev-parse" "HEAD", kill_on_drop: false }`
[INFO] [stdout] 531c35cddeda9e73e8aedfbe970c35cc0af6dfcf
[INFO] testing j-mcavoy/larvae against 1.75.0 for beta-1.76-1
[INFO] running `Command { std: "git" "clone" "/workspace/cache/git-repos/https%3A%2F%2Fgithub.com%2Fj-mcavoy%2Flarvae" "/workspace/builds/worker-2-tc1/source", kill_on_drop: false }`
[INFO] [stderr] Cloning into '/workspace/builds/worker-2-tc1/source'...
[INFO] [stderr] done.
[INFO] validating manifest of git repo https://github.com/j-mcavoy/larvae on toolchain 1.75.0
[INFO] running `Command { std: CARGO_HOME="/workspace/cargo-home" RUSTUP_HOME="/workspace/rustup-home" "/workspace/cargo-home/bin/cargo" "+1.75.0" "metadata" "--manifest-path" "Cargo.toml" "--no-deps", kill_on_drop: false }`
[INFO] started tweaking git repo https://github.com/j-mcavoy/larvae
[INFO] finished tweaking git repo https://github.com/j-mcavoy/larvae
[INFO] tweaked toml for git repo https://github.com/j-mcavoy/larvae written to /workspace/builds/worker-2-tc1/source/Cargo.toml
[INFO] crate git repo https://github.com/j-mcavoy/larvae already has a lockfile, it will not be regenerated
[INFO] running `Command { std: CARGO_HOME="/workspace/cargo-home" RUSTUP_HOME="/workspace/rustup-home" "/workspace/cargo-home/bin/cargo" "+1.75.0" "fetch" "--manifest-path" "Cargo.toml", kill_on_drop: false }`
[INFO] [stderr]     Updating crates.io index
[INFO] [stderr]  Downloading crates ...
[INFO] [stderr]   Downloaded shunting v0.0.9
[INFO] [stderr]   Downloaded dylib v0.0.3
[INFO] [stderr]   Downloaded io-lifetimes v0.7.3
[INFO] [stderr]   Downloaded rustix v0.35.11
[INFO] [stderr]   Downloaded spfunc v0.1.0
[INFO] [stderr]   Downloaded lexers v0.1.4
[INFO] [stderr]   Downloaded earlgrey v0.3.2
[INFO] running `Command { std: "docker" "create" "-v" "/var/lib/crater-agent-workspace/builds/worker-2-tc1/target:/opt/rustwide/target:rw,Z" "-v" "/var/lib/crater-agent-workspace/builds/worker-2-tc1/source:/opt/rustwide/workdir:ro,Z" "-v" "/var/lib/crater-agent-workspace/cargo-home:/opt/rustwide/cargo-home:ro,Z" "-v" "/var/lib/crater-agent-workspace/rustup-home:/opt/rustwide/rustup-home:ro,Z" "-e" "SOURCE_DIR=/opt/rustwide/workdir" "-e" "CARGO_TARGET_DIR=/opt/rustwide/target" "-e" "CARGO_HOME=/opt/rustwide/cargo-home" "-e" "RUSTUP_HOME=/opt/rustwide/rustup-home" "-w" "/opt/rustwide/workdir" "-m" "1610612736" "--user" "0:0" "--network" "none" "ghcr.io/rust-lang/crates-build-env/linux@sha256:2788e3201cd34a07e3172128adcd8b3090168a8e3bcc40d7c032b9dda1df7d1c" "/opt/rustwide/cargo-home/bin/cargo" "+1.75.0" "metadata" "--no-deps" "--format-version=1", kill_on_drop: false }`
[INFO] [stdout] 3bf6fe39456beba0df0176d26ec1a9d592b05f1178ec1783bc5f9024bcdfa964
[INFO] running `Command { std: "docker" "start" "-a" "3bf6fe39456beba0df0176d26ec1a9d592b05f1178ec1783bc5f9024bcdfa964", kill_on_drop: false }`
[INFO] running `Command { std: "docker" "inspect" "3bf6fe39456beba0df0176d26ec1a9d592b05f1178ec1783bc5f9024bcdfa964", kill_on_drop: false }`
[INFO] running `Command { std: "docker" "rm" "-f" "3bf6fe39456beba0df0176d26ec1a9d592b05f1178ec1783bc5f9024bcdfa964", kill_on_drop: false }`
[INFO] [stdout] 3bf6fe39456beba0df0176d26ec1a9d592b05f1178ec1783bc5f9024bcdfa964
[INFO] running `Command { std: "docker" "create" "-v" "/var/lib/crater-agent-workspace/builds/worker-2-tc1/target:/opt/rustwide/target:rw,Z" "-v" "/var/lib/crater-agent-workspace/builds/worker-2-tc1/source:/opt/rustwide/workdir:ro,Z" "-v" "/var/lib/crater-agent-workspace/cargo-home:/opt/rustwide/cargo-home:ro,Z" "-v" "/var/lib/crater-agent-workspace/rustup-home:/opt/rustwide/rustup-home:ro,Z" "-e" "SOURCE_DIR=/opt/rustwide/workdir" "-e" "CARGO_TARGET_DIR=/opt/rustwide/target" "-e" "CARGO_INCREMENTAL=0" "-e" "RUST_BACKTRACE=full" "-e" "RUSTFLAGS=--cap-lints=warn" "-e" "RUSTDOCFLAGS=--cap-lints=warn" "-e" "CARGO_HOME=/opt/rustwide/cargo-home" "-e" "RUSTUP_HOME=/opt/rustwide/rustup-home" "-w" "/opt/rustwide/workdir" "-m" "1610612736" "--user" "0:0" "--network" "none" "ghcr.io/rust-lang/crates-build-env/linux@sha256:2788e3201cd34a07e3172128adcd8b3090168a8e3bcc40d7c032b9dda1df7d1c" "/opt/rustwide/cargo-home/bin/cargo" "+1.75.0" "build" "--frozen" "--message-format=json", kill_on_drop: false }`
[INFO] [stdout] 7820968c1af21652b0b65b86b186da7271d79d5c3d1f5e79fbd514a18c2dcb29
[INFO] running `Command { std: "docker" "start" "-a" "7820968c1af21652b0b65b86b186da7271d79d5c3d1f5e79fbd514a18c2dcb29", kill_on_drop: false }`
[INFO] [stderr]    Compiling libc v0.2.135
[INFO] [stderr]    Compiling memchr v2.5.0
[INFO] [stderr]    Compiling log v0.4.17
[INFO] [stderr]    Compiling proc-macro2 v1.0.47
[INFO] [stderr]    Compiling num-traits v0.2.15
[INFO] [stderr]    Compiling serde v1.0.147
[INFO] [stderr]    Compiling io-lifetimes v0.7.3
[INFO] [stderr]    Compiling memoffset v0.6.5
[INFO] [stderr]    Compiling rustix v0.35.11
[INFO] [stderr]    Compiling cfg-if v0.1.10
[INFO] [stderr]    Compiling quote v1.0.21
[INFO] [stderr]    Compiling nix v0.14.1
[INFO] [stderr]    Compiling unicode-ident v1.0.5
[INFO] [stderr]    Compiling unicode-width v0.1.10
[INFO] [stderr]    Compiling smallvec v1.10.0
[INFO] [stderr]    Compiling void v1.0.2
[INFO] [stderr]    Compiling syn v1.0.102
[INFO] [stderr]    Compiling unicode-segmentation v1.10.0
[INFO] [stderr]    Compiling linux-raw-sys v0.0.46
[INFO] [stderr]    Compiling nibble_vec v0.1.0
[INFO] [stderr]    Compiling aho-corasick v0.7.19
[INFO] [stderr]    Compiling regex-syntax v0.6.27
[INFO] [stderr]    Compiling utf8parse v0.1.1
[INFO] [stderr]    Compiling endian-type v0.1.2
[INFO] [stderr]    Compiling radix_trie v0.2.1
[INFO] [stderr]    Compiling getrandom v0.2.7
[INFO] [stderr]    Compiling dirs-sys v0.3.7
[INFO] [stderr]    Compiling dirs-sys-next v0.1.2
[INFO] [stderr]    Compiling rand_core v0.6.4
[INFO] [stderr]    Compiling dirs v2.0.2
[INFO] [stderr]    Compiling rand_chacha v0.3.1
[INFO] [stderr]    Compiling rand v0.8.5
[INFO] [stderr]    Compiling dirs-next v2.0.0
[INFO] [stderr]    Compiling atty v0.2.14
[INFO] [stderr]    Compiling dylib v0.0.3
[INFO] [stderr]    Compiling nix v0.23.1
[INFO] [stderr]    Compiling nom v1.2.4
[INFO] [stderr]    Compiling regex v1.6.0
[INFO] [stderr]    Compiling fd-lock v3.0.6
[INFO] [stderr]    Compiling num-complex v0.4.2
[INFO] [stderr]    Compiling utf8parse v0.2.0
[INFO] [stderr]    Compiling minimal-lexical v0.2.1
[INFO] [stderr]    Compiling lexers v0.1.4
[INFO] [stderr]    Compiling humantime v2.1.0
[INFO] [stderr]    Compiling termcolor v1.1.3
[INFO] [stderr]    Compiling rustyline v5.0.6
[INFO] [stderr]    Compiling cauchy v0.4.0
[INFO] [stderr]    Compiling meval v0.2.0
[INFO] [stderr]    Compiling spfunc v0.1.0
[INFO] [stderr]    Compiling env_logger v0.9.1
[INFO] [stderr]    Compiling nom v7.1.1
[INFO] [stderr]    Compiling shunting v0.0.9
[INFO] [stderr]    Compiling earlgrey v0.3.2
[INFO] [stderr]    Compiling float-pretty-print v0.1.1
[INFO] [stderr]    Compiling pom v3.2.0
[INFO] [stderr]    Compiling rustyline v9.1.2
[INFO] [stderr]    Compiling larvae_macros v0.1.0 (/opt/rustwide/workdir/macros)
[INFO] [stderr]    Compiling larvae v0.1.0 (/opt/rustwide/workdir)
[INFO] [stdout] warning: unused import: `quantity::*`
[INFO] [stdout]  --> src/core.rs:6:9
[INFO] [stdout]   |
[INFO] [stdout] 6 | pub use quantity::*;
[INFO] [stdout]   |         ^^^^^^^^^^^
[INFO] [stdout]   |
[INFO] [stdout]   = note: `#[warn(unused_imports)]` on by default
[INFO] [stdout] 
[INFO] [stdout] 
[INFO] [stdout] warning: 1 warning emitted
[INFO] [stdout] 
[INFO] [stdout] 
[INFO] [stderr]     Finished dev [unoptimized + debuginfo] target(s) in 21.07s
[INFO] [stderr] warning: the following packages contain code that will be rejected by a future version of Rust: nom v1.2.4
[INFO] [stderr] note: to see what the problems were, use the option `--future-incompat-report`, or run `cargo report future-incompatibilities --id 1`
[INFO] running `Command { std: "docker" "inspect" "7820968c1af21652b0b65b86b186da7271d79d5c3d1f5e79fbd514a18c2dcb29", kill_on_drop: false }`
[INFO] running `Command { std: "docker" "rm" "-f" "7820968c1af21652b0b65b86b186da7271d79d5c3d1f5e79fbd514a18c2dcb29", kill_on_drop: false }`
[INFO] [stdout] 7820968c1af21652b0b65b86b186da7271d79d5c3d1f5e79fbd514a18c2dcb29
[INFO] running `Command { std: "docker" "create" "-v" "/var/lib/crater-agent-workspace/builds/worker-2-tc1/target:/opt/rustwide/target:rw,Z" "-v" "/var/lib/crater-agent-workspace/builds/worker-2-tc1/source:/opt/rustwide/workdir:ro,Z" "-v" "/var/lib/crater-agent-workspace/cargo-home:/opt/rustwide/cargo-home:ro,Z" "-v" "/var/lib/crater-agent-workspace/rustup-home:/opt/rustwide/rustup-home:ro,Z" "-e" "SOURCE_DIR=/opt/rustwide/workdir" "-e" "CARGO_TARGET_DIR=/opt/rustwide/target" "-e" "CARGO_INCREMENTAL=0" "-e" "RUST_BACKTRACE=full" "-e" "RUSTFLAGS=--cap-lints=warn" "-e" "RUSTDOCFLAGS=--cap-lints=warn" "-e" "CARGO_HOME=/opt/rustwide/cargo-home" "-e" "RUSTUP_HOME=/opt/rustwide/rustup-home" "-w" "/opt/rustwide/workdir" "-m" "1610612736" "--user" "0:0" "--network" "none" "ghcr.io/rust-lang/crates-build-env/linux@sha256:2788e3201cd34a07e3172128adcd8b3090168a8e3bcc40d7c032b9dda1df7d1c" "/opt/rustwide/cargo-home/bin/cargo" "+1.75.0" "test" "--frozen" "--no-run" "--message-format=json", kill_on_drop: false }`
[INFO] [stdout] d1f3c38fe184e5f91fa31dbd4faba2ce86a730ab3db0e71267bbafd000529ebc
[INFO] running `Command { std: "docker" "start" "-a" "d1f3c38fe184e5f91fa31dbd4faba2ce86a730ab3db0e71267bbafd000529ebc", kill_on_drop: false }`
[INFO] [stderr]    Compiling larvae v0.1.0 (/opt/rustwide/workdir)
[INFO] [stdout] warning: unused import: `quantity::*`
[INFO] [stdout]  --> src/core.rs:6:9
[INFO] [stdout]   |
[INFO] [stdout] 6 | pub use quantity::*;
[INFO] [stdout]   |         ^^^^^^^^^^^
[INFO] [stdout]   |
[INFO] [stdout]   = note: `#[warn(unused_imports)]` on by default
[INFO] [stdout] 
[INFO] [stdout] 
[INFO] [stdout] warning: 1 warning emitted
[INFO] [stdout] 
[INFO] [stdout] 
[INFO] [stderr]     Finished test [unoptimized + debuginfo] target(s) in 2.22s
[INFO] [stderr] warning: the following packages contain code that will be rejected by a future version of Rust: nom v1.2.4
[INFO] [stderr] note: to see what the problems were, use the option `--future-incompat-report`, or run `cargo report future-incompatibilities --id 1`
[INFO] running `Command { std: "docker" "inspect" "d1f3c38fe184e5f91fa31dbd4faba2ce86a730ab3db0e71267bbafd000529ebc", kill_on_drop: false }`
[INFO] running `Command { std: "docker" "rm" "-f" "d1f3c38fe184e5f91fa31dbd4faba2ce86a730ab3db0e71267bbafd000529ebc", kill_on_drop: false }`
[INFO] [stdout] d1f3c38fe184e5f91fa31dbd4faba2ce86a730ab3db0e71267bbafd000529ebc
[INFO] running `Command { std: "docker" "create" "-v" "/var/lib/crater-agent-workspace/builds/worker-2-tc1/target:/opt/rustwide/target:rw,Z" "-v" "/var/lib/crater-agent-workspace/builds/worker-2-tc1/source:/opt/rustwide/workdir:ro,Z" "-v" "/var/lib/crater-agent-workspace/cargo-home:/opt/rustwide/cargo-home:ro,Z" "-v" "/var/lib/crater-agent-workspace/rustup-home:/opt/rustwide/rustup-home:ro,Z" "-e" "SOURCE_DIR=/opt/rustwide/workdir" "-e" "CARGO_TARGET_DIR=/opt/rustwide/target" "-e" "CARGO_INCREMENTAL=0" "-e" "RUST_BACKTRACE=full" "-e" "RUSTFLAGS=--cap-lints=warn" "-e" "RUSTDOCFLAGS=--cap-lints=warn" "-e" "CARGO_HOME=/opt/rustwide/cargo-home" "-e" "RUSTUP_HOME=/opt/rustwide/rustup-home" "-w" "/opt/rustwide/workdir" "-m" "1610612736" "--user" "0:0" "--network" "none" "ghcr.io/rust-lang/crates-build-env/linux@sha256:2788e3201cd34a07e3172128adcd8b3090168a8e3bcc40d7c032b9dda1df7d1c" "/opt/rustwide/cargo-home/bin/cargo" "+1.75.0" "test" "--frozen", kill_on_drop: false }`
[INFO] [stdout] 63dd130fea4d9df466338d3c4638dc81142a1693730f98cc00acc4aeaa128d30
[INFO] running `Command { std: "docker" "start" "-a" "63dd130fea4d9df466338d3c4638dc81142a1693730f98cc00acc4aeaa128d30", kill_on_drop: false }`
[INFO] [stderr] warning: unused import: `quantity::*`
[INFO] [stderr]  --> src/core.rs:6:9
[INFO] [stderr]   |
[INFO] [stderr] 6 | pub use quantity::*;
[INFO] [stderr]   |         ^^^^^^^^^^^
[INFO] [stderr]   |
[INFO] [stderr]   = note: `#[warn(unused_imports)]` on by default
[INFO] [stderr] 
[INFO] [stderr] warning: `larvae` (bin "larvae" test) generated 1 warning (run `cargo fix --bin "larvae" --tests` to apply 1 suggestion)
[INFO] [stderr]     Finished test [unoptimized + debuginfo] target(s) in 0.06s
[INFO] [stderr] warning: the following packages contain code that will be rejected by a future version of Rust: nom v1.2.4
[INFO] [stderr] note: to see what the problems were, use the option `--future-incompat-report`, or run `cargo report future-incompatibilities --id 1`
[INFO] [stderr]      Running unittests src/main.rs (/opt/rustwide/target/debug/deps/larvae-44ed8c567c6b63f5)
[INFO] [stdout] 
[INFO] [stdout] running 40 tests
[INFO] [stdout] test core::dimension::test::test_pow ... ok
[INFO] [stdout] test core::dimension::test::test_mul ... ok
[INFO] [stdout] test core::quantity::display::tests::quantity_display ... ok
[INFO] [stdout] test core::quantity::into::tests::from_f64 ... ok
[INFO] [stdout] test core::quantity::test::convert_units ... ok
[INFO] [stdout] test core::quantity::ops::tests::mul ... ok
[INFO] [stdout] test core::quantity::test::test_conversion_factor ... ok
[INFO] [stdout] test core::quantity::test::quantity_display ... ok
[INFO] [stdout] test core::quantity::ops::tests::add ... ok
[INFO] [stdout] test core::quantity::ops::tests::div ... ok
[INFO] [stdout] test equation::parser::tests::factorial ... ok
[INFO] [stdout] test equation::parser::tests::grammar_ok ... ok
[INFO] [stdout] test equation::parser::tests::ln ... ok
[INFO] [stdout] test equation::parser::tests::log ... ok
[INFO] [stdout] test equation::parser::tests::neg_nums ... ok
[INFO] [stdout] test equation::parser::tests::nums ... ok
[INFO] [stdout] test equation::parser::tests::pos_nums ... ok
[INFO] [stdout] test equation::parser::tests::sqrt ... ok
[INFO] [stdout] test equation::parser::tests::basic_arithmetic ... ok
[INFO] [stdout] test equation::semanter::tests::dimensional_arith ... ok
[INFO] [stdout] test equation::semanter::tests::factorial ... ok
[INFO] [stdout] test equation::parser::tests::single_quantity ... ok
[INFO] [stdout] test equation::semanter::tests::log ... ok
[INFO] [stdout] test equation::tests::conversion ... ok
[INFO] [stdout] test core::quantity::test::incompatible_dimensions - should panic ... ok
[INFO] [stdout] test equation::tests::one_equals_one ... ok
[INFO] [stdout] test equation::semanter::tests::sqrt ... ok
[INFO] [stdout] test equation::parser::tests::dimensional_analysis ... ok
[INFO] [stdout] test equation::semanter::tests::ln ... ok
[INFO] [stdout] test equation::tokenizer::tests::test_arrow ... ok
[INFO] [stdout] test equation::tokenizer::tests::test_eval_pos_neg_num ... ok
[INFO] [stdout] test equation::semanter::tests::order_of_operations ... ok
[INFO] [stdout] test equation::tokenizer::tests::test_parse_dimunits ... ok
[INFO] [stdout] test equation::tokenizer::tests::test_group ... ok
[INFO] [stdout] test equation::tokenizer::tests::test_ops ... ok
[INFO] [stdout] test equation::tokenizer::tests::test_whitespace ... ok
[INFO] [stdout] test equation::tests::dim_analysis ... ok
[INFO] [stdout] test equation::tokenizer::tests::test_unknown_tokens ... ok
[INFO] [stdout] test equation::tokenizer::tests::test_all_units ... ok
[INFO] [stdout] test equation::semanter::tests::basic_arithmetic ... ok
[INFO] [stdout] 
[INFO] [stdout] test result: ok. 40 passed; 0 failed; 0 ignored; 0 measured; 0 filtered out; finished in 0.20s
[INFO] [stdout] 
[INFO] running `Command { std: "docker" "inspect" "63dd130fea4d9df466338d3c4638dc81142a1693730f98cc00acc4aeaa128d30", kill_on_drop: false }`
[INFO] running `Command { std: "docker" "rm" "-f" "63dd130fea4d9df466338d3c4638dc81142a1693730f98cc00acc4aeaa128d30", kill_on_drop: false }`
[INFO] [stdout] 63dd130fea4d9df466338d3c4638dc81142a1693730f98cc00acc4aeaa128d30
[INFO] testing j-mcavoy/larvae against beta-2023-12-22 for beta-1.76-1
[INFO] running `Command { std: "git" "clone" "/workspace/cache/git-repos/https%3A%2F%2Fgithub.com%2Fj-mcavoy%2Flarvae" "/workspace/builds/worker-2-tc2/source", kill_on_drop: false }`
[INFO] [stderr] Cloning into '/workspace/builds/worker-2-tc2/source'...
[INFO] [stderr] done.
[INFO] validating manifest of git repo https://github.com/j-mcavoy/larvae on toolchain beta-2023-12-22
[INFO] running `Command { std: CARGO_HOME="/workspace/cargo-home" RUSTUP_HOME="/workspace/rustup-home" "/workspace/cargo-home/bin/cargo" "+beta-2023-12-22" "metadata" "--manifest-path" "Cargo.toml" "--no-deps", kill_on_drop: false }`
[INFO] started tweaking git repo https://github.com/j-mcavoy/larvae
[INFO] finished tweaking git repo https://github.com/j-mcavoy/larvae
[INFO] tweaked toml for git repo https://github.com/j-mcavoy/larvae written to /workspace/builds/worker-2-tc2/source/Cargo.toml
[INFO] crate git repo https://github.com/j-mcavoy/larvae already has a lockfile, it will not be regenerated
[INFO] running `Command { std: CARGO_HOME="/workspace/cargo-home" RUSTUP_HOME="/workspace/rustup-home" "/workspace/cargo-home/bin/cargo" "+beta-2023-12-22" "fetch" "--manifest-path" "Cargo.toml", kill_on_drop: false }`
[INFO] running `Command { std: "docker" "create" "-v" "/var/lib/crater-agent-workspace/builds/worker-2-tc2/target:/opt/rustwide/target:rw,Z" "-v" "/var/lib/crater-agent-workspace/builds/worker-2-tc2/source:/opt/rustwide/workdir:ro,Z" "-v" "/var/lib/crater-agent-workspace/cargo-home:/opt/rustwide/cargo-home:ro,Z" "-v" "/var/lib/crater-agent-workspace/rustup-home:/opt/rustwide/rustup-home:ro,Z" "-e" "SOURCE_DIR=/opt/rustwide/workdir" "-e" "CARGO_TARGET_DIR=/opt/rustwide/target" "-e" "CARGO_HOME=/opt/rustwide/cargo-home" "-e" "RUSTUP_HOME=/opt/rustwide/rustup-home" "-w" "/opt/rustwide/workdir" "-m" "1610612736" "--user" "0:0" "--network" "none" "ghcr.io/rust-lang/crates-build-env/linux@sha256:2788e3201cd34a07e3172128adcd8b3090168a8e3bcc40d7c032b9dda1df7d1c" "/opt/rustwide/cargo-home/bin/cargo" "+beta-2023-12-22" "metadata" "--no-deps" "--format-version=1", kill_on_drop: false }`
[INFO] [stdout] 807fec6e497e1c5cf89f8caed222705f073f9bba6a81049597ed0aa085d9ac0a
[INFO] running `Command { std: "docker" "start" "-a" "807fec6e497e1c5cf89f8caed222705f073f9bba6a81049597ed0aa085d9ac0a", kill_on_drop: false }`
[INFO] running `Command { std: "docker" "inspect" "807fec6e497e1c5cf89f8caed222705f073f9bba6a81049597ed0aa085d9ac0a", kill_on_drop: false }`
[INFO] running `Command { std: "docker" "rm" "-f" "807fec6e497e1c5cf89f8caed222705f073f9bba6a81049597ed0aa085d9ac0a", kill_on_drop: false }`
[INFO] [stdout] 807fec6e497e1c5cf89f8caed222705f073f9bba6a81049597ed0aa085d9ac0a
[INFO] running `Command { std: "docker" "create" "-v" "/var/lib/crater-agent-workspace/builds/worker-2-tc2/target:/opt/rustwide/target:rw,Z" "-v" "/var/lib/crater-agent-workspace/builds/worker-2-tc2/source:/opt/rustwide/workdir:ro,Z" "-v" "/var/lib/crater-agent-workspace/cargo-home:/opt/rustwide/cargo-home:ro,Z" "-v" "/var/lib/crater-agent-workspace/rustup-home:/opt/rustwide/rustup-home:ro,Z" "-e" "SOURCE_DIR=/opt/rustwide/workdir" "-e" "CARGO_TARGET_DIR=/opt/rustwide/target" "-e" "CARGO_INCREMENTAL=0" "-e" "RUST_BACKTRACE=full" "-e" "RUSTFLAGS=--cap-lints=warn" "-e" "RUSTDOCFLAGS=--cap-lints=warn" "-e" "CARGO_HOME=/opt/rustwide/cargo-home" "-e" "RUSTUP_HOME=/opt/rustwide/rustup-home" "-w" "/opt/rustwide/workdir" "-m" "1610612736" "--user" "0:0" "--network" "none" "ghcr.io/rust-lang/crates-build-env/linux@sha256:2788e3201cd34a07e3172128adcd8b3090168a8e3bcc40d7c032b9dda1df7d1c" "/opt/rustwide/cargo-home/bin/cargo" "+beta-2023-12-22" "build" "--frozen" "--message-format=json", kill_on_drop: false }`
[INFO] [stdout] 5b067f8a8f5ec69b9492bf10b99bb4cb668bf832ca60555b1b7ed04a0a5d7590
[INFO] running `Command { std: "docker" "start" "-a" "5b067f8a8f5ec69b9492bf10b99bb4cb668bf832ca60555b1b7ed04a0a5d7590", kill_on_drop: false }`
[INFO] [stderr]    Compiling libc v0.2.135
[INFO] [stderr]    Compiling memchr v2.5.0
[INFO] [stderr]    Compiling log v0.4.17
[INFO] [stderr]    Compiling serde v1.0.147
[INFO] [stderr]    Compiling num-traits v0.2.15
[INFO] [stderr]    Compiling io-lifetimes v0.7.3
[INFO] [stderr]    Compiling proc-macro2 v1.0.47
[INFO] [stderr]    Compiling memoffset v0.6.5
[INFO] [stderr]    Compiling rustix v0.35.11
[INFO] [stderr]    Compiling nix v0.14.1
[INFO] [stderr]    Compiling quote v1.0.21
[INFO] [stderr]    Compiling cfg-if v0.1.10
[INFO] [stderr]    Compiling unicode-ident v1.0.5
[INFO] [stderr]    Compiling unicode-segmentation v1.10.0
[INFO] [stderr]    Compiling unicode-width v0.1.10
[INFO] [stderr]    Compiling syn v1.0.102
[INFO] [stderr]    Compiling smallvec v1.10.0
[INFO] [stderr]    Compiling void v1.0.2
[INFO] [stderr]    Compiling linux-raw-sys v0.0.46
[INFO] [stderr]    Compiling nibble_vec v0.1.0
[INFO] [stderr]    Compiling aho-corasick v0.7.19
[INFO] [stderr]    Compiling regex-syntax v0.6.27
[INFO] [stderr]    Compiling utf8parse v0.1.1
[INFO] [stderr]    Compiling endian-type v0.1.2
[INFO] [stderr]    Compiling radix_trie v0.2.1
[INFO] [stderr]    Compiling minimal-lexical v0.2.1
[INFO] [stderr]    Compiling humantime v2.1.0
[INFO] [stderr]    Compiling getrandom v0.2.7
[INFO] [stderr]    Compiling dirs-sys v0.3.7
[INFO] [stderr]    Compiling rand_core v0.6.4
[INFO] [stderr]    Compiling dirs v2.0.2
[INFO] [stderr]    Compiling rand_chacha v0.3.1
[INFO] [stderr]    Compiling dirs-sys-next v0.1.2
[INFO] [stderr]    Compiling rand v0.8.5
[INFO] [stderr]    Compiling dirs-next v2.0.0
[INFO] [stderr]    Compiling nix v0.23.1
[INFO] [stderr]    Compiling dylib v0.0.3
[INFO] [stderr]    Compiling atty v0.2.14
[INFO] [stderr]    Compiling termcolor v1.1.3
[INFO] [stderr]    Compiling regex v1.6.0
[INFO] [stderr]    Compiling fd-lock v3.0.6
[INFO] [stderr]    Compiling nom v1.2.4
[INFO] [stderr]    Compiling utf8parse v0.2.0
[INFO] [stderr]    Compiling num-complex v0.4.2
[INFO] [stderr]    Compiling lexers v0.1.4
[INFO] [stderr]    Compiling meval v0.2.0
[INFO] [stderr]    Compiling nom v7.1.1
[INFO] [stderr]    Compiling cauchy v0.4.0
[INFO] [stderr]    Compiling spfunc v0.1.0
[INFO] [stderr]    Compiling env_logger v0.9.1
[INFO] [stderr]    Compiling rustyline v5.0.6
[INFO] [stderr]    Compiling float-pretty-print v0.1.1
[INFO] [stderr]    Compiling earlgrey v0.3.2
[INFO] [stderr]    Compiling shunting v0.0.9
[INFO] [stderr]    Compiling pom v3.2.0
[INFO] [stderr]    Compiling larvae_macros v0.1.0 (/opt/rustwide/workdir/macros)
[INFO] [stderr]    Compiling rustyline v9.1.2
[INFO] [stderr]    Compiling larvae v0.1.0 (/opt/rustwide/workdir)
[INFO] [stdout] warning: unused import: `quantity::*`
[INFO] [stdout]  --> src/core.rs:6:9
[INFO] [stdout]   |
[INFO] [stdout] 6 | pub use quantity::*;
[INFO] [stdout]   |         ^^^^^^^^^^^
[INFO] [stdout]   |
[INFO] [stdout]   = note: `#[warn(unused_imports)]` on by default
[INFO] [stdout] 
[INFO] [stdout] 
[INFO] [stdout] warning: 1 warning emitted
[INFO] [stdout] 
[INFO] [stdout] 
[INFO] [stderr]     Finished dev [unoptimized + debuginfo] target(s) in 26.65s
[INFO] [stderr] warning: the following packages contain code that will be rejected by a future version of Rust: nom v1.2.4
[INFO] [stderr] note: to see what the problems were, use the option `--future-incompat-report`, or run `cargo report future-incompatibilities --id 1`
[INFO] running `Command { std: "docker" "inspect" "5b067f8a8f5ec69b9492bf10b99bb4cb668bf832ca60555b1b7ed04a0a5d7590", kill_on_drop: false }`
[INFO] running `Command { std: "docker" "rm" "-f" "5b067f8a8f5ec69b9492bf10b99bb4cb668bf832ca60555b1b7ed04a0a5d7590", kill_on_drop: false }`
[INFO] [stdout] 5b067f8a8f5ec69b9492bf10b99bb4cb668bf832ca60555b1b7ed04a0a5d7590
[INFO] running `Command { std: "docker" "create" "-v" "/var/lib/crater-agent-workspace/builds/worker-2-tc2/target:/opt/rustwide/target:rw,Z" "-v" "/var/lib/crater-agent-workspace/builds/worker-2-tc2/source:/opt/rustwide/workdir:ro,Z" "-v" "/var/lib/crater-agent-workspace/cargo-home:/opt/rustwide/cargo-home:ro,Z" "-v" "/var/lib/crater-agent-workspace/rustup-home:/opt/rustwide/rustup-home:ro,Z" "-e" "SOURCE_DIR=/opt/rustwide/workdir" "-e" "CARGO_TARGET_DIR=/opt/rustwide/target" "-e" "CARGO_INCREMENTAL=0" "-e" "RUST_BACKTRACE=full" "-e" "RUSTFLAGS=--cap-lints=warn" "-e" "RUSTDOCFLAGS=--cap-lints=warn" "-e" "CARGO_HOME=/opt/rustwide/cargo-home" "-e" "RUSTUP_HOME=/opt/rustwide/rustup-home" "-w" "/opt/rustwide/workdir" "-m" "1610612736" "--user" "0:0" "--network" "none" "ghcr.io/rust-lang/crates-build-env/linux@sha256:2788e3201cd34a07e3172128adcd8b3090168a8e3bcc40d7c032b9dda1df7d1c" "/opt/rustwide/cargo-home/bin/cargo" "+beta-2023-12-22" "test" "--frozen" "--no-run" "--message-format=json", kill_on_drop: false }`
[INFO] [stdout] 48b129efd0825bda83274b92b79a404a2485eba881dcd9df8c392d82679c9f20
[INFO] running `Command { std: "docker" "start" "-a" "48b129efd0825bda83274b92b79a404a2485eba881dcd9df8c392d82679c9f20", kill_on_drop: false }`
[INFO] [stderr]    Compiling larvae v0.1.0 (/opt/rustwide/workdir)
[INFO] [stdout] warning: unused import: `quantity::*`
[INFO] [stdout]  --> src/core.rs:6:9
[INFO] [stdout]   |
[INFO] [stdout] 6 | pub use quantity::*;
[INFO] [stdout]   |         ^^^^^^^^^^^
[INFO] [stdout]   |
[INFO] [stdout]   = note: `#[warn(unused_imports)]` on by default
[INFO] [stdout] 
[INFO] [stdout] 
[INFO] [stdout] warning: 1 warning emitted
[INFO] [stdout] 
[INFO] [stdout] 
[INFO] [stderr]     Finished test [unoptimized + debuginfo] target(s) in 2.11s
[INFO] [stderr] warning: the following packages contain code that will be rejected by a future version of Rust: nom v1.2.4
[INFO] [stderr] note: to see what the problems were, use the option `--future-incompat-report`, or run `cargo report future-incompatibilities --id 1`
[INFO] running `Command { std: "docker" "inspect" "48b129efd0825bda83274b92b79a404a2485eba881dcd9df8c392d82679c9f20", kill_on_drop: false }`
[INFO] running `Command { std: "docker" "rm" "-f" "48b129efd0825bda83274b92b79a404a2485eba881dcd9df8c392d82679c9f20", kill_on_drop: false }`
[INFO] [stdout] 48b129efd0825bda83274b92b79a404a2485eba881dcd9df8c392d82679c9f20
[INFO] running `Command { std: "docker" "create" "-v" "/var/lib/crater-agent-workspace/builds/worker-2-tc2/target:/opt/rustwide/target:rw,Z" "-v" "/var/lib/crater-agent-workspace/builds/worker-2-tc2/source:/opt/rustwide/workdir:ro,Z" "-v" "/var/lib/crater-agent-workspace/cargo-home:/opt/rustwide/cargo-home:ro,Z" "-v" "/var/lib/crater-agent-workspace/rustup-home:/opt/rustwide/rustup-home:ro,Z" "-e" "SOURCE_DIR=/opt/rustwide/workdir" "-e" "CARGO_TARGET_DIR=/opt/rustwide/target" "-e" "CARGO_INCREMENTAL=0" "-e" "RUST_BACKTRACE=full" "-e" "RUSTFLAGS=--cap-lints=warn" "-e" "RUSTDOCFLAGS=--cap-lints=warn" "-e" "CARGO_HOME=/opt/rustwide/cargo-home" "-e" "RUSTUP_HOME=/opt/rustwide/rustup-home" "-w" "/opt/rustwide/workdir" "-m" "1610612736" "--user" "0:0" "--network" "none" "ghcr.io/rust-lang/crates-build-env/linux@sha256:2788e3201cd34a07e3172128adcd8b3090168a8e3bcc40d7c032b9dda1df7d1c" "/opt/rustwide/cargo-home/bin/cargo" "+beta-2023-12-22" "test" "--frozen", kill_on_drop: false }`
[INFO] [stdout] b1b4c39a5cda15d7c79a9ffc80a4b7780e5243841074b8b890ae79b228321847
[INFO] running `Command { std: "docker" "start" "-a" "b1b4c39a5cda15d7c79a9ffc80a4b7780e5243841074b8b890ae79b228321847", kill_on_drop: false }`
[INFO] [stderr] warning: unused import: `quantity::*`
[INFO] [stderr]  --> src/core.rs:6:9
[INFO] [stderr]   |
[INFO] [stderr] 6 | pub use quantity::*;
[INFO] [stderr]   |         ^^^^^^^^^^^
[INFO] [stderr]   |
[INFO] [stderr]   = note: `#[warn(unused_imports)]` on by default
[INFO] [stderr] 
[INFO] [stderr] warning: `larvae` (bin "larvae" test) generated 1 warning (run `cargo fix --bin "larvae" --tests` to apply 1 suggestion)
[INFO] [stderr]     Finished test [unoptimized + debuginfo] target(s) in 0.06s
[INFO] [stderr] warning: the following packages contain code that will be rejected by a future version of Rust: nom v1.2.4
[INFO] [stderr] note: to see what the problems were, use the option `--future-incompat-report`, or run `cargo report future-incompatibilities --id 1`
[INFO] [stderr]      Running unittests src/main.rs (/opt/rustwide/target/debug/deps/larvae-25f67ca9637973cc)
[INFO] [stdout] 
[INFO] [stdout] running 40 tests
[INFO] [stdout] test core::dimension::test::test_mul ... ok
[INFO] [stdout] test core::quantity::into::tests::from_f64 ... ok
[INFO] [stdout] test core::quantity::test::convert_units ... ok
[INFO] [stdout] test core::quantity::ops::tests::mul ... ok
[INFO] [stdout] test core::quantity::ops::tests::div ... ok
[INFO] [stdout] test core::quantity::display::tests::quantity_display ... ok
[INFO] [stdout] test core::quantity::ops::tests::add ... ok
[INFO] [stdout] test core::dimension::test::test_pow ... ok
[INFO] [stdout] test core::quantity::test::test_conversion_factor ... ok
[INFO] [stdout] test core::quantity::test::quantity_display ... ok
[INFO] [stdout] test equation::parser::tests::factorial ... ok
[INFO] [stdout] test equation::parser::tests::grammar_ok ... ok
[INFO] [stdout] test equation::parser::tests::basic_arithmetic ... ok
[INFO] [stdout] test equation::parser::tests::ln ... ok
[INFO] [stdout] test equation::parser::tests::neg_nums ... ok
[INFO] [stdout] test equation::parser::tests::log ... ok
[INFO] [stdout] test equation::parser::tests::sqrt ... ok
[INFO] [stdout] test equation::parser::tests::nums ... ok
[INFO] [stdout] test equation::parser::tests::pos_nums ... ok
[INFO] [stdout] test equation::semanter::tests::dimensional_arith ... ok
[INFO] [stdout] test equation::parser::tests::dimensional_analysis ... ok
[INFO] [stdout] test equation::semanter::tests::factorial ... ok
[INFO] [stdout] test equation::semanter::tests::ln ... ok
[INFO] [stdout] test equation::semanter::tests::log ... ok
[INFO] [stdout] test equation::parser::tests::single_quantity ... ok
[INFO] [stdout] test equation::tests::conversion ... ok
[INFO] [stdout] test equation::semanter::tests::order_of_operations ... ok
[INFO] [stdout] test equation::semanter::tests::sqrt ... ok
[INFO] [stdout] test core::quantity::test::incompatible_dimensions - should panic ... ok
[INFO] [stdout] test equation::tests::dim_analysis ... FAILED
[INFO] [stdout] test equation::tokenizer::tests::test_ops ... ok
[INFO] [stdout] test equation::tokenizer::tests::test_parse_dimunits ... ok
[INFO] [stdout] test equation::tokenizer::tests::test_arrow ... ok
[INFO] [stdout] test equation::tokenizer::tests::test_unknown_tokens ... ok
[INFO] [stdout] test equation::tokenizer::tests::test_eval_pos_neg_num ... ok
[INFO] [stdout] test equation::tokenizer::tests::test_whitespace ... ok
[INFO] [stdout] test equation::tests::one_equals_one ... ok
[INFO] [stdout] test equation::tokenizer::tests::test_group ... ok
[INFO] [stdout] test equation::semanter::tests::basic_arithmetic ... ok
[INFO] [stdout] test equation::tokenizer::tests::test_all_units ... ok
[INFO] [stdout] 
[INFO] [stdout] failures:
[INFO] [stdout] 
[INFO] [stdout] ---- equation::tests::dim_analysis stdout ----
[INFO] [stdout] thread 'equation::tests::dim_analysis' panicked at src/equation.rs:45:9:
[INFO] [stdout] assertion `left == right` failed
[INFO] [stdout]   left: Ok(Quantity { value: 1.0, dimensions: Dimensions { length: 1.0, mass: 0.0, time: -2.0 }, units: Units { length: meter, mass: kilogram, time: second } })
[INFO] [stdout]  right: Ok(Quantity { value: 1.0, dimensions: Dimensions { length: 2.0, mass: 0.0, time: -2.0 }, units: Units { length: meter, mass: kilogram, time: second } })
[INFO] [stdout] stack backtrace:
[INFO] [stdout]    0:     0x5648317e5cc6 - std::backtrace_rs::backtrace::libunwind::trace::h261606ad26a499c1
[INFO] [stdout]                                at /rustc/0e09125c6c3c2fd70d7de961bcf0e51575235fad/library/std/src/../../backtrace/src/backtrace/libunwind.rs:104:5
[INFO] [stdout]    1:     0x5648317e5cc6 - std::backtrace_rs::backtrace::trace_unsynchronized::hd183f0625477fb28
[INFO] [stdout]                                at /rustc/0e09125c6c3c2fd70d7de961bcf0e51575235fad/library/std/src/../../backtrace/src/backtrace/mod.rs:66:5
[INFO] [stdout]    2:     0x5648317e5cc6 - std::sys_common::backtrace::_print_fmt::hd7f8fef21b4eda67
[INFO] [stdout]                                at /rustc/0e09125c6c3c2fd70d7de961bcf0e51575235fad/library/std/src/sys_common/backtrace.rs:68:5
[INFO] [stdout]    3:     0x5648317e5cc6 - <std::sys_common::backtrace::_print::DisplayBacktrace as core::fmt::Display>::fmt::h623d9b51f2f453f1
[INFO] [stdout]                                at /rustc/0e09125c6c3c2fd70d7de961bcf0e51575235fad/library/std/src/sys_common/backtrace.rs:44:22
[INFO] [stdout]    4:     0x564831810170 - core::fmt::rt::Argument::fmt::h9f417ac76a86f368
[INFO] [stdout]                                at /rustc/0e09125c6c3c2fd70d7de961bcf0e51575235fad/library/core/src/fmt/rt.rs:142:9
[INFO] [stdout]    5:     0x564831810170 - core::fmt::write::hc9b6faf4ac2aeff7
[INFO] [stdout]                                at /rustc/0e09125c6c3c2fd70d7de961bcf0e51575235fad/library/core/src/fmt/mod.rs:1120:17
[INFO] [stdout]    6:     0x5648317e372f - std::io::Write::write_fmt::he04625a3a989fec3
[INFO] [stdout]                                at /rustc/0e09125c6c3c2fd70d7de961bcf0e51575235fad/library/std/src/io/mod.rs:1810:15
[INFO] [stdout]    7:     0x5648317e5aa4 - std::sys_common::backtrace::_print::hd5d66399c7df88a2
[INFO] [stdout]                                at /rustc/0e09125c6c3c2fd70d7de961bcf0e51575235fad/library/std/src/sys_common/backtrace.rs:47:5
[INFO] [stdout]    8:     0x5648317e5aa4 - std::sys_common::backtrace::print::he81ed2da642d37e5
[INFO] [stdout]                                at /rustc/0e09125c6c3c2fd70d7de961bcf0e51575235fad/library/std/src/sys_common/backtrace.rs:34:9
[INFO] [stdout]    9:     0x5648317e7817 - std::panicking::default_hook::{{closure}}::h85773f4fa117163d
[INFO] [stdout]   10:     0x5648317e74fd - std::panicking::default_hook::h6a1694a91d09b278
[INFO] [stdout]                                at /rustc/0e09125c6c3c2fd70d7de961bcf0e51575235fad/library/std/src/panicking.rs:289:9
[INFO] [stdout]   11:     0x564831790567 - <alloc::boxed::Box<F,A> as core::ops::function::Fn<Args>>::call::h616ac37fa3cd6c8f
[INFO] [stdout]                                at /rustc/0e09125c6c3c2fd70d7de961bcf0e51575235fad/library/alloc/src/boxed.rs:2029:9
[INFO] [stdout]   12:     0x564831790567 - test::test_main::{{closure}}::h00d84697cefdcbb6
[INFO] [stdout]                                at /rustc/0e09125c6c3c2fd70d7de961bcf0e51575235fad/library/test/src/lib.rs:138:21
[INFO] [stdout]   13:     0x5648317e7e36 - <alloc::boxed::Box<F,A> as core::ops::function::Fn<Args>>::call::hcb3fe3b9bb537ba8
[INFO] [stdout]                                at /rustc/0e09125c6c3c2fd70d7de961bcf0e51575235fad/library/alloc/src/boxed.rs:2029:9
[INFO] [stdout]   14:     0x5648317e7e36 - std::panicking::rust_panic_with_hook::h0a7ad96e90f7145b
[INFO] [stdout]                                at /rustc/0e09125c6c3c2fd70d7de961bcf0e51575235fad/library/std/src/panicking.rs:783:13
[INFO] [stdout]   15:     0x5648317e7b82 - std::panicking::begin_panic_handler::{{closure}}::h7919090525c6485e
[INFO] [stdout]                                at /rustc/0e09125c6c3c2fd70d7de961bcf0e51575235fad/library/std/src/panicking.rs:657:13
[INFO] [stdout]   16:     0x5648317e61c6 - std::sys_common::backtrace::__rust_end_short_backtrace::hf3289479464f7dfe
[INFO] [stdout]                                at /rustc/0e09125c6c3c2fd70d7de961bcf0e51575235fad/library/std/src/sys_common/backtrace.rs:171:18
[INFO] [stdout]   17:     0x5648317e78e0 - rust_begin_unwind
[INFO] [stdout]                                at /rustc/0e09125c6c3c2fd70d7de961bcf0e51575235fad/library/std/src/panicking.rs:645:5
[INFO] [stdout]   18:     0x564831586305 - core::panicking::panic_fmt::hcc9f77c5c132af55
[INFO] [stdout]                                at /rustc/0e09125c6c3c2fd70d7de961bcf0e51575235fad/library/core/src/panicking.rs:72:14
[INFO] [stdout]   19:     0x56483158677b - core::panicking::assert_failed_inner::h9f13e27dd63c3a08
[INFO] [stdout]                                at /rustc/0e09125c6c3c2fd70d7de961bcf0e51575235fad/library/core/src/panicking.rs:342:17
[INFO] [stdout]   20:     0x5648315bec8e - core::panicking::assert_failed::he987d2a3dd285f7b
[INFO] [stdout]                                at /rustc/0e09125c6c3c2fd70d7de961bcf0e51575235fad/library/core/src/panicking.rs:297:5
[INFO] [stdout]   21:     0x5648315c5113 - larvae::equation::tests::dim_analysis::ha8cc2eae7c067d47
[INFO] [stdout]                                at /opt/rustwide/workdir/src/equation.rs:45:9
[INFO] [stdout]   22:     0x5648315c4ef7 - larvae::equation::tests::dim_analysis::{{closure}}::h6678a925d6346651
[INFO] [stdout]                                at /opt/rustwide/workdir/src/equation.rs:44:22
[INFO] [stdout]   23:     0x56483159a5c6 - core::ops::function::FnOnce::call_once::h8a3823303d5b7792
[INFO] [stdout]                                at /rustc/0e09125c6c3c2fd70d7de961bcf0e51575235fad/library/core/src/ops/function.rs:250:5
[INFO] [stdout]   24:     0x564831795e3f - core::ops::function::FnOnce::call_once::hd64d26f405258157
[INFO] [stdout]                                at /rustc/0e09125c6c3c2fd70d7de961bcf0e51575235fad/library/core/src/ops/function.rs:250:5
[INFO] [stdout]   25:     0x564831795e3f - test::__rust_begin_short_backtrace::he21b0b7a6d731bf9
[INFO] [stdout]                                at /rustc/0e09125c6c3c2fd70d7de961bcf0e51575235fad/library/test/src/lib.rs:627:18
[INFO] [stdout]   26:     0x564831794bc1 - test::run_test_in_process::{{closure}}::hf5c73986d7bdfde2
[INFO] [stdout]                                at /rustc/0e09125c6c3c2fd70d7de961bcf0e51575235fad/library/test/src/lib.rs:650:60
[INFO] [stdout]   27:     0x564831794bc1 - <core::panic::unwind_safe::AssertUnwindSafe<F> as core::ops::function::FnOnce<()>>::call_once::h330011ad032aadc0
[INFO] [stdout]                                at /rustc/0e09125c6c3c2fd70d7de961bcf0e51575235fad/library/core/src/panic/unwind_safe.rs:272:9
[INFO] [stdout]   28:     0x564831794bc1 - std::panicking::try::do_call::he61b0a958b795a41
[INFO] [stdout]                                at /rustc/0e09125c6c3c2fd70d7de961bcf0e51575235fad/library/std/src/panicking.rs:552:40
[INFO] [stdout]   29:     0x564831794bc1 - std::panicking::try::h7309da130f906eb7
[INFO] [stdout]                                at /rustc/0e09125c6c3c2fd70d7de961bcf0e51575235fad/library/std/src/panicking.rs:516:19
[INFO] [stdout]   30:     0x564831794bc1 - std::panic::catch_unwind::hc5c3a06fdaf0a92a
[INFO] [stdout]                                at /rustc/0e09125c6c3c2fd70d7de961bcf0e51575235fad/library/std/src/panic.rs:142:14
[INFO] [stdout]   31:     0x564831794bc1 - test::run_test_in_process::h7e7b7c71c3324e0f
[INFO] [stdout]                                at /rustc/0e09125c6c3c2fd70d7de961bcf0e51575235fad/library/test/src/lib.rs:650:27
[INFO] [stdout]   32:     0x564831794bc1 - test::run_test::{{closure}}::h1f509f28f5cf20b1
[INFO] [stdout]                                at /rustc/0e09125c6c3c2fd70d7de961bcf0e51575235fad/library/test/src/lib.rs:573:43
[INFO] [stdout]   33:     0x56483175bef6 - test::run_test::{{closure}}::h1754218abf443f6d
[INFO] [stdout]                                at /rustc/0e09125c6c3c2fd70d7de961bcf0e51575235fad/library/test/src/lib.rs:601:41
[INFO] [stdout]   34:     0x56483175bef6 - std::sys_common::backtrace::__rust_begin_short_backtrace::h2ee174b9d5954948
[INFO] [stdout]                                at /rustc/0e09125c6c3c2fd70d7de961bcf0e51575235fad/library/std/src/sys_common/backtrace.rs:155:18
[INFO] [stdout]   35:     0x564831760f57 - std::thread::Builder::spawn_unchecked_::{{closure}}::{{closure}}::hf60bee9c1a17ef09
[INFO] [stdout]                                at /rustc/0e09125c6c3c2fd70d7de961bcf0e51575235fad/library/std/src/thread/mod.rs:529:17
[INFO] [stdout]   36:     0x564831760f57 - <core::panic::unwind_safe::AssertUnwindSafe<F> as core::ops::function::FnOnce<()>>::call_once::h33d0dddec5216160
[INFO] [stdout]                                at /rustc/0e09125c6c3c2fd70d7de961bcf0e51575235fad/library/core/src/panic/unwind_safe.rs:272:9
[INFO] [stdout]   37:     0x564831760f57 - std::panicking::try::do_call::h144b3048b546f835
[INFO] [stdout]                                at /rustc/0e09125c6c3c2fd70d7de961bcf0e51575235fad/library/std/src/panicking.rs:552:40
[INFO] [stdout]   38:     0x564831760f57 - std::panicking::try::h978244d04646189f
[INFO] [stdout]                                at /rustc/0e09125c6c3c2fd70d7de961bcf0e51575235fad/library/std/src/panicking.rs:516:19
[INFO] [stdout]   39:     0x564831760f57 - std::panic::catch_unwind::hdf436369d188fe86
[INFO] [stdout]                                at /rustc/0e09125c6c3c2fd70d7de961bcf0e51575235fad/library/std/src/panic.rs:142:14
[INFO] [stdout]   40:     0x564831760f57 - std::thread::Builder::spawn_unchecked_::{{closure}}::h87329cbdd33c79ec
[INFO] [stdout]                                at /rustc/0e09125c6c3c2fd70d7de961bcf0e51575235fad/library/std/src/thread/mod.rs:528:30
[INFO] [stdout]   41:     0x564831760f57 - core::ops::function::FnOnce::call_once{{vtable.shim}}::h401abbe67897d450
[INFO] [stdout]                                at /rustc/0e09125c6c3c2fd70d7de961bcf0e51575235fad/library/core/src/ops/function.rs:250:5
[INFO] [stdout]   42:     0x5648317ec8e5 - <alloc::boxed::Box<F,A> as core::ops::function::FnOnce<Args>>::call_once::h5d7c8f150ab9c84c
[INFO] [stdout]                                at /rustc/0e09125c6c3c2fd70d7de961bcf0e51575235fad/library/alloc/src/boxed.rs:2015:9
[INFO] [stdout]   43:     0x5648317ec8e5 - <alloc::boxed::Box<F,A> as core::ops::function::FnOnce<Args>>::call_once::h570d5b005c242c15
[INFO] [stdout]                                at /rustc/0e09125c6c3c2fd70d7de961bcf0e51575235fad/library/alloc/src/boxed.rs:2015:9
[INFO] [stdout]   44:     0x5648317ec8e5 - std::sys::unix::thread::Thread::new::thread_start::h36b0a20c0b2361ad
[INFO] [stdout]                                at /rustc/0e09125c6c3c2fd70d7de961bcf0e51575235fad/library/std/src/sys/unix/thread.rs:108:17
[INFO] [stdout]   45:     0x7fb59afd9ac3 - <unknown>
[INFO] [stdout]   46:     0x7fb59b06abf4 - __clone
[INFO] [stdout]   47:                0x0 - <unknown>
[INFO] [stdout] 
[INFO] [stdout] 
[INFO] [stdout] failures:
[INFO] [stdout]     equation::tests::dim_analysis
[INFO] [stdout] 
[INFO] [stdout] test result: FAILED. 39 passed; 1 failed; 0 ignored; 0 measured; 0 filtered out; finished in 0.22s
[INFO] [stdout] 
[INFO] [stderr] error: test failed, to rerun pass `--bin larvae`
[INFO] running `Command { std: "docker" "inspect" "b1b4c39a5cda15d7c79a9ffc80a4b7780e5243841074b8b890ae79b228321847", kill_on_drop: false }`
[INFO] running `Command { std: "docker" "rm" "-f" "b1b4c39a5cda15d7c79a9ffc80a4b7780e5243841074b8b890ae79b228321847", kill_on_drop: false }`
[INFO] [stdout] b1b4c39a5cda15d7c79a9ffc80a4b7780e5243841074b8b890ae79b228321847
