[INFO] cloning repository https://github.com/florentw/erosion
[INFO] running `Command { std: "git" "-c" "credential.helper=" "-c" "credential.helper=/workspace/cargo-home/bin/git-credential-null" "clone" "--bare" "https://github.com/florentw/erosion" "/workspace/cache/git-repos/https%3A%2F%2Fgithub.com%2Fflorentw%2Ferosion", kill_on_drop: false }`
[INFO] [stderr] Cloning into bare repository '/workspace/cache/git-repos/https%3A%2F%2Fgithub.com%2Fflorentw%2Ferosion'...
[INFO] running `Command { std: "git" "rev-parse" "HEAD", kill_on_drop: false }`
[INFO] [stdout] 350f1fb30b2bf671277850f9b72330d27248fddd
[INFO] testing florentw/erosion against 1.75.0 for beta-1.76-1
[INFO] running `Command { std: "git" "clone" "/workspace/cache/git-repos/https%3A%2F%2Fgithub.com%2Fflorentw%2Ferosion" "/workspace/builds/worker-4-tc1/source", kill_on_drop: false }`
[INFO] [stderr] Cloning into '/workspace/builds/worker-4-tc1/source'...
[INFO] [stderr] done.
[INFO] validating manifest of git repo https://github.com/florentw/erosion on toolchain 1.75.0
[INFO] running `Command { std: CARGO_HOME="/workspace/cargo-home" RUSTUP_HOME="/workspace/rustup-home" "/workspace/cargo-home/bin/cargo" "+1.75.0" "metadata" "--manifest-path" "Cargo.toml" "--no-deps", kill_on_drop: false }`
[INFO] started tweaking git repo https://github.com/florentw/erosion
[INFO] finished tweaking git repo https://github.com/florentw/erosion
[INFO] tweaked toml for git repo https://github.com/florentw/erosion written to /workspace/builds/worker-4-tc1/source/Cargo.toml
[INFO] crate git repo https://github.com/florentw/erosion already has a lockfile, it will not be regenerated
[INFO] running `Command { std: CARGO_HOME="/workspace/cargo-home" RUSTUP_HOME="/workspace/rustup-home" "/workspace/cargo-home/bin/cargo" "+1.75.0" "fetch" "--manifest-path" "Cargo.toml", kill_on_drop: false }`
[INFO] running `Command { std: "docker" "create" "-v" "/var/lib/crater-agent-workspace/builds/worker-4-tc1/target:/opt/rustwide/target:rw,Z" "-v" "/var/lib/crater-agent-workspace/builds/worker-4-tc1/source:/opt/rustwide/workdir:ro,Z" "-v" "/var/lib/crater-agent-workspace/cargo-home:/opt/rustwide/cargo-home:ro,Z" "-v" "/var/lib/crater-agent-workspace/rustup-home:/opt/rustwide/rustup-home:ro,Z" "-e" "SOURCE_DIR=/opt/rustwide/workdir" "-e" "CARGO_TARGET_DIR=/opt/rustwide/target" "-e" "CARGO_HOME=/opt/rustwide/cargo-home" "-e" "RUSTUP_HOME=/opt/rustwide/rustup-home" "-w" "/opt/rustwide/workdir" "-m" "1610612736" "--user" "0:0" "--network" "none" "ghcr.io/rust-lang/crates-build-env/linux@sha256:2788e3201cd34a07e3172128adcd8b3090168a8e3bcc40d7c032b9dda1df7d1c" "/opt/rustwide/cargo-home/bin/cargo" "+1.75.0" "metadata" "--no-deps" "--format-version=1", kill_on_drop: false }`
[INFO] [stdout] e8f4126aa0af7fca7a2a1b42eb2a846872beee4af1d4f0114f1ec760faad1275
[INFO] running `Command { std: "docker" "start" "-a" "e8f4126aa0af7fca7a2a1b42eb2a846872beee4af1d4f0114f1ec760faad1275", kill_on_drop: false }`
[INFO] running `Command { std: "docker" "inspect" "e8f4126aa0af7fca7a2a1b42eb2a846872beee4af1d4f0114f1ec760faad1275", kill_on_drop: false }`
[INFO] running `Command { std: "docker" "rm" "-f" "e8f4126aa0af7fca7a2a1b42eb2a846872beee4af1d4f0114f1ec760faad1275", kill_on_drop: false }`
[INFO] [stdout] e8f4126aa0af7fca7a2a1b42eb2a846872beee4af1d4f0114f1ec760faad1275
[INFO] running `Command { std: "docker" "create" "-v" "/var/lib/crater-agent-workspace/builds/worker-4-tc1/target:/opt/rustwide/target:rw,Z" "-v" "/var/lib/crater-agent-workspace/builds/worker-4-tc1/source:/opt/rustwide/workdir:ro,Z" "-v" "/var/lib/crater-agent-workspace/cargo-home:/opt/rustwide/cargo-home:ro,Z" "-v" "/var/lib/crater-agent-workspace/rustup-home:/opt/rustwide/rustup-home:ro,Z" "-e" "SOURCE_DIR=/opt/rustwide/workdir" "-e" "CARGO_TARGET_DIR=/opt/rustwide/target" "-e" "CARGO_INCREMENTAL=0" "-e" "RUST_BACKTRACE=full" "-e" "RUSTFLAGS=--cap-lints=warn" "-e" "RUSTDOCFLAGS=--cap-lints=warn" "-e" "CARGO_HOME=/opt/rustwide/cargo-home" "-e" "RUSTUP_HOME=/opt/rustwide/rustup-home" "-w" "/opt/rustwide/workdir" "-m" "1610612736" "--user" "0:0" "--network" "none" "ghcr.io/rust-lang/crates-build-env/linux@sha256:2788e3201cd34a07e3172128adcd8b3090168a8e3bcc40d7c032b9dda1df7d1c" "/opt/rustwide/cargo-home/bin/cargo" "+1.75.0" "build" "--frozen" "--message-format=json", kill_on_drop: false }`
[INFO] [stdout] f687e6617cbca6b667bfad1747babccdbfd44c551788ff76a2d40ccfaf559be8
[INFO] running `Command { std: "docker" "start" "-a" "f687e6617cbca6b667bfad1747babccdbfd44c551788ff76a2d40ccfaf559be8", kill_on_drop: false }`
[INFO] [stderr]    Compiling erosion v0.1.0 (/opt/rustwide/workdir)
[INFO] [stdout] warning: variable does not need to be mutable
[INFO] [stdout]   --> src/throughput/mod.rs:49:9
[INFO] [stdout]    |
[INFO] [stdout] 49 |     let mut running = true;
[INFO] [stdout]    |         ----^^^^^^^
[INFO] [stdout]    |         |
[INFO] [stdout]    |         help: remove this `mut`
[INFO] [stdout]    |
[INFO] [stdout]    = note: `#[warn(unused_mut)]` on by default
[INFO] [stdout] 
[INFO] [stdout] 
[INFO] [stdout] warning: 1 warning emitted
[INFO] [stdout] 
[INFO] [stdout] 
[INFO] [stderr]     Finished dev [unoptimized + debuginfo] target(s) in 0.05s
[INFO] running `Command { std: "docker" "inspect" "f687e6617cbca6b667bfad1747babccdbfd44c551788ff76a2d40ccfaf559be8", kill_on_drop: false }`
[INFO] running `Command { std: "docker" "rm" "-f" "f687e6617cbca6b667bfad1747babccdbfd44c551788ff76a2d40ccfaf559be8", kill_on_drop: false }`
[INFO] [stdout] f687e6617cbca6b667bfad1747babccdbfd44c551788ff76a2d40ccfaf559be8
[INFO] running `Command { std: "docker" "create" "-v" "/var/lib/crater-agent-workspace/builds/worker-4-tc1/target:/opt/rustwide/target:rw,Z" "-v" "/var/lib/crater-agent-workspace/builds/worker-4-tc1/source:/opt/rustwide/workdir:ro,Z" "-v" "/var/lib/crater-agent-workspace/cargo-home:/opt/rustwide/cargo-home:ro,Z" "-v" "/var/lib/crater-agent-workspace/rustup-home:/opt/rustwide/rustup-home:ro,Z" "-e" "SOURCE_DIR=/opt/rustwide/workdir" "-e" "CARGO_TARGET_DIR=/opt/rustwide/target" "-e" "CARGO_INCREMENTAL=0" "-e" "RUST_BACKTRACE=full" "-e" "RUSTFLAGS=--cap-lints=warn" "-e" "RUSTDOCFLAGS=--cap-lints=warn" "-e" "CARGO_HOME=/opt/rustwide/cargo-home" "-e" "RUSTUP_HOME=/opt/rustwide/rustup-home" "-w" "/opt/rustwide/workdir" "-m" "1610612736" "--user" "0:0" "--network" "none" "ghcr.io/rust-lang/crates-build-env/linux@sha256:2788e3201cd34a07e3172128adcd8b3090168a8e3bcc40d7c032b9dda1df7d1c" "/opt/rustwide/cargo-home/bin/cargo" "+1.75.0" "test" "--frozen" "--no-run" "--message-format=json", kill_on_drop: false }`
[INFO] [stdout] 296a196e443f30d6c3b65bd7ab0d8ea75960d6a0cfa2f3c12f5315682e9eb631
[INFO] running `Command { std: "docker" "start" "-a" "296a196e443f30d6c3b65bd7ab0d8ea75960d6a0cfa2f3c12f5315682e9eb631", kill_on_drop: false }`
[INFO] [stdout] warning: variable does not need to be mutable
[INFO] [stdout]   --> src/throughput/mod.rs:49:9
[INFO] [stdout]    |
[INFO] [stdout] 49 |     let mut running = true;
[INFO] [stdout]    |         ----^^^^^^^
[INFO] [stdout]    |         |
[INFO] [stdout]    |         help: remove this `mut`
[INFO] [stdout]    |
[INFO] [stdout]    = note: `#[warn(unused_mut)]` on by default
[INFO] [stdout] 
[INFO] [stdout] 
[INFO] [stderr]    Compiling erosion v0.1.0 (/opt/rustwide/workdir)
[INFO] [stdout] warning: 1 warning emitted
[INFO] [stdout] 
[INFO] [stdout] 
[INFO] [stdout] warning: variable does not need to be mutable
[INFO] [stdout]   --> src/throughput/mod.rs:49:9
[INFO] [stdout]    |
[INFO] [stdout] 49 |     let mut running = true;
[INFO] [stdout]    |         ----^^^^^^^
[INFO] [stdout]    |         |
[INFO] [stdout]    |         help: remove this `mut`
[INFO] [stdout]    |
[INFO] [stdout]    = note: `#[warn(unused_mut)]` on by default
[INFO] [stdout] 
[INFO] [stdout] 
[INFO] [stdout] warning: 1 warning emitted
[INFO] [stdout] 
[INFO] [stdout] 
[INFO] [stderr]     Finished test [unoptimized + debuginfo] target(s) in 0.26s
[INFO] running `Command { std: "docker" "inspect" "296a196e443f30d6c3b65bd7ab0d8ea75960d6a0cfa2f3c12f5315682e9eb631", kill_on_drop: false }`
[INFO] running `Command { std: "docker" "rm" "-f" "296a196e443f30d6c3b65bd7ab0d8ea75960d6a0cfa2f3c12f5315682e9eb631", kill_on_drop: false }`
[INFO] [stdout] 296a196e443f30d6c3b65bd7ab0d8ea75960d6a0cfa2f3c12f5315682e9eb631
[INFO] running `Command { std: "docker" "create" "-v" "/var/lib/crater-agent-workspace/builds/worker-4-tc1/target:/opt/rustwide/target:rw,Z" "-v" "/var/lib/crater-agent-workspace/builds/worker-4-tc1/source:/opt/rustwide/workdir:ro,Z" "-v" "/var/lib/crater-agent-workspace/cargo-home:/opt/rustwide/cargo-home:ro,Z" "-v" "/var/lib/crater-agent-workspace/rustup-home:/opt/rustwide/rustup-home:ro,Z" "-e" "SOURCE_DIR=/opt/rustwide/workdir" "-e" "CARGO_TARGET_DIR=/opt/rustwide/target" "-e" "CARGO_INCREMENTAL=0" "-e" "RUST_BACKTRACE=full" "-e" "RUSTFLAGS=--cap-lints=warn" "-e" "RUSTDOCFLAGS=--cap-lints=warn" "-e" "CARGO_HOME=/opt/rustwide/cargo-home" "-e" "RUSTUP_HOME=/opt/rustwide/rustup-home" "-w" "/opt/rustwide/workdir" "-m" "1610612736" "--user" "0:0" "--network" "none" "ghcr.io/rust-lang/crates-build-env/linux@sha256:2788e3201cd34a07e3172128adcd8b3090168a8e3bcc40d7c032b9dda1df7d1c" "/opt/rustwide/cargo-home/bin/cargo" "+1.75.0" "test" "--frozen", kill_on_drop: false }`
[INFO] [stdout] a0a4da73cf0ba5d5b4f79f2589d7b9d0bc0c964e73cd00803b800b673bed93e2
[INFO] running `Command { std: "docker" "start" "-a" "a0a4da73cf0ba5d5b4f79f2589d7b9d0bc0c964e73cd00803b800b673bed93e2", kill_on_drop: false }`
[INFO] [stderr] warning: variable does not need to be mutable
[INFO] [stderr]   --> src/throughput/mod.rs:49:9
[INFO] [stderr]    |
[INFO] [stderr] 49 |     let mut running = true;
[INFO] [stderr]    |         ----^^^^^^^
[INFO] [stderr]    |         |
[INFO] [stderr]    |         help: remove this `mut`
[INFO] [stderr]    |
[INFO] [stderr]    = note: `#[warn(unused_mut)]` on by default
[INFO] [stderr] 
[INFO] [stderr] warning: `erosion` (lib) generated 1 warning (run `cargo fix --lib -p erosion` to apply 1 suggestion)
[INFO] [stderr] warning: `erosion` (lib test) generated 1 warning (1 duplicate)
[INFO] [stderr]     Finished test [unoptimized + debuginfo] target(s) in 0.00s
[INFO] [stderr]      Running unittests src/lib.rs (/opt/rustwide/target/debug/deps/erosion-e6d5552aa5a587ac)
[INFO] [stdout] 
[INFO] [stdout] running 10 tests
[INFO] [stdout] test throughput::tests::achieved_throughput_returns_rounded_throughput ... ok
[INFO] [stdout] test throughput::tests::remaining_sleep_duration_returns_zero_when_start_is_in_the_future ... ok
[INFO] [stdout] test throughput::tests::round_function_rounds_to_two_places ... ok
[INFO] [stdout] test throughput::tests::achieved_throughput_returns_minus_one_when_elapsed_is_zero ... ok
[INFO] [stdout] test throughput::tests::should_add_event_from_remainder_returns_false_when_index_is_outside_remainder_interval ... ok
[INFO] [stdout] test throughput::tests::should_add_event_from_remainder_returns_false_when_no_remainder ... ok
[INFO] [stdout] test throughput::tests::should_add_event_from_remainder_returns_true_when_index_is_in_remainder_interval ... ok
[INFO] [stdout] test throughput::tests::sleep_if_too_fast_returns_false_if_duration_zero ... ok
[INFO] [stdout] test throughput::tests::to_millis_converts_duration_to_integer ... ok
[INFO] [stdout] test throughput::tests::sleep_if_too_fast_returns_true_if_duration_not_zero ... ok
[INFO] [stdout] 
[INFO] [stdout] test result: ok. 10 passed; 0 failed; 0 ignored; 0 measured; 0 filtered out; finished in 0.00s
[INFO] [stdout] 
[INFO] [stderr]      Running tests/mono_thread_inttest.rs (/opt/rustwide/target/debug/deps/mono_thread_inttest-f31ca086f044b40a)
[INFO] [stdout] 
[INFO] [stdout] running 5 tests
[INFO] [stdout] test throughput_generator_calls_event_function_five_hundred_times_a_sec ... ok
[INFO] [stdout] test throughput_generator_calls_event_function_once_a_sec ... ok
[INFO] [stdout] test throughput_generator_calls_event_function_three_hundred_times_a_sec ... ok
[INFO] [stdout] test throughput_generator_calls_event_function_thousands_times_a_sec ... ok
[INFO] [stdout] test throughput_generator_calls_event_function_hundred_times_a_sec ... ok
[INFO] [stdout] 
[INFO] [stdout] test result: ok. 5 passed; 0 failed; 0 ignored; 0 measured; 0 filtered out; finished in 10.00s
[INFO] [stdout] 
[INFO] [stderr]    Doc-tests erosion
[INFO] [stdout] 
[INFO] [stdout] running 0 tests
[INFO] [stdout] 
[INFO] [stdout] test result: ok. 0 passed; 0 failed; 0 ignored; 0 measured; 0 filtered out; finished in 0.00s
[INFO] [stdout] 
[INFO] running `Command { std: "docker" "inspect" "a0a4da73cf0ba5d5b4f79f2589d7b9d0bc0c964e73cd00803b800b673bed93e2", kill_on_drop: false }`
[INFO] running `Command { std: "docker" "rm" "-f" "a0a4da73cf0ba5d5b4f79f2589d7b9d0bc0c964e73cd00803b800b673bed93e2", kill_on_drop: false }`
[INFO] [stdout] a0a4da73cf0ba5d5b4f79f2589d7b9d0bc0c964e73cd00803b800b673bed93e2
[INFO] testing florentw/erosion against beta-2023-12-22 for beta-1.76-1
[INFO] running `Command { std: "git" "clone" "/workspace/cache/git-repos/https%3A%2F%2Fgithub.com%2Fflorentw%2Ferosion" "/workspace/builds/worker-4-tc2/source", kill_on_drop: false }`
[INFO] [stderr] Cloning into '/workspace/builds/worker-4-tc2/source'...
[INFO] [stderr] done.
[INFO] validating manifest of git repo https://github.com/florentw/erosion on toolchain beta-2023-12-22
[INFO] running `Command { std: CARGO_HOME="/workspace/cargo-home" RUSTUP_HOME="/workspace/rustup-home" "/workspace/cargo-home/bin/cargo" "+beta-2023-12-22" "metadata" "--manifest-path" "Cargo.toml" "--no-deps", kill_on_drop: false }`
[INFO] started tweaking git repo https://github.com/florentw/erosion
[INFO] finished tweaking git repo https://github.com/florentw/erosion
[INFO] tweaked toml for git repo https://github.com/florentw/erosion written to /workspace/builds/worker-4-tc2/source/Cargo.toml
[INFO] crate git repo https://github.com/florentw/erosion already has a lockfile, it will not be regenerated
[INFO] running `Command { std: CARGO_HOME="/workspace/cargo-home" RUSTUP_HOME="/workspace/rustup-home" "/workspace/cargo-home/bin/cargo" "+beta-2023-12-22" "fetch" "--manifest-path" "Cargo.toml", kill_on_drop: false }`
[INFO] running `Command { std: "docker" "create" "-v" "/var/lib/crater-agent-workspace/builds/worker-4-tc2/target:/opt/rustwide/target:rw,Z" "-v" "/var/lib/crater-agent-workspace/builds/worker-4-tc2/source:/opt/rustwide/workdir:ro,Z" "-v" "/var/lib/crater-agent-workspace/cargo-home:/opt/rustwide/cargo-home:ro,Z" "-v" "/var/lib/crater-agent-workspace/rustup-home:/opt/rustwide/rustup-home:ro,Z" "-e" "SOURCE_DIR=/opt/rustwide/workdir" "-e" "CARGO_TARGET_DIR=/opt/rustwide/target" "-e" "CARGO_HOME=/opt/rustwide/cargo-home" "-e" "RUSTUP_HOME=/opt/rustwide/rustup-home" "-w" "/opt/rustwide/workdir" "-m" "1610612736" "--user" "0:0" "--network" "none" "ghcr.io/rust-lang/crates-build-env/linux@sha256:2788e3201cd34a07e3172128adcd8b3090168a8e3bcc40d7c032b9dda1df7d1c" "/opt/rustwide/cargo-home/bin/cargo" "+beta-2023-12-22" "metadata" "--no-deps" "--format-version=1", kill_on_drop: false }`
[INFO] [stdout] d456dedf13448db5340957b85ee31cc44c332e4149e09695bb7482a08acb8cb9
[INFO] running `Command { std: "docker" "start" "-a" "d456dedf13448db5340957b85ee31cc44c332e4149e09695bb7482a08acb8cb9", kill_on_drop: false }`
[INFO] running `Command { std: "docker" "inspect" "d456dedf13448db5340957b85ee31cc44c332e4149e09695bb7482a08acb8cb9", kill_on_drop: false }`
[INFO] running `Command { std: "docker" "rm" "-f" "d456dedf13448db5340957b85ee31cc44c332e4149e09695bb7482a08acb8cb9", kill_on_drop: false }`
[INFO] [stdout] d456dedf13448db5340957b85ee31cc44c332e4149e09695bb7482a08acb8cb9
[INFO] running `Command { std: "docker" "create" "-v" "/var/lib/crater-agent-workspace/builds/worker-4-tc2/target:/opt/rustwide/target:rw,Z" "-v" "/var/lib/crater-agent-workspace/builds/worker-4-tc2/source:/opt/rustwide/workdir:ro,Z" "-v" "/var/lib/crater-agent-workspace/cargo-home:/opt/rustwide/cargo-home:ro,Z" "-v" "/var/lib/crater-agent-workspace/rustup-home:/opt/rustwide/rustup-home:ro,Z" "-e" "SOURCE_DIR=/opt/rustwide/workdir" "-e" "CARGO_TARGET_DIR=/opt/rustwide/target" "-e" "CARGO_INCREMENTAL=0" "-e" "RUST_BACKTRACE=full" "-e" "RUSTFLAGS=--cap-lints=warn" "-e" "RUSTDOCFLAGS=--cap-lints=warn" "-e" "CARGO_HOME=/opt/rustwide/cargo-home" "-e" "RUSTUP_HOME=/opt/rustwide/rustup-home" "-w" "/opt/rustwide/workdir" "-m" "1610612736" "--user" "0:0" "--network" "none" "ghcr.io/rust-lang/crates-build-env/linux@sha256:2788e3201cd34a07e3172128adcd8b3090168a8e3bcc40d7c032b9dda1df7d1c" "/opt/rustwide/cargo-home/bin/cargo" "+beta-2023-12-22" "build" "--frozen" "--message-format=json", kill_on_drop: false }`
[INFO] [stdout] e7e77eda9757346edd46c6abe36b5b6a25588fbfca8a60a6f58642e86d46628e
[INFO] running `Command { std: "docker" "start" "-a" "e7e77eda9757346edd46c6abe36b5b6a25588fbfca8a60a6f58642e86d46628e", kill_on_drop: false }`
[INFO] [stderr]    Compiling erosion v0.1.0 (/opt/rustwide/workdir)
[INFO] [stdout] warning: variable does not need to be mutable
[INFO] [stdout]   --> src/throughput/mod.rs:49:9
[INFO] [stdout]    |
[INFO] [stdout] 49 |     let mut running = true;
[INFO] [stdout]    |         ----^^^^^^^
[INFO] [stdout]    |         |
[INFO] [stdout]    |         help: remove this `mut`
[INFO] [stdout]    |
[INFO] [stdout]    = note: `#[warn(unused_mut)]` on by default
[INFO] [stdout] 
[INFO] [stdout] 
[INFO] [stdout] warning: 1 warning emitted
[INFO] [stdout] 
[INFO] [stdout] 
[INFO] [stderr]     Finished dev [unoptimized + debuginfo] target(s) in 0.07s
[INFO] running `Command { std: "docker" "inspect" "e7e77eda9757346edd46c6abe36b5b6a25588fbfca8a60a6f58642e86d46628e", kill_on_drop: false }`
[INFO] running `Command { std: "docker" "rm" "-f" "e7e77eda9757346edd46c6abe36b5b6a25588fbfca8a60a6f58642e86d46628e", kill_on_drop: false }`
[INFO] [stdout] e7e77eda9757346edd46c6abe36b5b6a25588fbfca8a60a6f58642e86d46628e
[INFO] running `Command { std: "docker" "create" "-v" "/var/lib/crater-agent-workspace/builds/worker-4-tc2/target:/opt/rustwide/target:rw,Z" "-v" "/var/lib/crater-agent-workspace/builds/worker-4-tc2/source:/opt/rustwide/workdir:ro,Z" "-v" "/var/lib/crater-agent-workspace/cargo-home:/opt/rustwide/cargo-home:ro,Z" "-v" "/var/lib/crater-agent-workspace/rustup-home:/opt/rustwide/rustup-home:ro,Z" "-e" "SOURCE_DIR=/opt/rustwide/workdir" "-e" "CARGO_TARGET_DIR=/opt/rustwide/target" "-e" "CARGO_INCREMENTAL=0" "-e" "RUST_BACKTRACE=full" "-e" "RUSTFLAGS=--cap-lints=warn" "-e" "RUSTDOCFLAGS=--cap-lints=warn" "-e" "CARGO_HOME=/opt/rustwide/cargo-home" "-e" "RUSTUP_HOME=/opt/rustwide/rustup-home" "-w" "/opt/rustwide/workdir" "-m" "1610612736" "--user" "0:0" "--network" "none" "ghcr.io/rust-lang/crates-build-env/linux@sha256:2788e3201cd34a07e3172128adcd8b3090168a8e3bcc40d7c032b9dda1df7d1c" "/opt/rustwide/cargo-home/bin/cargo" "+beta-2023-12-22" "test" "--frozen" "--no-run" "--message-format=json", kill_on_drop: false }`
[INFO] [stdout] 7ef325e8d97564488ff81cd304e6557d7fe44be85ab6f54997d03738f9f3f466
[INFO] running `Command { std: "docker" "start" "-a" "7ef325e8d97564488ff81cd304e6557d7fe44be85ab6f54997d03738f9f3f466", kill_on_drop: false }`
[INFO] [stdout] warning: variable does not need to be mutable
[INFO] [stdout]   --> src/throughput/mod.rs:49:9
[INFO] [stdout]    |
[INFO] [stdout] 49 |     let mut running = true;
[INFO] [stdout]    |         ----^^^^^^^
[INFO] [stdout]    |         |
[INFO] [stdout]    |         help: remove this `mut`
[INFO] [stdout]    |
[INFO] [stdout]    = note: `#[warn(unused_mut)]` on by default
[INFO] [stdout] 
[INFO] [stdout] 
[INFO] [stderr]    Compiling erosion v0.1.0 (/opt/rustwide/workdir)
[INFO] [stdout] warning: 1 warning emitted
[INFO] [stdout] 
[INFO] [stdout] 
[INFO] [stdout] warning: variable does not need to be mutable
[INFO] [stdout]   --> src/throughput/mod.rs:49:9
[INFO] [stdout]    |
[INFO] [stdout] 49 |     let mut running = true;
[INFO] [stdout]    |         ----^^^^^^^
[INFO] [stdout]    |         |
[INFO] [stdout]    |         help: remove this `mut`
[INFO] [stdout]    |
[INFO] [stdout]    = note: `#[warn(unused_mut)]` on by default
[INFO] [stdout] 
[INFO] [stdout] 
[INFO] [stdout] warning: 1 warning emitted
[INFO] [stdout] 
[INFO] [stdout] 
[INFO] [stderr]     Finished test [unoptimized + debuginfo] target(s) in 0.27s
[INFO] running `Command { std: "docker" "inspect" "7ef325e8d97564488ff81cd304e6557d7fe44be85ab6f54997d03738f9f3f466", kill_on_drop: false }`
[INFO] running `Command { std: "docker" "rm" "-f" "7ef325e8d97564488ff81cd304e6557d7fe44be85ab6f54997d03738f9f3f466", kill_on_drop: false }`
[INFO] [stdout] 7ef325e8d97564488ff81cd304e6557d7fe44be85ab6f54997d03738f9f3f466
[INFO] running `Command { std: "docker" "create" "-v" "/var/lib/crater-agent-workspace/builds/worker-4-tc2/target:/opt/rustwide/target:rw,Z" "-v" "/var/lib/crater-agent-workspace/builds/worker-4-tc2/source:/opt/rustwide/workdir:ro,Z" "-v" "/var/lib/crater-agent-workspace/cargo-home:/opt/rustwide/cargo-home:ro,Z" "-v" "/var/lib/crater-agent-workspace/rustup-home:/opt/rustwide/rustup-home:ro,Z" "-e" "SOURCE_DIR=/opt/rustwide/workdir" "-e" "CARGO_TARGET_DIR=/opt/rustwide/target" "-e" "CARGO_INCREMENTAL=0" "-e" "RUST_BACKTRACE=full" "-e" "RUSTFLAGS=--cap-lints=warn" "-e" "RUSTDOCFLAGS=--cap-lints=warn" "-e" "CARGO_HOME=/opt/rustwide/cargo-home" "-e" "RUSTUP_HOME=/opt/rustwide/rustup-home" "-w" "/opt/rustwide/workdir" "-m" "1610612736" "--user" "0:0" "--network" "none" "ghcr.io/rust-lang/crates-build-env/linux@sha256:2788e3201cd34a07e3172128adcd8b3090168a8e3bcc40d7c032b9dda1df7d1c" "/opt/rustwide/cargo-home/bin/cargo" "+beta-2023-12-22" "test" "--frozen", kill_on_drop: false }`
[INFO] [stdout] 1779a2fafd39a7e591a9d302536947a475dec510b29719fae430dc3a33d7fd74
[INFO] running `Command { std: "docker" "start" "-a" "1779a2fafd39a7e591a9d302536947a475dec510b29719fae430dc3a33d7fd74", kill_on_drop: false }`
[INFO] [stderr] warning: variable does not need to be mutable
[INFO] [stderr]   --> src/throughput/mod.rs:49:9
[INFO] [stderr]    |
[INFO] [stderr] 49 |     let mut running = true;
[INFO] [stderr]    |         ----^^^^^^^
[INFO] [stderr]    |         |
[INFO] [stderr]    |         help: remove this `mut`
[INFO] [stderr]    |
[INFO] [stderr]    = note: `#[warn(unused_mut)]` on by default
[INFO] [stderr] 
[INFO] [stderr] warning: `erosion` (lib) generated 1 warning (run `cargo fix --lib -p erosion` to apply 1 suggestion)
[INFO] [stderr] warning: `erosion` (lib test) generated 1 warning (1 duplicate)
[INFO] [stderr]     Finished test [unoptimized + debuginfo] target(s) in 0.00s
[INFO] [stderr]      Running unittests src/lib.rs (/opt/rustwide/target/debug/deps/erosion-9f6898ff0d99e28f)
[INFO] [stdout] 
[INFO] [stdout] running 10 tests
[INFO] [stdout] test throughput::tests::achieved_throughput_returns_minus_one_when_elapsed_is_zero ... ok
[INFO] [stdout] test throughput::tests::remaining_sleep_duration_returns_zero_when_start_is_in_the_future ... ok
[INFO] [stdout] test throughput::tests::achieved_throughput_returns_rounded_throughput ... ok
[INFO] [stdout] test throughput::tests::round_function_rounds_to_two_places ... ok
[INFO] [stdout] test throughput::tests::should_add_event_from_remainder_returns_false_when_index_is_outside_remainder_interval ... ok
[INFO] [stdout] test throughput::tests::should_add_event_from_remainder_returns_false_when_no_remainder ... ok
[INFO] [stdout] test throughput::tests::should_add_event_from_remainder_returns_true_when_index_is_in_remainder_interval ... ok
[INFO] [stdout] test throughput::tests::sleep_if_too_fast_returns_false_if_duration_zero ... ok
[INFO] [stdout] test throughput::tests::to_millis_converts_duration_to_integer ... ok
[INFO] [stdout] test throughput::tests::sleep_if_too_fast_returns_true_if_duration_not_zero ... ok
[INFO] [stdout] 
[INFO] [stdout] test result: ok. 10 passed; 0 failed; 0 ignored; 0 measured; 0 filtered out; finished in 0.00s
[INFO] [stdout] 
[INFO] [stderr]      Running tests/mono_thread_inttest.rs (/opt/rustwide/target/debug/deps/mono_thread_inttest-8d712782c518b0d3)
[INFO] [stdout] 
[INFO] [stdout] running 5 tests
[INFO] [stdout] test throughput_generator_calls_event_function_once_a_sec ... ok
[INFO] [stdout] test throughput_generator_calls_event_function_thousands_times_a_sec ... ok
[INFO] [stdout] test throughput_generator_calls_event_function_three_hundred_times_a_sec ... ok
[INFO] [stdout] test throughput_generator_calls_event_function_hundred_times_a_sec ... ok
[INFO] [stdout] test throughput_generator_calls_event_function_five_hundred_times_a_sec ... FAILED
[INFO] [stdout] 
[INFO] [stdout] failures:
[INFO] [stdout] 
[INFO] [stdout] ---- throughput_generator_calls_event_function_five_hundred_times_a_sec stdout ----
[INFO] [stdout] events_per_small_period: 500, events_remainder: 0, additional_event: 0, main_target_interval(s): 10, previous_sleep: 0ns
[INFO] [stdout] avg_sleep: 964.655664ms, last_sleep:9.64655664s, to_sleep:964.655664ms
[INFO] [stdout] events_per_small_period: 500, events_remainder: 0, additional_event: 0, main_target_interval(s): 10, previous_sleep: 9.64655664s
[INFO] [stdout] avg_sleep: 964.692469ms, last_sleep:9.64655664s, to_sleep:964.729274ms
[INFO] [stdout] events_per_small_period: 500, events_remainder: 0, additional_event: 0, main_target_interval(s): 10, previous_sleep: 9.64655664s
[INFO] [stdout] avg_sleep: 964.702834ms, last_sleep:9.64655664s, to_sleep:964.750004ms
[INFO] [stdout] events_per_small_period: 500, events_remainder: 0, additional_event: 0, main_target_interval(s): 10, previous_sleep: 9.64655664s
[INFO] [stdout] avg_sleep: 964.738189ms, last_sleep:9.64655664s, to_sleep:964.820714ms
[INFO] [stdout] events_per_small_period: 500, events_remainder: 0, additional_event: 0, main_target_interval(s): 10, previous_sleep: 9.64655664s
[INFO] [stdout] avg_sleep: 963.428599ms, last_sleep:9.64655664s, to_sleep:962.201534ms
[INFO] [stdout] events_per_small_period: 500, events_remainder: 0, additional_event: 0, main_target_interval(s): 10, previous_sleep: 9.64655664s
[INFO] [stdout] avg_sleep: 963.834644ms, last_sleep:9.64655664s, to_sleep:963.013624ms
[INFO] [stdout] events_per_small_period: 500, events_remainder: 0, additional_event: 0, main_target_interval(s): 10, previous_sleep: 9.64655664s
[INFO] [stdout] avg_sleep: 959.068384ms, last_sleep:9.64655664s, to_sleep:953.481105ms
[INFO] [stdout] events_per_small_period: 500, events_remainder: 0, additional_event: 0, main_target_interval(s): 10, previous_sleep: 9.64655664s
[INFO] [stdout] avg_sleep: 961.845334ms, last_sleep:9.64655664s, to_sleep:959.035004ms
[INFO] [stdout] events_per_small_period: 500, events_remainder: 0, additional_event: 0, main_target_interval(s): 10, previous_sleep: 9.64655664s
[INFO] [stdout] avg_sleep: 963.022094ms, last_sleep:9.64655664s, to_sleep:961.388524ms
[INFO] [stdout] events_per_small_period: 500, events_remainder: 0, additional_event: 0, main_target_interval(s): 10, previous_sleep: 9.64655664s
[INFO] [stdout] avg_sleep: 957.897694ms, last_sleep:9.64655664s, to_sleep:951.139725ms
[INFO] [stdout] Throughput: 499.05 event/s - Was too slow: false - Distance to target: 0.95 events/s - toSleep: 0ns
[INFO] [stdout] throughput_results: last sleep: 9.64655664s, distance: 0.95
[INFO] [stdout] thread 'throughput_generator_calls_event_function_five_hundred_times_a_sec' panicked at tests/mono_thread_inttest.rs:51:5:
[INFO] [stdout] assertion failed: results.throughput_distance < 0.9
[INFO] [stdout] stack backtrace:
[INFO] [stdout]    0:     0x55ae086cd6b6 - std::backtrace_rs::backtrace::libunwind::trace::h261606ad26a499c1
[INFO] [stdout]                                at /rustc/0e09125c6c3c2fd70d7de961bcf0e51575235fad/library/std/src/../../backtrace/src/backtrace/libunwind.rs:104:5
[INFO] [stdout]    1:     0x55ae086cd6b6 - std::backtrace_rs::backtrace::trace_unsynchronized::hd183f0625477fb28
[INFO] [stdout]                                at /rustc/0e09125c6c3c2fd70d7de961bcf0e51575235fad/library/std/src/../../backtrace/src/backtrace/mod.rs:66:5
[INFO] [stdout]    2:     0x55ae086cd6b6 - std::sys_common::backtrace::_print_fmt::hd7f8fef21b4eda67
[INFO] [stdout]                                at /rustc/0e09125c6c3c2fd70d7de961bcf0e51575235fad/library/std/src/sys_common/backtrace.rs:68:5
[INFO] [stdout]    3:     0x55ae086cd6b6 - <std::sys_common::backtrace::_print::DisplayBacktrace as core::fmt::Display>::fmt::h623d9b51f2f453f1
[INFO] [stdout]                                at /rustc/0e09125c6c3c2fd70d7de961bcf0e51575235fad/library/std/src/sys_common/backtrace.rs:44:22
[INFO] [stdout]    4:     0x55ae086f6910 - core::fmt::rt::Argument::fmt::h9f417ac76a86f368
[INFO] [stdout]                                at /rustc/0e09125c6c3c2fd70d7de961bcf0e51575235fad/library/core/src/fmt/rt.rs:142:9
[INFO] [stdout]    5:     0x55ae086f6910 - core::fmt::write::hc9b6faf4ac2aeff7
[INFO] [stdout]                                at /rustc/0e09125c6c3c2fd70d7de961bcf0e51575235fad/library/core/src/fmt/mod.rs:1120:17
[INFO] [stdout]    6:     0x55ae086cb0df - std::io::Write::write_fmt::he04625a3a989fec3
[INFO] [stdout]                                at /rustc/0e09125c6c3c2fd70d7de961bcf0e51575235fad/library/std/src/io/mod.rs:1810:15
[INFO] [stdout]    7:     0x55ae086cd494 - std::sys_common::backtrace::_print::hd5d66399c7df88a2
[INFO] [stdout]                                at /rustc/0e09125c6c3c2fd70d7de961bcf0e51575235fad/library/std/src/sys_common/backtrace.rs:47:5
[INFO] [stdout]    8:     0x55ae086cd494 - std::sys_common::backtrace::print::he81ed2da642d37e5
[INFO] [stdout]                                at /rustc/0e09125c6c3c2fd70d7de961bcf0e51575235fad/library/std/src/sys_common/backtrace.rs:34:9
[INFO] [stdout]    9:     0x55ae086cf207 - std::panicking::default_hook::{{closure}}::h85773f4fa117163d
[INFO] [stdout]   10:     0x55ae086ceeed - std::panicking::default_hook::h6a1694a91d09b278
[INFO] [stdout]                                at /rustc/0e09125c6c3c2fd70d7de961bcf0e51575235fad/library/std/src/panicking.rs:289:9
[INFO] [stdout]   11:     0x55ae0869e3e7 - <alloc::boxed::Box<F,A> as core::ops::function::Fn<Args>>::call::h616ac37fa3cd6c8f
[INFO] [stdout]                                at /rustc/0e09125c6c3c2fd70d7de961bcf0e51575235fad/library/alloc/src/boxed.rs:2029:9
[INFO] [stdout]   12:     0x55ae0869e3e7 - test::test_main::{{closure}}::h00d84697cefdcbb6
[INFO] [stdout]                                at /rustc/0e09125c6c3c2fd70d7de961bcf0e51575235fad/library/test/src/lib.rs:138:21
[INFO] [stdout]   13:     0x55ae086cf826 - <alloc::boxed::Box<F,A> as core::ops::function::Fn<Args>>::call::hcb3fe3b9bb537ba8
[INFO] [stdout]                                at /rustc/0e09125c6c3c2fd70d7de961bcf0e51575235fad/library/alloc/src/boxed.rs:2029:9
[INFO] [stdout]   14:     0x55ae086cf826 - std::panicking::rust_panic_with_hook::h0a7ad96e90f7145b
[INFO] [stdout]                                at /rustc/0e09125c6c3c2fd70d7de961bcf0e51575235fad/library/std/src/panicking.rs:783:13
[INFO] [stdout]   15:     0x55ae086cf539 - std::panicking::begin_panic_handler::{{closure}}::h7919090525c6485e
[INFO] [stdout]                                at /rustc/0e09125c6c3c2fd70d7de961bcf0e51575235fad/library/std/src/panicking.rs:649:13
[INFO] [stdout]   16:     0x55ae086cdbb6 - std::sys_common::backtrace::__rust_end_short_backtrace::hf3289479464f7dfe
[INFO] [stdout]                                at /rustc/0e09125c6c3c2fd70d7de961bcf0e51575235fad/library/std/src/sys_common/backtrace.rs:171:18
[INFO] [stdout]   17:     0x55ae086cf2d0 - rust_begin_unwind
[INFO] [stdout]                                at /rustc/0e09125c6c3c2fd70d7de961bcf0e51575235fad/library/std/src/panicking.rs:645:5
[INFO] [stdout]   18:     0x55ae08663cc5 - core::panicking::panic_fmt::hcc9f77c5c132af55
[INFO] [stdout]                                at /rustc/0e09125c6c3c2fd70d7de961bcf0e51575235fad/library/core/src/panicking.rs:72:14
[INFO] [stdout]   19:     0x55ae08663d83 - core::panicking::panic::h5a1259c1164bd480
[INFO] [stdout]                                at /rustc/0e09125c6c3c2fd70d7de961bcf0e51575235fad/library/core/src/panicking.rs:144:5
[INFO] [stdout]   20:     0x55ae08669963 - mono_thread_inttest::throughput_generator_calls_event_function_five_hundred_times_a_sec::h661f49a3206fb29e
[INFO] [stdout]                                at /opt/rustwide/workdir/tests/mono_thread_inttest.rs:51:5
[INFO] [stdout]   21:     0x55ae086698f7 - mono_thread_inttest::throughput_generator_calls_event_function_five_hundred_times_a_sec::{{closure}}::h7a4174fc4b46ffdf
[INFO] [stdout]                                at /opt/rustwide/workdir/tests/mono_thread_inttest.rs:48:72
[INFO] [stdout]   22:     0x55ae08664dd6 - core::ops::function::FnOnce::call_once::h25a5375771ad7aea
[INFO] [stdout]                                at /rustc/0e09125c6c3c2fd70d7de961bcf0e51575235fad/library/core/src/ops/function.rs:250:5
[INFO] [stdout]   23:     0x55ae086a3cbf - core::ops::function::FnOnce::call_once::hd64d26f405258157
[INFO] [stdout]                                at /rustc/0e09125c6c3c2fd70d7de961bcf0e51575235fad/library/core/src/ops/function.rs:250:5
[INFO] [stdout]   24:     0x55ae086a3cbf - test::__rust_begin_short_backtrace::he21b0b7a6d731bf9
[INFO] [stdout]                                at /rustc/0e09125c6c3c2fd70d7de961bcf0e51575235fad/library/test/src/lib.rs:627:18
[INFO] [stdout]   25:     0x55ae086a2a41 - test::run_test_in_process::{{closure}}::hf5c73986d7bdfde2
[INFO] [stdout]                                at /rustc/0e09125c6c3c2fd70d7de961bcf0e51575235fad/library/test/src/lib.rs:650:60
[INFO] [stdout]   26:     0x55ae086a2a41 - <core::panic::unwind_safe::AssertUnwindSafe<F> as core::ops::function::FnOnce<()>>::call_once::h330011ad032aadc0
[INFO] [stdout]                                at /rustc/0e09125c6c3c2fd70d7de961bcf0e51575235fad/library/core/src/panic/unwind_safe.rs:272:9
[INFO] [stdout]   27:     0x55ae086a2a41 - std::panicking::try::do_call::he61b0a958b795a41
[INFO] [stdout]                                at /rustc/0e09125c6c3c2fd70d7de961bcf0e51575235fad/library/std/src/panicking.rs:552:40
[INFO] [stdout]   28:     0x55ae086a2a41 - std::panicking::try::h7309da130f906eb7
[INFO] [stdout]                                at /rustc/0e09125c6c3c2fd70d7de961bcf0e51575235fad/library/std/src/panicking.rs:516:19
[INFO] [stdout]   29:     0x55ae086a2a41 - std::panic::catch_unwind::hc5c3a06fdaf0a92a
[INFO] [stdout]                                at /rustc/0e09125c6c3c2fd70d7de961bcf0e51575235fad/library/std/src/panic.rs:142:14
[INFO] [stdout]   30:     0x55ae086a2a41 - test::run_test_in_process::h7e7b7c71c3324e0f
[INFO] [stdout]                                at /rustc/0e09125c6c3c2fd70d7de961bcf0e51575235fad/library/test/src/lib.rs:650:27
[INFO] [stdout]   31:     0x55ae086a2a41 - test::run_test::{{closure}}::h1f509f28f5cf20b1
[INFO] [stdout]                                at /rustc/0e09125c6c3c2fd70d7de961bcf0e51575235fad/library/test/src/lib.rs:573:43
[INFO] [stdout]   32:     0x55ae08669d76 - test::run_test::{{closure}}::h1754218abf443f6d
[INFO] [stdout]                                at /rustc/0e09125c6c3c2fd70d7de961bcf0e51575235fad/library/test/src/lib.rs:601:41
[INFO] [stdout]   33:     0x55ae08669d76 - std::sys_common::backtrace::__rust_begin_short_backtrace::h2ee174b9d5954948
[INFO] [stdout]                                at /rustc/0e09125c6c3c2fd70d7de961bcf0e51575235fad/library/std/src/sys_common/backtrace.rs:155:18
[INFO] [stdout]   34:     0x55ae0866edd7 - std::thread::Builder::spawn_unchecked_::{{closure}}::{{closure}}::hf60bee9c1a17ef09
[INFO] [stdout]                                at /rustc/0e09125c6c3c2fd70d7de961bcf0e51575235fad/library/std/src/thread/mod.rs:529:17
[INFO] [stdout]   35:     0x55ae0866edd7 - <core::panic::unwind_safe::AssertUnwindSafe<F> as core::ops::function::FnOnce<()>>::call_once::h33d0dddec5216160
[INFO] [stdout]                                at /rustc/0e09125c6c3c2fd70d7de961bcf0e51575235fad/library/core/src/panic/unwind_safe.rs:272:9
[INFO] [stdout]   36:     0x55ae0866edd7 - std::panicking::try::do_call::h144b3048b546f835
[INFO] [stdout]                                at /rustc/0e09125c6c3c2fd70d7de961bcf0e51575235fad/library/std/src/panicking.rs:552:40
[INFO] [stdout]   37:     0x55ae0866edd7 - std::panicking::try::h978244d04646189f
[INFO] [stdout]                                at /rustc/0e09125c6c3c2fd70d7de961bcf0e51575235fad/library/std/src/panicking.rs:516:19
[INFO] [stdout]   38:     0x55ae0866edd7 - std::panic::catch_unwind::hdf436369d188fe86
[INFO] [stdout]                                at /rustc/0e09125c6c3c2fd70d7de961bcf0e51575235fad/library/std/src/panic.rs:142:14
[INFO] [stdout]   39:     0x55ae0866edd7 - std::thread::Builder::spawn_unchecked_::{{closure}}::h87329cbdd33c79ec
[INFO] [stdout]                                at /rustc/0e09125c6c3c2fd70d7de961bcf0e51575235fad/library/std/src/thread/mod.rs:528:30
[INFO] [stdout]   40:     0x55ae0866edd7 - core::ops::function::FnOnce::call_once{{vtable.shim}}::h401abbe67897d450
[INFO] [stdout]                                at /rustc/0e09125c6c3c2fd70d7de961bcf0e51575235fad/library/core/src/ops/function.rs:250:5
[INFO] [stdout]   41:     0x55ae086d42d5 - <alloc::boxed::Box<F,A> as core::ops::function::FnOnce<Args>>::call_once::h5d7c8f150ab9c84c
[INFO] [stdout]                                at /rustc/0e09125c6c3c2fd70d7de961bcf0e51575235fad/library/alloc/src/boxed.rs:2015:9
[INFO] [stdout]   42:     0x55ae086d42d5 - <alloc::boxed::Box<F,A> as core::ops::function::FnOnce<Args>>::call_once::h570d5b005c242c15
[INFO] [stdout]                                at /rustc/0e09125c6c3c2fd70d7de961bcf0e51575235fad/library/alloc/src/boxed.rs:2015:9
[INFO] [stdout]   43:     0x55ae086d42d5 - std::sys::unix::thread::Thread::new::thread_start::h36b0a20c0b2361ad
[INFO] [stdout]                                at /rustc/0e09125c6c3c2fd70d7de961bcf0e51575235fad/library/std/src/sys/unix/thread.rs:108:17
[INFO] [stdout]   44:     0x7f11532adac3 - <unknown>
[INFO] [stdout]   45:     0x7f115333ebf4 - __clone
[INFO] [stdout]   46:                0x0 - <unknown>
[INFO] [stdout] 
[INFO] [stdout] 
[INFO] [stdout] failures:
[INFO] [stdout]     throughput_generator_calls_event_function_five_hundred_times_a_sec
[INFO] [stdout] 
[INFO] [stdout] test result: FAILED. 4 passed; 1 failed; 0 ignored; 0 measured; 0 filtered out; finished in 10.03s
[INFO] [stdout] 
[INFO] [stderr] error: test failed, to rerun pass `--test mono_thread_inttest`
[INFO] running `Command { std: "docker" "inspect" "1779a2fafd39a7e591a9d302536947a475dec510b29719fae430dc3a33d7fd74", kill_on_drop: false }`
[INFO] running `Command { std: "docker" "rm" "-f" "1779a2fafd39a7e591a9d302536947a475dec510b29719fae430dc3a33d7fd74", kill_on_drop: false }`
[INFO] [stdout] 1779a2fafd39a7e591a9d302536947a475dec510b29719fae430dc3a33d7fd74
