[INFO] cloning repository https://github.com/flatcar-linux/coreos-metadata
[INFO] running `Command { std: "git" "-c" "credential.helper=" "-c" "credential.helper=/workspace/cargo-home/bin/git-credential-null" "clone" "--bare" "https://github.com/flatcar-linux/coreos-metadata" "/workspace/cache/git-repos/https%3A%2F%2Fgithub.com%2Fflatcar-linux%2Fcoreos-metadata", kill_on_drop: false }`
[INFO] [stderr] Cloning into bare repository '/workspace/cache/git-repos/https%3A%2F%2Fgithub.com%2Fflatcar-linux%2Fcoreos-metadata'...
[INFO] running `Command { std: "git" "rev-parse" "HEAD", kill_on_drop: false }`
[INFO] [stdout] bb3cdd0b895e9803c843d1e1831f9c0613e35e02
[INFO] [stderr] warning: refname 'HEAD' is ambiguous.
[INFO] testing flatcar-linux/coreos-metadata against 1.75.0 for beta-1.76-1
[INFO] running `Command { std: "git" "clone" "/workspace/cache/git-repos/https%3A%2F%2Fgithub.com%2Fflatcar-linux%2Fcoreos-metadata" "/workspace/builds/worker-6-tc1/source", kill_on_drop: false }`
[INFO] [stderr] Cloning into '/workspace/builds/worker-6-tc1/source'...
[INFO] [stderr] done.
[INFO] validating manifest of git repo https://github.com/flatcar-linux/coreos-metadata on toolchain 1.75.0
[INFO] running `Command { std: CARGO_HOME="/workspace/cargo-home" RUSTUP_HOME="/workspace/rustup-home" "/workspace/cargo-home/bin/cargo" "+1.75.0" "metadata" "--manifest-path" "Cargo.toml" "--no-deps", kill_on_drop: false }`
[INFO] started tweaking git repo https://github.com/flatcar-linux/coreos-metadata
[INFO] finished tweaking git repo https://github.com/flatcar-linux/coreos-metadata
[INFO] tweaked toml for git repo https://github.com/flatcar-linux/coreos-metadata written to /workspace/builds/worker-6-tc1/source/Cargo.toml
[INFO] crate git repo https://github.com/flatcar-linux/coreos-metadata already has a lockfile, it will not be regenerated
[INFO] running `Command { std: CARGO_HOME="/workspace/cargo-home" RUSTUP_HOME="/workspace/rustup-home" "/workspace/cargo-home/bin/cargo" "+1.75.0" "fetch" "--manifest-path" "Cargo.toml", kill_on_drop: false }`
[INFO] [stderr]     Updating crates.io index
[INFO] [stderr]  Downloading crates ...
[INFO] [stderr]   Downloaded string v0.1.2
[INFO] [stderr]   Downloaded block-padding v0.1.2
[INFO] [stderr]   Downloaded slog-term v2.4.0
[INFO] [stderr]   Downloaded slog-scope v4.0.1
[INFO] [stderr]   Downloaded opaque-debug v0.2.1
[INFO] [stderr]   Downloaded colored v1.6.1
[INFO] [stderr]   Downloaded crc32fast v1.1.2
[INFO] [stderr]   Downloaded libflate v0.1.19
[INFO] [stderr]   Downloaded byte-tools v0.3.0
[INFO] [stderr]   Downloaded crossbeam-utils v0.6.3
[INFO] [stderr]   Downloaded h2 v0.1.14
[INFO] [stderr]   Downloaded encoding_rs v0.8.13
[INFO] [stderr]   Downloaded http v0.1.14
[INFO] [stderr]   Downloaded hyper v0.12.18
[INFO] [stderr]   Downloaded crossbeam-epoch v0.7.0
[INFO] [stderr]   Downloaded slog v2.4.1
[INFO] [stderr]   Downloaded users v0.8.1
[INFO] [stderr]   Downloaded redox_syscall v0.1.44
[INFO] [stderr]   Downloaded arrayvec v0.4.9
[INFO] [stderr]   Downloaded update-ssh-keys v0.4.1
[INFO] [stderr]   Downloaded openssh-keys v0.4.1
[INFO] [stderr]   Downloaded mockito v0.17.0
[INFO] running `Command { std: "docker" "create" "-v" "/var/lib/crater-agent-workspace/builds/worker-6-tc1/target:/opt/rustwide/target:rw,Z" "-v" "/var/lib/crater-agent-workspace/builds/worker-6-tc1/source:/opt/rustwide/workdir:ro,Z" "-v" "/var/lib/crater-agent-workspace/cargo-home:/opt/rustwide/cargo-home:ro,Z" "-v" "/var/lib/crater-agent-workspace/rustup-home:/opt/rustwide/rustup-home:ro,Z" "-e" "SOURCE_DIR=/opt/rustwide/workdir" "-e" "CARGO_TARGET_DIR=/opt/rustwide/target" "-e" "CARGO_HOME=/opt/rustwide/cargo-home" "-e" "RUSTUP_HOME=/opt/rustwide/rustup-home" "-w" "/opt/rustwide/workdir" "-m" "1610612736" "--user" "0:0" "--network" "none" "ghcr.io/rust-lang/crates-build-env/linux@sha256:2788e3201cd34a07e3172128adcd8b3090168a8e3bcc40d7c032b9dda1df7d1c" "/opt/rustwide/cargo-home/bin/cargo" "+1.75.0" "metadata" "--no-deps" "--format-version=1", kill_on_drop: false }`
[INFO] [stdout] e3340e597e88339e0bd410218f3be3150696a720468c4b2ebf045ec7aa2e7ab1
[INFO] running `Command { std: "docker" "start" "-a" "e3340e597e88339e0bd410218f3be3150696a720468c4b2ebf045ec7aa2e7ab1", kill_on_drop: false }`
[INFO] running `Command { std: "docker" "inspect" "e3340e597e88339e0bd410218f3be3150696a720468c4b2ebf045ec7aa2e7ab1", kill_on_drop: false }`
[INFO] running `Command { std: "docker" "rm" "-f" "e3340e597e88339e0bd410218f3be3150696a720468c4b2ebf045ec7aa2e7ab1", kill_on_drop: false }`
[INFO] [stdout] e3340e597e88339e0bd410218f3be3150696a720468c4b2ebf045ec7aa2e7ab1
[INFO] running `Command { std: "docker" "create" "-v" "/var/lib/crater-agent-workspace/builds/worker-6-tc1/target:/opt/rustwide/target:rw,Z" "-v" "/var/lib/crater-agent-workspace/builds/worker-6-tc1/source:/opt/rustwide/workdir:ro,Z" "-v" "/var/lib/crater-agent-workspace/cargo-home:/opt/rustwide/cargo-home:ro,Z" "-v" "/var/lib/crater-agent-workspace/rustup-home:/opt/rustwide/rustup-home:ro,Z" "-e" "SOURCE_DIR=/opt/rustwide/workdir" "-e" "CARGO_TARGET_DIR=/opt/rustwide/target" "-e" "CARGO_INCREMENTAL=0" "-e" "RUST_BACKTRACE=full" "-e" "RUSTFLAGS=--cap-lints=warn" "-e" "RUSTDOCFLAGS=--cap-lints=warn" "-e" "CARGO_HOME=/opt/rustwide/cargo-home" "-e" "RUSTUP_HOME=/opt/rustwide/rustup-home" "-w" "/opt/rustwide/workdir" "-m" "1610612736" "--user" "0:0" "--network" "none" "ghcr.io/rust-lang/crates-build-env/linux@sha256:2788e3201cd34a07e3172128adcd8b3090168a8e3bcc40d7c032b9dda1df7d1c" "/opt/rustwide/cargo-home/bin/cargo" "+1.75.0" "build" "--frozen" "--message-format=json", kill_on_drop: false }`
[INFO] [stdout] d27ff4a8f0b3379d64a79761b4f1fde4b431ca99f40e48418ed24daf3538a627
[INFO] running `Command { std: "docker" "start" "-a" "d27ff4a8f0b3379d64a79761b4f1fde4b431ca99f40e48418ed24daf3538a627", kill_on_drop: false }`
[INFO] [stderr]    Compiling libc v0.2.47
[INFO] [stderr]    Compiling cfg-if v0.1.6
[INFO] [stderr]    Compiling rand_core v0.3.0
[INFO] [stderr]    Compiling version_check v0.1.5
[INFO] [stderr]    Compiling semver-parser v0.7.0
[INFO] [stderr]    Compiling byteorder v1.3.1
[INFO] [stderr]    Compiling lazy_static v1.2.0
[INFO] [stderr]    Compiling futures v0.1.25
[INFO] [stderr]    Compiling log v0.4.6
[INFO] [stderr]    Compiling scopeguard v0.3.3
[INFO] [stderr]    Compiling crossbeam-utils v0.6.3
[INFO] [stderr]    Compiling semver v0.9.0
[INFO] [stderr]    Compiling rand_core v0.2.2
[INFO] [stderr]    Compiling void v1.0.2
[INFO] [stderr]    Compiling slab v0.4.1
[INFO] [stderr]    Compiling unreachable v1.0.0
[INFO] [stderr]    Compiling stable_deref_trait v1.1.1
[INFO] [stderr]    Compiling owning_ref v0.4.0
[INFO] [stderr]    Compiling smallvec v0.6.7
[INFO] [stderr]    Compiling unicase v1.4.2
[INFO] [stderr]    Compiling rustc_version v0.2.3
[INFO] [stderr]    Compiling memchr v2.1.2
[INFO] [stderr]    Compiling log v0.3.9
[INFO] [stderr]    Compiling arrayvec v0.4.9
[INFO] [stderr]    Compiling parking_lot_core v0.3.1
[INFO] [stderr]    Compiling rand_pcg v0.1.1
[INFO] [stderr]    Compiling rand_chacha v0.1.0
[INFO] [stderr]    Compiling lazycell v1.2.1
[INFO] [stderr]    Compiling rustc-serialize v0.3.24
[INFO] [stderr]    Compiling iovec v0.1.2
[INFO] [stderr]    Compiling rand v0.5.5
[INFO] [stderr]    Compiling bytes v0.4.11
[INFO] [stderr]    Compiling num_cpus v1.9.0
[INFO] [stderr]    Compiling net2 v0.2.33
[INFO] [stderr]    Compiling rand v0.6.1
[INFO] [stderr]    Compiling lock_api v0.1.5
[INFO] [stderr]    Compiling tokio-executor v0.1.5
[INFO] [stderr]    Compiling tokio-io v0.1.10
[INFO] [stderr]    Compiling mio v0.6.16
[INFO] [stderr]    Compiling thread_local v0.3.6
[INFO] [stderr]    Compiling nodrop v0.1.13
[INFO] [stderr]    Compiling pkg-config v0.3.14
[INFO] [stderr]    Compiling serde v1.0.90
[INFO] [stderr]    Compiling cc v1.0.26
[INFO] [stderr]    Compiling unicode-xid v0.0.3
[INFO] [stderr]    Compiling autocfg v1.0.1
[INFO] [stderr]    Compiling term v0.4.6
[INFO] [stderr]    Compiling parking_lot v0.6.4
[INFO] [stderr]    Compiling rand_isaac v0.1.1
[INFO] [stderr]    Compiling rand_xorshift v0.1.0
[INFO] [stderr]    Compiling syntex_pos v0.42.0
[INFO] [stderr]    Compiling rand_hc v0.1.0
[INFO] [stderr]    Compiling memoffset v0.2.1
[INFO] [stderr]    Compiling ucd-util v0.1.3
[INFO] [stderr]    Compiling regex v0.2.11
[INFO] [stderr]    Compiling typenum v1.10.0
[INFO] [stderr]    Compiling openssl-sys v0.9.67
[INFO] [stderr]    Compiling syntex_errors v0.42.0
[INFO] [stderr]    Compiling siphasher v0.2.3
[INFO] [stderr]    Compiling bitflags v0.5.0
[INFO] [stderr]    Compiling regex-syntax v0.5.6
[INFO] [stderr]    Compiling aho-corasick v0.6.9
[INFO] [stderr]    Compiling phf_shared v0.7.23
[INFO] [stderr]    Compiling syntex_syntax v0.42.0
[INFO] [stderr]    Compiling crossbeam-epoch v0.7.0
[INFO] [stderr]    Compiling tokio-reactor v0.1.7
[INFO] [stderr]    Compiling itoa v0.4.3
[INFO] [stderr]    Compiling utf8-ranges v1.0.2
[INFO] [stderr]    Compiling crossbeam-deque v0.6.3
[INFO] [stderr]    Compiling tokio-codec v0.1.1
[INFO] [stderr]    Compiling bitflags v1.0.4
[INFO] [stderr]    Compiling phf_generator v0.7.23
[INFO] [stderr]    Compiling mio-uds v0.6.7
[INFO] [stderr]    Compiling time v0.1.41
[INFO] [stderr]    Compiling unicase v2.2.0
[INFO] [stderr]    Compiling tokio-threadpool v0.1.9
[INFO] [stderr]    Compiling generic-array v0.12.0
[INFO] [stderr]    Compiling openssl v0.10.36
[INFO] [stderr]    Compiling pnet_base v0.22.0
[INFO] [stderr]    Compiling matches v0.1.8
[INFO] [stderr]    Compiling foreign-types-shared v0.1.1
[INFO] [stderr]    Compiling glob v0.2.11
[INFO] [stderr]    Compiling byte-tools v0.3.0
[INFO] [stderr]    Compiling slog v2.4.1
[INFO] [stderr]    Compiling num-traits v0.2.6
[INFO] [stderr]    Compiling fnv v1.0.6
[INFO] [stderr]    Compiling httparse v1.3.3
[INFO] [stderr]    Compiling proc-macro2 v0.4.24
[INFO] [stderr]    Compiling http v0.1.14
[INFO] [stderr]    Compiling block-padding v0.1.2
[INFO] [stderr]    Compiling tokio-fs v0.1.4
[INFO] [stderr]    Compiling unicode-bidi v0.3.4
[INFO] [stderr]    Compiling foreign-types v0.3.2
[INFO] [stderr]    Compiling tokio-uds v0.2.4
[INFO] [stderr]    Compiling phf_codegen v0.7.23
[INFO] [stderr]    Compiling tokio-udp v0.1.3
[INFO] [stderr]    Compiling tokio-tcp v0.1.2
[INFO] [stderr]    Compiling tokio-timer v0.2.8
[INFO] [stderr]    Compiling tokio-current-thread v0.1.4
[INFO] [stderr]    Compiling crc32fast v1.1.2
[INFO] [stderr]    Compiling ryu v0.2.7
[INFO] [stderr]    Compiling string v0.1.2
[INFO] [stderr]    Compiling try-lock v0.2.2
[INFO] [stderr]    Compiling num-integer v0.1.39
[INFO] [stderr]    Compiling native-tls v0.2.2
[INFO] [stderr]    Compiling once_cell v1.8.0
[INFO] [stderr]    Compiling indexmap v1.0.2
[INFO] [stderr]    Compiling unicode-xid v0.1.0
[INFO] [stderr]    Compiling cfg-if v1.0.0
[INFO] [stderr]    Compiling unicode-normalization v0.1.7
[INFO] [stderr]    Compiling want v0.0.6
[INFO] [stderr]    Compiling h2 v0.1.14
[INFO] [stderr]    Compiling tokio v0.1.13
[INFO] [stderr]    Compiling mime_guess v2.0.0-alpha.6
[INFO] [stderr]    Compiling block-buffer v0.7.0
[INFO] [stderr]    Compiling idna v0.1.5
[INFO] [stderr]    Compiling pnet_macros_support v0.22.0
[INFO] [stderr]    Compiling digest v0.8.0
[INFO] [stderr]    Compiling futures-cpupool v0.1.8
[INFO] [stderr]    Compiling pnet_sys v0.22.0
[INFO] [stderr]    Compiling percent-encoding v1.0.1
[INFO] [stderr]    Compiling openssl-probe v0.1.2
[INFO] [stderr]    Compiling opaque-debug v0.2.1
[INFO] [stderr]    Compiling encoding_rs v0.8.13
[INFO] [stderr]    Compiling hyper v0.12.18
[INFO] [stderr]    Compiling url v1.7.2
[INFO] [stderr]    Compiling mime v0.3.13
[INFO] [stderr]    Compiling syntex v0.42.2
[INFO] [stderr]    Compiling quote v0.6.10
[INFO] [stderr]    Compiling pnet_macros v0.21.0
[INFO] [stderr]    Compiling ipnetwork v0.14.0
[INFO] [stderr]    Compiling phf v0.7.23
[INFO] [stderr]    Compiling pnet v0.22.0
[INFO] [stderr]    Compiling adler32 v1.0.3
[INFO] [stderr]    Compiling unicode-width v0.1.5
[INFO] [stderr]    Compiling remove_dir_all v0.5.1
[INFO] [stderr]    Compiling bitflags v0.7.0
[INFO] [stderr]    Compiling fake-simd v0.1.2
[INFO] [stderr]    Compiling dtoa v0.4.3
[INFO] [stderr]    Compiling nix v0.13.0
[INFO] [stderr]    Compiling safemem v0.3.0
[INFO] [stderr]    Compiling base64 v0.9.3
[INFO] [stderr]    Compiling serde_urlencoded v0.5.4
[INFO] [stderr]    Compiling sha2 v0.8.0
[INFO] [stderr]    Compiling hyper-tls v0.3.1
[INFO] [stderr]    Compiling xml-rs v0.3.6
[INFO] [stderr]    Compiling textwrap v0.11.0
[INFO] [stderr]    Compiling libflate v0.1.19
[INFO] [stderr]    Compiling pnet_datalink v0.22.0
[INFO] [stderr]    Compiling serde_json v1.0.39
[INFO] [stderr]    Compiling syn v0.15.23
[INFO] [stderr]    Compiling chrono v0.4.6
[INFO] [stderr]    Compiling md-5 v0.8.0
[INFO] [stderr]    Compiling uuid v0.7.1
[INFO] [stderr]    Compiling atty v0.2.11
[INFO] [stderr]    Compiling rand v0.4.3
[INFO] [stderr]    Compiling isatty v0.1.9
[INFO] [stderr]    Compiling base64 v0.10.1
[INFO] [stderr]    Compiling term v0.5.1
[INFO] [stderr]    Compiling crossbeam v0.2.12
[INFO] [stderr]    Compiling strsim v0.8.0
[INFO] [stderr]    Compiling take_mut v0.2.2
[INFO] [stderr]    Compiling error-chain v0.12.0
[INFO] [stderr]    Compiling vec_map v0.8.1
[INFO] [stderr]    Compiling ansi_term v0.11.0
[INFO] [stderr]    Compiling lazy_static v0.2.11
[INFO] [stderr]    Compiling reqwest v0.9.5
[INFO] [stderr]    Compiling openssh-keys v0.4.1
[INFO] [stderr]    Compiling slog-scope v4.0.1
[INFO] [stderr]    Compiling clap v2.33.0
[INFO] [stderr]    Compiling slog-async v2.3.0
[INFO] [stderr]    Compiling tempdir v0.3.7
[INFO] [stderr]    Compiling slog-term v2.4.0
[INFO] [stderr]    Compiling serde-xml-rs v0.2.1
[INFO] [stderr]    Compiling serde_derive v1.0.90
[INFO] [stderr]    Compiling tempfile v3.0.7
[INFO] [stderr]    Compiling hostname v0.1.5
[INFO] [stderr]    Compiling users v0.8.1
[INFO] [stderr]    Compiling pnet_packet v0.22.0
[INFO] [stderr]    Compiling pnet_transport v0.22.0
[INFO] [stderr]    Compiling afterburn v4.0.1-alpha.0 (/opt/rustwide/workdir)
[INFO] [stdout] warning: the item `tempfile` is imported redundantly
[INFO] [stdout]    --> src/providers/mod.rs:101:9
[INFO] [stdout]     |
[INFO] [stdout] 101 |     use tempfile;
[INFO] [stdout]     |         ^^^^^^^^
[INFO] [stdout]     |
[INFO] [stdout]    ::: src/main.rs:39:1
[INFO] [stdout]     |
[INFO] [stdout] 39  | extern crate tempfile;
[INFO] [stdout]     | ---------------------- the item `tempfile` is already imported here
[INFO] [stdout]     |
[INFO] [stdout]     = note: `#[warn(unused_imports)]` on by default
[INFO] [stdout] 
[INFO] [stdout] 
[INFO] [stdout] warning: anonymous parameters are deprecated and will be removed in the next edition
[INFO] [stdout]   --> src/retry/client.rs:39:33
[INFO] [stdout]    |
[INFO] [stdout] 39 |     fn deserialize<T, R>(&self, R) -> Result<T>
[INFO] [stdout]    |                                 ^ help: try naming the parameter or explicitly ignoring it: `_: R`
[INFO] [stdout]    |
[INFO] [stdout]    = warning: this is accepted in the current edition (Rust 2015) but is a hard error in Rust 2018!
[INFO] [stdout]    = note: for more information, see issue #41686 <https://github.com/rust-lang/rust/issues/41686>
[INFO] [stdout]    = note: `#[warn(anonymous_parameters)]` on by default
[INFO] [stdout] 
[INFO] [stdout] 
[INFO] [stdout] warning: trait objects without an explicit `dyn` are deprecated
[INFO] [stdout]   --> src/metadata.rs:36:61
[INFO] [stdout]    |
[INFO] [stdout] 36 | pub fn fetch_metadata(provider: &str) -> errors::Result<Box<providers::MetadataProvider>> {
[INFO] [stdout]    |                                                             ^^^^^^^^^^^^^^^^^^^^^^^^^^^
[INFO] [stdout]    |
[INFO] [stdout]    = warning: this is accepted in the current edition (Rust 2015) but is a hard error in Rust 2021!
[INFO] [stdout]    = note: for more information, see <https://doc.rust-lang.org/nightly/edition-guide/rust-2021/warnings-promoted-to-error.html>
[INFO] [stdout]    = note: `#[warn(bare_trait_objects)]` on by default
[INFO] [stdout] help: use `dyn`
[INFO] [stdout]    |
[INFO] [stdout] 36 | pub fn fetch_metadata(provider: &str) -> errors::Result<Box<dyn providers::MetadataProvider>> {
[INFO] [stdout]    |                                                             +++
[INFO] [stdout] 
[INFO] [stdout] 
[INFO] [stdout] warning: field `target` is never read
[INFO] [stdout]   --> src/providers/cloudstack/configdrive.rs:22:5
[INFO] [stdout]    |
[INFO] [stdout] 20 | pub struct ConfigDrive {
[INFO] [stdout]    |            ----------- field in this struct
[INFO] [stdout] 21 |     temp_dir: Option<TempDir>,
[INFO] [stdout] 22 |     target: PathBuf,
[INFO] [stdout]    |     ^^^^^^
[INFO] [stdout]    |
[INFO] [stdout]    = note: `ConfigDrive` has a derived impl for the trait `Debug`, but this is intentionally ignored during dead code analysis
[INFO] [stdout]    = note: `#[warn(dead_code)]` on by default
[INFO] [stdout] 
[INFO] [stdout] 
[INFO] [stdout] warning: fields `id`, `iqn`, `plan`, `facility`, `tags`, and `error` are never read
[INFO] [stdout]   --> src/providers/packet/mod.rs:41:5
[INFO] [stdout]    |
[INFO] [stdout] 40 | struct PacketData {
[INFO] [stdout]    |        ---------- fields in this struct
[INFO] [stdout] 41 |     id: String,
[INFO] [stdout]    |     ^^
[INFO] [stdout] 42 |     hostname: String,
[INFO] [stdout] 43 |     iqn: String,
[INFO] [stdout]    |     ^^^
[INFO] [stdout] 44 |     plan: String,
[INFO] [stdout]    |     ^^^^
[INFO] [stdout] 45 |     facility: String,
[INFO] [stdout]    |     ^^^^^^^^
[INFO] [stdout] 46 |     tags: Vec<String>,
[INFO] [stdout]    |     ^^^^
[INFO] [stdout] ...
[INFO] [stdout] 50 |     error: Option<String>,
[INFO] [stdout]    |     ^^^^^
[INFO] [stdout]    |
[INFO] [stdout]    = note: `PacketData` has derived impls for the traits `Debug` and `Clone`, but these are intentionally ignored during dead code analysis
[INFO] [stdout] 
[INFO] [stdout] 
[INFO] [stdout] warning: field `name` is never read
[INFO] [stdout]   --> src/providers/packet/mod.rs:68:5
[INFO] [stdout]    |
[INFO] [stdout] 67 | struct PacketInterfaceInfo {
[INFO] [stdout]    |        ------------------- field in this struct
[INFO] [stdout] 68 |     name: String,
[INFO] [stdout]    |     ^^^^
[INFO] [stdout]    |
[INFO] [stdout]    = note: `PacketInterfaceInfo` has derived impls for the traits `Debug` and `Clone`, but these are intentionally ignored during dead code analysis
[INFO] [stdout] 
[INFO] [stdout] 
[INFO] [stdout] warning: fields `id`, `address_family`, and `management` are never read
[INFO] [stdout]   --> src/providers/packet/mod.rs:75:5
[INFO] [stdout]    |
[INFO] [stdout] 74 | struct PacketAddressInfo {
[INFO] [stdout]    |        ----------------- fields in this struct
[INFO] [stdout] 75 |     id: String,
[INFO] [stdout]    |     ^^
[INFO] [stdout] 76 |     address_family: i32,
[INFO] [stdout]    |     ^^^^^^^^^^^^^^
[INFO] [stdout] 77 |     public: bool,
[INFO] [stdout] 78 |     management: bool,
[INFO] [stdout]    |     ^^^^^^^^^^
[INFO] [stdout]    |
[INFO] [stdout]    = note: `PacketAddressInfo` has derived impls for the traits `Debug` and `Clone`, but these are intentionally ignored during dead code analysis
[INFO] [stdout] 
[INFO] [stdout] 
[INFO] [stdout] warning: 7 warnings emitted
[INFO] [stdout] 
[INFO] [stdout] 
[INFO] [stderr]     Finished dev [unoptimized + debuginfo] target(s) in 23.39s
[INFO] [stderr] warning: the following packages contain code that will be rejected by a future version of Rust: rustc-serialize v0.3.24
[INFO] [stderr] note: to see what the problems were, use the option `--future-incompat-report`, or run `cargo report future-incompatibilities --id 1`
[INFO] running `Command { std: "docker" "inspect" "d27ff4a8f0b3379d64a79761b4f1fde4b431ca99f40e48418ed24daf3538a627", kill_on_drop: false }`
[INFO] running `Command { std: "docker" "rm" "-f" "d27ff4a8f0b3379d64a79761b4f1fde4b431ca99f40e48418ed24daf3538a627", kill_on_drop: false }`
[INFO] [stdout] d27ff4a8f0b3379d64a79761b4f1fde4b431ca99f40e48418ed24daf3538a627
[INFO] running `Command { std: "docker" "create" "-v" "/var/lib/crater-agent-workspace/builds/worker-6-tc1/target:/opt/rustwide/target:rw,Z" "-v" "/var/lib/crater-agent-workspace/builds/worker-6-tc1/source:/opt/rustwide/workdir:ro,Z" "-v" "/var/lib/crater-agent-workspace/cargo-home:/opt/rustwide/cargo-home:ro,Z" "-v" "/var/lib/crater-agent-workspace/rustup-home:/opt/rustwide/rustup-home:ro,Z" "-e" "SOURCE_DIR=/opt/rustwide/workdir" "-e" "CARGO_TARGET_DIR=/opt/rustwide/target" "-e" "CARGO_INCREMENTAL=0" "-e" "RUST_BACKTRACE=full" "-e" "RUSTFLAGS=--cap-lints=warn" "-e" "RUSTDOCFLAGS=--cap-lints=warn" "-e" "CARGO_HOME=/opt/rustwide/cargo-home" "-e" "RUSTUP_HOME=/opt/rustwide/rustup-home" "-w" "/opt/rustwide/workdir" "-m" "1610612736" "--user" "0:0" "--network" "none" "ghcr.io/rust-lang/crates-build-env/linux@sha256:2788e3201cd34a07e3172128adcd8b3090168a8e3bcc40d7c032b9dda1df7d1c" "/opt/rustwide/cargo-home/bin/cargo" "+1.75.0" "test" "--frozen" "--no-run" "--message-format=json", kill_on_drop: false }`
[INFO] [stdout] 765071b7e846c8069ba570161bd6a270b093a1b28c5d0ea0ff8489458ede74d7
[INFO] running `Command { std: "docker" "start" "-a" "765071b7e846c8069ba570161bd6a270b093a1b28c5d0ea0ff8489458ede74d7", kill_on_drop: false }`
[INFO] [stderr]    Compiling memchr v2.1.2
[INFO] [stderr]    Compiling ucd-util v0.1.3
[INFO] [stderr]    Compiling utf8-ranges v1.0.2
[INFO] [stderr]    Compiling regex v1.1.0
[INFO] [stderr]    Compiling colored v1.6.1
[INFO] [stderr]    Compiling difference v2.0.0
[INFO] [stderr]    Compiling regex-syntax v0.5.6
[INFO] [stderr]    Compiling regex-syntax v0.6.4
[INFO] [stderr]    Compiling aho-corasick v0.6.9
[INFO] [stderr]    Compiling regex v0.2.11
[INFO] [stderr]    Compiling pnet_macros v0.21.0
[INFO] [stderr]    Compiling mockito v0.17.0
[INFO] [stderr]    Compiling pnet_packet v0.22.0
[INFO] [stderr]    Compiling pnet_transport v0.22.0
[INFO] [stderr]    Compiling pnet v0.22.0
[INFO] [stderr]    Compiling afterburn v4.0.1-alpha.0 (/opt/rustwide/workdir)
[INFO] [stdout] warning: the item `tempfile` is imported redundantly
[INFO] [stdout]    --> src/providers/mod.rs:101:9
[INFO] [stdout]     |
[INFO] [stdout] 101 |     use tempfile;
[INFO] [stdout]     |         ^^^^^^^^
[INFO] [stdout]     |
[INFO] [stdout]    ::: src/main.rs:39:1
[INFO] [stdout]     |
[INFO] [stdout] 39  | extern crate tempfile;
[INFO] [stdout]     | ---------------------- the item `tempfile` is already imported here
[INFO] [stdout]     |
[INFO] [stdout]     = note: `#[warn(unused_imports)]` on by default
[INFO] [stdout] 
[INFO] [stdout] 
[INFO] [stdout] warning: anonymous parameters are deprecated and will be removed in the next edition
[INFO] [stdout]   --> src/retry/client.rs:39:33
[INFO] [stdout]    |
[INFO] [stdout] 39 |     fn deserialize<T, R>(&self, R) -> Result<T>
[INFO] [stdout]    |                                 ^ help: try naming the parameter or explicitly ignoring it: `_: R`
[INFO] [stdout]    |
[INFO] [stdout]    = warning: this is accepted in the current edition (Rust 2015) but is a hard error in Rust 2018!
[INFO] [stdout]    = note: for more information, see issue #41686 <https://github.com/rust-lang/rust/issues/41686>
[INFO] [stdout]    = note: `#[warn(anonymous_parameters)]` on by default
[INFO] [stdout] 
[INFO] [stdout] 
[INFO] [stdout] warning: trait objects without an explicit `dyn` are deprecated
[INFO] [stdout]   --> src/metadata.rs:36:61
[INFO] [stdout]    |
[INFO] [stdout] 36 | pub fn fetch_metadata(provider: &str) -> errors::Result<Box<providers::MetadataProvider>> {
[INFO] [stdout]    |                                                             ^^^^^^^^^^^^^^^^^^^^^^^^^^^
[INFO] [stdout]    |
[INFO] [stdout]    = warning: this is accepted in the current edition (Rust 2015) but is a hard error in Rust 2021!
[INFO] [stdout]    = note: for more information, see <https://doc.rust-lang.org/nightly/edition-guide/rust-2021/warnings-promoted-to-error.html>
[INFO] [stdout]    = note: `#[warn(bare_trait_objects)]` on by default
[INFO] [stdout] help: use `dyn`
[INFO] [stdout]    |
[INFO] [stdout] 36 | pub fn fetch_metadata(provider: &str) -> errors::Result<Box<dyn providers::MetadataProvider>> {
[INFO] [stdout]    |                                                             +++
[INFO] [stdout] 
[INFO] [stdout] 
[INFO] [stdout] warning: field `target` is never read
[INFO] [stdout]   --> src/providers/cloudstack/configdrive.rs:22:5
[INFO] [stdout]    |
[INFO] [stdout] 20 | pub struct ConfigDrive {
[INFO] [stdout]    |            ----------- field in this struct
[INFO] [stdout] 21 |     temp_dir: Option<TempDir>,
[INFO] [stdout] 22 |     target: PathBuf,
[INFO] [stdout]    |     ^^^^^^
[INFO] [stdout]    |
[INFO] [stdout]    = note: `ConfigDrive` has a derived impl for the trait `Debug`, but this is intentionally ignored during dead code analysis
[INFO] [stdout]    = note: `#[warn(dead_code)]` on by default
[INFO] [stdout] 
[INFO] [stdout] 
[INFO] [stdout] warning: fields `id`, `iqn`, `plan`, `facility`, `tags`, and `error` are never read
[INFO] [stdout]   --> src/providers/packet/mod.rs:41:5
[INFO] [stdout]    |
[INFO] [stdout] 40 | struct PacketData {
[INFO] [stdout]    |        ---------- fields in this struct
[INFO] [stdout] 41 |     id: String,
[INFO] [stdout]    |     ^^
[INFO] [stdout] 42 |     hostname: String,
[INFO] [stdout] 43 |     iqn: String,
[INFO] [stdout]    |     ^^^
[INFO] [stdout] 44 |     plan: String,
[INFO] [stdout]    |     ^^^^
[INFO] [stdout] 45 |     facility: String,
[INFO] [stdout]    |     ^^^^^^^^
[INFO] [stdout] 46 |     tags: Vec<String>,
[INFO] [stdout]    |     ^^^^
[INFO] [stdout] ...
[INFO] [stdout] 50 |     error: Option<String>,
[INFO] [stdout]    |     ^^^^^
[INFO] [stdout]    |
[INFO] [stdout]    = note: `PacketData` has derived impls for the traits `Debug` and `Clone`, but these are intentionally ignored during dead code analysis
[INFO] [stdout] 
[INFO] [stdout] 
[INFO] [stdout] warning: field `name` is never read
[INFO] [stdout]   --> src/providers/packet/mod.rs:68:5
[INFO] [stdout]    |
[INFO] [stdout] 67 | struct PacketInterfaceInfo {
[INFO] [stdout]    |        ------------------- field in this struct
[INFO] [stdout] 68 |     name: String,
[INFO] [stdout]    |     ^^^^
[INFO] [stdout]    |
[INFO] [stdout]    = note: `PacketInterfaceInfo` has derived impls for the traits `Debug` and `Clone`, but these are intentionally ignored during dead code analysis
[INFO] [stdout] 
[INFO] [stdout] 
[INFO] [stdout] warning: fields `id`, `address_family`, and `management` are never read
[INFO] [stdout]   --> src/providers/packet/mod.rs:75:5
[INFO] [stdout]    |
[INFO] [stdout] 74 | struct PacketAddressInfo {
[INFO] [stdout]    |        ----------------- fields in this struct
[INFO] [stdout] 75 |     id: String,
[INFO] [stdout]    |     ^^
[INFO] [stdout] 76 |     address_family: i32,
[INFO] [stdout]    |     ^^^^^^^^^^^^^^
[INFO] [stdout] 77 |     public: bool,
[INFO] [stdout] 78 |     management: bool,
[INFO] [stdout]    |     ^^^^^^^^^^
[INFO] [stdout]    |
[INFO] [stdout]    = note: `PacketAddressInfo` has derived impls for the traits `Debug` and `Clone`, but these are intentionally ignored during dead code analysis
[INFO] [stdout] 
[INFO] [stdout] 
[INFO] [stdout] warning: 7 warnings emitted
[INFO] [stdout] 
[INFO] [stdout] 
[INFO] [stderr]     Finished test [unoptimized + debuginfo] target(s) in 7.29s
[INFO] [stderr] warning: the following packages contain code that will be rejected by a future version of Rust: rustc-serialize v0.3.24
[INFO] [stderr] note: to see what the problems were, use the option `--future-incompat-report`, or run `cargo report future-incompatibilities --id 1`
[INFO] running `Command { std: "docker" "inspect" "765071b7e846c8069ba570161bd6a270b093a1b28c5d0ea0ff8489458ede74d7", kill_on_drop: false }`
[INFO] running `Command { std: "docker" "rm" "-f" "765071b7e846c8069ba570161bd6a270b093a1b28c5d0ea0ff8489458ede74d7", kill_on_drop: false }`
[INFO] [stdout] 765071b7e846c8069ba570161bd6a270b093a1b28c5d0ea0ff8489458ede74d7
[INFO] running `Command { std: "docker" "create" "-v" "/var/lib/crater-agent-workspace/builds/worker-6-tc1/target:/opt/rustwide/target:rw,Z" "-v" "/var/lib/crater-agent-workspace/builds/worker-6-tc1/source:/opt/rustwide/workdir:ro,Z" "-v" "/var/lib/crater-agent-workspace/cargo-home:/opt/rustwide/cargo-home:ro,Z" "-v" "/var/lib/crater-agent-workspace/rustup-home:/opt/rustwide/rustup-home:ro,Z" "-e" "SOURCE_DIR=/opt/rustwide/workdir" "-e" "CARGO_TARGET_DIR=/opt/rustwide/target" "-e" "CARGO_INCREMENTAL=0" "-e" "RUST_BACKTRACE=full" "-e" "RUSTFLAGS=--cap-lints=warn" "-e" "RUSTDOCFLAGS=--cap-lints=warn" "-e" "CARGO_HOME=/opt/rustwide/cargo-home" "-e" "RUSTUP_HOME=/opt/rustwide/rustup-home" "-w" "/opt/rustwide/workdir" "-m" "1610612736" "--user" "0:0" "--network" "none" "ghcr.io/rust-lang/crates-build-env/linux@sha256:2788e3201cd34a07e3172128adcd8b3090168a8e3bcc40d7c032b9dda1df7d1c" "/opt/rustwide/cargo-home/bin/cargo" "+1.75.0" "test" "--frozen", kill_on_drop: false }`
[INFO] [stdout] 388237869f3d3ab4e9753737b934700b4aa18b79b24555737a4000c7bd064853
[INFO] running `Command { std: "docker" "start" "-a" "388237869f3d3ab4e9753737b934700b4aa18b79b24555737a4000c7bd064853", kill_on_drop: false }`
[INFO] [stderr] warning: the item `tempfile` is imported redundantly
[INFO] [stderr]    --> src/providers/mod.rs:101:9
[INFO] [stderr]     |
[INFO] [stderr] 101 |     use tempfile;
[INFO] [stderr]     |         ^^^^^^^^
[INFO] [stderr]     |
[INFO] [stderr]    ::: src/main.rs:39:1
[INFO] [stderr]     |
[INFO] [stderr] 39  | extern crate tempfile;
[INFO] [stderr]     | ---------------------- the item `tempfile` is already imported here
[INFO] [stderr]     |
[INFO] [stderr]     = note: `#[warn(unused_imports)]` on by default
[INFO] [stderr] 
[INFO] [stderr] warning: anonymous parameters are deprecated and will be removed in the next edition
[INFO] [stderr]   --> src/retry/client.rs:39:33
[INFO] [stderr]    |
[INFO] [stderr] 39 |     fn deserialize<T, R>(&self, R) -> Result<T>
[INFO] [stderr]    |                                 ^ help: try naming the parameter or explicitly ignoring it: `_: R`
[INFO] [stderr]    |
[INFO] [stderr]    = warning: this is accepted in the current edition (Rust 2015) but is a hard error in Rust 2018!
[INFO] [stderr]    = note: for more information, see issue #41686 <https://github.com/rust-lang/rust/issues/41686>
[INFO] [stderr]    = note: `#[warn(anonymous_parameters)]` on by default
[INFO] [stderr] 
[INFO] [stderr] warning: trait objects without an explicit `dyn` are deprecated
[INFO] [stderr]   --> src/metadata.rs:36:61
[INFO] [stderr]    |
[INFO] [stderr] 36 | pub fn fetch_metadata(provider: &str) -> errors::Result<Box<providers::MetadataProvider>> {
[INFO] [stderr]    |                                                             ^^^^^^^^^^^^^^^^^^^^^^^^^^^
[INFO] [stderr]    |
[INFO] [stderr]    = warning: this is accepted in the current edition (Rust 2015) but is a hard error in Rust 2021!
[INFO] [stderr]    = note: for more information, see <https://doc.rust-lang.org/nightly/edition-guide/rust-2021/warnings-promoted-to-error.html>
[INFO] [stderr]    = note: `#[warn(bare_trait_objects)]` on by default
[INFO] [stderr] help: use `dyn`
[INFO] [stderr]    |
[INFO] [stderr] 36 | pub fn fetch_metadata(provider: &str) -> errors::Result<Box<dyn providers::MetadataProvider>> {
[INFO] [stderr]    |                                                             +++
[INFO] [stderr] 
[INFO] [stderr] warning: field `target` is never read
[INFO] [stderr]   --> src/providers/cloudstack/configdrive.rs:22:5
[INFO] [stderr]    |
[INFO] [stderr] 20 | pub struct ConfigDrive {
[INFO] [stderr]    |            ----------- field in this struct
[INFO] [stderr] 21 |     temp_dir: Option<TempDir>,
[INFO] [stderr] 22 |     target: PathBuf,
[INFO] [stderr]    |     ^^^^^^
[INFO] [stderr]    |
[INFO] [stderr]    = note: `ConfigDrive` has a derived impl for the trait `Debug`, but this is intentionally ignored during dead code analysis
[INFO] [stderr]    = note: `#[warn(dead_code)]` on by default
[INFO] [stderr] 
[INFO] [stderr] warning: fields `id`, `iqn`, `plan`, `facility`, `tags`, and `error` are never read
[INFO] [stderr]   --> src/providers/packet/mod.rs:41:5
[INFO] [stderr]    |
[INFO] [stderr] 40 | struct PacketData {
[INFO] [stderr]    |        ---------- fields in this struct
[INFO] [stderr] 41 |     id: String,
[INFO] [stderr]    |     ^^
[INFO] [stderr] 42 |     hostname: String,
[INFO] [stderr] 43 |     iqn: String,
[INFO] [stderr]    |     ^^^
[INFO] [stderr] 44 |     plan: String,
[INFO] [stderr]    |     ^^^^
[INFO] [stderr] 45 |     facility: String,
[INFO] [stderr]    |     ^^^^^^^^
[INFO] [stderr] 46 |     tags: Vec<String>,
[INFO] [stderr]    |     ^^^^
[INFO] [stderr] ...
[INFO] [stderr] 50 |     error: Option<String>,
[INFO] [stderr]    |     ^^^^^
[INFO] [stderr]    |
[INFO] [stderr]    = note: `PacketData` has derived impls for the traits `Debug` and `Clone`, but these are intentionally ignored during dead code analysis
[INFO] [stderr] 
[INFO] [stderr] warning: field `name` is never read
[INFO] [stderr]   --> src/providers/packet/mod.rs:68:5
[INFO] [stderr]    |
[INFO] [stderr] 67 | struct PacketInterfaceInfo {
[INFO] [stderr]    |        ------------------- field in this struct
[INFO] [stderr] 68 |     name: String,
[INFO] [stderr]    |     ^^^^
[INFO] [stderr]    |
[INFO] [stderr]    = note: `PacketInterfaceInfo` has derived impls for the traits `Debug` and `Clone`, but these are intentionally ignored during dead code analysis
[INFO] [stderr] 
[INFO] [stderr] warning: fields `id`, `address_family`, and `management` are never read
[INFO] [stderr]   --> src/providers/packet/mod.rs:75:5
[INFO] [stderr]    |
[INFO] [stderr] 74 | struct PacketAddressInfo {
[INFO] [stderr]    |        ----------------- fields in this struct
[INFO] [stderr] 75 |     id: String,
[INFO] [stderr]    |     ^^
[INFO] [stderr] 76 |     address_family: i32,
[INFO] [stderr]    |     ^^^^^^^^^^^^^^
[INFO] [stderr] 77 |     public: bool,
[INFO] [stderr] 78 |     management: bool,
[INFO] [stderr]    |     ^^^^^^^^^^
[INFO] [stderr]    |
[INFO] [stderr]    = note: `PacketAddressInfo` has derived impls for the traits `Debug` and `Clone`, but these are intentionally ignored during dead code analysis
[INFO] [stderr] 
[INFO] [stderr] warning: `afterburn` (bin "afterburn" test) generated 7 warnings (run `cargo fix --bin "afterburn" --tests` to apply 2 suggestions)
[INFO] [stderr]     Finished test [unoptimized + debuginfo] target(s) in 0.08s
[INFO] [stderr] warning: the following packages contain code that will be rejected by a future version of Rust: rustc-serialize v0.3.24
[INFO] [stderr] note: to see what the problems were, use the option `--future-incompat-report`, or run `cargo report future-incompatibilities --id 1`
[INFO] [stderr]      Running unittests src/main.rs (/opt/rustwide/target/debug/deps/afterburn-6ed9d3e2689cc3f3)
[INFO] [stdout] 
[INFO] [stdout] running 12 tests
[INFO] [stdout] test network::tests::device_config ... ok
[INFO] [stdout] test network::tests::device_unit_name ... ok
[INFO] [stdout] test network::tests::interface_config ... ok
[INFO] [stdout] test network::tests::interface_unit_name ... ok
[INFO] [stdout] test network::tests::mac_addr_display ... ok
[INFO] [stdout] test util::tests::key_lookup_test ... ok
[INFO] [stdout] test util::cmdline::tests::test_find_flag ... ok
[INFO] [stdout] test network::tests::interface_unit_name_no_name_no_mac_no_path - should panic ... ok
[INFO] [stdout] test providers::azure::mock_tests::test_boot_checkin ... FAILED
[INFO] [stdout] test providers::aws::mock_tests::test_aws_basic has been running for over 60 seconds
[INFO] [stdout] test providers::gcp::mock_tests::basic_hostname has been running for over 60 seconds
[INFO] [stdout] test providers::packet::mock_tests::test_boot_checkin has been running for over 60 seconds
[INFO] [stdout] test providers::packet::mock_tests::test_boot_checkin ... FAILED
[INFO] [stdout] test providers::aws::mock_tests::test_aws_basic ... FAILED
[INFO] [stdout] test providers::gcp::mock_tests::basic_hostname ... FAILED
[INFO] [stdout] 
[INFO] [stdout] failures:
[INFO] [stdout] 
[INFO] [stdout] ---- providers::azure::mock_tests::test_boot_checkin stdout ----
[INFO] [stdout] thread 'providers::azure::mock_tests::test_boot_checkin' panicked at src/providers/azure/mock_tests.rs:76:22:
[INFO] [stdout] called `Result::unwrap()` on an `Err` value: Error(Msg("failed version compatibility check"), State { next_error: Some(Error(Msg("failed to get versions"), State { next_error: Some(Error(Msg("timed out"), State { next_error: Some(Error(Msg("failed to fetch"), State { next_error: Some(Inner { kind: Hyper(Error { kind: Connect, cause: Os { code: 22, kind: InvalidInput, message: "Invalid argument" } }), url: Some("http://127.0.0.1:1234/?comp=versions") }), backtrace: InternalBacktrace })), backtrace: InternalBacktrace })), backtrace: InternalBacktrace })), backtrace: InternalBacktrace })
[INFO] [stdout] stack backtrace:
[INFO] [stdout]    0:     0x55bb82161e0c - std::backtrace_rs::backtrace::libunwind::trace::ha637c64ce894333a
[INFO] [stdout]                                at /rustc/82e1608dfa6e0b5569232559e3d385fea5a93112/library/std/src/../../backtrace/src/backtrace/libunwind.rs:104:5
[INFO] [stdout]    1:     0x55bb82161e0c - std::backtrace_rs::backtrace::trace_unsynchronized::h47f62dea28e0c88d
[INFO] [stdout]                                at /rustc/82e1608dfa6e0b5569232559e3d385fea5a93112/library/std/src/../../backtrace/src/backtrace/mod.rs:66:5
[INFO] [stdout]    2:     0x55bb82161e0c - std::sys_common::backtrace::_print_fmt::h9eef0abe20ede486
[INFO] [stdout]                                at /rustc/82e1608dfa6e0b5569232559e3d385fea5a93112/library/std/src/sys_common/backtrace.rs:67:5
[INFO] [stdout]    3:     0x55bb82161e0c - <std::sys_common::backtrace::_print::DisplayBacktrace as core::fmt::Display>::fmt::hed7f999df88cc644
[INFO] [stdout]                                at /rustc/82e1608dfa6e0b5569232559e3d385fea5a93112/library/std/src/sys_common/backtrace.rs:44:22
[INFO] [stdout]    4:     0x55bb8218ffc0 - core::fmt::rt::Argument::fmt::h1539a9308b8d058d
[INFO] [stdout]                                at /rustc/82e1608dfa6e0b5569232559e3d385fea5a93112/library/core/src/fmt/rt.rs:142:9
[INFO] [stdout]    5:     0x55bb8218ffc0 - core::fmt::write::h3a39390d8560d9c9
[INFO] [stdout]                                at /rustc/82e1608dfa6e0b5569232559e3d385fea5a93112/library/core/src/fmt/mod.rs:1120:17
[INFO] [stdout]    6:     0x55bb8215eb3f - std::io::Write::write_fmt::h040b369f3a0f9cbc
[INFO] [stdout]                                at /rustc/82e1608dfa6e0b5569232559e3d385fea5a93112/library/std/src/io/mod.rs:1762:15
[INFO] [stdout]    7:     0x55bb82161bf4 - std::sys_common::backtrace::_print::h894006fb5c6f3d45
[INFO] [stdout]                                at /rustc/82e1608dfa6e0b5569232559e3d385fea5a93112/library/std/src/sys_common/backtrace.rs:47:5
[INFO] [stdout]    8:     0x55bb82161bf4 - std::sys_common::backtrace::print::h23a2d212c6fff936
[INFO] [stdout]                                at /rustc/82e1608dfa6e0b5569232559e3d385fea5a93112/library/std/src/sys_common/backtrace.rs:34:9
[INFO] [stdout]    9:     0x55bb821638b7 - std::panicking::default_hook::{{closure}}::h8a1d2ee00185001a
[INFO] [stdout]   10:     0x55bb821635a3 - std::panicking::default_hook::h6038f2eba384e475
[INFO] [stdout]                                at /rustc/82e1608dfa6e0b5569232559e3d385fea5a93112/library/std/src/panicking.rs:289:9
[INFO] [stdout]   11:     0x55bb81bb3e27 - <alloc::boxed::Box<F,A> as core::ops::function::Fn<Args>>::call::h0ad024c9bdc6d768
[INFO] [stdout]                                at /rustc/82e1608dfa6e0b5569232559e3d385fea5a93112/library/alloc/src/boxed.rs:2021:9
[INFO] [stdout]   12:     0x55bb81bb3e27 - test::test_main::{{closure}}::h7500b54257359db6
[INFO] [stdout]                                at /rustc/82e1608dfa6e0b5569232559e3d385fea5a93112/library/test/src/lib.rs:138:21
[INFO] [stdout]   13:     0x55bb82163ec8 - <alloc::boxed::Box<F,A> as core::ops::function::Fn<Args>>::call::h1f8f335eaa9cfaee
[INFO] [stdout]                                at /rustc/82e1608dfa6e0b5569232559e3d385fea5a93112/library/alloc/src/boxed.rs:2021:9
[INFO] [stdout]   14:     0x55bb82163ec8 - std::panicking::rust_panic_with_hook::h2b5517d590cab22e
[INFO] [stdout]                                at /rustc/82e1608dfa6e0b5569232559e3d385fea5a93112/library/std/src/panicking.rs:783:13
[INFO] [stdout]   15:     0x55bb82163c1e - std::panicking::begin_panic_handler::{{closure}}::h233112c06e0ef43e
[INFO] [stdout]                                at /rustc/82e1608dfa6e0b5569232559e3d385fea5a93112/library/std/src/panicking.rs:657:13
[INFO] [stdout]   16:     0x55bb821622d6 - std::sys_common::backtrace::__rust_end_short_backtrace::h6e893f24d7ebbff8
[INFO] [stdout]                                at /rustc/82e1608dfa6e0b5569232559e3d385fea5a93112/library/std/src/sys_common/backtrace.rs:170:18
[INFO] [stdout]   17:     0x55bb82163982 - rust_begin_unwind
[INFO] [stdout]                                at /rustc/82e1608dfa6e0b5569232559e3d385fea5a93112/library/std/src/panicking.rs:645:5
[INFO] [stdout]   18:     0x55bb81b38605 - core::panicking::panic_fmt::hbf0e066aabfa482c
[INFO] [stdout]                                at /rustc/82e1608dfa6e0b5569232559e3d385fea5a93112/library/core/src/panicking.rs:72:14
[INFO] [stdout]   19:     0x55bb81b38bd3 - core::result::unwrap_failed::hddb4fea594200c52
[INFO] [stdout]                                at /rustc/82e1608dfa6e0b5569232559e3d385fea5a93112/library/core/src/result.rs:1653:5
[INFO] [stdout]   20:     0x55bb81b3b0e8 - core::result::Result<T,E>::unwrap::h3bd5cf62783b2525
[INFO] [stdout]                                at /rustc/82e1608dfa6e0b5569232559e3d385fea5a93112/library/core/src/result.rs:1077:23
[INFO] [stdout]   21:     0x55bb81b727f1 - afterburn::providers::azure::mock_tests::test_boot_checkin::hbac122dd503a6c88
[INFO] [stdout]                                at /opt/rustwide/workdir/src/providers/azure/mock_tests.rs:76:13
[INFO] [stdout]   22:     0x55bb81b72317 - afterburn::providers::azure::mock_tests::test_boot_checkin::{{closure}}::h400fc04d45ac4a52
[INFO] [stdout]                                at /opt/rustwide/workdir/src/providers/azure/mock_tests.rs:5:23
[INFO] [stdout]   23:     0x55bb81b49456 - core::ops::function::FnOnce::call_once::h65bb40fd6af9dcc1
[INFO] [stdout]                                at /rustc/82e1608dfa6e0b5569232559e3d385fea5a93112/library/core/src/ops/function.rs:250:5
[INFO] [stdout]   24:     0x55bb81bb947f - core::ops::function::FnOnce::call_once::h2b5d431d5046312d
[INFO] [stdout]                                at /rustc/82e1608dfa6e0b5569232559e3d385fea5a93112/library/core/src/ops/function.rs:250:5
[INFO] [stdout]   25:     0x55bb81bb947f - test::__rust_begin_short_backtrace::h7714669af176e207
[INFO] [stdout]                                at /rustc/82e1608dfa6e0b5569232559e3d385fea5a93112/library/test/src/lib.rs:628:18
[INFO] [stdout]   26:     0x55bb81bb8495 - test::run_test_in_process::{{closure}}::h85218797dcbcec12
[INFO] [stdout]                                at /rustc/82e1608dfa6e0b5569232559e3d385fea5a93112/library/test/src/lib.rs:651:60
[INFO] [stdout]   27:     0x55bb81bb8495 - <core::panic::unwind_safe::AssertUnwindSafe<F> as core::ops::function::FnOnce<()>>::call_once::h76c106ea31c14d7b
[INFO] [stdout]                                at /rustc/82e1608dfa6e0b5569232559e3d385fea5a93112/library/core/src/panic/unwind_safe.rs:272:9
[INFO] [stdout]   28:     0x55bb81bb8495 - std::panicking::try::do_call::h3bd5d0f6620ee946
[INFO] [stdout]                                at /rustc/82e1608dfa6e0b5569232559e3d385fea5a93112/library/std/src/panicking.rs:552:40
[INFO] [stdout]   29:     0x55bb81bb8495 - std::panicking::try::h232e535e4744fe31
[INFO] [stdout]                                at /rustc/82e1608dfa6e0b5569232559e3d385fea5a93112/library/std/src/panicking.rs:516:19
[INFO] [stdout]   30:     0x55bb81bb8495 - std::panic::catch_unwind::h3ce3bd6ca8dbac68
[INFO] [stdout]                                at /rustc/82e1608dfa6e0b5569232559e3d385fea5a93112/library/std/src/panic.rs:142:14
[INFO] [stdout]   31:     0x55bb81bb8495 - test::run_test_in_process::hc97b257c9621286a
[INFO] [stdout]                                at /rustc/82e1608dfa6e0b5569232559e3d385fea5a93112/library/test/src/lib.rs:651:27
[INFO] [stdout]   32:     0x55bb81bb8495 - test::run_test::{{closure}}::h2aa798823a438d38
[INFO] [stdout]                                at /rustc/82e1608dfa6e0b5569232559e3d385fea5a93112/library/test/src/lib.rs:574:43
[INFO] [stdout]   33:     0x55bb81b80756 - test::run_test::{{closure}}::h87d231c78fb59832
[INFO] [stdout]                                at /rustc/82e1608dfa6e0b5569232559e3d385fea5a93112/library/test/src/lib.rs:602:41
[INFO] [stdout]   34:     0x55bb81b80756 - std::sys_common::backtrace::__rust_begin_short_backtrace::he6df152596625789
[INFO] [stdout]                                at /rustc/82e1608dfa6e0b5569232559e3d385fea5a93112/library/std/src/sys_common/backtrace.rs:154:18
[INFO] [stdout]   35:     0x55bb81b85807 - std::thread::Builder::spawn_unchecked_::{{closure}}::{{closure}}::ha94be15d1e0acf36
[INFO] [stdout]                                at /rustc/82e1608dfa6e0b5569232559e3d385fea5a93112/library/std/src/thread/mod.rs:529:17
[INFO] [stdout]   36:     0x55bb81b85807 - <core::panic::unwind_safe::AssertUnwindSafe<F> as core::ops::function::FnOnce<()>>::call_once::h9dc6bd6372f16606
[INFO] [stdout]                                at /rustc/82e1608dfa6e0b5569232559e3d385fea5a93112/library/core/src/panic/unwind_safe.rs:272:9
[INFO] [stdout]   37:     0x55bb81b85807 - std::panicking::try::do_call::h9057517f80303cd4
[INFO] [stdout]                                at /rustc/82e1608dfa6e0b5569232559e3d385fea5a93112/library/std/src/panicking.rs:552:40
[INFO] [stdout]   38:     0x55bb81b85807 - std::panicking::try::he3a30b11ee45340c
[INFO] [stdout]                                at /rustc/82e1608dfa6e0b5569232559e3d385fea5a93112/library/std/src/panicking.rs:516:19
[INFO] [stdout]   39:     0x55bb81b85807 - std::panic::catch_unwind::h410458cfd3528b8b
[INFO] [stdout]                                at /rustc/82e1608dfa6e0b5569232559e3d385fea5a93112/library/std/src/panic.rs:142:14
[INFO] [stdout]   40:     0x55bb81b85807 - std::thread::Builder::spawn_unchecked_::{{closure}}::h72ac3bdb567b737b
[INFO] [stdout]                                at /rustc/82e1608dfa6e0b5569232559e3d385fea5a93112/library/std/src/thread/mod.rs:528:30
[INFO] [stdout]   41:     0x55bb81b85807 - core::ops::function::FnOnce::call_once{{vtable.shim}}::h38f34da3654a8344
[INFO] [stdout]                                at /rustc/82e1608dfa6e0b5569232559e3d385fea5a93112/library/core/src/ops/function.rs:250:5
[INFO] [stdout]   42:     0x55bb82168be5 - <alloc::boxed::Box<F,A> as core::ops::function::FnOnce<Args>>::call_once::hc7eafaff61e32df9
[INFO] [stdout]                                at /rustc/82e1608dfa6e0b5569232559e3d385fea5a93112/library/alloc/src/boxed.rs:2007:9
[INFO] [stdout]   43:     0x55bb82168be5 - <alloc::boxed::Box<F,A> as core::ops::function::FnOnce<Args>>::call_once::h6ba4a5de48dd2304
[INFO] [stdout]                                at /rustc/82e1608dfa6e0b5569232559e3d385fea5a93112/library/alloc/src/boxed.rs:2007:9
[INFO] [stdout]   44:     0x55bb82168be5 - std::sys::unix::thread::Thread::new::thread_start::he469335aef763e45
[INFO] [stdout]                                at /rustc/82e1608dfa6e0b5569232559e3d385fea5a93112/library/std/src/sys/unix/thread.rs:108:17
[INFO] [stdout]   45:     0x7f976d825ac3 - <unknown>
[INFO] [stdout]   46:     0x7f976d8b6bf4 - __clone
[INFO] [stdout]   47:                0x0 - <unknown>
[INFO] [stdout] 
[INFO] [stdout] ---- providers::packet::mock_tests::test_boot_checkin stdout ----
[INFO] [stdout] thread 'providers::packet::mock_tests::test_boot_checkin' panicked at /opt/rustwide/cargo-home/registry/src/index.crates.io-6f17d22bba15001f/mockito-0.17.0/src/lib.rs:754:44:
[INFO] [stdout] assertion `left == right` failed: 
[INFO] [stdout] > Expected 1 request(s) to:
[INFO] [stdout] 
[INFO] [stdout] POST /
[INFO] [stdout] content-type: application/json (regex)
[INFO] [stdout] 
[INFO] [stdout] 
[INFO] [stdout] ...but received 0
[INFO] [stdout] 
[INFO] [stdout] 
[INFO] [stdout]   left: 1
[INFO] [stdout]  right: 0
[INFO] [stdout] stack backtrace:
[INFO] [stdout]    0:     0x55bb82161e0c - std::backtrace_rs::backtrace::libunwind::trace::ha637c64ce894333a
[INFO] [stdout]                                at /rustc/82e1608dfa6e0b5569232559e3d385fea5a93112/library/std/src/../../backtrace/src/backtrace/libunwind.rs:104:5
[INFO] [stdout]    1:     0x55bb82161e0c - std::backtrace_rs::backtrace::trace_unsynchronized::h47f62dea28e0c88d
[INFO] [stdout]                                at /rustc/82e1608dfa6e0b5569232559e3d385fea5a93112/library/std/src/../../backtrace/src/backtrace/mod.rs:66:5
[INFO] [stdout]    2:     0x55bb82161e0c - std::sys_common::backtrace::_print_fmt::h9eef0abe20ede486
[INFO] [stdout]                                at /rustc/82e1608dfa6e0b5569232559e3d385fea5a93112/library/std/src/sys_common/backtrace.rs:67:5
[INFO] [stdout]    3:     0x55bb82161e0c - <std::sys_common::backtrace::_print::DisplayBacktrace as core::fmt::Display>::fmt::hed7f999df88cc644
[INFO] [stdout]                                at /rustc/82e1608dfa6e0b5569232559e3d385fea5a93112/library/std/src/sys_common/backtrace.rs:44:22
[INFO] [stdout]    4:     0x55bb8218ffc0 - core::fmt::rt::Argument::fmt::h1539a9308b8d058d
[INFO] [stdout]                                at /rustc/82e1608dfa6e0b5569232559e3d385fea5a93112/library/core/src/fmt/rt.rs:142:9
[INFO] [stdout]    5:     0x55bb8218ffc0 - core::fmt::write::h3a39390d8560d9c9
[INFO] [stdout]                                at /rustc/82e1608dfa6e0b5569232559e3d385fea5a93112/library/core/src/fmt/mod.rs:1120:17
[INFO] [stdout]    6:     0x55bb8215eb3f - std::io::Write::write_fmt::h040b369f3a0f9cbc
[INFO] [stdout]                                at /rustc/82e1608dfa6e0b5569232559e3d385fea5a93112/library/std/src/io/mod.rs:1762:15
[INFO] [stdout]    7:     0x55bb82161bf4 - std::sys_common::backtrace::_print::h894006fb5c6f3d45
[INFO] [stdout]                                at /rustc/82e1608dfa6e0b5569232559e3d385fea5a93112/library/std/src/sys_common/backtrace.rs:47:5
[INFO] [stdout]    8:     0x55bb82161bf4 - std::sys_common::backtrace::print::h23a2d212c6fff936
[INFO] [stdout]                                at /rustc/82e1608dfa6e0b5569232559e3d385fea5a93112/library/std/src/sys_common/backtrace.rs:34:9
[INFO] [stdout]    9:     0x55bb821638b7 - std::panicking::default_hook::{{closure}}::h8a1d2ee00185001a
[INFO] [stdout]   10:     0x55bb821635a3 - std::panicking::default_hook::h6038f2eba384e475
[INFO] [stdout]                                at /rustc/82e1608dfa6e0b5569232559e3d385fea5a93112/library/std/src/panicking.rs:289:9
[INFO] [stdout]   11:     0x55bb81bb3e27 - <alloc::boxed::Box<F,A> as core::ops::function::Fn<Args>>::call::h0ad024c9bdc6d768
[INFO] [stdout]                                at /rustc/82e1608dfa6e0b5569232559e3d385fea5a93112/library/alloc/src/boxed.rs:2021:9
[INFO] [stdout]   12:     0x55bb81bb3e27 - test::test_main::{{closure}}::h7500b54257359db6
[INFO] [stdout]                                at /rustc/82e1608dfa6e0b5569232559e3d385fea5a93112/library/test/src/lib.rs:138:21
[INFO] [stdout]   13:     0x55bb82163ec8 - <alloc::boxed::Box<F,A> as core::ops::function::Fn<Args>>::call::h1f8f335eaa9cfaee
[INFO] [stdout]                                at /rustc/82e1608dfa6e0b5569232559e3d385fea5a93112/library/alloc/src/boxed.rs:2021:9
[INFO] [stdout]   14:     0x55bb82163ec8 - std::panicking::rust_panic_with_hook::h2b5517d590cab22e
[INFO] [stdout]                                at /rustc/82e1608dfa6e0b5569232559e3d385fea5a93112/library/std/src/panicking.rs:783:13
[INFO] [stdout]   15:     0x55bb82163c1e - std::panicking::begin_panic_handler::{{closure}}::h233112c06e0ef43e
[INFO] [stdout]                                at /rustc/82e1608dfa6e0b5569232559e3d385fea5a93112/library/std/src/panicking.rs:657:13
[INFO] [stdout]   16:     0x55bb821622d6 - std::sys_common::backtrace::__rust_end_short_backtrace::h6e893f24d7ebbff8
[INFO] [stdout]                                at /rustc/82e1608dfa6e0b5569232559e3d385fea5a93112/library/std/src/sys_common/backtrace.rs:170:18
[INFO] [stdout]   17:     0x55bb82163982 - rust_begin_unwind
[INFO] [stdout]                                at /rustc/82e1608dfa6e0b5569232559e3d385fea5a93112/library/std/src/panicking.rs:645:5
[INFO] [stdout]   18:     0x55bb81b38605 - core::panicking::panic_fmt::hbf0e066aabfa482c
[INFO] [stdout]                                at /rustc/82e1608dfa6e0b5569232559e3d385fea5a93112/library/core/src/panicking.rs:72:14
[INFO] [stdout]   19:     0x55bb81b38b41 - core::panicking::assert_failed_inner::h0bba8b7c26ee4492
[INFO] [stdout]   20:     0x55bb81d0121e - core::panicking::assert_failed::h2b8b52702fc3f17b
[INFO] [stdout]                                at /rustc/82e1608dfa6e0b5569232559e3d385fea5a93112/library/core/src/panicking.rs:279:5
[INFO] [stdout]   21:     0x55bb81bdf2a1 - mockito::Mock::assert::h85805285d18a740a
[INFO] [stdout]                                at /opt/rustwide/cargo-home/registry/src/index.crates.io-6f17d22bba15001f/mockito-0.17.0/src/lib.rs:754:44
[INFO] [stdout]   22:     0x55bb81b72f8b - afterburn::providers::packet::mock_tests::test_boot_checkin::h0cd1901a0044591c
[INFO] [stdout]                                at /opt/rustwide/workdir/src/providers/packet/mock_tests.rs:34:5
[INFO] [stdout]   23:     0x55bb81b729d7 - afterburn::providers::packet::mock_tests::test_boot_checkin::{{closure}}::h5ac73e9d3c97fe6e
[INFO] [stdout]                                at /opt/rustwide/workdir/src/providers/packet/mock_tests.rs:5:23
[INFO] [stdout]   24:     0x55bb81b494f6 - core::ops::function::FnOnce::call_once::h7f4a8bdaf50e3ee3
[INFO] [stdout]                                at /rustc/82e1608dfa6e0b5569232559e3d385fea5a93112/library/core/src/ops/function.rs:250:5
[INFO] [stdout]   25:     0x55bb81bb947f - core::ops::function::FnOnce::call_once::h2b5d431d5046312d
[INFO] [stdout]                                at /rustc/82e1608dfa6e0b5569232559e3d385fea5a93112/library/core/src/ops/function.rs:250:5
[INFO] [stdout]   26:     0x55bb81bb947f - test::__rust_begin_short_backtrace::h7714669af176e207
[INFO] [stdout]                                at /rustc/82e1608dfa6e0b5569232559e3d385fea5a93112/library/test/src/lib.rs:628:18
[INFO] [stdout]   27:     0x55bb81bb8495 - test::run_test_in_process::{{closure}}::h85218797dcbcec12
[INFO] [stdout]                                at /rustc/82e1608dfa6e0b5569232559e3d385fea5a93112/library/test/src/lib.rs:651:60
[INFO] [stdout]   28:     0x55bb81bb8495 - <core::panic::unwind_safe::AssertUnwindSafe<F> as core::ops::function::FnOnce<()>>::call_once::h76c106ea31c14d7b
[INFO] [stdout]                                at /rustc/82e1608dfa6e0b5569232559e3d385fea5a93112/library/core/src/panic/unwind_safe.rs:272:9
[INFO] [stdout]   29:     0x55bb81bb8495 - std::panicking::try::do_call::h3bd5d0f6620ee946
[INFO] [stdout]                                at /rustc/82e1608dfa6e0b5569232559e3d385fea5a93112/library/std/src/panicking.rs:552:40
[INFO] [stdout]   30:     0x55bb81bb8495 - std::panicking::try::h232e535e4744fe31
[INFO] [stdout]                                at /rustc/82e1608dfa6e0b5569232559e3d385fea5a93112/library/std/src/panicking.rs:516:19
[INFO] [stdout]   31:     0x55bb81bb8495 - std::panic::catch_unwind::h3ce3bd6ca8dbac68
[INFO] [stdout]                                at /rustc/82e1608dfa6e0b5569232559e3d385fea5a93112/library/std/src/panic.rs:142:14
[INFO] [stdout]   32:     0x55bb81bb8495 - test::run_test_in_process::hc97b257c9621286a
[INFO] [stdout]                                at /rustc/82e1608dfa6e0b5569232559e3d385fea5a93112/library/test/src/lib.rs:651:27
[INFO] [stdout]   33:     0x55bb81bb8495 - test::run_test::{{closure}}::h2aa798823a438d38
[INFO] [stdout]                                at /rustc/82e1608dfa6e0b5569232559e3d385fea5a93112/library/test/src/lib.rs:574:43
[INFO] [stdout]   34:     0x55bb81b80756 - test::run_test::{{closure}}::h87d231c78fb59832
[INFO] [stdout]                                at /rustc/82e1608dfa6e0b5569232559e3d385fea5a93112/library/test/src/lib.rs:602:41
[INFO] [stdout]   35:     0x55bb81b80756 - std::sys_common::backtrace::__rust_begin_short_backtrace::he6df152596625789
[INFO] [stdout]                                at /rustc/82e1608dfa6e0b5569232559e3d385fea5a93112/library/std/src/sys_common/backtrace.rs:154:18
[INFO] [stdout]   36:     0x55bb81b85807 - std::thread::Builder::spawn_unchecked_::{{closure}}::{{closure}}::ha94be15d1e0acf36
[INFO] [stdout]                                at /rustc/82e1608dfa6e0b5569232559e3d385fea5a93112/library/std/src/thread/mod.rs:529:17
[INFO] [stdout]   37:     0x55bb81b85807 - <core::panic::unwind_safe::AssertUnwindSafe<F> as core::ops::function::FnOnce<()>>::call_once::h9dc6bd6372f16606
[INFO] [stdout]                                at /rustc/82e1608dfa6e0b5569232559e3d385fea5a93112/library/core/src/panic/unwind_safe.rs:272:9
[INFO] [stdout]   38:     0x55bb81b85807 - std::panicking::try::do_call::h9057517f80303cd4
[INFO] [stdout]                                at /rustc/82e1608dfa6e0b5569232559e3d385fea5a93112/library/std/src/panicking.rs:552:40
[INFO] [stdout]   39:     0x55bb81b85807 - std::panicking::try::he3a30b11ee45340c
[INFO] [stdout]                                at /rustc/82e1608dfa6e0b5569232559e3d385fea5a93112/library/std/src/panicking.rs:516:19
[INFO] [stdout]   40:     0x55bb81b85807 - std::panic::catch_unwind::h410458cfd3528b8b
[INFO] [stdout]                                at /rustc/82e1608dfa6e0b5569232559e3d385fea5a93112/library/std/src/panic.rs:142:14
[INFO] [stdout]   41:     0x55bb81b85807 - std::thread::Builder::spawn_unchecked_::{{closure}}::h72ac3bdb567b737b
[INFO] [stdout]                                at /rustc/82e1608dfa6e0b5569232559e3d385fea5a93112/library/std/src/thread/mod.rs:528:30
[INFO] [stdout]   42:     0x55bb81b85807 - core::ops::function::FnOnce::call_once{{vtable.shim}}::h38f34da3654a8344
[INFO] [stdout]                                at /rustc/82e1608dfa6e0b5569232559e3d385fea5a93112/library/core/src/ops/function.rs:250:5
[INFO] [stdout]   43:     0x55bb82168be5 - <alloc::boxed::Box<F,A> as core::ops::function::FnOnce<Args>>::call_once::hc7eafaff61e32df9
[INFO] [stdout]                                at /rustc/82e1608dfa6e0b5569232559e3d385fea5a93112/library/alloc/src/boxed.rs:2007:9
[INFO] [stdout]   44:     0x55bb82168be5 - <alloc::boxed::Box<F,A> as core::ops::function::FnOnce<Args>>::call_once::h6ba4a5de48dd2304
[INFO] [stdout]                                at /rustc/82e1608dfa6e0b5569232559e3d385fea5a93112/library/alloc/src/boxed.rs:2007:9
[INFO] [stdout]   45:     0x55bb82168be5 - std::sys::unix::thread::Thread::new::thread_start::he469335aef763e45
[INFO] [stdout]                                at /rustc/82e1608dfa6e0b5569232559e3d385fea5a93112/library/std/src/sys/unix/thread.rs:108:17
[INFO] [stdout]   46:     0x7f976d825ac3 - <unknown>
[INFO] [stdout]   47:     0x7f976d8b6bf4 - __clone
[INFO] [stdout]   48:                0x0 - <unknown>
[INFO] [stdout] 
[INFO] [stdout] ---- providers::aws::mock_tests::test_aws_basic stdout ----
[INFO] [stdout] thread 'providers::aws::mock_tests::test_aws_basic' panicked at src/providers/aws/mock_tests.rs:21:39:
[INFO] [stdout] called `Result::unwrap()` on an `Err` value: Error(Msg("timed out"), State { next_error: Some(Error(Msg("failed to fetch"), State { next_error: Some(Inner { kind: Hyper(Error { kind: Connect, cause: Os { code: 22, kind: InvalidInput, message: "Invalid argument" } }), url: Some("http://127.0.0.1:1234/meta-data/public-keys") }), backtrace: InternalBacktrace })), backtrace: InternalBacktrace })
[INFO] [stdout] stack backtrace:
[INFO] [stdout]    0:     0x55bb82161e0c - std::backtrace_rs::backtrace::libunwind::trace::ha637c64ce894333a
[INFO] [stdout]                                at /rustc/82e1608dfa6e0b5569232559e3d385fea5a93112/library/std/src/../../backtrace/src/backtrace/libunwind.rs:104:5
[INFO] [stdout]    1:     0x55bb82161e0c - std::backtrace_rs::backtrace::trace_unsynchronized::h47f62dea28e0c88d
[INFO] [stdout]                                at /rustc/82e1608dfa6e0b5569232559e3d385fea5a93112/library/std/src/../../backtrace/src/backtrace/mod.rs:66:5
[INFO] [stdout]    2:     0x55bb82161e0c - std::sys_common::backtrace::_print_fmt::h9eef0abe20ede486
[INFO] [stdout]                                at /rustc/82e1608dfa6e0b5569232559e3d385fea5a93112/library/std/src/sys_common/backtrace.rs:67:5
[INFO] [stdout]    3:     0x55bb82161e0c - <std::sys_common::backtrace::_print::DisplayBacktrace as core::fmt::Display>::fmt::hed7f999df88cc644
[INFO] [stdout]                                at /rustc/82e1608dfa6e0b5569232559e3d385fea5a93112/library/std/src/sys_common/backtrace.rs:44:22
[INFO] [stdout]    4:     0x55bb8218ffc0 - core::fmt::rt::Argument::fmt::h1539a9308b8d058d
[INFO] [stdout]                                at /rustc/82e1608dfa6e0b5569232559e3d385fea5a93112/library/core/src/fmt/rt.rs:142:9
[INFO] [stdout]    5:     0x55bb8218ffc0 - core::fmt::write::h3a39390d8560d9c9
[INFO] [stdout]                                at /rustc/82e1608dfa6e0b5569232559e3d385fea5a93112/library/core/src/fmt/mod.rs:1120:17
[INFO] [stdout]    6:     0x55bb8215eb3f - std::io::Write::write_fmt::h040b369f3a0f9cbc
[INFO] [stdout]                                at /rustc/82e1608dfa6e0b5569232559e3d385fea5a93112/library/std/src/io/mod.rs:1762:15
[INFO] [stdout]    7:     0x55bb82161bf4 - std::sys_common::backtrace::_print::h894006fb5c6f3d45
[INFO] [stdout]                                at /rustc/82e1608dfa6e0b5569232559e3d385fea5a93112/library/std/src/sys_common/backtrace.rs:47:5
[INFO] [stdout]    8:     0x55bb82161bf4 - std::sys_common::backtrace::print::h23a2d212c6fff936
[INFO] [stdout]                                at /rustc/82e1608dfa6e0b5569232559e3d385fea5a93112/library/std/src/sys_common/backtrace.rs:34:9
[INFO] [stdout]    9:     0x55bb821638b7 - std::panicking::default_hook::{{closure}}::h8a1d2ee00185001a
[INFO] [stdout]   10:     0x55bb821635a3 - std::panicking::default_hook::h6038f2eba384e475
[INFO] [stdout]                                at /rustc/82e1608dfa6e0b5569232559e3d385fea5a93112/library/std/src/panicking.rs:289:9
[INFO] [stdout]   11:     0x55bb81bb3e27 - <alloc::boxed::Box<F,A> as core::ops::function::Fn<Args>>::call::h0ad024c9bdc6d768
[INFO] [stdout]                                at /rustc/82e1608dfa6e0b5569232559e3d385fea5a93112/library/alloc/src/boxed.rs:2021:9
[INFO] [stdout]   12:     0x55bb81bb3e27 - test::test_main::{{closure}}::h7500b54257359db6
[INFO] [stdout]                                at /rustc/82e1608dfa6e0b5569232559e3d385fea5a93112/library/test/src/lib.rs:138:21
[INFO] [stdout]   13:     0x55bb82163ec8 - <alloc::boxed::Box<F,A> as core::ops::function::Fn<Args>>::call::h1f8f335eaa9cfaee
[INFO] [stdout]                                at /rustc/82e1608dfa6e0b5569232559e3d385fea5a93112/library/alloc/src/boxed.rs:2021:9
[INFO] [stdout]   14:     0x55bb82163ec8 - std::panicking::rust_panic_with_hook::h2b5517d590cab22e
[INFO] [stdout]                                at /rustc/82e1608dfa6e0b5569232559e3d385fea5a93112/library/std/src/panicking.rs:783:13
[INFO] [stdout]   15:     0x55bb82163c1e - std::panicking::begin_panic_handler::{{closure}}::h233112c06e0ef43e
[INFO] [stdout]                                at /rustc/82e1608dfa6e0b5569232559e3d385fea5a93112/library/std/src/panicking.rs:657:13
[INFO] [stdout]   16:     0x55bb821622d6 - std::sys_common::backtrace::__rust_end_short_backtrace::h6e893f24d7ebbff8
[INFO] [stdout]                                at /rustc/82e1608dfa6e0b5569232559e3d385fea5a93112/library/std/src/sys_common/backtrace.rs:170:18
[INFO] [stdout]   17:     0x55bb82163982 - rust_begin_unwind
[INFO] [stdout]                                at /rustc/82e1608dfa6e0b5569232559e3d385fea5a93112/library/std/src/panicking.rs:645:5
[INFO] [stdout]   18:     0x55bb81b38605 - core::panicking::panic_fmt::hbf0e066aabfa482c
[INFO] [stdout]                                at /rustc/82e1608dfa6e0b5569232559e3d385fea5a93112/library/core/src/panicking.rs:72:14
[INFO] [stdout]   19:     0x55bb81b38bd3 - core::result::unwrap_failed::hddb4fea594200c52
[INFO] [stdout]                                at /rustc/82e1608dfa6e0b5569232559e3d385fea5a93112/library/core/src/result.rs:1653:5
[INFO] [stdout]   20:     0x55bb81b3b374 - core::result::Result<T,E>::unwrap::h9c0a3aba21a049b6
[INFO] [stdout]                                at /rustc/82e1608dfa6e0b5569232559e3d385fea5a93112/library/core/src/result.rs:1077:23
[INFO] [stdout]   21:     0x55bb81b80179 - afterburn::providers::aws::mock_tests::test_aws_basic::hb1ade7cd416f8d38
[INFO] [stdout]                                at /opt/rustwide/workdir/src/providers/aws/mock_tests.rs:21:13
[INFO] [stdout]   22:     0x55bb81b7fea7 - afterburn::providers::aws::mock_tests::test_aws_basic::{{closure}}::hbf0b1544f2f4caf1
[INFO] [stdout]                                at /opt/rustwide/workdir/src/providers/aws/mock_tests.rs:6:20
[INFO] [stdout]   23:     0x55bb81b495d6 - core::ops::function::FnOnce::call_once::h90601b24d28f7a38
[INFO] [stdout]                                at /rustc/82e1608dfa6e0b5569232559e3d385fea5a93112/library/core/src/ops/function.rs:250:5
[INFO] [stdout]   24:     0x55bb81bb947f - core::ops::function::FnOnce::call_once::h2b5d431d5046312d
[INFO] [stdout]                                at /rustc/82e1608dfa6e0b5569232559e3d385fea5a93112/library/core/src/ops/function.rs:250:5
[INFO] [stdout]   25:     0x55bb81bb947f - test::__rust_begin_short_backtrace::h7714669af176e207
[INFO] [stdout]                                at /rustc/82e1608dfa6e0b5569232559e3d385fea5a93112/library/test/src/lib.rs:628:18
[INFO] [stdout]   26:     0x55bb81bb8495 - test::run_test_in_process::{{closure}}::h85218797dcbcec12
[INFO] [stdout]                                at /rustc/82e1608dfa6e0b5569232559e3d385fea5a93112/library/test/src/lib.rs:651:60
[INFO] [stdout]   27:     0x55bb81bb8495 - <core::panic::unwind_safe::AssertUnwindSafe<F> as core::ops::function::FnOnce<()>>::call_once::h76c106ea31c14d7b
[INFO] [stdout]                                at /rustc/82e1608dfa6e0b5569232559e3d385fea5a93112/library/core/src/panic/unwind_safe.rs:272:9
[INFO] [stdout]   28:     0x55bb81bb8495 - std::panicking::try::do_call::h3bd5d0f6620ee946
[INFO] [stdout]                                at /rustc/82e1608dfa6e0b5569232559e3d385fea5a93112/library/std/src/panicking.rs:552:40
[INFO] [stdout]   29:     0x55bb81bb8495 - std::panicking::try::h232e535e4744fe31
[INFO] [stdout]                                at /rustc/82e1608dfa6e0b5569232559e3d385fea5a93112/library/std/src/panicking.rs:516:19
[INFO] [stdout]   30:     0x55bb81bb8495 - std::panic::catch_unwind::h3ce3bd6ca8dbac68
[INFO] [stdout]                                at /rustc/82e1608dfa6e0b5569232559e3d385fea5a93112/library/std/src/panic.rs:142:14
[INFO] [stdout]   31:     0x55bb81bb8495 - test::run_test_in_process::hc97b257c9621286a
[INFO] [stdout]                                at /rustc/82e1608dfa6e0b5569232559e3d385fea5a93112/library/test/src/lib.rs:651:27
[INFO] [stdout]   32:     0x55bb81bb8495 - test::run_test::{{closure}}::h2aa798823a438d38
[INFO] [stdout]                                at /rustc/82e1608dfa6e0b5569232559e3d385fea5a93112/library/test/src/lib.rs:574:43
[INFO] [stdout]   33:     0x55bb81b80756 - test::run_test::{{closure}}::h87d231c78fb59832
[INFO] [stdout]                                at /rustc/82e1608dfa6e0b5569232559e3d385fea5a93112/library/test/src/lib.rs:602:41
[INFO] [stdout]   34:     0x55bb81b80756 - std::sys_common::backtrace::__rust_begin_short_backtrace::he6df152596625789
[INFO] [stdout]                                at /rustc/82e1608dfa6e0b5569232559e3d385fea5a93112/library/std/src/sys_common/backtrace.rs:154:18
[INFO] [stdout]   35:     0x55bb81b85807 - std::thread::Builder::spawn_unchecked_::{{closure}}::{{closure}}::ha94be15d1e0acf36
[INFO] [stdout]                                at /rustc/82e1608dfa6e0b5569232559e3d385fea5a93112/library/std/src/thread/mod.rs:529:17
[INFO] [stdout]   36:     0x55bb81b85807 - <core::panic::unwind_safe::AssertUnwindSafe<F> as core::ops::function::FnOnce<()>>::call_once::h9dc6bd6372f16606
[INFO] [stdout]                                at /rustc/82e1608dfa6e0b5569232559e3d385fea5a93112/library/core/src/panic/unwind_safe.rs:272:9
[INFO] [stdout]   37:     0x55bb81b85807 - std::panicking::try::do_call::h9057517f80303cd4
[INFO] [stdout]                                at /rustc/82e1608dfa6e0b5569232559e3d385fea5a93112/library/std/src/panicking.rs:552:40
[INFO] [stdout]   38:     0x55bb81b85807 - std::panicking::try::he3a30b11ee45340c
[INFO] [stdout]                                at /rustc/82e1608dfa6e0b5569232559e3d385fea5a93112/library/std/src/panicking.rs:516:19
[INFO] [stdout]   39:     0x55bb81b85807 - std::panic::catch_unwind::h410458cfd3528b8b
[INFO] [stdout]                                at /rustc/82e1608dfa6e0b5569232559e3d385fea5a93112/library/std/src/panic.rs:142:14
[INFO] [stdout]   40:     0x55bb81b85807 - std::thread::Builder::spawn_unchecked_::{{closure}}::h72ac3bdb567b737b
[INFO] [stdout]                                at /rustc/82e1608dfa6e0b5569232559e3d385fea5a93112/library/std/src/thread/mod.rs:528:30
[INFO] [stdout]   41:     0x55bb81b85807 - core::ops::function::FnOnce::call_once{{vtable.shim}}::h38f34da3654a8344
[INFO] [stdout]                                at /rustc/82e1608dfa6e0b5569232559e3d385fea5a93112/library/core/src/ops/function.rs:250:5
[INFO] [stdout]   42:     0x55bb82168be5 - <alloc::boxed::Box<F,A> as core::ops::function::FnOnce<Args>>::call_once::hc7eafaff61e32df9
[INFO] [stdout]                                at /rustc/82e1608dfa6e0b5569232559e3d385fea5a93112/library/alloc/src/boxed.rs:2007:9
[INFO] [stdout]   43:     0x55bb82168be5 - <alloc::boxed::Box<F,A> as core::ops::function::FnOnce<Args>>::call_once::h6ba4a5de48dd2304
[INFO] [stdout]                                at /rustc/82e1608dfa6e0b5569232559e3d385fea5a93112/library/alloc/src/boxed.rs:2007:9
[INFO] [stdout]   44:     0x55bb82168be5 - std::sys::unix::thread::Thread::new::thread_start::he469335aef763e45
[INFO] [stdout]                                at /rustc/82e1608dfa6e0b5569232559e3d385fea5a93112/library/std/src/sys/unix/thread.rs:108:17
[INFO] [stdout]   45:     0x7f976d825ac3 - <unknown>
[INFO] [stdout]   46:     0x7f976d8b6bf4 - __clone
[INFO] [stdout]   47:                0x0 - <unknown>
[INFO] [stdout] 
[INFO] [stdout] ---- providers::gcp::mock_tests::basic_hostname stdout ----
[INFO] [stdout] thread 'providers::gcp::mock_tests::basic_hostname' panicked at src/providers/gcp/mock_tests.rs:22:33:
[INFO] [stdout] called `Result::unwrap()` on an `Err` value: Error(Msg("timed out"), State { next_error: Some(Error(Msg("failed to fetch"), State { next_error: Some(Inner { kind: Hyper(Error { kind: Connect, cause: Os { code: 22, kind: InvalidInput, message: "Invalid argument" } }), url: Some("http://127.0.0.1:1234/instance/hostname") }), backtrace: InternalBacktrace })), backtrace: InternalBacktrace })
[INFO] [stdout] stack backtrace:
[INFO] [stdout]    0:     0x55bb82161e0c - std::backtrace_rs::backtrace::libunwind::trace::ha637c64ce894333a
[INFO] [stdout]                                at /rustc/82e1608dfa6e0b5569232559e3d385fea5a93112/library/std/src/../../backtrace/src/backtrace/libunwind.rs:104:5
[INFO] [stdout]    1:     0x55bb82161e0c - std::backtrace_rs::backtrace::trace_unsynchronized::h47f62dea28e0c88d
[INFO] [stdout]                                at /rustc/82e1608dfa6e0b5569232559e3d385fea5a93112/library/std/src/../../backtrace/src/backtrace/mod.rs:66:5
[INFO] [stdout]    2:     0x55bb82161e0c - std::sys_common::backtrace::_print_fmt::h9eef0abe20ede486
[INFO] [stdout]                                at /rustc/82e1608dfa6e0b5569232559e3d385fea5a93112/library/std/src/sys_common/backtrace.rs:67:5
[INFO] [stdout]    3:     0x55bb82161e0c - <std::sys_common::backtrace::_print::DisplayBacktrace as core::fmt::Display>::fmt::hed7f999df88cc644
[INFO] [stdout]                                at /rustc/82e1608dfa6e0b5569232559e3d385fea5a93112/library/std/src/sys_common/backtrace.rs:44:22
[INFO] [stdout]    4:     0x55bb8218ffc0 - core::fmt::rt::Argument::fmt::h1539a9308b8d058d
[INFO] [stdout]                                at /rustc/82e1608dfa6e0b5569232559e3d385fea5a93112/library/core/src/fmt/rt.rs:142:9
[INFO] [stdout]    5:     0x55bb8218ffc0 - core::fmt::write::h3a39390d8560d9c9
[INFO] [stdout]                                at /rustc/82e1608dfa6e0b5569232559e3d385fea5a93112/library/core/src/fmt/mod.rs:1120:17
[INFO] [stdout]    6:     0x55bb8215eb3f - std::io::Write::write_fmt::h040b369f3a0f9cbc
[INFO] [stdout]                                at /rustc/82e1608dfa6e0b5569232559e3d385fea5a93112/library/std/src/io/mod.rs:1762:15
[INFO] [stdout]    7:     0x55bb82161bf4 - std::sys_common::backtrace::_print::h894006fb5c6f3d45
[INFO] [stdout]                                at /rustc/82e1608dfa6e0b5569232559e3d385fea5a93112/library/std/src/sys_common/backtrace.rs:47:5
[INFO] [stdout]    8:     0x55bb82161bf4 - std::sys_common::backtrace::print::h23a2d212c6fff936
[INFO] [stdout]                                at /rustc/82e1608dfa6e0b5569232559e3d385fea5a93112/library/std/src/sys_common/backtrace.rs:34:9
[INFO] [stdout]    9:     0x55bb821638b7 - std::panicking::default_hook::{{closure}}::h8a1d2ee00185001a
[INFO] [stdout]   10:     0x55bb821635a3 - std::panicking::default_hook::h6038f2eba384e475
[INFO] [stdout]                                at /rustc/82e1608dfa6e0b5569232559e3d385fea5a93112/library/std/src/panicking.rs:289:9
[INFO] [stdout]   11:     0x55bb81bb3e27 - <alloc::boxed::Box<F,A> as core::ops::function::Fn<Args>>::call::h0ad024c9bdc6d768
[INFO] [stdout]                                at /rustc/82e1608dfa6e0b5569232559e3d385fea5a93112/library/alloc/src/boxed.rs:2021:9
[INFO] [stdout]   12:     0x55bb81bb3e27 - test::test_main::{{closure}}::h7500b54257359db6
[INFO] [stdout]                                at /rustc/82e1608dfa6e0b5569232559e3d385fea5a93112/library/test/src/lib.rs:138:21
[INFO] [stdout]   13:     0x55bb82163ec8 - <alloc::boxed::Box<F,A> as core::ops::function::Fn<Args>>::call::h1f8f335eaa9cfaee
[INFO] [stdout]                                at /rustc/82e1608dfa6e0b5569232559e3d385fea5a93112/library/alloc/src/boxed.rs:2021:9
[INFO] [stdout]   14:     0x55bb82163ec8 - std::panicking::rust_panic_with_hook::h2b5517d590cab22e
[INFO] [stdout]                                at /rustc/82e1608dfa6e0b5569232559e3d385fea5a93112/library/std/src/panicking.rs:783:13
[INFO] [stdout]   15:     0x55bb82163c1e - std::panicking::begin_panic_handler::{{closure}}::h233112c06e0ef43e
[INFO] [stdout]                                at /rustc/82e1608dfa6e0b5569232559e3d385fea5a93112/library/std/src/panicking.rs:657:13
[INFO] [stdout]   16:     0x55bb821622d6 - std::sys_common::backtrace::__rust_end_short_backtrace::h6e893f24d7ebbff8
[INFO] [stdout]                                at /rustc/82e1608dfa6e0b5569232559e3d385fea5a93112/library/std/src/sys_common/backtrace.rs:170:18
[INFO] [stdout]   17:     0x55bb82163982 - rust_begin_unwind
[INFO] [stdout]                                at /rustc/82e1608dfa6e0b5569232559e3d385fea5a93112/library/std/src/panicking.rs:645:5
[INFO] [stdout]   18:     0x55bb81b38605 - core::panicking::panic_fmt::hbf0e066aabfa482c
[INFO] [stdout]                                at /rustc/82e1608dfa6e0b5569232559e3d385fea5a93112/library/core/src/panicking.rs:72:14
[INFO] [stdout]   19:     0x55bb81b38bd3 - core::result::unwrap_failed::hddb4fea594200c52
[INFO] [stdout]                                at /rustc/82e1608dfa6e0b5569232559e3d385fea5a93112/library/core/src/result.rs:1653:5
[INFO] [stdout]   20:     0x55bb81b3b1c4 - core::result::Result<T,E>::unwrap::h40d7d71dac5b701a
[INFO] [stdout]                                at /rustc/82e1608dfa6e0b5569232559e3d385fea5a93112/library/core/src/result.rs:1077:23
[INFO] [stdout]   21:     0x55bb81b611f3 - afterburn::providers::gcp::mock_tests::basic_hostname::hccc71f297f2667b1
[INFO] [stdout]                                at /opt/rustwide/workdir/src/providers/gcp/mock_tests.rs:22:13
[INFO] [stdout]   22:     0x55bb81b60ee7 - afterburn::providers::gcp::mock_tests::basic_hostname::{{closure}}::h9a64881e5b83a57b
[INFO] [stdout]                                at /opt/rustwide/workdir/src/providers/gcp/mock_tests.rs:6:20
[INFO] [stdout]   23:     0x55bb81b49416 - core::ops::function::FnOnce::call_once::h65651969f33b8375
[INFO] [stdout]                                at /rustc/82e1608dfa6e0b5569232559e3d385fea5a93112/library/core/src/ops/function.rs:250:5
[INFO] [stdout]   24:     0x55bb81bb947f - core::ops::function::FnOnce::call_once::h2b5d431d5046312d
[INFO] [stdout]                                at /rustc/82e1608dfa6e0b5569232559e3d385fea5a93112/library/core/src/ops/function.rs:250:5
[INFO] [stdout]   25:     0x55bb81bb947f - test::__rust_begin_short_backtrace::h7714669af176e207
[INFO] [stdout]                                at /rustc/82e1608dfa6e0b5569232559e3d385fea5a93112/library/test/src/lib.rs:628:18
[INFO] [stdout]   26:     0x55bb81bb8495 - test::run_test_in_process::{{closure}}::h85218797dcbcec12
[INFO] [stdout]                                at /rustc/82e1608dfa6e0b5569232559e3d385fea5a93112/library/test/src/lib.rs:651:60
[INFO] [stdout]   27:     0x55bb81bb8495 - <core::panic::unwind_safe::AssertUnwindSafe<F> as core::ops::function::FnOnce<()>>::call_once::h76c106ea31c14d7b
[INFO] [stdout]                                at /rustc/82e1608dfa6e0b5569232559e3d385fea5a93112/library/core/src/panic/unwind_safe.rs:272:9
[INFO] [stdout]   28:     0x55bb81bb8495 - std::panicking::try::do_call::h3bd5d0f6620ee946
[INFO] [stdout]                                at /rustc/82e1608dfa6e0b5569232559e3d385fea5a93112/library/std/src/panicking.rs:552:40
[INFO] [stdout]   29:     0x55bb81bb8495 - std::panicking::try::h232e535e4744fe31
[INFO] [stdout]                                at /rustc/82e1608dfa6e0b5569232559e3d385fea5a93112/library/std/src/panicking.rs:516:19
[INFO] [stdout]   30:     0x55bb81bb8495 - std::panic::catch_unwind::h3ce3bd6ca8dbac68
[INFO] [stdout]                                at /rustc/82e1608dfa6e0b5569232559e3d385fea5a93112/library/std/src/panic.rs:142:14
[INFO] [stdout]   31:     0x55bb81bb8495 - test::run_test_in_process::hc97b257c9621286a
[INFO] [stdout]                                at /rustc/82e1608dfa6e0b5569232559e3d385fea5a93112/library/test/src/lib.rs:651:27
[INFO] [stdout]   32:     0x55bb81bb8495 - test::run_test::{{closure}}::h2aa798823a438d38
[INFO] [stdout]                                at /rustc/82e1608dfa6e0b5569232559e3d385fea5a93112/library/test/src/lib.rs:574:43
[INFO] [stdout]   33:     0x55bb81b80756 - test::run_test::{{closure}}::h87d231c78fb59832
[INFO] [stdout]                                at /rustc/82e1608dfa6e0b5569232559e3d385fea5a93112/library/test/src/lib.rs:602:41
[INFO] [stdout]   34:     0x55bb81b80756 - std::sys_common::backtrace::__rust_begin_short_backtrace::he6df152596625789
[INFO] [stdout]                                at /rustc/82e1608dfa6e0b5569232559e3d385fea5a93112/library/std/src/sys_common/backtrace.rs:154:18
[INFO] [stdout]   35:     0x55bb81b85807 - std::thread::Builder::spawn_unchecked_::{{closure}}::{{closure}}::ha94be15d1e0acf36
[INFO] [stdout]                                at /rustc/82e1608dfa6e0b5569232559e3d385fea5a93112/library/std/src/thread/mod.rs:529:17
[INFO] [stdout]   36:     0x55bb81b85807 - <core::panic::unwind_safe::AssertUnwindSafe<F> as core::ops::function::FnOnce<()>>::call_once::h9dc6bd6372f16606
[INFO] [stdout]                                at /rustc/82e1608dfa6e0b5569232559e3d385fea5a93112/library/core/src/panic/unwind_safe.rs:272:9
[INFO] [stdout]   37:     0x55bb81b85807 - std::panicking::try::do_call::h9057517f80303cd4
[INFO] [stdout]                                at /rustc/82e1608dfa6e0b5569232559e3d385fea5a93112/library/std/src/panicking.rs:552:40
[INFO] [stdout]   38:     0x55bb81b85807 - std::panicking::try::he3a30b11ee45340c
[INFO] [stdout]                                at /rustc/82e1608dfa6e0b5569232559e3d385fea5a93112/library/std/src/panicking.rs:516:19
[INFO] [stdout]   39:     0x55bb81b85807 - std::panic::catch_unwind::h410458cfd3528b8b
[INFO] [stdout]                                at /rustc/82e1608dfa6e0b5569232559e3d385fea5a93112/library/std/src/panic.rs:142:14
[INFO] [stdout]   40:     0x55bb81b85807 - std::thread::Builder::spawn_unchecked_::{{closure}}::h72ac3bdb567b737b
[INFO] [stdout]                                at /rustc/82e1608dfa6e0b5569232559e3d385fea5a93112/library/std/src/thread/mod.rs:528:30
[INFO] [stdout]   41:     0x55bb81b85807 - core::ops::function::FnOnce::call_once{{vtable.shim}}::h38f34da3654a8344
[INFO] [stdout]                                at /rustc/82e1608dfa6e0b5569232559e3d385fea5a93112/library/core/src/ops/function.rs:250:5
[INFO] [stdout]   42:     0x55bb82168be5 - <alloc::boxed::Box<F,A> as core::ops::function::FnOnce<Args>>::call_once::hc7eafaff61e32df9
[INFO] [stdout]                                at /rustc/82e1608dfa6e0b5569232559e3d385fea5a93112/library/alloc/src/boxed.rs:2007:9
[INFO] [stdout]   43:     0x55bb82168be5 - <alloc::boxed::Box<F,A> as core::ops::function::FnOnce<Args>>::call_once::h6ba4a5de48dd2304
[INFO] [stdout]                                at /rustc/82e1608dfa6e0b5569232559e3d385fea5a93112/library/alloc/src/boxed.rs:2007:9
[INFO] [stdout]   44:     0x55bb82168be5 - std::sys::unix::thread::Thread::new::thread_start::he469335aef763e45
[INFO] [stdout]                                at /rustc/82e1608dfa6e0b5569232559e3d385fea5a93112/library/std/src/sys/unix/thread.rs:108:17
[INFO] [stdout]   45:     0x7f976d825ac3 - <unknown>
[INFO] [stdout]   46:     0x7f976d8b6bf4 - __clone
[INFO] [stdout]   47:                0x0 - <unknown>
[INFO] [stdout] 
[INFO] [stdout] 
[INFO] [stdout] failures:
[INFO] [stdout]     providers::aws::mock_tests::test_aws_basic
[INFO] [stdout]     providers::azure::mock_tests::test_boot_checkin
[INFO] [stdout]     providers::gcp::mock_tests::basic_hostname
[INFO] [stdout]     providers::packet::mock_tests::test_boot_checkin
[INFO] [stdout] 
[INFO] [stdout] test result: FAILED. 8 passed; 4 failed; 0 ignored; 0 measured; 0 filtered out; finished in 74.63s
[INFO] [stdout] 
[INFO] [stderr] error: test failed, to rerun pass `--bin afterburn`
[INFO] running `Command { std: "docker" "inspect" "388237869f3d3ab4e9753737b934700b4aa18b79b24555737a4000c7bd064853", kill_on_drop: false }`
[INFO] running `Command { std: "docker" "rm" "-f" "388237869f3d3ab4e9753737b934700b4aa18b79b24555737a4000c7bd064853", kill_on_drop: false }`
[INFO] [stdout] 388237869f3d3ab4e9753737b934700b4aa18b79b24555737a4000c7bd064853
[INFO] testing flatcar-linux/coreos-metadata against beta-2023-12-22 for beta-1.76-1
[INFO] running `Command { std: "git" "clone" "/workspace/cache/git-repos/https%3A%2F%2Fgithub.com%2Fflatcar-linux%2Fcoreos-metadata" "/workspace/builds/worker-6-tc2/source", kill_on_drop: false }`
[INFO] [stderr] Cloning into '/workspace/builds/worker-6-tc2/source'...
[INFO] [stderr] done.
[INFO] validating manifest of git repo https://github.com/flatcar-linux/coreos-metadata on toolchain beta-2023-12-22
[INFO] running `Command { std: CARGO_HOME="/workspace/cargo-home" RUSTUP_HOME="/workspace/rustup-home" "/workspace/cargo-home/bin/cargo" "+beta-2023-12-22" "metadata" "--manifest-path" "Cargo.toml" "--no-deps", kill_on_drop: false }`
[INFO] started tweaking git repo https://github.com/flatcar-linux/coreos-metadata
[INFO] finished tweaking git repo https://github.com/flatcar-linux/coreos-metadata
[INFO] tweaked toml for git repo https://github.com/flatcar-linux/coreos-metadata written to /workspace/builds/worker-6-tc2/source/Cargo.toml
[INFO] crate git repo https://github.com/flatcar-linux/coreos-metadata already has a lockfile, it will not be regenerated
[INFO] running `Command { std: CARGO_HOME="/workspace/cargo-home" RUSTUP_HOME="/workspace/rustup-home" "/workspace/cargo-home/bin/cargo" "+beta-2023-12-22" "fetch" "--manifest-path" "Cargo.toml", kill_on_drop: false }`
[INFO] running `Command { std: "docker" "create" "-v" "/var/lib/crater-agent-workspace/builds/worker-6-tc2/target:/opt/rustwide/target:rw,Z" "-v" "/var/lib/crater-agent-workspace/builds/worker-6-tc2/source:/opt/rustwide/workdir:ro,Z" "-v" "/var/lib/crater-agent-workspace/cargo-home:/opt/rustwide/cargo-home:ro,Z" "-v" "/var/lib/crater-agent-workspace/rustup-home:/opt/rustwide/rustup-home:ro,Z" "-e" "SOURCE_DIR=/opt/rustwide/workdir" "-e" "CARGO_TARGET_DIR=/opt/rustwide/target" "-e" "CARGO_HOME=/opt/rustwide/cargo-home" "-e" "RUSTUP_HOME=/opt/rustwide/rustup-home" "-w" "/opt/rustwide/workdir" "-m" "1610612736" "--user" "0:0" "--network" "none" "ghcr.io/rust-lang/crates-build-env/linux@sha256:2788e3201cd34a07e3172128adcd8b3090168a8e3bcc40d7c032b9dda1df7d1c" "/opt/rustwide/cargo-home/bin/cargo" "+beta-2023-12-22" "metadata" "--no-deps" "--format-version=1", kill_on_drop: false }`
[INFO] [stdout] 5ab828fbdf96c52a290934453debcc5d9dfe6e926b04ac20d0a6cfc1bad6268e
[INFO] running `Command { std: "docker" "start" "-a" "5ab828fbdf96c52a290934453debcc5d9dfe6e926b04ac20d0a6cfc1bad6268e", kill_on_drop: false }`
[INFO] running `Command { std: "docker" "inspect" "5ab828fbdf96c52a290934453debcc5d9dfe6e926b04ac20d0a6cfc1bad6268e", kill_on_drop: false }`
[INFO] running `Command { std: "docker" "rm" "-f" "5ab828fbdf96c52a290934453debcc5d9dfe6e926b04ac20d0a6cfc1bad6268e", kill_on_drop: false }`
[INFO] [stdout] 5ab828fbdf96c52a290934453debcc5d9dfe6e926b04ac20d0a6cfc1bad6268e
[INFO] running `Command { std: "docker" "create" "-v" "/var/lib/crater-agent-workspace/builds/worker-6-tc2/target:/opt/rustwide/target:rw,Z" "-v" "/var/lib/crater-agent-workspace/builds/worker-6-tc2/source:/opt/rustwide/workdir:ro,Z" "-v" "/var/lib/crater-agent-workspace/cargo-home:/opt/rustwide/cargo-home:ro,Z" "-v" "/var/lib/crater-agent-workspace/rustup-home:/opt/rustwide/rustup-home:ro,Z" "-e" "SOURCE_DIR=/opt/rustwide/workdir" "-e" "CARGO_TARGET_DIR=/opt/rustwide/target" "-e" "CARGO_INCREMENTAL=0" "-e" "RUST_BACKTRACE=full" "-e" "RUSTFLAGS=--cap-lints=warn" "-e" "RUSTDOCFLAGS=--cap-lints=warn" "-e" "CARGO_HOME=/opt/rustwide/cargo-home" "-e" "RUSTUP_HOME=/opt/rustwide/rustup-home" "-w" "/opt/rustwide/workdir" "-m" "1610612736" "--user" "0:0" "--network" "none" "ghcr.io/rust-lang/crates-build-env/linux@sha256:2788e3201cd34a07e3172128adcd8b3090168a8e3bcc40d7c032b9dda1df7d1c" "/opt/rustwide/cargo-home/bin/cargo" "+beta-2023-12-22" "build" "--frozen" "--message-format=json", kill_on_drop: false }`
[INFO] [stdout] 772db8ae936ec8edc1395bc357946a00a02b77d789226ec05ee14f4305876d28
[INFO] running `Command { std: "docker" "start" "-a" "772db8ae936ec8edc1395bc357946a00a02b77d789226ec05ee14f4305876d28", kill_on_drop: false }`
[INFO] [stderr]    Compiling libc v0.2.47
[INFO] [stderr]    Compiling cfg-if v0.1.6
[INFO] [stderr]    Compiling rand_core v0.3.0
[INFO] [stderr]    Compiling semver-parser v0.7.0
[INFO] [stderr]    Compiling version_check v0.1.5
[INFO] [stderr]    Compiling byteorder v1.3.1
[INFO] [stderr]    Compiling lazy_static v1.2.0
[INFO] [stderr]    Compiling futures v0.1.25
[INFO] [stderr]    Compiling log v0.4.6
[INFO] [stderr]    Compiling scopeguard v0.3.3
[INFO] [stderr]    Compiling rand_core v0.2.2
[INFO] [stderr]    Compiling semver v0.9.0
[INFO] [stderr]    Compiling crossbeam-utils v0.6.3
[INFO] [stderr]    Compiling void v1.0.2
[INFO] [stderr]    Compiling slab v0.4.1
[INFO] [stderr]    Compiling unreachable v1.0.0
[INFO] [stderr]    Compiling stable_deref_trait v1.1.1
[INFO] [stderr]    Compiling rustc_version v0.2.3
[INFO] [stderr]    Compiling owning_ref v0.4.0
[INFO] [stderr]    Compiling smallvec v0.6.7
[INFO] [stderr]    Compiling unicase v1.4.2
[INFO] [stderr]    Compiling memchr v2.1.2
[INFO] [stderr]    Compiling log v0.3.9
[INFO] [stderr]    Compiling parking_lot_core v0.3.1
[INFO] [stderr]    Compiling rand_chacha v0.1.0
[INFO] [stderr]    Compiling rand_pcg v0.1.1
[INFO] [stderr]    Compiling rustc-serialize v0.3.24
[INFO] [stderr]    Compiling arrayvec v0.4.9
[INFO] [stderr]    Compiling lazycell v1.2.1
[INFO] [stderr]    Compiling rand v0.5.5
[INFO] [stderr]    Compiling iovec v0.1.2
[INFO] [stderr]    Compiling num_cpus v1.9.0
[INFO] [stderr]    Compiling bytes v0.4.11
[INFO] [stderr]    Compiling net2 v0.2.33
[INFO] [stdout] error[E0310]: the parameter type `T` may not live long enough
[INFO] [stdout]     --> /opt/rustwide/cargo-home/registry/src/index.crates.io-6f17d22bba15001f/rustc-serialize-0.3.24/src/serialize.rs:1155:5
[INFO] [stdout]      |
[INFO] [stdout] 1155 |     fn decode<D: Decoder>(d: &mut D) -> Result<Cow<'static, T>, D::Error> {
[INFO] [stdout]      |     ^^^^^^^^^^^^^^^^^^^^^^^^^^^^^^^^^^^^^^^^^^^^^^^^^^^^^^^^^^^^^^^^^^^^^
[INFO] [stdout]      |     |
[INFO] [stdout]      |     the parameter type `T` must be valid for the static lifetime...
[INFO] [stdout]      |     ...so that the type `T` will meet its required lifetime bounds...
[INFO] [stdout]      |
[INFO] [stdout] note: ...that is required by this bound
[INFO] [stdout]     --> /rustc/0e09125c6c3c2fd70d7de961bcf0e51575235fad/library/alloc/src/borrow.rs:180:30
[INFO] [stdout] help: consider adding an explicit lifetime bound
[INFO] [stdout]      |
[INFO] [stdout] 1151 | impl<'a, T: ?Sized + 'static> Decodable for Cow<'a, T>
[INFO] [stdout]      |                    +++++++++
[INFO] [stdout] 
[INFO] [stdout] 
[INFO] [stderr]    Compiling rand v0.6.1
[INFO] [stderr]    Compiling lock_api v0.1.5
[INFO] [stderr]    Compiling tokio-executor v0.1.5
[INFO] [stderr]    Compiling tokio-io v0.1.10
[INFO] [stderr]    Compiling mio v0.6.16
[INFO] [stderr]    Compiling thread_local v0.3.6
[INFO] [stderr]    Compiling nodrop v0.1.13
[INFO] [stderr]    Compiling serde v1.0.90
[INFO] [stderr]    Compiling pkg-config v0.3.14
[INFO] [stderr]    Compiling term v0.4.6
[INFO] [stderr]    Compiling autocfg v1.0.1
[INFO] [stdout] error: aborting due to 1 previous error
[INFO] [stdout] 
[INFO] [stdout] 
[INFO] [stdout] For more information about this error, try `rustc --explain E0310`.
[INFO] [stdout] 
[INFO] [stderr] error: could not compile `rustc-serialize` (lib) due to 2 previous errors
[INFO] [stderr] warning: build failed, waiting for other jobs to finish...
[INFO] running `Command { std: "docker" "inspect" "772db8ae936ec8edc1395bc357946a00a02b77d789226ec05ee14f4305876d28", kill_on_drop: false }`
[INFO] running `Command { std: "docker" "rm" "-f" "772db8ae936ec8edc1395bc357946a00a02b77d789226ec05ee14f4305876d28", kill_on_drop: false }`
[INFO] [stdout] 772db8ae936ec8edc1395bc357946a00a02b77d789226ec05ee14f4305876d28
