[INFO] cloning repository https://github.com/flammel/advent-of-code-2023
[INFO] running `Command { std: "git" "-c" "credential.helper=" "-c" "credential.helper=/workspace/cargo-home/bin/git-credential-null" "clone" "--bare" "https://github.com/flammel/advent-of-code-2023" "/workspace/cache/git-repos/https%3A%2F%2Fgithub.com%2Fflammel%2Fadvent-of-code-2023", kill_on_drop: false }`
[INFO] [stderr] Cloning into bare repository '/workspace/cache/git-repos/https%3A%2F%2Fgithub.com%2Fflammel%2Fadvent-of-code-2023'...
[INFO] running `Command { std: "git" "rev-parse" "HEAD", kill_on_drop: false }`
[INFO] [stdout] 2a19f272e1b36d267d5405cadb2b9f4452a791f6
[INFO] testing flammel/advent-of-code-2023 against 1.75.0 for beta-1.76-1
[INFO] running `Command { std: "git" "clone" "/workspace/cache/git-repos/https%3A%2F%2Fgithub.com%2Fflammel%2Fadvent-of-code-2023" "/workspace/builds/worker-4-tc1/source", kill_on_drop: false }`
[INFO] [stderr] Cloning into '/workspace/builds/worker-4-tc1/source'...
[INFO] [stderr] done.
[INFO] validating manifest of git repo https://github.com/flammel/advent-of-code-2023 on toolchain 1.75.0
[INFO] running `Command { std: CARGO_HOME="/workspace/cargo-home" RUSTUP_HOME="/workspace/rustup-home" "/workspace/cargo-home/bin/cargo" "+1.75.0" "metadata" "--manifest-path" "Cargo.toml" "--no-deps", kill_on_drop: false }`
[INFO] started tweaking git repo https://github.com/flammel/advent-of-code-2023
[INFO] finished tweaking git repo https://github.com/flammel/advent-of-code-2023
[INFO] tweaked toml for git repo https://github.com/flammel/advent-of-code-2023 written to /workspace/builds/worker-4-tc1/source/Cargo.toml
[INFO] crate git repo https://github.com/flammel/advent-of-code-2023 already has a lockfile, it will not be regenerated
[INFO] running `Command { std: CARGO_HOME="/workspace/cargo-home" RUSTUP_HOME="/workspace/rustup-home" "/workspace/cargo-home/bin/cargo" "+1.75.0" "fetch" "--manifest-path" "Cargo.toml", kill_on_drop: false }`
[INFO] running `Command { std: "docker" "create" "-v" "/var/lib/crater-agent-workspace/builds/worker-4-tc1/target:/opt/rustwide/target:rw,Z" "-v" "/var/lib/crater-agent-workspace/builds/worker-4-tc1/source:/opt/rustwide/workdir:ro,Z" "-v" "/var/lib/crater-agent-workspace/cargo-home:/opt/rustwide/cargo-home:ro,Z" "-v" "/var/lib/crater-agent-workspace/rustup-home:/opt/rustwide/rustup-home:ro,Z" "-e" "SOURCE_DIR=/opt/rustwide/workdir" "-e" "CARGO_TARGET_DIR=/opt/rustwide/target" "-e" "CARGO_HOME=/opt/rustwide/cargo-home" "-e" "RUSTUP_HOME=/opt/rustwide/rustup-home" "-w" "/opt/rustwide/workdir" "-m" "1610612736" "--user" "0:0" "--network" "none" "ghcr.io/rust-lang/crates-build-env/linux@sha256:2788e3201cd34a07e3172128adcd8b3090168a8e3bcc40d7c032b9dda1df7d1c" "/opt/rustwide/cargo-home/bin/cargo" "+1.75.0" "metadata" "--no-deps" "--format-version=1", kill_on_drop: false }`
[INFO] [stdout] bea64283d1fe2e090c95ba5604484c8babd3fd5b3539d3a88aa860db059f435e
[INFO] running `Command { std: "docker" "start" "-a" "bea64283d1fe2e090c95ba5604484c8babd3fd5b3539d3a88aa860db059f435e", kill_on_drop: false }`
[INFO] running `Command { std: "docker" "inspect" "bea64283d1fe2e090c95ba5604484c8babd3fd5b3539d3a88aa860db059f435e", kill_on_drop: false }`
[INFO] running `Command { std: "docker" "rm" "-f" "bea64283d1fe2e090c95ba5604484c8babd3fd5b3539d3a88aa860db059f435e", kill_on_drop: false }`
[INFO] [stdout] bea64283d1fe2e090c95ba5604484c8babd3fd5b3539d3a88aa860db059f435e
[INFO] running `Command { std: "docker" "create" "-v" "/var/lib/crater-agent-workspace/builds/worker-4-tc1/target:/opt/rustwide/target:rw,Z" "-v" "/var/lib/crater-agent-workspace/builds/worker-4-tc1/source:/opt/rustwide/workdir:ro,Z" "-v" "/var/lib/crater-agent-workspace/cargo-home:/opt/rustwide/cargo-home:ro,Z" "-v" "/var/lib/crater-agent-workspace/rustup-home:/opt/rustwide/rustup-home:ro,Z" "-e" "SOURCE_DIR=/opt/rustwide/workdir" "-e" "CARGO_TARGET_DIR=/opt/rustwide/target" "-e" "CARGO_INCREMENTAL=0" "-e" "RUST_BACKTRACE=full" "-e" "RUSTFLAGS=--cap-lints=warn" "-e" "RUSTDOCFLAGS=--cap-lints=warn" "-e" "CARGO_HOME=/opt/rustwide/cargo-home" "-e" "RUSTUP_HOME=/opt/rustwide/rustup-home" "-w" "/opt/rustwide/workdir" "-m" "1610612736" "--user" "0:0" "--network" "none" "ghcr.io/rust-lang/crates-build-env/linux@sha256:2788e3201cd34a07e3172128adcd8b3090168a8e3bcc40d7c032b9dda1df7d1c" "/opt/rustwide/cargo-home/bin/cargo" "+1.75.0" "build" "--frozen" "--message-format=json", kill_on_drop: false }`
[INFO] [stdout] d64bece5f92705ddcd597e84ad52181d6452caac9981faf6bb3ad09fd52fb426
[INFO] running `Command { std: "docker" "start" "-a" "d64bece5f92705ddcd597e84ad52181d6452caac9981faf6bb3ad09fd52fb426", kill_on_drop: false }`
[INFO] [stderr]    Compiling autocfg v1.1.0
[INFO] [stderr]    Compiling crossbeam-utils v0.8.16
[INFO] [stderr]    Compiling scopeguard v1.2.0
[INFO] [stderr]    Compiling memchr v2.6.4
[INFO] [stderr]    Compiling rayon-core v1.12.0
[INFO] [stderr]    Compiling either v1.9.0
[INFO] [stderr]    Compiling regex-syntax v0.8.2
[INFO] [stderr]    Compiling itertools v0.12.0
[INFO] [stderr]    Compiling num-traits v0.2.17
[INFO] [stderr]    Compiling num-integer v0.1.45
[INFO] [stderr]    Compiling memoffset v0.9.0
[INFO] [stderr]    Compiling crossbeam-epoch v0.9.15
[INFO] [stderr]    Compiling num-bigint v0.4.4
[INFO] [stderr]    Compiling num-rational v0.4.1
[INFO] [stderr]    Compiling num-iter v0.1.43
[INFO] [stderr]    Compiling aho-corasick v1.1.2
[INFO] [stderr]    Compiling crossbeam-deque v0.8.3
[INFO] [stderr]    Compiling rayon v1.8.0
[INFO] [stderr]    Compiling num-complex v0.4.4
[INFO] [stderr]    Compiling regex-automata v0.4.3
[INFO] [stderr]    Compiling num v0.4.1
[INFO] [stderr]    Compiling regex v1.10.2
[INFO] [stderr]    Compiling aoc20223 v0.1.0 (/opt/rustwide/workdir)
[INFO] [stderr]     Finished dev [unoptimized + debuginfo] target(s) in 18.16s
[INFO] running `Command { std: "docker" "inspect" "d64bece5f92705ddcd597e84ad52181d6452caac9981faf6bb3ad09fd52fb426", kill_on_drop: false }`
[INFO] running `Command { std: "docker" "rm" "-f" "d64bece5f92705ddcd597e84ad52181d6452caac9981faf6bb3ad09fd52fb426", kill_on_drop: false }`
[INFO] [stdout] d64bece5f92705ddcd597e84ad52181d6452caac9981faf6bb3ad09fd52fb426
[INFO] running `Command { std: "docker" "create" "-v" "/var/lib/crater-agent-workspace/builds/worker-4-tc1/target:/opt/rustwide/target:rw,Z" "-v" "/var/lib/crater-agent-workspace/builds/worker-4-tc1/source:/opt/rustwide/workdir:ro,Z" "-v" "/var/lib/crater-agent-workspace/cargo-home:/opt/rustwide/cargo-home:ro,Z" "-v" "/var/lib/crater-agent-workspace/rustup-home:/opt/rustwide/rustup-home:ro,Z" "-e" "SOURCE_DIR=/opt/rustwide/workdir" "-e" "CARGO_TARGET_DIR=/opt/rustwide/target" "-e" "CARGO_INCREMENTAL=0" "-e" "RUST_BACKTRACE=full" "-e" "RUSTFLAGS=--cap-lints=warn" "-e" "RUSTDOCFLAGS=--cap-lints=warn" "-e" "CARGO_HOME=/opt/rustwide/cargo-home" "-e" "RUSTUP_HOME=/opt/rustwide/rustup-home" "-w" "/opt/rustwide/workdir" "-m" "1610612736" "--user" "0:0" "--network" "none" "ghcr.io/rust-lang/crates-build-env/linux@sha256:2788e3201cd34a07e3172128adcd8b3090168a8e3bcc40d7c032b9dda1df7d1c" "/opt/rustwide/cargo-home/bin/cargo" "+1.75.0" "test" "--frozen" "--no-run" "--message-format=json", kill_on_drop: false }`
[INFO] [stdout] d33db6290ea14bf4f57818f2f565f836d9d301b19584b1a472848a3cc62385b5
[INFO] running `Command { std: "docker" "start" "-a" "d33db6290ea14bf4f57818f2f565f836d9d301b19584b1a472848a3cc62385b5", kill_on_drop: false }`
[INFO] [stderr]    Compiling aoc20223 v0.1.0 (/opt/rustwide/workdir)
[INFO] [stderr]     Finished test [unoptimized + debuginfo] target(s) in 4.97s
[INFO] running `Command { std: "docker" "inspect" "d33db6290ea14bf4f57818f2f565f836d9d301b19584b1a472848a3cc62385b5", kill_on_drop: false }`
[INFO] running `Command { std: "docker" "rm" "-f" "d33db6290ea14bf4f57818f2f565f836d9d301b19584b1a472848a3cc62385b5", kill_on_drop: false }`
[INFO] [stdout] d33db6290ea14bf4f57818f2f565f836d9d301b19584b1a472848a3cc62385b5
[INFO] running `Command { std: "docker" "create" "-v" "/var/lib/crater-agent-workspace/builds/worker-4-tc1/target:/opt/rustwide/target:rw,Z" "-v" "/var/lib/crater-agent-workspace/builds/worker-4-tc1/source:/opt/rustwide/workdir:ro,Z" "-v" "/var/lib/crater-agent-workspace/cargo-home:/opt/rustwide/cargo-home:ro,Z" "-v" "/var/lib/crater-agent-workspace/rustup-home:/opt/rustwide/rustup-home:ro,Z" "-e" "SOURCE_DIR=/opt/rustwide/workdir" "-e" "CARGO_TARGET_DIR=/opt/rustwide/target" "-e" "CARGO_INCREMENTAL=0" "-e" "RUST_BACKTRACE=full" "-e" "RUSTFLAGS=--cap-lints=warn" "-e" "RUSTDOCFLAGS=--cap-lints=warn" "-e" "CARGO_HOME=/opt/rustwide/cargo-home" "-e" "RUSTUP_HOME=/opt/rustwide/rustup-home" "-w" "/opt/rustwide/workdir" "-m" "1610612736" "--user" "0:0" "--network" "none" "ghcr.io/rust-lang/crates-build-env/linux@sha256:2788e3201cd34a07e3172128adcd8b3090168a8e3bcc40d7c032b9dda1df7d1c" "/opt/rustwide/cargo-home/bin/cargo" "+1.75.0" "test" "--frozen", kill_on_drop: false }`
[INFO] [stdout] 2839654c097bd65d8e9f4ce1e6d075b48108c6b6129db3ffb4e137ba0ffff6b6
[INFO] running `Command { std: "docker" "start" "-a" "2839654c097bd65d8e9f4ce1e6d075b48108c6b6129db3ffb4e137ba0ffff6b6", kill_on_drop: false }`
[INFO] [stderr]     Finished test [unoptimized + debuginfo] target(s) in 0.03s
[INFO] [stderr]      Running unittests day-01/part-01.rs (/opt/rustwide/target/debug/deps/day_01_part_01-15313b57afaa392f)
[INFO] [stdout] 
[INFO] [stdout] running 1 test
[INFO] [stdout] test test_line_value ... ok
[INFO] [stdout] 
[INFO] [stdout] test result: ok. 1 passed; 0 failed; 0 ignored; 0 measured; 0 filtered out; finished in 0.00s
[INFO] [stdout] 
[INFO] [stderr]      Running unittests day-01/part-02.rs (/opt/rustwide/target/debug/deps/day_01_part_02-5d106d2c70902ee3)
[INFO] [stdout] 
[INFO] [stdout] running 1 test
[INFO] [stdout] test test_line_value ... ok
[INFO] [stdout] 
[INFO] [stdout] test result: ok. 1 passed; 0 failed; 0 ignored; 0 measured; 0 filtered out; finished in 0.01s
[INFO] [stdout] 
[INFO] [stderr]      Running unittests day-02/part-01.rs (/opt/rustwide/target/debug/deps/day_02_part_01-b5aa674444380c99)
[INFO] [stdout] 
[INFO] [stdout] running 2 tests
[INFO] [stdout] test test_game_id ... ok
[INFO] [stdout] test test_cube_count ... ok
[INFO] [stderr]      Running unittests day-02/part-02.rs (/opt/rustwide/target/debug/deps/day_02_part_02-502b26afb59ab738)
[INFO] [stdout] 
[INFO] [stdout] test result: ok. 2 passed; 0 failed; 0 ignored; 0 measured; 0 filtered out; finished in 0.03s
[INFO] [stdout] 
[INFO] [stdout] 
[INFO] [stdout] running 1 test
[INFO] [stdout] test test_line_value ... ok
[INFO] [stdout] 
[INFO] [stdout] test result: ok. 1 passed; 0 failed; 0 ignored; 0 measured; 0 filtered out; finished in 0.02s
[INFO] [stdout] 
[INFO] [stderr]      Running unittests day-03/part-01.rs (/opt/rustwide/target/debug/deps/day_03_part_01-70d80ea143ec8fad)
[INFO] [stdout] 
[INFO] [stdout] running 1 test
[INFO] [stdout] test test_get_result ... ok
[INFO] [stdout] 
[INFO] [stdout] test result: ok. 1 passed; 0 failed; 0 ignored; 0 measured; 0 filtered out; finished in 0.03s
[INFO] [stdout] 
[INFO] [stderr]      Running unittests day-03/part-02.rs (/opt/rustwide/target/debug/deps/day_03_part_02-e92c73464e246beb)
[INFO] [stdout] 
[INFO] [stdout] running 1 test
[INFO] [stdout] test test_get_result ... ok
[INFO] [stderr]      Running unittests day-05/part-01.rs (/opt/rustwide/target/debug/deps/day_05_part_01-f0e74a1cc428b52e)
[INFO] [stdout] 
[INFO] [stdout] test result: ok. 1 passed; 0 failed; 0 ignored; 0 measured; 0 filtered out; finished in 0.04s
[INFO] [stdout] 
[INFO] [stdout] 
[INFO] [stdout] running 2 tests
[INFO] [stdout] test test_get_almanac ... ok
[INFO] [stdout] test test_get_lowest_location ... ok
[INFO] [stdout] 
[INFO] [stdout] test result: ok. 2 passed; 0 failed; 0 ignored; 0 measured; 0 filtered out; finished in 0.01s
[INFO] [stdout] 
[INFO] [stderr]      Running unittests day-05/part-02.rs (/opt/rustwide/target/debug/deps/day_05_part_02-1117a54b2628b66f)
[INFO] [stdout] 
[INFO] [stdout] running 2 tests
[INFO] [stdout] test test_get_almanac ... ok
[INFO] [stdout] test test_get_lowest_location ... ok
[INFO] [stdout] 
[INFO] [stdout] test result: ok. 2 passed; 0 failed; 0 ignored; 0 measured; 0 filtered out; finished in 0.07s
[INFO] [stdout] 
[INFO] [stderr]      Running unittests day-06/part-01.rs (/opt/rustwide/target/debug/deps/day_06_part_01-8f73d3bedd50bbaa)
[INFO] [stdout] 
[INFO] [stdout] running 2 tests
[INFO] [stderr]      Running unittests day-06/part-02.rs (/opt/rustwide/target/debug/deps/day_06_part_02-7f0da9bb6d96cbdb)
[INFO] [stdout] test test_parse_input ... ok
[INFO] [stdout] test test_winnable_ways ... ok
[INFO] [stdout] 
[INFO] [stdout] test result: ok. 2 passed; 0 failed; 0 ignored; 0 measured; 0 filtered out; finished in 0.01s
[INFO] [stdout] 
[INFO] [stdout] 
[INFO] [stdout] running 2 tests
[INFO] [stdout] test test_parse_input ... ok
[INFO] [stdout] test test_winnable_ways ... ok
[INFO] [stdout] 
[INFO] [stdout] test result: ok. 2 passed; 0 failed; 0 ignored; 0 measured; 0 filtered out; finished in 0.01s
[INFO] [stdout] 
[INFO] [stderr]      Running unittests day-07/part-01.rs (/opt/rustwide/target/debug/deps/day_07_part_01-ef70776a2ed401d6)
[INFO] [stdout] 
[INFO] [stdout] running 2 tests
[INFO] [stdout] test test_get_result ... ok
[INFO] [stdout] test test_parse_input ... ok
[INFO] [stdout] 
[INFO] [stdout] test result: ok. 2 passed; 0 failed; 0 ignored; 0 measured; 0 filtered out; finished in 0.01s
[INFO] [stdout] 
[INFO] [stderr]      Running unittests day-07/part-02.rs (/opt/rustwide/target/debug/deps/day_07_part_02-9d18ddde227fdeec)
[INFO] [stdout] 
[INFO] [stdout] running 2 tests
[INFO] [stdout] test test_parse_input ... ok
[INFO] [stdout] test test_get_result ... ok
[INFO] [stdout] 
[INFO] [stdout] test result: ok. 2 passed; 0 failed; 0 ignored; 0 measured; 0 filtered out; finished in 0.00s
[INFO] [stdout] 
[INFO] [stderr]      Running unittests day-08/part-01.rs (/opt/rustwide/target/debug/deps/day_08_part_01-3d70de176f9ddc6b)
[INFO] [stdout] 
[INFO] [stdout] running 3 tests
[INFO] [stdout] test test_get_result_1 ... ok
[INFO] [stdout] test test_parse_input ... ok
[INFO] [stdout] test test_get_result_2 ... ok
[INFO] [stdout] 
[INFO] [stdout] test result: ok. 3 passed; 0 failed; 0 ignored; 0 measured; 0 filtered out; finished in 0.01s
[INFO] [stdout] 
[INFO] [stderr]      Running unittests day-08/part-02.rs (/opt/rustwide/target/debug/deps/day_08_part_02-7a8612145b498d6c)
[INFO] [stdout] 
[INFO] [stdout] running 1 test
[INFO] [stdout] test test_get_result_1 ... ok
[INFO] [stdout] 
[INFO] [stdout] test result: ok. 1 passed; 0 failed; 0 ignored; 0 measured; 0 filtered out; finished in 0.01s
[INFO] [stdout] 
[INFO] [stderr]      Running unittests day-09/part-01.rs (/opt/rustwide/target/debug/deps/day_09_part_01-24f66a54c09496cf)
[INFO] [stdout] 
[INFO] [stdout] running 3 tests
[INFO] [stdout] test test_get_result ... ok
[INFO] [stdout] test test_parse_input ... ok
[INFO] [stdout] test test_next_seq ... ok
[INFO] [stdout] 
[INFO] [stdout] test result: ok. 3 passed; 0 failed; 0 ignored; 0 measured; 0 filtered out; finished in 0.01s
[INFO] [stdout] 
[INFO] [stderr]      Running unittests day-09/part-02.rs (/opt/rustwide/target/debug/deps/day_09_part_02-bf9e83013a519613)
[INFO] [stdout] 
[INFO] [stdout] running 3 tests
[INFO] [stdout] test test_next_seq ... ok
[INFO] [stdout] test test_get_result ... ok
[INFO] [stdout] test test_parse_input ... ok
[INFO] [stdout] 
[INFO] [stdout] test result: ok. 3 passed; 0 failed; 0 ignored; 0 measured; 0 filtered out; finished in 0.01s
[INFO] [stdout] 
[INFO] running `Command { std: "docker" "inspect" "2839654c097bd65d8e9f4ce1e6d075b48108c6b6129db3ffb4e137ba0ffff6b6", kill_on_drop: false }`
[INFO] running `Command { std: "docker" "rm" "-f" "2839654c097bd65d8e9f4ce1e6d075b48108c6b6129db3ffb4e137ba0ffff6b6", kill_on_drop: false }`
[INFO] [stdout] 2839654c097bd65d8e9f4ce1e6d075b48108c6b6129db3ffb4e137ba0ffff6b6
[INFO] testing flammel/advent-of-code-2023 against beta-2023-12-22 for beta-1.76-1
[INFO] running `Command { std: "git" "clone" "/workspace/cache/git-repos/https%3A%2F%2Fgithub.com%2Fflammel%2Fadvent-of-code-2023" "/workspace/builds/worker-4-tc2/source", kill_on_drop: false }`
[INFO] [stderr] Cloning into '/workspace/builds/worker-4-tc2/source'...
[INFO] [stderr] done.
[INFO] validating manifest of git repo https://github.com/flammel/advent-of-code-2023 on toolchain beta-2023-12-22
[INFO] running `Command { std: CARGO_HOME="/workspace/cargo-home" RUSTUP_HOME="/workspace/rustup-home" "/workspace/cargo-home/bin/cargo" "+beta-2023-12-22" "metadata" "--manifest-path" "Cargo.toml" "--no-deps", kill_on_drop: false }`
[INFO] started tweaking git repo https://github.com/flammel/advent-of-code-2023
[INFO] finished tweaking git repo https://github.com/flammel/advent-of-code-2023
[INFO] tweaked toml for git repo https://github.com/flammel/advent-of-code-2023 written to /workspace/builds/worker-4-tc2/source/Cargo.toml
[INFO] crate git repo https://github.com/flammel/advent-of-code-2023 already has a lockfile, it will not be regenerated
[INFO] running `Command { std: CARGO_HOME="/workspace/cargo-home" RUSTUP_HOME="/workspace/rustup-home" "/workspace/cargo-home/bin/cargo" "+beta-2023-12-22" "fetch" "--manifest-path" "Cargo.toml", kill_on_drop: false }`
[INFO] running `Command { std: "docker" "create" "-v" "/var/lib/crater-agent-workspace/builds/worker-4-tc2/target:/opt/rustwide/target:rw,Z" "-v" "/var/lib/crater-agent-workspace/builds/worker-4-tc2/source:/opt/rustwide/workdir:ro,Z" "-v" "/var/lib/crater-agent-workspace/cargo-home:/opt/rustwide/cargo-home:ro,Z" "-v" "/var/lib/crater-agent-workspace/rustup-home:/opt/rustwide/rustup-home:ro,Z" "-e" "SOURCE_DIR=/opt/rustwide/workdir" "-e" "CARGO_TARGET_DIR=/opt/rustwide/target" "-e" "CARGO_HOME=/opt/rustwide/cargo-home" "-e" "RUSTUP_HOME=/opt/rustwide/rustup-home" "-w" "/opt/rustwide/workdir" "-m" "1610612736" "--user" "0:0" "--network" "none" "ghcr.io/rust-lang/crates-build-env/linux@sha256:2788e3201cd34a07e3172128adcd8b3090168a8e3bcc40d7c032b9dda1df7d1c" "/opt/rustwide/cargo-home/bin/cargo" "+beta-2023-12-22" "metadata" "--no-deps" "--format-version=1", kill_on_drop: false }`
[INFO] [stdout] a6b5275a57809c75317ea3392416477a82c3ea3482b132619c2ed8df8fa04b32
[INFO] running `Command { std: "docker" "start" "-a" "a6b5275a57809c75317ea3392416477a82c3ea3482b132619c2ed8df8fa04b32", kill_on_drop: false }`
[INFO] running `Command { std: "docker" "inspect" "a6b5275a57809c75317ea3392416477a82c3ea3482b132619c2ed8df8fa04b32", kill_on_drop: false }`
[INFO] running `Command { std: "docker" "rm" "-f" "a6b5275a57809c75317ea3392416477a82c3ea3482b132619c2ed8df8fa04b32", kill_on_drop: false }`
[INFO] [stdout] a6b5275a57809c75317ea3392416477a82c3ea3482b132619c2ed8df8fa04b32
[INFO] running `Command { std: "docker" "create" "-v" "/var/lib/crater-agent-workspace/builds/worker-4-tc2/target:/opt/rustwide/target:rw,Z" "-v" "/var/lib/crater-agent-workspace/builds/worker-4-tc2/source:/opt/rustwide/workdir:ro,Z" "-v" "/var/lib/crater-agent-workspace/cargo-home:/opt/rustwide/cargo-home:ro,Z" "-v" "/var/lib/crater-agent-workspace/rustup-home:/opt/rustwide/rustup-home:ro,Z" "-e" "SOURCE_DIR=/opt/rustwide/workdir" "-e" "CARGO_TARGET_DIR=/opt/rustwide/target" "-e" "CARGO_INCREMENTAL=0" "-e" "RUST_BACKTRACE=full" "-e" "RUSTFLAGS=--cap-lints=warn" "-e" "RUSTDOCFLAGS=--cap-lints=warn" "-e" "CARGO_HOME=/opt/rustwide/cargo-home" "-e" "RUSTUP_HOME=/opt/rustwide/rustup-home" "-w" "/opt/rustwide/workdir" "-m" "1610612736" "--user" "0:0" "--network" "none" "ghcr.io/rust-lang/crates-build-env/linux@sha256:2788e3201cd34a07e3172128adcd8b3090168a8e3bcc40d7c032b9dda1df7d1c" "/opt/rustwide/cargo-home/bin/cargo" "+beta-2023-12-22" "build" "--frozen" "--message-format=json", kill_on_drop: false }`
[INFO] [stdout] 11df620a16e5750fb58ad81ad8aa4bc20443558add55d4186bae0a4e7892ea09
[INFO] running `Command { std: "docker" "start" "-a" "11df620a16e5750fb58ad81ad8aa4bc20443558add55d4186bae0a4e7892ea09", kill_on_drop: false }`
[INFO] [stderr]    Compiling autocfg v1.1.0
[INFO] [stderr]    Compiling crossbeam-utils v0.8.16
[INFO] [stderr]    Compiling scopeguard v1.2.0
[INFO] [stderr]    Compiling rayon-core v1.12.0
[INFO] [stderr]    Compiling memchr v2.6.4
[INFO] [stderr]    Compiling regex-syntax v0.8.2
[INFO] [stderr]    Compiling either v1.9.0
[INFO] [stderr]    Compiling itertools v0.12.0
[INFO] [stderr]    Compiling num-traits v0.2.17
[INFO] [stderr]    Compiling memoffset v0.9.0
[INFO] [stderr]    Compiling num-integer v0.1.45
[INFO] [stderr]    Compiling crossbeam-epoch v0.9.15
[INFO] [stderr]    Compiling num-bigint v0.4.4
[INFO] [stderr]    Compiling num-iter v0.1.43
[INFO] [stderr]    Compiling num-rational v0.4.1
[INFO] [stderr]    Compiling crossbeam-deque v0.8.3
[INFO] [stderr]    Compiling aho-corasick v1.1.2
[INFO] [stderr]    Compiling num-complex v0.4.4
[INFO] [stderr]    Compiling rayon v1.8.0
[INFO] [stderr]    Compiling regex-automata v0.4.3
[INFO] [stderr]    Compiling num v0.4.1
[INFO] [stderr]    Compiling regex v1.10.2
[INFO] [stderr]    Compiling aoc20223 v0.1.0 (/opt/rustwide/workdir)
[INFO] [stderr]     Finished dev [unoptimized + debuginfo] target(s) in 16.09s
[INFO] running `Command { std: "docker" "inspect" "11df620a16e5750fb58ad81ad8aa4bc20443558add55d4186bae0a4e7892ea09", kill_on_drop: false }`
[INFO] running `Command { std: "docker" "rm" "-f" "11df620a16e5750fb58ad81ad8aa4bc20443558add55d4186bae0a4e7892ea09", kill_on_drop: false }`
[INFO] [stdout] 11df620a16e5750fb58ad81ad8aa4bc20443558add55d4186bae0a4e7892ea09
[INFO] running `Command { std: "docker" "create" "-v" "/var/lib/crater-agent-workspace/builds/worker-4-tc2/target:/opt/rustwide/target:rw,Z" "-v" "/var/lib/crater-agent-workspace/builds/worker-4-tc2/source:/opt/rustwide/workdir:ro,Z" "-v" "/var/lib/crater-agent-workspace/cargo-home:/opt/rustwide/cargo-home:ro,Z" "-v" "/var/lib/crater-agent-workspace/rustup-home:/opt/rustwide/rustup-home:ro,Z" "-e" "SOURCE_DIR=/opt/rustwide/workdir" "-e" "CARGO_TARGET_DIR=/opt/rustwide/target" "-e" "CARGO_INCREMENTAL=0" "-e" "RUST_BACKTRACE=full" "-e" "RUSTFLAGS=--cap-lints=warn" "-e" "RUSTDOCFLAGS=--cap-lints=warn" "-e" "CARGO_HOME=/opt/rustwide/cargo-home" "-e" "RUSTUP_HOME=/opt/rustwide/rustup-home" "-w" "/opt/rustwide/workdir" "-m" "1610612736" "--user" "0:0" "--network" "none" "ghcr.io/rust-lang/crates-build-env/linux@sha256:2788e3201cd34a07e3172128adcd8b3090168a8e3bcc40d7c032b9dda1df7d1c" "/opt/rustwide/cargo-home/bin/cargo" "+beta-2023-12-22" "test" "--frozen" "--no-run" "--message-format=json", kill_on_drop: false }`
[INFO] [stdout] faf72eb6567d5935e0bcf0a28362dfa3d84a8f6920669cf05440e0d8752ecf90
[INFO] running `Command { std: "docker" "start" "-a" "faf72eb6567d5935e0bcf0a28362dfa3d84a8f6920669cf05440e0d8752ecf90", kill_on_drop: false }`
[INFO] [stderr]    Compiling aoc20223 v0.1.0 (/opt/rustwide/workdir)
[INFO] [stderr]     Finished test [unoptimized + debuginfo] target(s) in 4.31s
[INFO] running `Command { std: "docker" "inspect" "faf72eb6567d5935e0bcf0a28362dfa3d84a8f6920669cf05440e0d8752ecf90", kill_on_drop: false }`
[INFO] running `Command { std: "docker" "rm" "-f" "faf72eb6567d5935e0bcf0a28362dfa3d84a8f6920669cf05440e0d8752ecf90", kill_on_drop: false }`
[INFO] [stdout] faf72eb6567d5935e0bcf0a28362dfa3d84a8f6920669cf05440e0d8752ecf90
[INFO] running `Command { std: "docker" "create" "-v" "/var/lib/crater-agent-workspace/builds/worker-4-tc2/target:/opt/rustwide/target:rw,Z" "-v" "/var/lib/crater-agent-workspace/builds/worker-4-tc2/source:/opt/rustwide/workdir:ro,Z" "-v" "/var/lib/crater-agent-workspace/cargo-home:/opt/rustwide/cargo-home:ro,Z" "-v" "/var/lib/crater-agent-workspace/rustup-home:/opt/rustwide/rustup-home:ro,Z" "-e" "SOURCE_DIR=/opt/rustwide/workdir" "-e" "CARGO_TARGET_DIR=/opt/rustwide/target" "-e" "CARGO_INCREMENTAL=0" "-e" "RUST_BACKTRACE=full" "-e" "RUSTFLAGS=--cap-lints=warn" "-e" "RUSTDOCFLAGS=--cap-lints=warn" "-e" "CARGO_HOME=/opt/rustwide/cargo-home" "-e" "RUSTUP_HOME=/opt/rustwide/rustup-home" "-w" "/opt/rustwide/workdir" "-m" "1610612736" "--user" "0:0" "--network" "none" "ghcr.io/rust-lang/crates-build-env/linux@sha256:2788e3201cd34a07e3172128adcd8b3090168a8e3bcc40d7c032b9dda1df7d1c" "/opt/rustwide/cargo-home/bin/cargo" "+beta-2023-12-22" "test" "--frozen", kill_on_drop: false }`
[INFO] [stdout] 14dec4d377c79da76baf3088b86fd1453509140003c5f173fe82db26c672e216
[INFO] running `Command { std: "docker" "start" "-a" "14dec4d377c79da76baf3088b86fd1453509140003c5f173fe82db26c672e216", kill_on_drop: false }`
[INFO] [stderr]     Finished test [unoptimized + debuginfo] target(s) in 0.03s
[INFO] [stderr]      Running unittests day-01/part-01.rs (/opt/rustwide/target/debug/deps/day_01_part_01-a0559b3bbff89f28)
[INFO] [stdout] 
[INFO] [stdout] running 1 test
[INFO] [stderr]      Running unittests day-01/part-02.rs (/opt/rustwide/target/debug/deps/day_01_part_02-ac4d3ccfba03db96)
[INFO] [stdout] test test_line_value ... ok
[INFO] [stdout] 
[INFO] [stdout] test result: ok. 1 passed; 0 failed; 0 ignored; 0 measured; 0 filtered out; finished in 0.00s
[INFO] [stdout] 
[INFO] [stdout] 
[INFO] [stdout] running 1 test
[INFO] [stdout] test test_line_value ... ok
[INFO] [stdout] 
[INFO] [stdout] test result: ok. 1 passed; 0 failed; 0 ignored; 0 measured; 0 filtered out; finished in 0.00s
[INFO] [stdout] 
[INFO] [stderr]      Running unittests day-02/part-01.rs (/opt/rustwide/target/debug/deps/day_02_part_01-194526773453b50a)
[INFO] [stdout] 
[INFO] [stdout] running 2 tests
[INFO] [stdout] test test_game_id ... ok
[INFO] [stdout] test test_cube_count ... ok
[INFO] [stdout] 
[INFO] [stdout] test result: ok. 2 passed; 0 failed; 0 ignored; 0 measured; 0 filtered out; finished in 0.02s
[INFO] [stdout] 
[INFO] [stderr]      Running unittests day-02/part-02.rs (/opt/rustwide/target/debug/deps/day_02_part_02-1a7af03dc4fa40c5)
[INFO] [stdout] 
[INFO] [stdout] running 1 test
[INFO] [stdout] test test_line_value ... ok
[INFO] [stdout] 
[INFO] [stdout] test result: ok. 1 passed; 0 failed; 0 ignored; 0 measured; 0 filtered out; finished in 0.03s
[INFO] [stdout] 
[INFO] [stderr]      Running unittests day-03/part-01.rs (/opt/rustwide/target/debug/deps/day_03_part_01-1a7f44d2ff1b8c61)
[INFO] [stdout] 
[INFO] [stdout] running 1 test
[INFO] [stdout] test test_get_result ... ok
[INFO] [stdout] 
[INFO] [stdout] test result: ok. 1 passed; 0 failed; 0 ignored; 0 measured; 0 filtered out; finished in 0.02s
[INFO] [stdout] 
[INFO] [stderr]      Running unittests day-03/part-02.rs (/opt/rustwide/target/debug/deps/day_03_part_02-a0d86273365538db)
[INFO] [stdout] 
[INFO] [stdout] running 1 test
[INFO] [stdout] test test_get_result ... ok
[INFO] [stdout] 
[INFO] [stdout] test result: ok. 1 passed; 0 failed; 0 ignored; 0 measured; 0 filtered out; finished in 0.04s
[INFO] [stdout] 
[INFO] [stderr]      Running unittests day-05/part-01.rs (/opt/rustwide/target/debug/deps/day_05_part_01-2942efef6bfd3fe8)
[INFO] [stdout] 
[INFO] [stdout] running 2 tests
[INFO] [stdout] test test_get_lowest_location ... ok
[INFO] [stdout] test test_get_almanac ... FAILED
[INFO] [stdout] 
[INFO] [stdout] failures:
[INFO] [stdout] 
[INFO] [stdout] ---- test_get_almanac stdout ----
[INFO] [stdout] thread 'test_get_almanac' panicked at day-05/part-01.rs:187:5:
[INFO] [stdout] assertion `left == right` failed
[INFO] [stdout]   left: Almanac { seeds: [79, 14, 55, 13], maps: [CategoryMap { from: "seed", to: "soil", entries: [CategoryMapEntry { destination_range_start: 50, source_range_start: 98, range_length: 2 }, CategoryMapEntry { destination_range_start: 52, source_range_start: 50, range_length: 48 }] }, CategoryMap { from: "soil", to: "fertilizer", entries: [CategoryMapEntry { destination_range_start: 0, source_range_start: 15, range_length: 37 }, CategoryMapEntry { destination_range_start: 37, source_range_start: 52, range_length: 2 }, CategoryMapEntry { destination_range_start: 39, source_range_start: 0, range_length: 15 }] }] }
[INFO] [stdout]  right: Almanac { seeds: [79, 14, 55, 13], maps: [CategoryMap { from: "soil", to: "fertilizer", entries: [CategoryMapEntry { destination_range_start: 0, source_range_start: 15, range_length: 37 }, CategoryMapEntry { destination_range_start: 37, source_range_start: 52, range_length: 2 }, CategoryMapEntry { destination_range_start: 39, source_range_start: 0, range_length: 15 }] }, CategoryMap { from: "seed", to: "soil", entries: [CategoryMapEntry { destination_range_start: 50, source_range_start: 98, range_length: 2 }, CategoryMapEntry { destination_range_start: 52, source_range_start: 50, range_length: 48 }] }] }
[INFO] [stdout] stack backtrace:
[INFO] [stdout]    0:     0x55e47347d766 - std::backtrace_rs::backtrace::libunwind::trace::h261606ad26a499c1
[INFO] [stdout]                                at /rustc/0e09125c6c3c2fd70d7de961bcf0e51575235fad/library/std/src/../../backtrace/src/backtrace/libunwind.rs:104:5
[INFO] [stdout]    1:     0x55e47347d766 - std::backtrace_rs::backtrace::trace_unsynchronized::hd183f0625477fb28
[INFO] [stdout]                                at /rustc/0e09125c6c3c2fd70d7de961bcf0e51575235fad/library/std/src/../../backtrace/src/backtrace/mod.rs:66:5
[INFO] [stdout]    2:     0x55e47347d766 - std::sys_common::backtrace::_print_fmt::hd7f8fef21b4eda67
[INFO] [stdout]                                at /rustc/0e09125c6c3c2fd70d7de961bcf0e51575235fad/library/std/src/sys_common/backtrace.rs:68:5
[INFO] [stdout]    3:     0x55e47347d766 - <std::sys_common::backtrace::_print::DisplayBacktrace as core::fmt::Display>::fmt::h623d9b51f2f453f1
[INFO] [stdout]                                at /rustc/0e09125c6c3c2fd70d7de961bcf0e51575235fad/library/std/src/sys_common/backtrace.rs:44:22
[INFO] [stdout]    4:     0x55e4734a65b0 - core::fmt::rt::Argument::fmt::h9f417ac76a86f368
[INFO] [stdout]                                at /rustc/0e09125c6c3c2fd70d7de961bcf0e51575235fad/library/core/src/fmt/rt.rs:142:9
[INFO] [stdout]    5:     0x55e4734a65b0 - core::fmt::write::hc9b6faf4ac2aeff7
[INFO] [stdout]                                at /rustc/0e09125c6c3c2fd70d7de961bcf0e51575235fad/library/core/src/fmt/mod.rs:1120:17
[INFO] [stdout]    6:     0x55e47347b1cf - std::io::Write::write_fmt::he04625a3a989fec3
[INFO] [stdout]                                at /rustc/0e09125c6c3c2fd70d7de961bcf0e51575235fad/library/std/src/io/mod.rs:1810:15
[INFO] [stdout]    7:     0x55e47347d544 - std::sys_common::backtrace::_print::hd5d66399c7df88a2
[INFO] [stdout]                                at /rustc/0e09125c6c3c2fd70d7de961bcf0e51575235fad/library/std/src/sys_common/backtrace.rs:47:5
[INFO] [stdout]    8:     0x55e47347d544 - std::sys_common::backtrace::print::he81ed2da642d37e5
[INFO] [stdout]                                at /rustc/0e09125c6c3c2fd70d7de961bcf0e51575235fad/library/std/src/sys_common/backtrace.rs:34:9
[INFO] [stdout]    9:     0x55e47347f2b7 - std::panicking::default_hook::{{closure}}::h85773f4fa117163d
[INFO] [stdout]   10:     0x55e47347ef9d - std::panicking::default_hook::h6a1694a91d09b278
[INFO] [stdout]                                at /rustc/0e09125c6c3c2fd70d7de961bcf0e51575235fad/library/std/src/panicking.rs:289:9
[INFO] [stdout]   11:     0x55e47344f177 - <alloc::boxed::Box<F,A> as core::ops::function::Fn<Args>>::call::h616ac37fa3cd6c8f
[INFO] [stdout]                                at /rustc/0e09125c6c3c2fd70d7de961bcf0e51575235fad/library/alloc/src/boxed.rs:2029:9
[INFO] [stdout]   12:     0x55e47344f177 - test::test_main::{{closure}}::h00d84697cefdcbb6
[INFO] [stdout]                                at /rustc/0e09125c6c3c2fd70d7de961bcf0e51575235fad/library/test/src/lib.rs:138:21
[INFO] [stdout]   13:     0x55e47347f8d6 - <alloc::boxed::Box<F,A> as core::ops::function::Fn<Args>>::call::hcb3fe3b9bb537ba8
[INFO] [stdout]                                at /rustc/0e09125c6c3c2fd70d7de961bcf0e51575235fad/library/alloc/src/boxed.rs:2029:9
[INFO] [stdout]   14:     0x55e47347f8d6 - std::panicking::rust_panic_with_hook::h0a7ad96e90f7145b
[INFO] [stdout]                                at /rustc/0e09125c6c3c2fd70d7de961bcf0e51575235fad/library/std/src/panicking.rs:783:13
[INFO] [stdout]   15:     0x55e47347f622 - std::panicking::begin_panic_handler::{{closure}}::h7919090525c6485e
[INFO] [stdout]                                at /rustc/0e09125c6c3c2fd70d7de961bcf0e51575235fad/library/std/src/panicking.rs:657:13
[INFO] [stdout]   16:     0x55e47347dc66 - std::sys_common::backtrace::__rust_end_short_backtrace::hf3289479464f7dfe
[INFO] [stdout]                                at /rustc/0e09125c6c3c2fd70d7de961bcf0e51575235fad/library/std/src/sys_common/backtrace.rs:171:18
[INFO] [stdout]   17:     0x55e47347f380 - rust_begin_unwind
[INFO] [stdout]                                at /rustc/0e09125c6c3c2fd70d7de961bcf0e51575235fad/library/std/src/panicking.rs:645:5
[INFO] [stdout]   18:     0x55e473400cd5 - core::panicking::panic_fmt::hcc9f77c5c132af55
[INFO] [stdout]                                at /rustc/0e09125c6c3c2fd70d7de961bcf0e51575235fad/library/core/src/panicking.rs:72:14
[INFO] [stdout]   19:     0x55e47340110b - core::panicking::assert_failed_inner::h9f13e27dd63c3a08
[INFO] [stdout]                                at /rustc/0e09125c6c3c2fd70d7de961bcf0e51575235fad/library/core/src/panicking.rs:342:17
[INFO] [stdout]   20:     0x55e4734091ce - core::panicking::assert_failed::h21d142ef364e4f55
[INFO] [stdout]                                at /rustc/0e09125c6c3c2fd70d7de961bcf0e51575235fad/library/core/src/panicking.rs:297:5
[INFO] [stdout]   21:     0x55e47340fde1 - day_05_part_01::test_get_almanac::hced091cb4ef362a2
[INFO] [stdout]                                at /opt/rustwide/workdir/day-05/part-01.rs:187:5
[INFO] [stdout]   22:     0x55e47340f6a7 - day_05_part_01::test_get_almanac::{{closure}}::hbb5268533116eb91
[INFO] [stdout]                                at /opt/rustwide/workdir/day-05/part-01.rs:132:26
[INFO] [stdout]   23:     0x55e473407726 - core::ops::function::FnOnce::call_once::h71e550cd7545d7ee
[INFO] [stdout]                                at /rustc/0e09125c6c3c2fd70d7de961bcf0e51575235fad/library/core/src/ops/function.rs:250:5
[INFO] [stdout]   24:     0x55e473454a4f - core::ops::function::FnOnce::call_once::hd64d26f405258157
[INFO] [stdout]                                at /rustc/0e09125c6c3c2fd70d7de961bcf0e51575235fad/library/core/src/ops/function.rs:250:5
[INFO] [stdout]   25:     0x55e473454a4f - test::__rust_begin_short_backtrace::he21b0b7a6d731bf9
[INFO] [stdout]                                at /rustc/0e09125c6c3c2fd70d7de961bcf0e51575235fad/library/test/src/lib.rs:627:18
[INFO] [stdout]   26:     0x55e4734537d1 - test::run_test_in_process::{{closure}}::hf5c73986d7bdfde2
[INFO] [stdout]                                at /rustc/0e09125c6c3c2fd70d7de961bcf0e51575235fad/library/test/src/lib.rs:650:60
[INFO] [stdout]   27:     0x55e4734537d1 - <core::panic::unwind_safe::AssertUnwindSafe<F> as core::ops::function::FnOnce<()>>::call_once::h330011ad032aadc0
[INFO] [stdout]                                at /rustc/0e09125c6c3c2fd70d7de961bcf0e51575235fad/library/core/src/panic/unwind_safe.rs:272:9
[INFO] [stdout]   28:     0x55e4734537d1 - std::panicking::try::do_call::he61b0a958b795a41
[INFO] [stdout]                                at /rustc/0e09125c6c3c2fd70d7de961bcf0e51575235fad/library/std/src/panicking.rs:552:40
[INFO] [stdout]   29:     0x55e4734537d1 - std::panicking::try::h7309da130f906eb7
[INFO] [stdout]                                at /rustc/0e09125c6c3c2fd70d7de961bcf0e51575235fad/library/std/src/panicking.rs:516:19
[INFO] [stdout]   30:     0x55e4734537d1 - std::panic::catch_unwind::hc5c3a06fdaf0a92a
[INFO] [stdout]                                at /rustc/0e09125c6c3c2fd70d7de961bcf0e51575235fad/library/std/src/panic.rs:142:14
[INFO] [stdout]   31:     0x55e4734537d1 - test::run_test_in_process::h7e7b7c71c3324e0f
[INFO] [stdout]                                at /rustc/0e09125c6c3c2fd70d7de961bcf0e51575235fad/library/test/src/lib.rs:650:27
[INFO] [stdout]   32:     0x55e4734537d1 - test::run_test::{{closure}}::h1f509f28f5cf20b1
[INFO] [stdout]                                at /rustc/0e09125c6c3c2fd70d7de961bcf0e51575235fad/library/test/src/lib.rs:573:43
[INFO] [stdout]   33:     0x55e47341ab06 - test::run_test::{{closure}}::h1754218abf443f6d
[INFO] [stdout]                                at /rustc/0e09125c6c3c2fd70d7de961bcf0e51575235fad/library/test/src/lib.rs:601:41
[INFO] [stdout]   34:     0x55e47341ab06 - std::sys_common::backtrace::__rust_begin_short_backtrace::h2ee174b9d5954948
[INFO] [stdout]                                at /rustc/0e09125c6c3c2fd70d7de961bcf0e51575235fad/library/std/src/sys_common/backtrace.rs:155:18
[INFO] [stdout]   35:     0x55e47341fb67 - std::thread::Builder::spawn_unchecked_::{{closure}}::{{closure}}::hf60bee9c1a17ef09
[INFO] [stdout]                                at /rustc/0e09125c6c3c2fd70d7de961bcf0e51575235fad/library/std/src/thread/mod.rs:529:17
[INFO] [stdout]   36:     0x55e47341fb67 - <core::panic::unwind_safe::AssertUnwindSafe<F> as core::ops::function::FnOnce<()>>::call_once::h33d0dddec5216160
[INFO] [stdout]                                at /rustc/0e09125c6c3c2fd70d7de961bcf0e51575235fad/library/core/src/panic/unwind_safe.rs:272:9
[INFO] [stdout]   37:     0x55e47341fb67 - std::panicking::try::do_call::h144b3048b546f835
[INFO] [stdout]                                at /rustc/0e09125c6c3c2fd70d7de961bcf0e51575235fad/library/std/src/panicking.rs:552:40
[INFO] [stdout]   38:     0x55e47341fb67 - std::panicking::try::h978244d04646189f
[INFO] [stdout]                                at /rustc/0e09125c6c3c2fd70d7de961bcf0e51575235fad/library/std/src/panicking.rs:516:19
[INFO] [stdout]   39:     0x55e47341fb67 - std::panic::catch_unwind::hdf436369d188fe86
[INFO] [stdout]                                at /rustc/0e09125c6c3c2fd70d7de961bcf0e51575235fad/library/std/src/panic.rs:142:14
[INFO] [stdout]   40:     0x55e47341fb67 - std::thread::Builder::spawn_unchecked_::{{closure}}::h87329cbdd33c79ec
[INFO] [stdout]                                at /rustc/0e09125c6c3c2fd70d7de961bcf0e51575235fad/library/std/src/thread/mod.rs:528:30
[INFO] [stdout]   41:     0x55e47341fb67 - core::ops::function::FnOnce::call_once{{vtable.shim}}::h401abbe67897d450
[INFO] [stdout]                                at /rustc/0e09125c6c3c2fd70d7de961bcf0e51575235fad/library/core/src/ops/function.rs:250:5
[INFO] [stdout]   42:     0x55e473484385 - <alloc::boxed::Box<F,A> as core::ops::function::FnOnce<Args>>::call_once::h5d7c8f150ab9c84c
[INFO] [stdout]                                at /rustc/0e09125c6c3c2fd70d7de961bcf0e51575235fad/library/alloc/src/boxed.rs:2015:9
[INFO] [stdout]   43:     0x55e473484385 - <alloc::boxed::Box<F,A> as core::ops::function::FnOnce<Args>>::call_once::h570d5b005c242c15
[INFO] [stdout]                                at /rustc/0e09125c6c3c2fd70d7de961bcf0e51575235fad/library/alloc/src/boxed.rs:2015:9
[INFO] [stdout]   44:     0x55e473484385 - std::sys::unix::thread::Thread::new::thread_start::h36b0a20c0b2361ad
[INFO] [stdout]                                at /rustc/0e09125c6c3c2fd70d7de961bcf0e51575235fad/library/std/src/sys/unix/thread.rs:108:17
[INFO] [stdout]   45:     0x7fa59d80dac3 - <unknown>
[INFO] [stdout]   46:     0x7fa59d89ebf4 - __clone
[INFO] [stdout]   47:                0x0 - <unknown>
[INFO] [stdout] 
[INFO] [stdout] 
[INFO] [stdout] failures:
[INFO] [stdout]     test_get_almanac
[INFO] [stdout] 
[INFO] [stdout] test result: FAILED. 1 passed; 1 failed; 0 ignored; 0 measured; 0 filtered out; finished in 0.02s
[INFO] [stdout] 
[INFO] [stderr] error: test failed, to rerun pass `--bin day-05-part-01`
[INFO] running `Command { std: "docker" "inspect" "14dec4d377c79da76baf3088b86fd1453509140003c5f173fe82db26c672e216", kill_on_drop: false }`
[INFO] running `Command { std: "docker" "rm" "-f" "14dec4d377c79da76baf3088b86fd1453509140003c5f173fe82db26c672e216", kill_on_drop: false }`
[INFO] [stdout] 14dec4d377c79da76baf3088b86fd1453509140003c5f173fe82db26c672e216
