[INFO] cloning repository https://github.com/fishfight/FishFightThePrequel
[INFO] running `Command { std: "git" "-c" "credential.helper=" "-c" "credential.helper=/workspace/cargo-home/bin/git-credential-null" "clone" "--bare" "https://github.com/fishfight/FishFightThePrequel" "/workspace/cache/git-repos/https%3A%2F%2Fgithub.com%2Ffishfight%2FFishFightThePrequel", kill_on_drop: false }`
[INFO] [stderr] Cloning into bare repository '/workspace/cache/git-repos/https%3A%2F%2Fgithub.com%2Ffishfight%2FFishFightThePrequel'...
[INFO] running `Command { std: "git" "rev-parse" "HEAD", kill_on_drop: false }`
[INFO] [stdout] 6c423bb210e3d117668394543d67f90813d1fcf4
[INFO] testing fishfight/FishFightThePrequel against 1.75.0 for beta-1.76-1
[INFO] running `Command { std: "git" "clone" "/workspace/cache/git-repos/https%3A%2F%2Fgithub.com%2Ffishfight%2FFishFightThePrequel" "/workspace/builds/worker-5-tc1/source", kill_on_drop: false }`
[INFO] [stderr] Cloning into '/workspace/builds/worker-5-tc1/source'...
[INFO] [stderr] done.
[INFO] validating manifest of git repo https://github.com/fishfight/FishFightThePrequel on toolchain 1.75.0
[INFO] running `Command { std: CARGO_HOME="/workspace/cargo-home" RUSTUP_HOME="/workspace/rustup-home" "/workspace/cargo-home/bin/cargo" "+1.75.0" "metadata" "--manifest-path" "Cargo.toml" "--no-deps", kill_on_drop: false }`
[INFO] started tweaking git repo https://github.com/fishfight/FishFightThePrequel
[INFO] finished tweaking git repo https://github.com/fishfight/FishFightThePrequel
[INFO] tweaked toml for git repo https://github.com/fishfight/FishFightThePrequel written to /workspace/builds/worker-5-tc1/source/Cargo.toml
[INFO] crate git repo https://github.com/fishfight/FishFightThePrequel already has a lockfile, it will not be regenerated
[INFO] running `Command { std: CARGO_HOME="/workspace/cargo-home" RUSTUP_HOME="/workspace/rustup-home" "/workspace/cargo-home/bin/cargo" "+1.75.0" "fetch" "--manifest-path" "Cargo.toml", kill_on_drop: false }`
[INFO] [stderr]     Updating crates.io index
[INFO] [stderr]  Downloading crates ...
[INFO] [stderr]   Downloaded macroquad-profiler v0.1.1
[INFO] [stderr]   Downloaded nanoserde-derive v0.1.18
[INFO] [stderr]   Downloaded macroquad-particles v0.1.1
[INFO] [stderr]   Downloaded macroquad-platformer v0.1.2
[INFO] [stderr]   Downloaded macroquad v0.3.10
[INFO] [stderr]   Downloaded macroquad-tiled v0.1.1
[INFO] [stderr]   Downloaded quad-gamepad v0.2.0-alpha
[INFO] [stderr]   Downloaded nanoserde v0.1.29
[INFO] running `Command { std: "docker" "create" "-v" "/var/lib/crater-agent-workspace/builds/worker-5-tc1/target:/opt/rustwide/target:rw,Z" "-v" "/var/lib/crater-agent-workspace/builds/worker-5-tc1/source:/opt/rustwide/workdir:ro,Z" "-v" "/var/lib/crater-agent-workspace/cargo-home:/opt/rustwide/cargo-home:ro,Z" "-v" "/var/lib/crater-agent-workspace/rustup-home:/opt/rustwide/rustup-home:ro,Z" "-e" "SOURCE_DIR=/opt/rustwide/workdir" "-e" "CARGO_TARGET_DIR=/opt/rustwide/target" "-e" "CARGO_HOME=/opt/rustwide/cargo-home" "-e" "RUSTUP_HOME=/opt/rustwide/rustup-home" "-w" "/opt/rustwide/workdir" "-m" "1610612736" "--user" "0:0" "--network" "none" "ghcr.io/rust-lang/crates-build-env/linux@sha256:2788e3201cd34a07e3172128adcd8b3090168a8e3bcc40d7c032b9dda1df7d1c" "/opt/rustwide/cargo-home/bin/cargo" "+1.75.0" "metadata" "--no-deps" "--format-version=1", kill_on_drop: false }`
[INFO] [stdout] 4fc6b740080c12db191c9476d99c8f21f04dced5ada2551c3323623d9996b816
[INFO] running `Command { std: "docker" "start" "-a" "4fc6b740080c12db191c9476d99c8f21f04dced5ada2551c3323623d9996b816", kill_on_drop: false }`
[INFO] running `Command { std: "docker" "inspect" "4fc6b740080c12db191c9476d99c8f21f04dced5ada2551c3323623d9996b816", kill_on_drop: false }`
[INFO] running `Command { std: "docker" "rm" "-f" "4fc6b740080c12db191c9476d99c8f21f04dced5ada2551c3323623d9996b816", kill_on_drop: false }`
[INFO] [stdout] 4fc6b740080c12db191c9476d99c8f21f04dced5ada2551c3323623d9996b816
[INFO] running `Command { std: "docker" "create" "-v" "/var/lib/crater-agent-workspace/builds/worker-5-tc1/target:/opt/rustwide/target:rw,Z" "-v" "/var/lib/crater-agent-workspace/builds/worker-5-tc1/source:/opt/rustwide/workdir:ro,Z" "-v" "/var/lib/crater-agent-workspace/cargo-home:/opt/rustwide/cargo-home:ro,Z" "-v" "/var/lib/crater-agent-workspace/rustup-home:/opt/rustwide/rustup-home:ro,Z" "-e" "SOURCE_DIR=/opt/rustwide/workdir" "-e" "CARGO_TARGET_DIR=/opt/rustwide/target" "-e" "CARGO_INCREMENTAL=0" "-e" "RUST_BACKTRACE=full" "-e" "RUSTFLAGS=--cap-lints=warn" "-e" "RUSTDOCFLAGS=--cap-lints=warn" "-e" "CARGO_HOME=/opt/rustwide/cargo-home" "-e" "RUSTUP_HOME=/opt/rustwide/rustup-home" "-w" "/opt/rustwide/workdir" "-m" "1610612736" "--user" "0:0" "--network" "none" "ghcr.io/rust-lang/crates-build-env/linux@sha256:2788e3201cd34a07e3172128adcd8b3090168a8e3bcc40d7c032b9dda1df7d1c" "/opt/rustwide/cargo-home/bin/cargo" "+1.75.0" "build" "--frozen" "--message-format=json", kill_on_drop: false }`
[INFO] [stdout] 38668d9c9c32c52100afd687f9b2fb2bc28ed358de49914f4da89d4f3909d41e
[INFO] running `Command { std: "docker" "start" "-a" "38668d9c9c32c52100afd687f9b2fb2bc28ed358de49914f4da89d4f3909d41e", kill_on_drop: false }`
[INFO] [stderr]    Compiling autocfg v1.0.1
[INFO] [stderr]    Compiling byteorder v1.4.3
[INFO] [stderr]    Compiling libc v0.2.101
[INFO] [stderr]    Compiling maybe-uninit v2.0.0
[INFO] [stderr]    Compiling crc32fast v1.2.1
[INFO] [stderr]    Compiling adler32 v1.2.0
[INFO] [stderr]    Compiling quad-alsa-sys v0.3.2
[INFO] [stderr]    Compiling sapp-linux v0.1.13
[INFO] [stderr]    Compiling cfg-if v1.0.0
[INFO] [stderr]    Compiling ogg v0.7.1
[INFO] [stderr]    Compiling dasp_sample v0.11.0
[INFO] [stderr]    Compiling deflate v0.8.6
[INFO] [stderr]    Compiling miniz_oxide v0.3.7
[INFO] [stderr]    Compiling dasp_frame v0.11.0
[INFO] [stderr]    Compiling smallvec v0.6.14
[INFO] [stderr]    Compiling quad-snd v0.2.2
[INFO] [stderr]    Compiling bitflags v1.3.2
[INFO] [stderr]    Compiling ahash v0.4.7
[INFO] [stderr]    Compiling hound v3.4.0
[INFO] [stderr]    Compiling num-traits v0.2.14
[INFO] [stderr]    Compiling num-integer v0.1.44
[INFO] [stderr]    Compiling num-rational v0.3.2
[INFO] [stderr]    Compiling num-iter v0.1.42
[INFO] [stderr]    Compiling lewton v0.9.4
[INFO] [stderr]    Compiling hashbrown v0.9.1
[INFO] [stderr]    Compiling png v0.16.8
[INFO] [stderr]    Compiling ttf-parser v0.12.3
[INFO] [stderr]    Compiling color_quant v1.1.0
[INFO] [stderr]    Compiling bytemuck v1.7.2
[INFO] [stderr]    Compiling miniquad v0.3.0-alpha.37
[INFO] [stderr]    Compiling fontdue v0.5.2
[INFO] [stderr]    Compiling glam v0.14.0
[INFO] [stderr]    Compiling bumpalo v3.7.0
[INFO] [stderr]    Compiling macroquad_macro v0.1.7
[INFO] [stderr]    Compiling image v0.23.14
[INFO] [stderr]    Compiling quad-rand v0.2.1
[INFO] [stderr]    Compiling nanoserde-derive v0.1.18
[INFO] [stderr]    Compiling quad-gamepad v0.2.0-alpha
[INFO] [stderr]    Compiling audrey v0.3.0
[INFO] [stderr]    Compiling nanoserde v0.1.29
[INFO] [stderr]    Compiling macroquad v0.3.10
[INFO] [stderr]    Compiling macroquad-tiled v0.1.1
[INFO] [stderr]    Compiling macroquad-particles v0.1.1
[INFO] [stderr]    Compiling macroquad-platformer v0.1.2
[INFO] [stderr]    Compiling macroquad-profiler v0.1.1
[INFO] [stderr]    Compiling fishfight v0.2.0 (/opt/rustwide/workdir)
[INFO] [stdout] warning: variable does not need to be mutable
[INFO] [stdout]    --> src/items/muscet.rs:219:21
[INFO] [stdout]     |
[INFO] [stdout] 219 |                 let mut node = &mut *scene::get_node(node);
[INFO] [stdout]     |                     ----^^^^
[INFO] [stdout]     |                     |
[INFO] [stdout]     |                     help: remove this `mut`
[INFO] [stdout]     |
[INFO] [stdout]     = note: `#[warn(unused_mut)]` on by default
[INFO] [stdout] 
[INFO] [stdout] 
[INFO] [stdout] warning: 1 warning emitted
[INFO] [stdout] 
[INFO] [stdout] 
[INFO] [stderr]     Finished dev [unoptimized + debuginfo] target(s) in 23.22s
[INFO] [stderr] warning: the following packages contain code that will be rejected by a future version of Rust: nanoserde-derive v0.1.18
[INFO] [stderr] note: to see what the problems were, use the option `--future-incompat-report`, or run `cargo report future-incompatibilities --id 1`
[INFO] running `Command { std: "docker" "inspect" "38668d9c9c32c52100afd687f9b2fb2bc28ed358de49914f4da89d4f3909d41e", kill_on_drop: false }`
[INFO] running `Command { std: "docker" "rm" "-f" "38668d9c9c32c52100afd687f9b2fb2bc28ed358de49914f4da89d4f3909d41e", kill_on_drop: false }`
[INFO] [stdout] 38668d9c9c32c52100afd687f9b2fb2bc28ed358de49914f4da89d4f3909d41e
[INFO] running `Command { std: "docker" "create" "-v" "/var/lib/crater-agent-workspace/builds/worker-5-tc1/target:/opt/rustwide/target:rw,Z" "-v" "/var/lib/crater-agent-workspace/builds/worker-5-tc1/source:/opt/rustwide/workdir:ro,Z" "-v" "/var/lib/crater-agent-workspace/cargo-home:/opt/rustwide/cargo-home:ro,Z" "-v" "/var/lib/crater-agent-workspace/rustup-home:/opt/rustwide/rustup-home:ro,Z" "-e" "SOURCE_DIR=/opt/rustwide/workdir" "-e" "CARGO_TARGET_DIR=/opt/rustwide/target" "-e" "CARGO_INCREMENTAL=0" "-e" "RUST_BACKTRACE=full" "-e" "RUSTFLAGS=--cap-lints=warn" "-e" "RUSTDOCFLAGS=--cap-lints=warn" "-e" "CARGO_HOME=/opt/rustwide/cargo-home" "-e" "RUSTUP_HOME=/opt/rustwide/rustup-home" "-w" "/opt/rustwide/workdir" "-m" "1610612736" "--user" "0:0" "--network" "none" "ghcr.io/rust-lang/crates-build-env/linux@sha256:2788e3201cd34a07e3172128adcd8b3090168a8e3bcc40d7c032b9dda1df7d1c" "/opt/rustwide/cargo-home/bin/cargo" "+1.75.0" "test" "--frozen" "--no-run" "--message-format=json", kill_on_drop: false }`
[INFO] [stdout] 6a72970089f7482613b84badb1cd698dce36b28fad28733ca82949fcdc5a0efb
[INFO] running `Command { std: "docker" "start" "-a" "6a72970089f7482613b84badb1cd698dce36b28fad28733ca82949fcdc5a0efb", kill_on_drop: false }`
[INFO] [stderr]    Compiling fishfight v0.2.0 (/opt/rustwide/workdir)
[INFO] [stdout] warning: variable does not need to be mutable
[INFO] [stdout]    --> src/items/muscet.rs:219:21
[INFO] [stdout]     |
[INFO] [stdout] 219 |                 let mut node = &mut *scene::get_node(node);
[INFO] [stdout]     |                     ----^^^^
[INFO] [stdout]     |                     |
[INFO] [stdout]     |                     help: remove this `mut`
[INFO] [stdout]     |
[INFO] [stdout]     = note: `#[warn(unused_mut)]` on by default
[INFO] [stdout] 
[INFO] [stdout] 
[INFO] [stdout] warning: 1 warning emitted
[INFO] [stdout] 
[INFO] [stdout] 
[INFO] [stderr]     Finished test [unoptimized + debuginfo] target(s) in 0.99s
[INFO] [stderr] warning: the following packages contain code that will be rejected by a future version of Rust: nanoserde-derive v0.1.18
[INFO] [stderr] note: to see what the problems were, use the option `--future-incompat-report`, or run `cargo report future-incompatibilities --id 1`
[INFO] running `Command { std: "docker" "inspect" "6a72970089f7482613b84badb1cd698dce36b28fad28733ca82949fcdc5a0efb", kill_on_drop: false }`
[INFO] running `Command { std: "docker" "rm" "-f" "6a72970089f7482613b84badb1cd698dce36b28fad28733ca82949fcdc5a0efb", kill_on_drop: false }`
[INFO] [stdout] 6a72970089f7482613b84badb1cd698dce36b28fad28733ca82949fcdc5a0efb
[INFO] running `Command { std: "docker" "create" "-v" "/var/lib/crater-agent-workspace/builds/worker-5-tc1/target:/opt/rustwide/target:rw,Z" "-v" "/var/lib/crater-agent-workspace/builds/worker-5-tc1/source:/opt/rustwide/workdir:ro,Z" "-v" "/var/lib/crater-agent-workspace/cargo-home:/opt/rustwide/cargo-home:ro,Z" "-v" "/var/lib/crater-agent-workspace/rustup-home:/opt/rustwide/rustup-home:ro,Z" "-e" "SOURCE_DIR=/opt/rustwide/workdir" "-e" "CARGO_TARGET_DIR=/opt/rustwide/target" "-e" "CARGO_INCREMENTAL=0" "-e" "RUST_BACKTRACE=full" "-e" "RUSTFLAGS=--cap-lints=warn" "-e" "RUSTDOCFLAGS=--cap-lints=warn" "-e" "CARGO_HOME=/opt/rustwide/cargo-home" "-e" "RUSTUP_HOME=/opt/rustwide/rustup-home" "-w" "/opt/rustwide/workdir" "-m" "1610612736" "--user" "0:0" "--network" "none" "ghcr.io/rust-lang/crates-build-env/linux@sha256:2788e3201cd34a07e3172128adcd8b3090168a8e3bcc40d7c032b9dda1df7d1c" "/opt/rustwide/cargo-home/bin/cargo" "+1.75.0" "test" "--frozen", kill_on_drop: false }`
[INFO] [stdout] bfbbce489f6bcccaf3c6d60c29cf152d4f0f841468aaee8e855b2175711ffa87
[INFO] running `Command { std: "docker" "start" "-a" "bfbbce489f6bcccaf3c6d60c29cf152d4f0f841468aaee8e855b2175711ffa87", kill_on_drop: false }`
[INFO] [stderr] warning: variable does not need to be mutable
[INFO] [stderr]    --> src/items/muscet.rs:219:21
[INFO] [stderr]     |
[INFO] [stderr] 219 |                 let mut node = &mut *scene::get_node(node);
[INFO] [stderr]     |                     ----^^^^
[INFO] [stderr]     |                     |
[INFO] [stderr]     |                     help: remove this `mut`
[INFO] [stderr]     |
[INFO] [stderr]     = note: `#[warn(unused_mut)]` on by default
[INFO] [stderr] 
[INFO] [stderr] warning: `fishfight` (bin "fishfight" test) generated 1 warning (run `cargo fix --bin "fishfight" --tests` to apply 1 suggestion)
[INFO] [stderr]     Finished test [unoptimized + debuginfo] target(s) in 0.02s
[INFO] [stderr] warning: the following packages contain code that will be rejected by a future version of Rust: nanoserde-derive v0.1.18
[INFO] [stderr] note: to see what the problems were, use the option `--future-incompat-report`, or run `cargo report future-incompatibilities --id 1`
[INFO] [stderr]      Running unittests src/main.rs (/opt/rustwide/target/debug/deps/fishfight-b84af3ff30807a68)
[INFO] [stdout] 
[INFO] [stdout] running 0 tests
[INFO] [stdout] 
[INFO] [stdout] test result: ok. 0 passed; 0 failed; 0 ignored; 0 measured; 0 filtered out; finished in 0.00s
[INFO] [stdout] 
[INFO] running `Command { std: "docker" "inspect" "bfbbce489f6bcccaf3c6d60c29cf152d4f0f841468aaee8e855b2175711ffa87", kill_on_drop: false }`
[INFO] running `Command { std: "docker" "rm" "-f" "bfbbce489f6bcccaf3c6d60c29cf152d4f0f841468aaee8e855b2175711ffa87", kill_on_drop: false }`
[INFO] [stdout] bfbbce489f6bcccaf3c6d60c29cf152d4f0f841468aaee8e855b2175711ffa87
[INFO] testing fishfight/FishFightThePrequel against beta-2023-12-22 for beta-1.76-1
[INFO] running `Command { std: "git" "clone" "/workspace/cache/git-repos/https%3A%2F%2Fgithub.com%2Ffishfight%2FFishFightThePrequel" "/workspace/builds/worker-5-tc2/source", kill_on_drop: false }`
[INFO] [stderr] Cloning into '/workspace/builds/worker-5-tc2/source'...
[INFO] [stderr] done.
[INFO] validating manifest of git repo https://github.com/fishfight/FishFightThePrequel on toolchain beta-2023-12-22
[INFO] running `Command { std: CARGO_HOME="/workspace/cargo-home" RUSTUP_HOME="/workspace/rustup-home" "/workspace/cargo-home/bin/cargo" "+beta-2023-12-22" "metadata" "--manifest-path" "Cargo.toml" "--no-deps", kill_on_drop: false }`
[INFO] started tweaking git repo https://github.com/fishfight/FishFightThePrequel
[INFO] finished tweaking git repo https://github.com/fishfight/FishFightThePrequel
[INFO] tweaked toml for git repo https://github.com/fishfight/FishFightThePrequel written to /workspace/builds/worker-5-tc2/source/Cargo.toml
[INFO] crate git repo https://github.com/fishfight/FishFightThePrequel already has a lockfile, it will not be regenerated
[INFO] running `Command { std: CARGO_HOME="/workspace/cargo-home" RUSTUP_HOME="/workspace/rustup-home" "/workspace/cargo-home/bin/cargo" "+beta-2023-12-22" "fetch" "--manifest-path" "Cargo.toml", kill_on_drop: false }`
[INFO] running `Command { std: "docker" "create" "-v" "/var/lib/crater-agent-workspace/builds/worker-5-tc2/target:/opt/rustwide/target:rw,Z" "-v" "/var/lib/crater-agent-workspace/builds/worker-5-tc2/source:/opt/rustwide/workdir:ro,Z" "-v" "/var/lib/crater-agent-workspace/cargo-home:/opt/rustwide/cargo-home:ro,Z" "-v" "/var/lib/crater-agent-workspace/rustup-home:/opt/rustwide/rustup-home:ro,Z" "-e" "SOURCE_DIR=/opt/rustwide/workdir" "-e" "CARGO_TARGET_DIR=/opt/rustwide/target" "-e" "CARGO_HOME=/opt/rustwide/cargo-home" "-e" "RUSTUP_HOME=/opt/rustwide/rustup-home" "-w" "/opt/rustwide/workdir" "-m" "1610612736" "--user" "0:0" "--network" "none" "ghcr.io/rust-lang/crates-build-env/linux@sha256:2788e3201cd34a07e3172128adcd8b3090168a8e3bcc40d7c032b9dda1df7d1c" "/opt/rustwide/cargo-home/bin/cargo" "+beta-2023-12-22" "metadata" "--no-deps" "--format-version=1", kill_on_drop: false }`
[INFO] [stdout] 7ce26bb6158963e46f094fbf4a90912df447d38a0fb6a8bc352f71c3f2ff89ad
[INFO] running `Command { std: "docker" "start" "-a" "7ce26bb6158963e46f094fbf4a90912df447d38a0fb6a8bc352f71c3f2ff89ad", kill_on_drop: false }`
[INFO] running `Command { std: "docker" "inspect" "7ce26bb6158963e46f094fbf4a90912df447d38a0fb6a8bc352f71c3f2ff89ad", kill_on_drop: false }`
[INFO] running `Command { std: "docker" "rm" "-f" "7ce26bb6158963e46f094fbf4a90912df447d38a0fb6a8bc352f71c3f2ff89ad", kill_on_drop: false }`
[INFO] [stdout] 7ce26bb6158963e46f094fbf4a90912df447d38a0fb6a8bc352f71c3f2ff89ad
[INFO] running `Command { std: "docker" "create" "-v" "/var/lib/crater-agent-workspace/builds/worker-5-tc2/target:/opt/rustwide/target:rw,Z" "-v" "/var/lib/crater-agent-workspace/builds/worker-5-tc2/source:/opt/rustwide/workdir:ro,Z" "-v" "/var/lib/crater-agent-workspace/cargo-home:/opt/rustwide/cargo-home:ro,Z" "-v" "/var/lib/crater-agent-workspace/rustup-home:/opt/rustwide/rustup-home:ro,Z" "-e" "SOURCE_DIR=/opt/rustwide/workdir" "-e" "CARGO_TARGET_DIR=/opt/rustwide/target" "-e" "CARGO_INCREMENTAL=0" "-e" "RUST_BACKTRACE=full" "-e" "RUSTFLAGS=--cap-lints=warn" "-e" "RUSTDOCFLAGS=--cap-lints=warn" "-e" "CARGO_HOME=/opt/rustwide/cargo-home" "-e" "RUSTUP_HOME=/opt/rustwide/rustup-home" "-w" "/opt/rustwide/workdir" "-m" "1610612736" "--user" "0:0" "--network" "none" "ghcr.io/rust-lang/crates-build-env/linux@sha256:2788e3201cd34a07e3172128adcd8b3090168a8e3bcc40d7c032b9dda1df7d1c" "/opt/rustwide/cargo-home/bin/cargo" "+beta-2023-12-22" "build" "--frozen" "--message-format=json", kill_on_drop: false }`
[INFO] [stdout] f845e9e2ee72f90e19add51bc0efb99343d511cacd4909d34e7621058166a052
[INFO] running `Command { std: "docker" "start" "-a" "f845e9e2ee72f90e19add51bc0efb99343d511cacd4909d34e7621058166a052", kill_on_drop: false }`
[INFO] [stderr]    Compiling autocfg v1.0.1
[INFO] [stderr]    Compiling libc v0.2.101
[INFO] [stderr]    Compiling byteorder v1.4.3
[INFO] [stderr]    Compiling maybe-uninit v2.0.0
[INFO] [stderr]    Compiling crc32fast v1.2.1
[INFO] [stderr]    Compiling adler32 v1.2.0
[INFO] [stderr]    Compiling quad-alsa-sys v0.3.2
[INFO] [stderr]    Compiling cfg-if v1.0.0
[INFO] [stderr]    Compiling sapp-linux v0.1.13
[INFO] [stderr]    Compiling dasp_sample v0.11.0
[INFO] [stderr]    Compiling ogg v0.7.1
[INFO] [stderr]    Compiling deflate v0.8.6
[INFO] [stderr]    Compiling smallvec v0.6.14
[INFO] [stderr]    Compiling dasp_frame v0.11.0
[INFO] [stderr]    Compiling miniz_oxide v0.3.7
[INFO] [stderr]    Compiling ahash v0.4.7
[INFO] [stderr]    Compiling quad-snd v0.2.2
[INFO] [stderr]    Compiling bitflags v1.3.2
[INFO] [stderr]    Compiling hound v3.4.0
[INFO] [stderr]    Compiling png v0.16.8
[INFO] [stderr]    Compiling num-traits v0.2.14
[INFO] [stderr]    Compiling num-integer v0.1.44
[INFO] [stderr]    Compiling num-rational v0.3.2
[INFO] [stderr]    Compiling num-iter v0.1.42
[INFO] [stderr]    Compiling lewton v0.9.4
[INFO] [stderr]    Compiling hashbrown v0.9.1
[INFO] [stderr]    Compiling bytemuck v1.7.2
[INFO] [stderr]    Compiling color_quant v1.1.0
[INFO] [stderr]    Compiling ttf-parser v0.12.3
[INFO] [stderr]    Compiling miniquad v0.3.0-alpha.37
[INFO] [stderr]    Compiling fontdue v0.5.2
[INFO] [stderr]    Compiling bumpalo v3.7.0
[INFO] [stderr]    Compiling image v0.23.14
[INFO] [stderr]    Compiling quad-rand v0.2.1
[INFO] [stderr]    Compiling macroquad_macro v0.1.7
[INFO] [stderr]    Compiling glam v0.14.0
[INFO] [stderr]    Compiling nanoserde-derive v0.1.18
[INFO] [stderr]    Compiling quad-gamepad v0.2.0-alpha
[INFO] [stderr]    Compiling audrey v0.3.0
[INFO] [stderr]    Compiling macroquad v0.3.10
[INFO] [stderr]    Compiling nanoserde v0.1.29
[INFO] [stderr]    Compiling macroquad-profiler v0.1.1
[INFO] [stderr]    Compiling macroquad-tiled v0.1.1
[INFO] [stderr]    Compiling macroquad-platformer v0.1.2
[INFO] [stderr]    Compiling macroquad-particles v0.1.1
[INFO] [stderr]    Compiling fishfight v0.2.0 (/opt/rustwide/workdir)
[INFO] [stdout] error[E0424]: expected value, found module `self`
[INFO] [stdout]  --> src/capabilities/physics_object.rs:7:23
[INFO] [stdout]   |
[INFO] [stdout] 7 | #[derive(Clone, Copy, CapabilityTrait)]
[INFO] [stdout]   |                       ^^^^^^^^^^^^^^^
[INFO] [stdout]   |                       |
[INFO] [stdout]   |                       `self` value is a keyword only available in methods with a `self` parameter
[INFO] [stdout]   |                       this function doesn't have a `self` parameter
[INFO] [stdout]   |
[INFO] [stdout]   = note: this error originates in the derive macro `CapabilityTrait` (in Nightly builds, run with -Z macro-backtrace for more info)
[INFO] [stdout] help: add a `self` receiver parameter to make the associated `fn` a method
[INFO] [stdout]   |
[INFO] [stdout] 7 | #[derive(Clone, Copy, &self, CapabilityTrait)]
[INFO] [stdout]   |                       ++++++
[INFO] [stdout] 
[INFO] [stdout] 
[INFO] [stdout] error[E0424]: expected value, found module `self`
[INFO] [stdout]   --> src/capabilities/weapon.rs:13:23
[INFO] [stdout]    |
[INFO] [stdout] 13 | #[derive(Clone, Copy, CapabilityTrait)]
[INFO] [stdout]    |                       ^^^^^^^^^^^^^^^
[INFO] [stdout]    |                       |
[INFO] [stdout]    |                       `self` value is a keyword only available in methods with a `self` parameter
[INFO] [stdout]    |                       this function doesn't have a `self` parameter
[INFO] [stdout]    |
[INFO] [stdout]    = note: this error originates in the derive macro `CapabilityTrait` (in Nightly builds, run with -Z macro-backtrace for more info)
[INFO] [stdout] help: add a `self` receiver parameter to make the associated `fn` a method
[INFO] [stdout]    |
[INFO] [stdout] 13 | #[derive(Clone, Copy, &self, CapabilityTrait)]
[INFO] [stdout]    |                       ++++++
[INFO] [stdout] 
[INFO] [stdout] 
[INFO] [stdout] error[E0599]: no method named `active` found for reference `&NodeWith<PhysicsObject>` in the current scope
[INFO] [stdout]   --> src/items/sproinger.rs:88:90
[INFO] [stdout]    |
[INFO] [stdout] 88 |         for physics_object in scene::find_nodes_with::<PhysicsObject>().filter(|obj| obj.active()) {
[INFO] [stdout]    |                                                                                      ----^^^^^^--
[INFO] [stdout]    |                                                                                      |   |
[INFO] [stdout]    |                                                                                      |   this is an associated function, not a method
[INFO] [stdout]    |                                                                                      help: use associated function syntax instead: `NodeWith<PhysicsObject>::active()`
[INFO] [stdout]    |
[INFO] [stdout]    = note: found the following associated functions; to be used as methods, functions must have a `self` parameter
[INFO] [stdout] note: the candidate is defined in the trait `PhysicsObjectTrait`
[INFO] [stdout]   --> src/capabilities/physics_object.rs:7:23
[INFO] [stdout]    |
[INFO] [stdout] 7  | #[derive(Clone, Copy, CapabilityTrait)]
[INFO] [stdout]    |                       ^^^^^^^^^^^^^^^
[INFO] [stdout]    = note: this error originates in the derive macro `CapabilityTrait` (in Nightly builds, run with -Z macro-backtrace for more info)
[INFO] [stdout] 
[INFO] [stdout] 
[INFO] [stdout] error[E0599]: no method named `collider` found for struct `NodeWith` in the current scope
[INFO] [stdout]   --> src/items/sproinger.rs:89:50
[INFO] [stdout]    |
[INFO] [stdout] 89 |             let object_collider = physics_object.collider();
[INFO] [stdout]    |                                   ---------------^^^^^^^^--
[INFO] [stdout]    |                                   |              |
[INFO] [stdout]    |                                   |              this is an associated function, not a method
[INFO] [stdout]    |                                   help: use associated function syntax instead: `NodeWith<PhysicsObject>::collider()`
[INFO] [stdout]    |
[INFO] [stdout]    = note: found the following associated functions; to be used as methods, functions must have a `self` parameter
[INFO] [stdout] note: the candidate is defined in the trait `PhysicsObjectTrait`
[INFO] [stdout]   --> src/capabilities/physics_object.rs:7:23
[INFO] [stdout]    |
[INFO] [stdout] 7  | #[derive(Clone, Copy, CapabilityTrait)]
[INFO] [stdout]    |                       ^^^^^^^^^^^^^^^
[INFO] [stdout]    = help: items from traits can only be used if the trait is implemented and in scope
[INFO] [stdout] note: `WeaponTrait` defines an item `collider`, perhaps you need to implement it
[INFO] [stdout]   --> src/capabilities/weapon.rs:13:23
[INFO] [stdout]    |
[INFO] [stdout] 13 | #[derive(Clone, Copy, CapabilityTrait)]
[INFO] [stdout]    |                       ^^^^^^^^^^^^^^^
[INFO] [stdout]    = note: this error originates in the derive macro `CapabilityTrait` (in Nightly builds, run with -Z macro-backtrace for more info)
[INFO] [stdout] 
[INFO] [stdout] 
[INFO] [stdout] error[E0599]: no method named `set_speed_y` found for struct `NodeWith` in the current scope
[INFO] [stdout]   --> src/items/sproinger.rs:95:32
[INFO] [stdout]    |
[INFO] [stdout] 95 |                 physics_object.set_speed_y(-Self::FORCE);
[INFO] [stdout]    |                 ---------------^^^^^^^^^^^--------------
[INFO] [stdout]    |                 |              |
[INFO] [stdout]    |                 |              this is an associated function, not a method
[INFO] [stdout]    |                 help: use associated function syntax instead: `NodeWith<PhysicsObject>::set_speed_y(-Self::FORCE)`
[INFO] [stdout]    |
[INFO] [stdout]    = note: found the following associated functions; to be used as methods, functions must have a `self` parameter
[INFO] [stdout] note: the candidate is defined in the trait `PhysicsObjectTrait`
[INFO] [stdout]   --> src/capabilities/physics_object.rs:7:23
[INFO] [stdout]    |
[INFO] [stdout] 7  | #[derive(Clone, Copy, CapabilityTrait)]
[INFO] [stdout]    |                       ^^^^^^^^^^^^^^^
[INFO] [stdout]    = note: this error originates in the derive macro `CapabilityTrait` (in Nightly builds, run with -Z macro-backtrace for more info)
[INFO] [stdout] 
[INFO] [stdout] 
[INFO] [stdout] error[E0599]: no method named `collider` found for struct `NodeWith` in the current scope
[INFO] [stdout]    --> src/nodes/player/ai.rs:128:42
[INFO] [stdout]     |
[INFO] [stdout] 128 |                 let weapon_rect = weapon.collider();
[INFO] [stdout]     |                                   -------^^^^^^^^--
[INFO] [stdout]     |                                   |      |
[INFO] [stdout]     |                                   |      this is an associated function, not a method
[INFO] [stdout]     |                                   help: use associated function syntax instead: `NodeWith<Weapon>::collider()`
[INFO] [stdout]     |
[INFO] [stdout]     = note: found the following associated functions; to be used as methods, functions must have a `self` parameter
[INFO] [stdout] note: the candidate is defined in the trait `WeaponTrait`
[INFO] [stdout]    --> src/capabilities/weapon.rs:13:23
[INFO] [stdout]     |
[INFO] [stdout] 13  | #[derive(Clone, Copy, CapabilityTrait)]
[INFO] [stdout]     |                       ^^^^^^^^^^^^^^^
[INFO] [stdout]     = help: items from traits can only be used if the trait is implemented and in scope
[INFO] [stdout] note: `PhysicsObjectTrait` defines an item `collider`, perhaps you need to implement it
[INFO] [stdout]    --> src/capabilities/physics_object.rs:7:23
[INFO] [stdout]     |
[INFO] [stdout] 7   | #[derive(Clone, Copy, CapabilityTrait)]
[INFO] [stdout]     |                       ^^^^^^^^^^^^^^^
[INFO] [stdout]     = note: this error originates in the derive macro `CapabilityTrait` (in Nightly builds, run with -Z macro-backtrace for more info)
[INFO] [stdout] 
[INFO] [stdout] 
[INFO] [stdout] error[E0599]: no method named `throw` found for mutable reference `&mut NodeWith<Weapon>` in the current scope
[INFO] [stdout]   --> src/nodes/player.rs:27:20
[INFO] [stdout]    |
[INFO] [stdout] 27 |             weapon.throw(false);
[INFO] [stdout]    |             -------^^^^^-------
[INFO] [stdout]    |             |      |
[INFO] [stdout]    |             |      this is an associated function, not a method
[INFO] [stdout]    |             help: use associated function syntax instead: `NodeWith<Weapon>::throw(false)`
[INFO] [stdout]    |
[INFO] [stdout]    = note: found the following associated functions; to be used as methods, functions must have a `self` parameter
[INFO] [stdout] note: the candidate is defined in the trait `WeaponTrait`
[INFO] [stdout]   --> src/capabilities/weapon.rs:13:23
[INFO] [stdout]    |
[INFO] [stdout] 13 | #[derive(Clone, Copy, CapabilityTrait)]
[INFO] [stdout]    |                       ^^^^^^^^^^^^^^^
[INFO] [stdout]    = note: this error originates in the derive macro `CapabilityTrait` (in Nightly builds, run with -Z macro-backtrace for more info)
[INFO] [stdout] 
[INFO] [stdout] 
[INFO] [stdout] error[E0599]: no method named `shoot` found for reference `&NodeWith<Weapon>` in the current scope
[INFO] [stdout]    --> src/nodes/player.rs:383:20
[INFO] [stdout]     |
[INFO] [stdout] 383 |             weapon.shoot(node.handle())
[INFO] [stdout]     |             -------^^^^^---------------
[INFO] [stdout]     |             |      |
[INFO] [stdout]     |             |      this is an associated function, not a method
[INFO] [stdout]     |             help: use associated function syntax instead: `NodeWith<Weapon>::shoot(node.handle())`
[INFO] [stdout]     |
[INFO] [stdout]     = note: found the following associated functions; to be used as methods, functions must have a `self` parameter
[INFO] [stdout] note: the candidate is defined in the trait `WeaponTrait`
[INFO] [stdout]    --> src/capabilities/weapon.rs:13:23
[INFO] [stdout]     |
[INFO] [stdout] 13  | #[derive(Clone, Copy, CapabilityTrait)]
[INFO] [stdout]     |                       ^^^^^^^^^^^^^^^
[INFO] [stdout]     = note: this error originates in the derive macro `CapabilityTrait` (in Nightly builds, run with -Z macro-backtrace for more info)
[INFO] [stdout] 
[INFO] [stdout] 
[INFO] [stdout] error[E0599]: no method named `throw` found for mutable reference `&mut NodeWith<Weapon>` in the current scope
[INFO] [stdout]    --> src/nodes/player.rs:548:24
[INFO] [stdout]     |
[INFO] [stdout] 548 |                 weapon.throw(!node.input.down);
[INFO] [stdout]     |                 -------^^^^^------------------
[INFO] [stdout]     |                 |      |
[INFO] [stdout]     |                 |      this is an associated function, not a method
[INFO] [stdout]     |                 help: use associated function syntax instead: `NodeWith<Weapon>::throw(!node.input.down)`
[INFO] [stdout]     |
[INFO] [stdout]     = note: found the following associated functions; to be used as methods, functions must have a `self` parameter
[INFO] [stdout] note: the candidate is defined in the trait `WeaponTrait`
[INFO] [stdout]    --> src/capabilities/weapon.rs:13:23
[INFO] [stdout]     |
[INFO] [stdout] 13  | #[derive(Clone, Copy, CapabilityTrait)]
[INFO] [stdout]     |                       ^^^^^^^^^^^^^^^
[INFO] [stdout]     = note: this error originates in the derive macro `CapabilityTrait` (in Nightly builds, run with -Z macro-backtrace for more info)
[INFO] [stdout] 
[INFO] [stdout] 
[INFO] [stdout] error[E0599]: no method named `collider` found for struct `NodeWith` in the current scope
[INFO] [stdout]    --> src/nodes/player.rs:566:43
[INFO] [stdout]     |
[INFO] [stdout] 566 |                     let gun_rect = weapon.collider();
[INFO] [stdout]     |                                    -------^^^^^^^^--
[INFO] [stdout]     |                                    |      |
[INFO] [stdout]     |                                    |      this is an associated function, not a method
[INFO] [stdout]     |                                    help: use associated function syntax instead: `NodeWith<Weapon>::collider()`
[INFO] [stdout]     |
[INFO] [stdout]     = note: found the following associated functions; to be used as methods, functions must have a `self` parameter
[INFO] [stdout] note: the candidate is defined in the trait `WeaponTrait`
[INFO] [stdout]    --> src/capabilities/weapon.rs:13:23
[INFO] [stdout]     |
[INFO] [stdout] 13  | #[derive(Clone, Copy, CapabilityTrait)]
[INFO] [stdout]     |                       ^^^^^^^^^^^^^^^
[INFO] [stdout]     = help: items from traits can only be used if the trait is implemented and in scope
[INFO] [stdout] note: `PhysicsObjectTrait` defines an item `collider`, perhaps you need to implement it
[INFO] [stdout]    --> src/capabilities/physics_object.rs:7:23
[INFO] [stdout]     |
[INFO] [stdout] 7   | #[derive(Clone, Copy, CapabilityTrait)]
[INFO] [stdout]     |                       ^^^^^^^^^^^^^^^
[INFO] [stdout]     = note: this error originates in the derive macro `CapabilityTrait` (in Nightly builds, run with -Z macro-backtrace for more info)
[INFO] [stdout] 
[INFO] [stdout] 
[INFO] [stdout] error[E0599]: no method named `is_thrown` found for struct `NodeWith` in the current scope
[INFO] [stdout]    --> src/nodes/player.rs:574:31
[INFO] [stdout]     |
[INFO] [stdout] 574 |                     if weapon.is_thrown() && node.get_hitbox().overlaps(&gun_rect) {
[INFO] [stdout]     |                        -------^^^^^^^^^--
[INFO] [stdout]     |                        |      |
[INFO] [stdout]     |                        |      this is an associated function, not a method
[INFO] [stdout]     |                        help: use associated function syntax instead: `NodeWith<Weapon>::is_thrown()`
[INFO] [stdout]     |
[INFO] [stdout]     = note: found the following associated functions; to be used as methods, functions must have a `self` parameter
[INFO] [stdout] note: the candidate is defined in the trait `WeaponTrait`
[INFO] [stdout]    --> src/capabilities/weapon.rs:13:23
[INFO] [stdout]     |
[INFO] [stdout] 13  | #[derive(Clone, Copy, CapabilityTrait)]
[INFO] [stdout]     |                       ^^^^^^^^^^^^^^^
[INFO] [stdout]     = note: this error originates in the derive macro `CapabilityTrait` (in Nightly builds, run with -Z macro-backtrace for more info)
[INFO] [stdout] 
[INFO] [stdout] 
[INFO] [stdout] error[E0599]: no method named `pick_up` found for struct `NodeWith` in the current scope
[INFO] [stdout]    --> src/nodes/player.rs:576:32
[INFO] [stdout]     |
[INFO] [stdout] 576 |                         weapon.pick_up(node_handle);
[INFO] [stdout]     |                         -------^^^^^^^-------------
[INFO] [stdout]     |                         |      |
[INFO] [stdout]     |                         |      this is an associated function, not a method
[INFO] [stdout]     |                         help: use associated function syntax instead: `NodeWith<Weapon>::pick_up(node_handle)`
[INFO] [stdout]     |
[INFO] [stdout]     = note: found the following associated functions; to be used as methods, functions must have a `self` parameter
[INFO] [stdout] note: the candidate is defined in the trait `WeaponTrait`
[INFO] [stdout]    --> src/capabilities/weapon.rs:13:23
[INFO] [stdout]     |
[INFO] [stdout] 13  | #[derive(Clone, Copy, CapabilityTrait)]
[INFO] [stdout]     |                       ^^^^^^^^^^^^^^^
[INFO] [stdout]     = note: this error originates in the derive macro `CapabilityTrait` (in Nightly builds, run with -Z macro-backtrace for more info)
[INFO] [stdout] 
[INFO] [stdout] 
[INFO] [stdout] error[E0599]: no method named `mount` found for mutable reference `&mut NodeWith<Weapon>` in the current scope
[INFO] [stdout]    --> src/nodes/player.rs:647:24
[INFO] [stdout]     |
[INFO] [stdout] 647 |                 weapon.mount(node.body.pos, node.body.facing);
[INFO] [stdout]     |                 -------^^^^^---------------------------------
[INFO] [stdout]     |                 |      |
[INFO] [stdout]     |                 |      this is an associated function, not a method
[INFO] [stdout]     |                 help: use associated function syntax instead: `NodeWith<Weapon>::mount(node.body.pos, node.body.facing)`
[INFO] [stdout]     |
[INFO] [stdout]     = note: found the following associated functions; to be used as methods, functions must have a `self` parameter
[INFO] [stdout] note: the candidate is defined in the trait `WeaponTrait`
[INFO] [stdout]    --> src/capabilities/weapon.rs:13:23
[INFO] [stdout]     |
[INFO] [stdout] 13  | #[derive(Clone, Copy, CapabilityTrait)]
[INFO] [stdout]     |                       ^^^^^^^^^^^^^^^
[INFO] [stdout]     = note: this error originates in the derive macro `CapabilityTrait` (in Nightly builds, run with -Z macro-backtrace for more info)
[INFO] [stdout] 
[INFO] [stdout] 
[INFO] [stdout] error[E0599]: no method named `throw` found for mutable reference `&mut NodeWith<Weapon>` in the current scope
[INFO] [stdout]   --> src/components/throwable_item.rs:53:36
[INFO] [stdout]    |
[INFO] [stdout] 53 | ...                   weapon.throw(false);
[INFO] [stdout]    |                       -------^^^^^-------
[INFO] [stdout]    |                       |      |
[INFO] [stdout]    |                       |      this is an associated function, not a method
[INFO] [stdout]    |                       help: use associated function syntax instead: `NodeWith<Weapon>::throw(false)`
[INFO] [stdout]    |
[INFO] [stdout]    = note: found the following associated functions; to be used as methods, functions must have a `self` parameter
[INFO] [stdout] note: the candidate is defined in the trait `WeaponTrait`
[INFO] [stdout]   --> src/capabilities/weapon.rs:13:23
[INFO] [stdout]    |
[INFO] [stdout] 13 | #[derive(Clone, Copy, CapabilityTrait)]
[INFO] [stdout]    |                       ^^^^^^^^^^^^^^^
[INFO] [stdout]    = note: this error originates in the derive macro `CapabilityTrait` (in Nightly builds, run with -Z macro-backtrace for more info)
[INFO] [stdout] 
[INFO] [stdout] 
[INFO] [stdout] warning: unused import: `WeaponTrait`
[INFO] [stdout]   --> src/nodes/player.rs:15:61
[INFO] [stdout]    |
[INFO] [stdout] 15 |     capabilities::{NetworkReplicate, PhysicsObject, Weapon, WeaponTrait},
[INFO] [stdout]    |                                                             ^^^^^^^^^^^
[INFO] [stdout]    |
[INFO] [stdout]    = note: `#[warn(unused_imports)]` on by default
[INFO] [stdout] 
[INFO] [stdout] 
[INFO] [stdout] warning: unused import: `crate::capabilities::WeaponTrait`
[INFO] [stdout]    --> src/nodes/player/ai.rs:126:21
[INFO] [stdout]     |
[INFO] [stdout] 126 |                 use crate::capabilities::WeaponTrait;
[INFO] [stdout]     |                     ^^^^^^^^^^^^^^^^^^^^^^^^^^^^^^^^
[INFO] [stdout] 
[INFO] [stdout] 
[INFO] [stdout] warning: unused import: `crate::capabilities::PhysicsObjectTrait`
[INFO] [stdout]   --> src/items/sproinger.rs:19:5
[INFO] [stdout]    |
[INFO] [stdout] 19 | use crate::capabilities::PhysicsObjectTrait;
[INFO] [stdout]    |     ^^^^^^^^^^^^^^^^^^^^^^^^^^^^^^^^^^^^^^^
[INFO] [stdout] 
[INFO] [stdout] 
[INFO] [stdout] warning: unused import: `crate::capabilities::WeaponTrait`
[INFO] [stdout]   --> src/components/throwable_item.rs:51:33
[INFO] [stdout]    |
[INFO] [stdout] 51 | ...                   use crate::capabilities::WeaponTrait;
[INFO] [stdout]    |                           ^^^^^^^^^^^^^^^^^^^^^^^^^^^^^^^^
[INFO] [stdout] 
[INFO] [stdout] 
[INFO] [stdout] error: aborting due to 14 previous errors; 4 warnings emitted
[INFO] [stdout] 
[INFO] [stdout] 
[INFO] [stdout] Some errors have detailed explanations: E0424, E0599.
[INFO] [stdout] 
[INFO] [stdout] For more information about an error, try `rustc --explain E0424`.
[INFO] [stdout] 
[INFO] [stderr] error: could not compile `fishfight` (bin "fishfight") due to 15 previous errors; 4 warnings emitted
[INFO] running `Command { std: "docker" "inspect" "f845e9e2ee72f90e19add51bc0efb99343d511cacd4909d34e7621058166a052", kill_on_drop: false }`
[INFO] running `Command { std: "docker" "rm" "-f" "f845e9e2ee72f90e19add51bc0efb99343d511cacd4909d34e7621058166a052", kill_on_drop: false }`
[INFO] [stdout] f845e9e2ee72f90e19add51bc0efb99343d511cacd4909d34e7621058166a052
