[INFO] cloning repository https://github.com/dupu222/rust-cross-android
[INFO] running `Command { std: "git" "-c" "credential.helper=" "-c" "credential.helper=/workspace/cargo-home/bin/git-credential-null" "clone" "--bare" "https://github.com/dupu222/rust-cross-android" "/workspace/cache/git-repos/https%3A%2F%2Fgithub.com%2Fdupu222%2Frust-cross-android", kill_on_drop: false }`
[INFO] [stderr] Cloning into bare repository '/workspace/cache/git-repos/https%3A%2F%2Fgithub.com%2Fdupu222%2Frust-cross-android'...
[INFO] running `Command { std: "git" "rev-parse" "HEAD", kill_on_drop: false }`
[INFO] [stdout] 0939cf51c8043fbf7c0bd803eac0a94d756f4b4a
[INFO] testing dupu222/rust-cross-android against 1.75.0 for beta-1.76-1
[INFO] running `Command { std: "git" "clone" "/workspace/cache/git-repos/https%3A%2F%2Fgithub.com%2Fdupu222%2Frust-cross-android" "/workspace/builds/worker-1-tc1/source", kill_on_drop: false }`
[INFO] [stderr] Cloning into '/workspace/builds/worker-1-tc1/source'...
[INFO] [stderr] done.
[INFO] validating manifest of git repo https://github.com/dupu222/rust-cross-android on toolchain 1.75.0
[INFO] running `Command { std: CARGO_HOME="/workspace/cargo-home" RUSTUP_HOME="/workspace/rustup-home" "/workspace/cargo-home/bin/cargo" "+1.75.0" "metadata" "--manifest-path" "Cargo.toml" "--no-deps", kill_on_drop: false }`
[INFO] removed /workspace/builds/worker-1-tc1/source/.cargo/config.toml
[INFO] started tweaking git repo https://github.com/dupu222/rust-cross-android
[INFO] finished tweaking git repo https://github.com/dupu222/rust-cross-android
[INFO] tweaked toml for git repo https://github.com/dupu222/rust-cross-android written to /workspace/builds/worker-1-tc1/source/Cargo.toml
[INFO] crate git repo https://github.com/dupu222/rust-cross-android already has a lockfile, it will not be regenerated
[INFO] running `Command { std: CARGO_HOME="/workspace/cargo-home" RUSTUP_HOME="/workspace/rustup-home" "/workspace/cargo-home/bin/cargo" "+1.75.0" "fetch" "--manifest-path" "Cargo.toml", kill_on_drop: false }`
[INFO] [stderr]     Blocking waiting for file lock on package cache
[INFO] [stderr]     Blocking waiting for file lock on package cache
[INFO] [stderr]  Downloading crates ...
[INFO] [stderr]   Downloaded serde_ignored v0.1.3
[INFO] [stderr]   Downloaded serde_yaml v0.8.25
[INFO] [stderr]   Downloaded supports-color v1.3.0
[INFO] running `Command { std: "docker" "create" "-v" "/var/lib/crater-agent-workspace/builds/worker-1-tc1/target:/opt/rustwide/target:rw,Z" "-v" "/var/lib/crater-agent-workspace/builds/worker-1-tc1/source:/opt/rustwide/workdir:ro,Z" "-v" "/var/lib/crater-agent-workspace/cargo-home:/opt/rustwide/cargo-home:ro,Z" "-v" "/var/lib/crater-agent-workspace/rustup-home:/opt/rustwide/rustup-home:ro,Z" "-e" "SOURCE_DIR=/opt/rustwide/workdir" "-e" "CARGO_TARGET_DIR=/opt/rustwide/target" "-e" "CARGO_HOME=/opt/rustwide/cargo-home" "-e" "RUSTUP_HOME=/opt/rustwide/rustup-home" "-w" "/opt/rustwide/workdir" "-m" "1610612736" "--user" "0:0" "--network" "none" "ghcr.io/rust-lang/crates-build-env/linux@sha256:2788e3201cd34a07e3172128adcd8b3090168a8e3bcc40d7c032b9dda1df7d1c" "/opt/rustwide/cargo-home/bin/cargo" "+1.75.0" "metadata" "--no-deps" "--format-version=1", kill_on_drop: false }`
[INFO] [stdout] 44d37c505289a46b7b75da23cb5b91a065bbcf3665d9a5184eee7f6f0a4b9938
[INFO] running `Command { std: "docker" "start" "-a" "44d37c505289a46b7b75da23cb5b91a065bbcf3665d9a5184eee7f6f0a4b9938", kill_on_drop: false }`
[INFO] running `Command { std: "docker" "inspect" "44d37c505289a46b7b75da23cb5b91a065bbcf3665d9a5184eee7f6f0a4b9938", kill_on_drop: false }`
[INFO] running `Command { std: "docker" "rm" "-f" "44d37c505289a46b7b75da23cb5b91a065bbcf3665d9a5184eee7f6f0a4b9938", kill_on_drop: false }`
[INFO] [stdout] 44d37c505289a46b7b75da23cb5b91a065bbcf3665d9a5184eee7f6f0a4b9938
[INFO] running `Command { std: "docker" "create" "-v" "/var/lib/crater-agent-workspace/builds/worker-1-tc1/target:/opt/rustwide/target:rw,Z" "-v" "/var/lib/crater-agent-workspace/builds/worker-1-tc1/source:/opt/rustwide/workdir:ro,Z" "-v" "/var/lib/crater-agent-workspace/cargo-home:/opt/rustwide/cargo-home:ro,Z" "-v" "/var/lib/crater-agent-workspace/rustup-home:/opt/rustwide/rustup-home:ro,Z" "-e" "SOURCE_DIR=/opt/rustwide/workdir" "-e" "CARGO_TARGET_DIR=/opt/rustwide/target" "-e" "CARGO_INCREMENTAL=0" "-e" "RUST_BACKTRACE=full" "-e" "RUSTFLAGS=--cap-lints=warn" "-e" "RUSTDOCFLAGS=--cap-lints=warn" "-e" "CARGO_HOME=/opt/rustwide/cargo-home" "-e" "RUSTUP_HOME=/opt/rustwide/rustup-home" "-w" "/opt/rustwide/workdir" "-m" "1610612736" "--user" "0:0" "--network" "none" "ghcr.io/rust-lang/crates-build-env/linux@sha256:2788e3201cd34a07e3172128adcd8b3090168a8e3bcc40d7c032b9dda1df7d1c" "/opt/rustwide/cargo-home/bin/cargo" "+1.75.0" "build" "--frozen" "--message-format=json", kill_on_drop: false }`
[INFO] [stdout] 26cca32eecbb09e83ab6bb2afa6db88633bab54b6b3d788dbedd9f74c0153962
[INFO] running `Command { std: "docker" "start" "-a" "26cca32eecbb09e83ab6bb2afa6db88633bab54b6b3d788dbedd9f74c0153962", kill_on_drop: false }`
[INFO] [stderr]    Compiling proc-macro2 v1.0.40
[INFO] [stderr]    Compiling unicode-ident v1.0.1
[INFO] [stderr]    Compiling quote v1.0.20
[INFO] [stderr]    Compiling libc v0.2.126
[INFO] [stderr]    Compiling syn v1.0.98
[INFO] [stderr]    Compiling serde_derive v1.0.138
[INFO] [stderr]    Compiling serde v1.0.138
[INFO] [stderr]    Compiling memchr v2.5.0
[INFO] [stderr]    Compiling autocfg v1.1.0
[INFO] [stderr]    Compiling cc v1.0.73
[INFO] [stderr]    Compiling is_ci v1.1.1
[INFO] [stderr]    Compiling adler v1.0.2
[INFO] [stderr]    Compiling once_cell v1.13.0
[INFO] [stderr]    Compiling proc-macro-error-attr v1.0.4
[INFO] [stderr]    Compiling proc-macro-error v1.0.4
[INFO] [stderr]    Compiling eyre v0.6.8
[INFO] [stderr]    Compiling gimli v0.26.1
[INFO] [stderr]    Compiling semver v1.0.12
[INFO] [stderr]    Compiling miniz_oxide v0.5.3
[INFO] [stderr]    Compiling hashbrown v0.12.2
[INFO] [stderr]    Compiling indenter v0.3.3
[INFO] [stderr]    Compiling serde_json v1.0.82
[INFO] [stderr]    Compiling os_str_bytes v6.1.0
[INFO] [stderr]    Compiling heck v0.4.0
[INFO] [stderr]    Compiling rustc-demangle v0.1.21
[INFO] [stderr]    Compiling remove_dir_all v0.5.3
[INFO] [stderr]    Compiling fastrand v1.7.0
[INFO] [stderr]    Compiling indexmap v1.9.1
[INFO] [stderr]    Compiling termcolor v1.1.3
[INFO] [stderr]    Compiling clap_lex v0.2.4
[INFO] [stderr]    Compiling strsim v0.10.0
[INFO] [stderr]    Compiling ryu v1.0.10
[INFO] [stderr]    Compiling either v1.7.0
[INFO] [stderr]    Compiling object v0.29.0
[INFO] [stderr]    Compiling textwrap v0.15.0
[INFO] [stderr]    Compiling itoa v1.0.2
[INFO] [stderr]    Compiling cross v0.2.4 (/opt/rustwide/workdir)
[INFO] [stderr]    Compiling rustc_version v0.4.0
[INFO] [stderr]    Compiling shell-words v1.1.0
[INFO] [stderr]    Compiling shell-escape v0.1.5
[INFO] [stderr]    Compiling home v0.5.3
[INFO] [stderr]    Compiling const-sha1 v0.2.0
[INFO] [stderr]    Compiling backtrace v0.3.66
[INFO] [stderr]    Compiling atty v0.2.14
[INFO] [stderr]    Compiling dirs-sys v0.3.7
[INFO] [stderr]    Compiling nix v0.24.1
[INFO] [stderr]    Compiling tempfile v3.3.0
[INFO] [stderr]    Compiling which v4.2.5
[INFO] [stderr]    Compiling supports-color v1.3.0
[INFO] [stderr]    Compiling directories v4.0.1
[INFO] [stderr]    Compiling owo-colors v3.4.0
[INFO] [stderr]    Compiling addr2line v0.17.0
[INFO] [stderr]    Compiling ctrlc v3.2.2
[INFO] [stderr]    Compiling color-eyre v0.6.2
[INFO] [stderr]    Compiling clap_derive v3.2.7
[INFO] [stderr]    Compiling thiserror-impl v1.0.31
[INFO] [stderr]    Compiling thiserror v1.0.31
[INFO] [stderr]    Compiling clap v3.2.8
[INFO] [stderr]    Compiling toml v0.5.9
[INFO] [stderr]    Compiling serde_ignored v0.1.3
[INFO] [stderr]     Finished dev [unoptimized + debuginfo] target(s) in 19.44s
[INFO] running `Command { std: "docker" "inspect" "26cca32eecbb09e83ab6bb2afa6db88633bab54b6b3d788dbedd9f74c0153962", kill_on_drop: false }`
[INFO] running `Command { std: "docker" "rm" "-f" "26cca32eecbb09e83ab6bb2afa6db88633bab54b6b3d788dbedd9f74c0153962", kill_on_drop: false }`
[INFO] [stdout] 26cca32eecbb09e83ab6bb2afa6db88633bab54b6b3d788dbedd9f74c0153962
[INFO] running `Command { std: "docker" "create" "-v" "/var/lib/crater-agent-workspace/builds/worker-1-tc1/target:/opt/rustwide/target:rw,Z" "-v" "/var/lib/crater-agent-workspace/builds/worker-1-tc1/source:/opt/rustwide/workdir:ro,Z" "-v" "/var/lib/crater-agent-workspace/cargo-home:/opt/rustwide/cargo-home:ro,Z" "-v" "/var/lib/crater-agent-workspace/rustup-home:/opt/rustwide/rustup-home:ro,Z" "-e" "SOURCE_DIR=/opt/rustwide/workdir" "-e" "CARGO_TARGET_DIR=/opt/rustwide/target" "-e" "CARGO_INCREMENTAL=0" "-e" "RUST_BACKTRACE=full" "-e" "RUSTFLAGS=--cap-lints=warn" "-e" "RUSTDOCFLAGS=--cap-lints=warn" "-e" "CARGO_HOME=/opt/rustwide/cargo-home" "-e" "RUSTUP_HOME=/opt/rustwide/rustup-home" "-w" "/opt/rustwide/workdir" "-m" "1610612736" "--user" "0:0" "--network" "none" "ghcr.io/rust-lang/crates-build-env/linux@sha256:2788e3201cd34a07e3172128adcd8b3090168a8e3bcc40d7c032b9dda1df7d1c" "/opt/rustwide/cargo-home/bin/cargo" "+1.75.0" "test" "--frozen" "--no-run" "--message-format=json", kill_on_drop: false }`
[INFO] [stdout] de4834127b91fdc0b220076046dd85b2a181633042f463bfaf747f4c00aee491
[INFO] running `Command { std: "docker" "start" "-a" "de4834127b91fdc0b220076046dd85b2a181633042f463bfaf747f4c00aee491", kill_on_drop: false }`
[INFO] [stderr]    Compiling memchr v2.5.0
[INFO] [stderr]    Compiling log v0.4.17
[INFO] [stderr]    Compiling regex-syntax v0.6.27
[INFO] [stderr]    Compiling crossbeam-utils v0.8.10
[INFO] [stderr]    Compiling thread_local v1.1.4
[INFO] [stderr]    Compiling object v0.29.0
[INFO] [stderr]    Compiling aho-corasick v0.7.18
[INFO] [stderr]    Compiling bstr v0.2.17
[INFO] [stderr]    Compiling regex v1.6.0
[INFO] [stderr]    Compiling globset v0.4.9
[INFO] [stderr]    Compiling ignore v0.4.18
[INFO] [stderr]    Compiling backtrace v0.3.66
[INFO] [stderr]    Compiling color-eyre v0.6.2
[INFO] [stderr]    Compiling cross v0.2.4 (/opt/rustwide/workdir)
[INFO] [stderr]     Finished test [unoptimized + debuginfo] target(s) in 11.65s
[INFO] running `Command { std: "docker" "inspect" "de4834127b91fdc0b220076046dd85b2a181633042f463bfaf747f4c00aee491", kill_on_drop: false }`
[INFO] running `Command { std: "docker" "rm" "-f" "de4834127b91fdc0b220076046dd85b2a181633042f463bfaf747f4c00aee491", kill_on_drop: false }`
[INFO] [stdout] de4834127b91fdc0b220076046dd85b2a181633042f463bfaf747f4c00aee491
[INFO] running `Command { std: "docker" "create" "-v" "/var/lib/crater-agent-workspace/builds/worker-1-tc1/target:/opt/rustwide/target:rw,Z" "-v" "/var/lib/crater-agent-workspace/builds/worker-1-tc1/source:/opt/rustwide/workdir:ro,Z" "-v" "/var/lib/crater-agent-workspace/cargo-home:/opt/rustwide/cargo-home:ro,Z" "-v" "/var/lib/crater-agent-workspace/rustup-home:/opt/rustwide/rustup-home:ro,Z" "-e" "SOURCE_DIR=/opt/rustwide/workdir" "-e" "CARGO_TARGET_DIR=/opt/rustwide/target" "-e" "CARGO_INCREMENTAL=0" "-e" "RUST_BACKTRACE=full" "-e" "RUSTFLAGS=--cap-lints=warn" "-e" "RUSTDOCFLAGS=--cap-lints=warn" "-e" "CARGO_HOME=/opt/rustwide/cargo-home" "-e" "RUSTUP_HOME=/opt/rustwide/rustup-home" "-w" "/opt/rustwide/workdir" "-m" "1610612736" "--user" "0:0" "--network" "none" "ghcr.io/rust-lang/crates-build-env/linux@sha256:2788e3201cd34a07e3172128adcd8b3090168a8e3bcc40d7c032b9dda1df7d1c" "/opt/rustwide/cargo-home/bin/cargo" "+1.75.0" "test" "--frozen", kill_on_drop: false }`
[INFO] [stdout] 224e34da2054631225209e0b643c3ba5ce947fa9be36095ae52916faac8efd74
[INFO] running `Command { std: "docker" "start" "-a" "224e34da2054631225209e0b643c3ba5ce947fa9be36095ae52916faac8efd74", kill_on_drop: false }`
[INFO] [stderr]     Finished test [unoptimized + debuginfo] target(s) in 0.09s
[INFO] [stderr]      Running unittests src/lib.rs (/opt/rustwide/target/debug/deps/cross-a1f6f18a82afd89c)
[INFO] [stdout] 
[INFO] [stdout] running 46 tests
[INFO] [stdout] test config::tests::test_config::env_target_and_toml_build_xargo_then_use_toml ... ok
[INFO] [stdout] test config::tests::test_config::env_target_and_toml_target_xargo_target_then_use_env ... ok
[INFO] [stdout] test config::tests::test_config::env_and_toml_default_target_then_use_env ... ok
[INFO] [stdout] test cli::tests::is_verbose_test ... ok
[INFO] [stdout] test config::tests::test_config::no_env_and_no_toml_default_target_then_none ... ok
[INFO] [stdout] test config::tests::test_config::env_target_and_toml_build_pre_build_then_use_env ... ok
[INFO] [stdout] test config::tests::test_config::env_and_toml_build_xargo_then_use_env ... ok
[INFO] [stdout] test config::tests::test_config::volumes_use_env_over_toml ... ok
[INFO] [stdout] test config::tests::test_config::no_env_but_toml_default_target_then_use_toml ... ok
[INFO] [stdout] test config::tests::test_config::env_target_then_toml_target_then_env_build_then_toml_build ... ok
[INFO] [stdout] test config::tests::test_config::toml_build_passthrough ... ok
[INFO] [stdout] test config::tests::test_environment::build_and_target_set_returns_tuple ... ok
[INFO] [stdout] test config::tests::test_config::volumes_use_toml_when_no_env ... ok
[INFO] [stdout] test config::tests::test_environment::target_build_var_name ... ok
[INFO] [stdout] test cross_toml::tests::parse_empty_toml ... ok
[INFO] [stdout] test cross_toml::tests::parse_from_cargo_toml ... ok
[INFO] [stdout] test cross_toml::tests::parse_mixed_toml ... ok
[INFO] [stdout] test config::tests::test_config::toml_target_passthrough ... ok
[INFO] [stdout] test cross_toml::tests::parse_from_empty_cargo_toml ... ok
[INFO] [stdout] test cross_toml::tests::parse_build_toml ... ok
[INFO] [stdout] test config::tests::test_environment::collect_passthrough ... ok
[INFO] [stdout] test cross_toml::tests::parse_target_toml ... ok
[INFO] [stdout] test cross_toml::tests::pre_build_script ... ok
[INFO] [stdout] test config::tests::test_environment::parse_error_in_env ... ok
[INFO] [stdout] test docker::shared::tests::mount_finder::test_adjust_multiple_paths ... ok
[INFO] [stdout] test docker::image::tests::architecture_from_target ... ok
[INFO] [stdout] test docker::image::tests::os_from_target ... ok
[INFO] [stdout] test config::tests::test_config::toml_build_passthrough_then_use_target_passthrough_both ... ok
[INFO] [stdout] test docker::custom::tests::docker_tag_name_test ... ok
[INFO] [stdout] test docker::shared::tests::mount_finder::test_default_finder_returns_original ... ok
[INFO] [stderr] [cross] warning: using older rustc `1.0.0 (11111111 2022-01-01)` for the target. Current active rustc on the host is `rustc 1.2.0 (22222222 2022-02-02)`.
[INFO] [stderr]  > Update with `rustup update --force-non-host xxxx-x86_64-unknown-linux-gnu`
[INFO] [stderr] [cross] warning: using newer rustc `1.2.0 (22222222 2022-02-02)` for the target. Current active rustc on the host is `rustc 1.0.0 (11111111 2022-01-01)`.
[INFO] [stderr]  > Update with `rustup update`
[INFO] [stderr] [cross] warning: using rustc `1.0.0-nightly (22222222 2022-01-01)` for the target. Current active rustc on the host is `rustc 1.0.0-nightly (11111111 2022-01-01)`.
[INFO] [stderr] [cross] warning: using older rustc `1.0.0-nightly (11111111 2022-01-01)` for the target. Current active rustc on the host is `rustc 1.0.0-nightly (22222222 2022-02-02)`.
[INFO] [stderr]  > Update with `rustup update --force-non-host xxxx-x86_64-unknown-linux-gnu`
[INFO] [stderr] [cross] warning: using newer rustc `1.0.0-nightly (22222222 2022-02-02)` for the target. Current active rustc on the host is `rustc 1.0.0-nightly (11111111 2022-01-01)`.
[INFO] [stderr]  > Update with `rustup update`
[INFO] [stdout] test docker::shared::tests::mount_finder::test_longest_destination_path_wins ... ok
[INFO] [stdout] test file::tests::as_posix_relative ... ok
[INFO] [stdout] test docker::shared::tests::test_docker_user_id ... ok
[INFO] [stdout] test docker::shared::tests::test_docker_userns ... ok
[INFO] [stdout] test docker::shared::tests::parse_docker_inspect::test_parse_container_root ... ok
[INFO] [stdout] test docker::shared::tests::parse_docker_inspect::test_parse_empty_user_mounts ... ok
[INFO] [stdout] test tests::target_mismatch ... ok
[INFO] [stdout] test file::tests::pretty_path_linux ... ok
[INFO] [stdout] test rustc::tests::bisect ... ok
[INFO] [stdout] test docker::shared::tests::parse_docker_inspect::test_parse_missing_user_moutns ... ok
[INFO] [stdout] test rustc::tests::hash_from_rustc ... ok
[INFO] [stdout] test docker::shared::tests::directories::test_host ... ok
[INFO] [stdout] test tests::check_newlines ... ok
[INFO] [stdout] test tests::toml::toml_check ... ok
[INFO] [stdout] test cross_toml::tests::merge ... ok
[INFO] [stdout] test docker::shared::tests::directories::test_docker_in_docker ... ok
[INFO] [stdout] 
[INFO] [stdout] test result: ok. 46 passed; 0 failed; 0 ignored; 0 measured; 0 filtered out; finished in 0.71s
[INFO] [stdout] 
[INFO] [stderr]      Running unittests src/bin/cross.rs (/opt/rustwide/target/debug/deps/cross-33c31c7cb0fcf1e1)
[INFO] [stdout] 
[INFO] [stdout] running 0 tests
[INFO] [stdout] 
[INFO] [stdout] test result: ok. 0 passed; 0 failed; 0 ignored; 0 measured; 0 filtered out; finished in 0.00s
[INFO] [stdout] 
[INFO] [stderr]      Running unittests src/bin/cross-util.rs (/opt/rustwide/target/debug/deps/cross_util-45503da0b3ee21dc)
[INFO] [stdout] 
[INFO] [stdout] running 1 test
[INFO] [stdout] test commands::images::tests::parse_rustembedded_target ... ok
[INFO] [stdout] 
[INFO] [stdout] test result: ok. 1 passed; 0 failed; 0 ignored; 0 measured; 0 filtered out; finished in 0.01s
[INFO] [stdout] 
[INFO] [stderr]    Doc-tests cross
[INFO] [stdout] 
[INFO] [stdout] running 0 tests
[INFO] [stdout] 
[INFO] [stdout] test result: ok. 0 passed; 0 failed; 0 ignored; 0 measured; 0 filtered out; finished in 0.00s
[INFO] [stdout] 
[INFO] running `Command { std: "docker" "inspect" "224e34da2054631225209e0b643c3ba5ce947fa9be36095ae52916faac8efd74", kill_on_drop: false }`
[INFO] running `Command { std: "docker" "rm" "-f" "224e34da2054631225209e0b643c3ba5ce947fa9be36095ae52916faac8efd74", kill_on_drop: false }`
[INFO] [stdout] 224e34da2054631225209e0b643c3ba5ce947fa9be36095ae52916faac8efd74
[INFO] testing dupu222/rust-cross-android against beta-2023-12-22 for beta-1.76-1
[INFO] running `Command { std: "git" "clone" "/workspace/cache/git-repos/https%3A%2F%2Fgithub.com%2Fdupu222%2Frust-cross-android" "/workspace/builds/worker-1-tc2/source", kill_on_drop: false }`
[INFO] [stderr] Cloning into '/workspace/builds/worker-1-tc2/source'...
[INFO] [stderr] done.
[INFO] validating manifest of git repo https://github.com/dupu222/rust-cross-android on toolchain beta-2023-12-22
[INFO] running `Command { std: CARGO_HOME="/workspace/cargo-home" RUSTUP_HOME="/workspace/rustup-home" "/workspace/cargo-home/bin/cargo" "+beta-2023-12-22" "metadata" "--manifest-path" "Cargo.toml" "--no-deps", kill_on_drop: false }`
[INFO] removed /workspace/builds/worker-1-tc2/source/.cargo/config.toml
[INFO] started tweaking git repo https://github.com/dupu222/rust-cross-android
[INFO] finished tweaking git repo https://github.com/dupu222/rust-cross-android
[INFO] tweaked toml for git repo https://github.com/dupu222/rust-cross-android written to /workspace/builds/worker-1-tc2/source/Cargo.toml
[INFO] crate git repo https://github.com/dupu222/rust-cross-android already has a lockfile, it will not be regenerated
[INFO] running `Command { std: CARGO_HOME="/workspace/cargo-home" RUSTUP_HOME="/workspace/rustup-home" "/workspace/cargo-home/bin/cargo" "+beta-2023-12-22" "fetch" "--manifest-path" "Cargo.toml", kill_on_drop: false }`
[INFO] running `Command { std: "docker" "create" "-v" "/var/lib/crater-agent-workspace/builds/worker-1-tc2/target:/opt/rustwide/target:rw,Z" "-v" "/var/lib/crater-agent-workspace/builds/worker-1-tc2/source:/opt/rustwide/workdir:ro,Z" "-v" "/var/lib/crater-agent-workspace/cargo-home:/opt/rustwide/cargo-home:ro,Z" "-v" "/var/lib/crater-agent-workspace/rustup-home:/opt/rustwide/rustup-home:ro,Z" "-e" "SOURCE_DIR=/opt/rustwide/workdir" "-e" "CARGO_TARGET_DIR=/opt/rustwide/target" "-e" "CARGO_HOME=/opt/rustwide/cargo-home" "-e" "RUSTUP_HOME=/opt/rustwide/rustup-home" "-w" "/opt/rustwide/workdir" "-m" "1610612736" "--user" "0:0" "--network" "none" "ghcr.io/rust-lang/crates-build-env/linux@sha256:2788e3201cd34a07e3172128adcd8b3090168a8e3bcc40d7c032b9dda1df7d1c" "/opt/rustwide/cargo-home/bin/cargo" "+beta-2023-12-22" "metadata" "--no-deps" "--format-version=1", kill_on_drop: false }`
[INFO] [stdout] 3c75e414104698ffb0415a9256241d690b10250d3aa50334bb9f12aa268fc559
[INFO] running `Command { std: "docker" "start" "-a" "3c75e414104698ffb0415a9256241d690b10250d3aa50334bb9f12aa268fc559", kill_on_drop: false }`
[INFO] running `Command { std: "docker" "inspect" "3c75e414104698ffb0415a9256241d690b10250d3aa50334bb9f12aa268fc559", kill_on_drop: false }`
[INFO] running `Command { std: "docker" "rm" "-f" "3c75e414104698ffb0415a9256241d690b10250d3aa50334bb9f12aa268fc559", kill_on_drop: false }`
[INFO] [stdout] 3c75e414104698ffb0415a9256241d690b10250d3aa50334bb9f12aa268fc559
[INFO] running `Command { std: "docker" "create" "-v" "/var/lib/crater-agent-workspace/builds/worker-1-tc2/target:/opt/rustwide/target:rw,Z" "-v" "/var/lib/crater-agent-workspace/builds/worker-1-tc2/source:/opt/rustwide/workdir:ro,Z" "-v" "/var/lib/crater-agent-workspace/cargo-home:/opt/rustwide/cargo-home:ro,Z" "-v" "/var/lib/crater-agent-workspace/rustup-home:/opt/rustwide/rustup-home:ro,Z" "-e" "SOURCE_DIR=/opt/rustwide/workdir" "-e" "CARGO_TARGET_DIR=/opt/rustwide/target" "-e" "CARGO_INCREMENTAL=0" "-e" "RUST_BACKTRACE=full" "-e" "RUSTFLAGS=--cap-lints=warn" "-e" "RUSTDOCFLAGS=--cap-lints=warn" "-e" "CARGO_HOME=/opt/rustwide/cargo-home" "-e" "RUSTUP_HOME=/opt/rustwide/rustup-home" "-w" "/opt/rustwide/workdir" "-m" "1610612736" "--user" "0:0" "--network" "none" "ghcr.io/rust-lang/crates-build-env/linux@sha256:2788e3201cd34a07e3172128adcd8b3090168a8e3bcc40d7c032b9dda1df7d1c" "/opt/rustwide/cargo-home/bin/cargo" "+beta-2023-12-22" "build" "--frozen" "--message-format=json", kill_on_drop: false }`
[INFO] [stdout] dac52c828590cf66f13eeb07a543725bb462f0f1994d5eb01d9d6ed96bcfbf90
[INFO] running `Command { std: "docker" "start" "-a" "dac52c828590cf66f13eeb07a543725bb462f0f1994d5eb01d9d6ed96bcfbf90", kill_on_drop: false }`
[INFO] [stderr]    Compiling proc-macro2 v1.0.40
[INFO] [stderr]    Compiling libc v0.2.126
[INFO] [stderr]    Compiling quote v1.0.20
[INFO] [stderr]    Compiling unicode-ident v1.0.1
[INFO] [stderr]    Compiling syn v1.0.98
[INFO] [stderr]    Compiling serde_derive v1.0.138
[INFO] [stderr]    Compiling memchr v2.5.0
[INFO] [stderr]    Compiling serde v1.0.138
[INFO] [stderr]    Compiling cc v1.0.73
[INFO] [stderr]    Compiling autocfg v1.1.0
[INFO] [stderr]    Compiling semver v1.0.12
[INFO] [stderr]    Compiling once_cell v1.13.0
[INFO] [stderr]    Compiling gimli v0.26.1
[INFO] [stderr]    Compiling eyre v0.6.8
[INFO] [stderr]    Compiling proc-macro-error-attr v1.0.4
[INFO] [stderr]    Compiling proc-macro-error v1.0.4
[INFO] [stderr]    Compiling is_ci v1.1.1
[INFO] [stderr]    Compiling adler v1.0.2
[INFO] [stderr]    Compiling os_str_bytes v6.1.0
[INFO] [stderr]    Compiling serde_json v1.0.82
[INFO] [stderr]    Compiling miniz_oxide v0.5.3
[INFO] [stderr]    Compiling rustc-demangle v0.1.21
[INFO] [stderr]    Compiling heck v0.4.0
[INFO] [stderr]    Compiling hashbrown v0.12.2
[INFO] [stderr]    Compiling indenter v0.3.3
[INFO] [stderr]    Compiling indexmap v1.9.1
[INFO] [stderr]    Compiling clap_lex v0.2.4
[INFO] [stderr]    Compiling fastrand v1.7.0
[INFO] [stderr]    Compiling itoa v1.0.2
[INFO] [stderr]    Compiling ryu v1.0.10
[INFO] [stderr]    Compiling cross v0.2.4 (/opt/rustwide/workdir)
[INFO] [stderr]    Compiling object v0.29.0
[INFO] [stderr]    Compiling textwrap v0.15.0
[INFO] [stderr]    Compiling termcolor v1.1.3
[INFO] [stderr]    Compiling remove_dir_all v0.5.3
[INFO] [stderr]    Compiling either v1.7.0
[INFO] [stderr]    Compiling strsim v0.10.0
[INFO] [stderr]    Compiling rustc_version v0.4.0
[INFO] [stderr]    Compiling shell-escape v0.1.5
[INFO] [stderr]    Compiling home v0.5.3
[INFO] [stderr]    Compiling const-sha1 v0.2.0
[INFO] [stderr]    Compiling shell-words v1.1.0
[INFO] [stderr]    Compiling backtrace v0.3.66
[INFO] [stderr]    Compiling atty v0.2.14
[INFO] [stderr]    Compiling dirs-sys v0.3.7
[INFO] [stderr]    Compiling nix v0.24.1
[INFO] [stderr]    Compiling tempfile v3.3.0
[INFO] [stderr]    Compiling which v4.2.5
[INFO] [stderr]    Compiling supports-color v1.3.0
[INFO] [stderr]    Compiling directories v4.0.1
[INFO] [stderr]    Compiling owo-colors v3.4.0
[INFO] [stderr]    Compiling addr2line v0.17.0
[INFO] [stderr]    Compiling ctrlc v3.2.2
[INFO] [stderr]    Compiling color-eyre v0.6.2
[INFO] [stderr]    Compiling thiserror-impl v1.0.31
[INFO] [stderr]    Compiling clap_derive v3.2.7
[INFO] [stderr]    Compiling thiserror v1.0.31
[INFO] [stderr]    Compiling clap v3.2.8
[INFO] [stderr]    Compiling serde_ignored v0.1.3
[INFO] [stderr]    Compiling toml v0.5.9
[INFO] [stderr]     Finished dev [unoptimized + debuginfo] target(s) in 14.00s
[INFO] running `Command { std: "docker" "inspect" "dac52c828590cf66f13eeb07a543725bb462f0f1994d5eb01d9d6ed96bcfbf90", kill_on_drop: false }`
[INFO] running `Command { std: "docker" "rm" "-f" "dac52c828590cf66f13eeb07a543725bb462f0f1994d5eb01d9d6ed96bcfbf90", kill_on_drop: false }`
[INFO] [stdout] dac52c828590cf66f13eeb07a543725bb462f0f1994d5eb01d9d6ed96bcfbf90
[INFO] running `Command { std: "docker" "create" "-v" "/var/lib/crater-agent-workspace/builds/worker-1-tc2/target:/opt/rustwide/target:rw,Z" "-v" "/var/lib/crater-agent-workspace/builds/worker-1-tc2/source:/opt/rustwide/workdir:ro,Z" "-v" "/var/lib/crater-agent-workspace/cargo-home:/opt/rustwide/cargo-home:ro,Z" "-v" "/var/lib/crater-agent-workspace/rustup-home:/opt/rustwide/rustup-home:ro,Z" "-e" "SOURCE_DIR=/opt/rustwide/workdir" "-e" "CARGO_TARGET_DIR=/opt/rustwide/target" "-e" "CARGO_INCREMENTAL=0" "-e" "RUST_BACKTRACE=full" "-e" "RUSTFLAGS=--cap-lints=warn" "-e" "RUSTDOCFLAGS=--cap-lints=warn" "-e" "CARGO_HOME=/opt/rustwide/cargo-home" "-e" "RUSTUP_HOME=/opt/rustwide/rustup-home" "-w" "/opt/rustwide/workdir" "-m" "1610612736" "--user" "0:0" "--network" "none" "ghcr.io/rust-lang/crates-build-env/linux@sha256:2788e3201cd34a07e3172128adcd8b3090168a8e3bcc40d7c032b9dda1df7d1c" "/opt/rustwide/cargo-home/bin/cargo" "+beta-2023-12-22" "test" "--frozen" "--no-run" "--message-format=json", kill_on_drop: false }`
[INFO] [stdout] 48ccfc41d6107b3db12c2d55d94ae3ec824b33b91aca054db7fe7e880c1219ba
[INFO] running `Command { std: "docker" "start" "-a" "48ccfc41d6107b3db12c2d55d94ae3ec824b33b91aca054db7fe7e880c1219ba", kill_on_drop: false }`
[INFO] [stderr]    Compiling memchr v2.5.0
[INFO] [stderr]    Compiling log v0.4.17
[INFO] [stderr]    Compiling regex-syntax v0.6.27
[INFO] [stderr]    Compiling crossbeam-utils v0.8.10
[INFO] [stderr]    Compiling thread_local v1.1.4
[INFO] [stderr]    Compiling object v0.29.0
[INFO] [stderr]    Compiling aho-corasick v0.7.18
[INFO] [stderr]    Compiling bstr v0.2.17
[INFO] [stderr]    Compiling regex v1.6.0
[INFO] [stderr]    Compiling globset v0.4.9
[INFO] [stderr]    Compiling ignore v0.4.18
[INFO] [stderr]    Compiling backtrace v0.3.66
[INFO] [stderr]    Compiling color-eyre v0.6.2
[INFO] [stderr]    Compiling cross v0.2.4 (/opt/rustwide/workdir)
[INFO] [stderr]     Finished test [unoptimized + debuginfo] target(s) in 12.49s
[INFO] running `Command { std: "docker" "inspect" "48ccfc41d6107b3db12c2d55d94ae3ec824b33b91aca054db7fe7e880c1219ba", kill_on_drop: false }`
[INFO] running `Command { std: "docker" "rm" "-f" "48ccfc41d6107b3db12c2d55d94ae3ec824b33b91aca054db7fe7e880c1219ba", kill_on_drop: false }`
[INFO] [stdout] 48ccfc41d6107b3db12c2d55d94ae3ec824b33b91aca054db7fe7e880c1219ba
[INFO] running `Command { std: "docker" "create" "-v" "/var/lib/crater-agent-workspace/builds/worker-1-tc2/target:/opt/rustwide/target:rw,Z" "-v" "/var/lib/crater-agent-workspace/builds/worker-1-tc2/source:/opt/rustwide/workdir:ro,Z" "-v" "/var/lib/crater-agent-workspace/cargo-home:/opt/rustwide/cargo-home:ro,Z" "-v" "/var/lib/crater-agent-workspace/rustup-home:/opt/rustwide/rustup-home:ro,Z" "-e" "SOURCE_DIR=/opt/rustwide/workdir" "-e" "CARGO_TARGET_DIR=/opt/rustwide/target" "-e" "CARGO_INCREMENTAL=0" "-e" "RUST_BACKTRACE=full" "-e" "RUSTFLAGS=--cap-lints=warn" "-e" "RUSTDOCFLAGS=--cap-lints=warn" "-e" "CARGO_HOME=/opt/rustwide/cargo-home" "-e" "RUSTUP_HOME=/opt/rustwide/rustup-home" "-w" "/opt/rustwide/workdir" "-m" "1610612736" "--user" "0:0" "--network" "none" "ghcr.io/rust-lang/crates-build-env/linux@sha256:2788e3201cd34a07e3172128adcd8b3090168a8e3bcc40d7c032b9dda1df7d1c" "/opt/rustwide/cargo-home/bin/cargo" "+beta-2023-12-22" "test" "--frozen", kill_on_drop: false }`
[INFO] [stdout] 7851ba7527af927785d25b856e9cc51460f5863a6756ea6564e66afd7d05007f
[INFO] running `Command { std: "docker" "start" "-a" "7851ba7527af927785d25b856e9cc51460f5863a6756ea6564e66afd7d05007f", kill_on_drop: false }`
[INFO] [stderr]     Finished test [unoptimized + debuginfo] target(s) in 0.09s
[INFO] [stderr]      Running unittests src/lib.rs (/opt/rustwide/target/debug/deps/cross-00506c00e532e8c1)
[INFO] [stdout] 
[INFO] [stdout] running 46 tests
[INFO] [stdout] test config::tests::test_config::env_target_and_toml_target_xargo_target_then_use_env ... ok
[INFO] [stdout] test cli::tests::is_verbose_test ... ok
[INFO] [stdout] test config::tests::test_config::no_env_and_no_toml_default_target_then_none ... ok
[INFO] [stdout] test config::tests::test_environment::collect_passthrough ... ok
[INFO] [stdout] test config::tests::test_environment::parse_error_in_env ... ok
[INFO] [stdout] test config::tests::test_config::no_env_but_toml_default_target_then_use_toml ... ok
[INFO] [stdout] test config::tests::test_config::env_target_and_toml_build_pre_build_then_use_env ... ok
[INFO] [stdout] test config::tests::test_config::env_target_and_toml_build_xargo_then_use_toml ... ok
[INFO] [stdout] test config::tests::test_environment::target_build_var_name ... ok
[INFO] [stdout] test config::tests::test_config::volumes_use_toml_when_no_env ... ok
[INFO] [stdout] test config::tests::test_config::toml_build_passthrough ... ok
[INFO] [stdout] test config::tests::test_environment::build_and_target_set_returns_tuple ... ok
[INFO] [stdout] test cross_toml::tests::parse_from_empty_cargo_toml ... ok
[INFO] [stdout] test cross_toml::tests::parse_build_toml ... ok
[INFO] [stdout] test config::tests::test_config::env_and_toml_default_target_then_use_env ... ok
[INFO] [stdout] test config::tests::test_config::volumes_use_env_over_toml ... ok
[INFO] [stdout] test config::tests::test_config::env_and_toml_build_xargo_then_use_env ... ok
[INFO] [stdout] test config::tests::test_config::toml_target_passthrough ... ok
[INFO] [stdout] test cross_toml::tests::parse_empty_toml ... ok
[INFO] [stdout] test cross_toml::tests::pre_build_script ... ok
[INFO] [stdout] test docker::image::tests::os_from_target ... ok
[INFO] [stdout] test docker::shared::tests::mount_finder::test_adjust_multiple_paths ... ok
[INFO] [stdout] test config::tests::test_config::env_target_then_toml_target_then_env_build_then_toml_build ... ok
[INFO] [stdout] test cross_toml::tests::parse_target_toml ... ok
[INFO] [stdout] test docker::shared::tests::mount_finder::test_default_finder_returns_original ... ok
[INFO] [stdout] test docker::custom::tests::docker_tag_name_test ... ok
[INFO] [stdout] test cross_toml::tests::parse_from_cargo_toml ... ok
[INFO] [stdout] test docker::image::tests::architecture_from_target ... ok
[INFO] [stdout] test config::tests::test_config::toml_build_passthrough_then_use_target_passthrough_both ... ok
[INFO] [stdout] test file::tests::as_posix_relative ... ok
[INFO] [stdout] test file::tests::pretty_path_linux ... ok
[INFO] [stdout] test docker::shared::tests::parse_docker_inspect::test_parse_missing_user_moutns ... ok
[INFO] [stdout] test docker::shared::tests::parse_docker_inspect::test_parse_empty_user_mounts ... ok
[INFO] [stderr] [cross] warning: using older rustc `1.0.0 (11111111 2022-01-01)` for the target. Current active rustc on the host is `rustc 1.2.0 (22222222 2022-02-02)`.
[INFO] [stderr]  > Update with `rustup update --force-non-host xxxx-x86_64-unknown-linux-gnu`
[INFO] [stderr] [cross] warning: using newer rustc `1.2.0 (22222222 2022-02-02)` for the target. Current active rustc on the host is `rustc 1.0.0 (11111111 2022-01-01)`.
[INFO] [stderr]  > Update with `rustup update`
[INFO] [stderr] [cross] warning: using rustc `1.0.0-nightly (22222222 2022-01-01)` for the target. Current active rustc on the host is `rustc 1.0.0-nightly (11111111 2022-01-01)`.
[INFO] [stderr] [cross] warning: using older rustc `1.0.0-nightly (11111111 2022-01-01)` for the target. Current active rustc on the host is `rustc 1.0.0-nightly (22222222 2022-02-02)`.
[INFO] [stderr]  > Update with `rustup update --force-non-host xxxx-x86_64-unknown-linux-gnu`
[INFO] [stderr] [cross] warning: using newer rustc `1.0.0-nightly (22222222 2022-02-02)` for the target. Current active rustc on the host is `rustc 1.0.0-nightly (11111111 2022-01-01)`.
[INFO] [stderr]  > Update with `rustup update`
[INFO] [stdout] test docker::shared::tests::mount_finder::test_longest_destination_path_wins ... ok
[INFO] [stdout] test docker::shared::tests::test_docker_user_id ... ok
[INFO] [stdout] test docker::shared::tests::parse_docker_inspect::test_parse_container_root ... ok
[INFO] [stdout] test rustc::tests::bisect ... ok
[INFO] [stdout] test tests::target_mismatch ... ok
[INFO] [stdout] test cross_toml::tests::parse_mixed_toml ... ok
[INFO] [stdout] test rustc::tests::hash_from_rustc ... ok
[INFO] [stdout] test docker::shared::tests::test_docker_userns ... ok
[INFO] [stdout] test tests::check_newlines ... ok
[INFO] [stdout] test tests::toml::toml_check ... ok
[INFO] [stdout] test docker::shared::tests::directories::test_docker_in_docker ... ok
[INFO] [stdout] test docker::shared::tests::directories::test_host ... FAILED
[INFO] [stdout] test cross_toml::tests::merge ... ok
[INFO] [stdout] 
[INFO] [stdout] failures:
[INFO] [stdout] 
[INFO] [stdout] ---- docker::shared::tests::directories::test_host stdout ----
[INFO] [stdout] thread 'docker::shared::tests::directories::test_host' panicked at src/docker/shared.rs:1138:13:
[INFO] [stdout] assertion `left == right` failed
[INFO] [stdout]   left: "/opt/rustwide/cargo-home"
[INFO] [stdout]  right: "/root/.cargo"
[INFO] [stdout] stack backtrace:
[INFO] [stdout]    0:     0x5562d8907d46 - std::backtrace_rs::backtrace::libunwind::trace::h261606ad26a499c1
[INFO] [stdout]                                at /rustc/0e09125c6c3c2fd70d7de961bcf0e51575235fad/library/std/src/../../backtrace/src/backtrace/libunwind.rs:104:5
[INFO] [stdout]    1:     0x5562d8907d46 - std::backtrace_rs::backtrace::trace_unsynchronized::hd183f0625477fb28
[INFO] [stdout]                                at /rustc/0e09125c6c3c2fd70d7de961bcf0e51575235fad/library/std/src/../../backtrace/src/backtrace/mod.rs:66:5
[INFO] [stdout]    2:     0x5562d8907d46 - std::sys_common::backtrace::_print_fmt::hd7f8fef21b4eda67
[INFO] [stdout]                                at /rustc/0e09125c6c3c2fd70d7de961bcf0e51575235fad/library/std/src/sys_common/backtrace.rs:68:5
[INFO] [stdout]    3:     0x5562d8907d46 - <std::sys_common::backtrace::_print::DisplayBacktrace as core::fmt::Display>::fmt::h623d9b51f2f453f1
[INFO] [stdout]                                at /rustc/0e09125c6c3c2fd70d7de961bcf0e51575235fad/library/std/src/sys_common/backtrace.rs:44:22
[INFO] [stdout]    4:     0x5562d8934460 - core::fmt::rt::Argument::fmt::h9f417ac76a86f368
[INFO] [stdout]                                at /rustc/0e09125c6c3c2fd70d7de961bcf0e51575235fad/library/core/src/fmt/rt.rs:142:9
[INFO] [stdout]    5:     0x5562d8934460 - core::fmt::write::hc9b6faf4ac2aeff7
[INFO] [stdout]                                at /rustc/0e09125c6c3c2fd70d7de961bcf0e51575235fad/library/core/src/fmt/mod.rs:1120:17
[INFO] [stdout]    6:     0x5562d89050cf - std::io::Write::write_fmt::he04625a3a989fec3
[INFO] [stdout]                                at /rustc/0e09125c6c3c2fd70d7de961bcf0e51575235fad/library/std/src/io/mod.rs:1810:15
[INFO] [stdout]    7:     0x5562d8907b24 - std::sys_common::backtrace::_print::hd5d66399c7df88a2
[INFO] [stdout]                                at /rustc/0e09125c6c3c2fd70d7de961bcf0e51575235fad/library/std/src/sys_common/backtrace.rs:47:5
[INFO] [stdout]    8:     0x5562d8907b24 - std::sys_common::backtrace::print::he81ed2da642d37e5
[INFO] [stdout]                                at /rustc/0e09125c6c3c2fd70d7de961bcf0e51575235fad/library/std/src/sys_common/backtrace.rs:34:9
[INFO] [stdout]    9:     0x5562d8909917 - std::panicking::default_hook::{{closure}}::h85773f4fa117163d
[INFO] [stdout]   10:     0x5562d89095fd - std::panicking::default_hook::h6a1694a91d09b278
[INFO] [stdout]                                at /rustc/0e09125c6c3c2fd70d7de961bcf0e51575235fad/library/std/src/panicking.rs:289:9
[INFO] [stdout]   11:     0x5562d86f8707 - <alloc::boxed::Box<F,A> as core::ops::function::Fn<Args>>::call::h616ac37fa3cd6c8f
[INFO] [stdout]                                at /rustc/0e09125c6c3c2fd70d7de961bcf0e51575235fad/library/alloc/src/boxed.rs:2029:9
[INFO] [stdout]   12:     0x5562d86f8707 - test::test_main::{{closure}}::h00d84697cefdcbb6
[INFO] [stdout]                                at /rustc/0e09125c6c3c2fd70d7de961bcf0e51575235fad/library/test/src/lib.rs:138:21
[INFO] [stdout]   13:     0x5562d8909f36 - <alloc::boxed::Box<F,A> as core::ops::function::Fn<Args>>::call::hcb3fe3b9bb537ba8
[INFO] [stdout]                                at /rustc/0e09125c6c3c2fd70d7de961bcf0e51575235fad/library/alloc/src/boxed.rs:2029:9
[INFO] [stdout]   14:     0x5562d8909f36 - std::panicking::rust_panic_with_hook::h0a7ad96e90f7145b
[INFO] [stdout]                                at /rustc/0e09125c6c3c2fd70d7de961bcf0e51575235fad/library/std/src/panicking.rs:783:13
[INFO] [stdout]   15:     0x5562d8909c82 - std::panicking::begin_panic_handler::{{closure}}::h7919090525c6485e
[INFO] [stdout]                                at /rustc/0e09125c6c3c2fd70d7de961bcf0e51575235fad/library/std/src/panicking.rs:657:13
[INFO] [stdout]   16:     0x5562d8908246 - std::sys_common::backtrace::__rust_end_short_backtrace::hf3289479464f7dfe
[INFO] [stdout]                                at /rustc/0e09125c6c3c2fd70d7de961bcf0e51575235fad/library/std/src/sys_common/backtrace.rs:171:18
[INFO] [stdout]   17:     0x5562d89099e0 - rust_begin_unwind
[INFO] [stdout]                                at /rustc/0e09125c6c3c2fd70d7de961bcf0e51575235fad/library/std/src/panicking.rs:645:5
[INFO] [stdout]   18:     0x5562d83d8755 - core::panicking::panic_fmt::hcc9f77c5c132af55
[INFO] [stdout]                                at /rustc/0e09125c6c3c2fd70d7de961bcf0e51575235fad/library/core/src/panicking.rs:72:14
[INFO] [stdout]   19:     0x5562d83d8bcb - core::panicking::assert_failed_inner::h9f13e27dd63c3a08
[INFO] [stdout]                                at /rustc/0e09125c6c3c2fd70d7de961bcf0e51575235fad/library/core/src/panicking.rs:342:17
[INFO] [stdout]   20:     0x5562d85509fe - core::panicking::assert_failed::h5c0f52c79fa2b0ad
[INFO] [stdout]                                at /rustc/0e09125c6c3c2fd70d7de961bcf0e51575235fad/library/core/src/panicking.rs:297:5
[INFO] [stdout]   21:     0x5562d84ba4bd - cross::docker::shared::tests::directories::paths_equal::hc842001de383b33c
[INFO] [stdout]                                at /opt/rustwide/workdir/src/docker/shared.rs:1127:13
[INFO] [stdout]   22:     0x5562d84bbdb4 - cross::docker::shared::tests::directories::test_host::ha039ce3d663245b8
[INFO] [stdout]                                at /opt/rustwide/workdir/src/docker/shared.rs:1138:13
[INFO] [stdout]   23:     0x5562d84bb867 - cross::docker::shared::tests::directories::test_host::{{closure}}::h119a4e9f8c24399d
[INFO] [stdout]                                at /opt/rustwide/workdir/src/docker/shared.rs:1133:27
[INFO] [stdout]   24:     0x5562d850bae6 - core::ops::function::FnOnce::call_once::h729227b6f83fb13f
[INFO] [stdout]                                at /rustc/0e09125c6c3c2fd70d7de961bcf0e51575235fad/library/core/src/ops/function.rs:250:5
[INFO] [stdout]   25:     0x5562d86fdfdf - core::ops::function::FnOnce::call_once::hd64d26f405258157
[INFO] [stdout]                                at /rustc/0e09125c6c3c2fd70d7de961bcf0e51575235fad/library/core/src/ops/function.rs:250:5
[INFO] [stdout]   26:     0x5562d86fdfdf - test::__rust_begin_short_backtrace::he21b0b7a6d731bf9
[INFO] [stdout]                                at /rustc/0e09125c6c3c2fd70d7de961bcf0e51575235fad/library/test/src/lib.rs:627:18
[INFO] [stdout]   27:     0x5562d86fcd61 - test::run_test_in_process::{{closure}}::hf5c73986d7bdfde2
[INFO] [stdout]                                at /rustc/0e09125c6c3c2fd70d7de961bcf0e51575235fad/library/test/src/lib.rs:650:60
[INFO] [stdout]   28:     0x5562d86fcd61 - <core::panic::unwind_safe::AssertUnwindSafe<F> as core::ops::function::FnOnce<()>>::call_once::h330011ad032aadc0
[INFO] [stdout]                                at /rustc/0e09125c6c3c2fd70d7de961bcf0e51575235fad/library/core/src/panic/unwind_safe.rs:272:9
[INFO] [stdout]   29:     0x5562d86fcd61 - std::panicking::try::do_call::he61b0a958b795a41
[INFO] [stdout]                                at /rustc/0e09125c6c3c2fd70d7de961bcf0e51575235fad/library/std/src/panicking.rs:552:40
[INFO] [stdout]   30:     0x5562d86fcd61 - std::panicking::try::h7309da130f906eb7
[INFO] [stdout]                                at /rustc/0e09125c6c3c2fd70d7de961bcf0e51575235fad/library/std/src/panicking.rs:516:19
[INFO] [stdout]   31:     0x5562d86fcd61 - std::panic::catch_unwind::hc5c3a06fdaf0a92a
[INFO] [stdout]                                at /rustc/0e09125c6c3c2fd70d7de961bcf0e51575235fad/library/std/src/panic.rs:142:14
[INFO] [stdout]   32:     0x5562d86fcd61 - test::run_test_in_process::h7e7b7c71c3324e0f
[INFO] [stdout]                                at /rustc/0e09125c6c3c2fd70d7de961bcf0e51575235fad/library/test/src/lib.rs:650:27
[INFO] [stdout]   33:     0x5562d86fcd61 - test::run_test::{{closure}}::h1f509f28f5cf20b1
[INFO] [stdout]                                at /rustc/0e09125c6c3c2fd70d7de961bcf0e51575235fad/library/test/src/lib.rs:573:43
[INFO] [stdout]   34:     0x5562d86c4096 - test::run_test::{{closure}}::h1754218abf443f6d
[INFO] [stdout]                                at /rustc/0e09125c6c3c2fd70d7de961bcf0e51575235fad/library/test/src/lib.rs:601:41
[INFO] [stdout]   35:     0x5562d86c4096 - std::sys_common::backtrace::__rust_begin_short_backtrace::h2ee174b9d5954948
[INFO] [stdout]                                at /rustc/0e09125c6c3c2fd70d7de961bcf0e51575235fad/library/std/src/sys_common/backtrace.rs:155:18
[INFO] [stdout]   36:     0x5562d86c90f7 - std::thread::Builder::spawn_unchecked_::{{closure}}::{{closure}}::hf60bee9c1a17ef09
[INFO] [stdout]                                at /rustc/0e09125c6c3c2fd70d7de961bcf0e51575235fad/library/std/src/thread/mod.rs:529:17
[INFO] [stdout]   37:     0x5562d86c90f7 - <core::panic::unwind_safe::AssertUnwindSafe<F> as core::ops::function::FnOnce<()>>::call_once::h33d0dddec5216160
[INFO] [stdout]                                at /rustc/0e09125c6c3c2fd70d7de961bcf0e51575235fad/library/core/src/panic/unwind_safe.rs:272:9
[INFO] [stdout]   38:     0x5562d86c90f7 - std::panicking::try::do_call::h144b3048b546f835
[INFO] [stdout]                                at /rustc/0e09125c6c3c2fd70d7de961bcf0e51575235fad/library/std/src/panicking.rs:552:40
[INFO] [stdout]   39:     0x5562d86c90f7 - std::panicking::try::h978244d04646189f
[INFO] [stdout]                                at /rustc/0e09125c6c3c2fd70d7de961bcf0e51575235fad/library/std/src/panicking.rs:516:19
[INFO] [stdout]   40:     0x5562d86c90f7 - std::panic::catch_unwind::hdf436369d188fe86
[INFO] [stdout]                                at /rustc/0e09125c6c3c2fd70d7de961bcf0e51575235fad/library/std/src/panic.rs:142:14
[INFO] [stdout]   41:     0x5562d86c90f7 - std::thread::Builder::spawn_unchecked_::{{closure}}::h87329cbdd33c79ec
[INFO] [stdout]                                at /rustc/0e09125c6c3c2fd70d7de961bcf0e51575235fad/library/std/src/thread/mod.rs:528:30
[INFO] [stdout]   42:     0x5562d86c90f7 - core::ops::function::FnOnce::call_once{{vtable.shim}}::h401abbe67897d450
[INFO] [stdout]                                at /rustc/0e09125c6c3c2fd70d7de961bcf0e51575235fad/library/core/src/ops/function.rs:250:5
[INFO] [stdout]   43:     0x5562d890fd85 - <alloc::boxed::Box<F,A> as core::ops::function::FnOnce<Args>>::call_once::h5d7c8f150ab9c84c
[INFO] [stdout]                                at /rustc/0e09125c6c3c2fd70d7de961bcf0e51575235fad/library/alloc/src/boxed.rs:2015:9
[INFO] [stdout]   44:     0x5562d890fd85 - <alloc::boxed::Box<F,A> as core::ops::function::FnOnce<Args>>::call_once::h570d5b005c242c15
[INFO] [stdout]                                at /rustc/0e09125c6c3c2fd70d7de961bcf0e51575235fad/library/alloc/src/boxed.rs:2015:9
[INFO] [stdout]   45:     0x5562d890fd85 - std::sys::unix::thread::Thread::new::thread_start::h36b0a20c0b2361ad
[INFO] [stdout]                                at /rustc/0e09125c6c3c2fd70d7de961bcf0e51575235fad/library/std/src/sys/unix/thread.rs:108:17
[INFO] [stdout]   46:     0x7f84bbf1dac3 - <unknown>
[INFO] [stdout]   47:     0x7f84bbfaebf4 - __clone
[INFO] [stdout]   48:                0x0 - <unknown>
[INFO] [stdout] 
[INFO] [stdout] 
[INFO] [stdout] failures:
[INFO] [stdout]     docker::shared::tests::directories::test_host
[INFO] [stdout] 
[INFO] [stdout] test result: FAILED. 45 passed; 1 failed; 0 ignored; 0 measured; 0 filtered out; finished in 0.65s
[INFO] [stdout] 
[INFO] [stderr] error: test failed, to rerun pass `--lib`
[INFO] running `Command { std: "docker" "inspect" "7851ba7527af927785d25b856e9cc51460f5863a6756ea6564e66afd7d05007f", kill_on_drop: false }`
[INFO] running `Command { std: "docker" "rm" "-f" "7851ba7527af927785d25b856e9cc51460f5863a6756ea6564e66afd7d05007f", kill_on_drop: false }`
[INFO] [stdout] 7851ba7527af927785d25b856e9cc51460f5863a6756ea6564e66afd7d05007f
