[INFO] cloning repository https://github.com/daxborde/wordlink
[INFO] running `Command { std: "git" "-c" "credential.helper=" "-c" "credential.helper=/workspace/cargo-home/bin/git-credential-null" "clone" "--bare" "https://github.com/daxborde/wordlink" "/workspace/cache/git-repos/https%3A%2F%2Fgithub.com%2Fdaxborde%2Fwordlink", kill_on_drop: false }`
[INFO] [stderr] Cloning into bare repository '/workspace/cache/git-repos/https%3A%2F%2Fgithub.com%2Fdaxborde%2Fwordlink'...
[INFO] running `Command { std: "git" "rev-parse" "HEAD", kill_on_drop: false }`
[INFO] [stdout] 30c49d8bce6001aa0ec43ab6d6d1f5406b5c3059
[INFO] testing daxborde/wordlink against 1.75.0 for beta-1.76-1
[INFO] running `Command { std: "git" "clone" "/workspace/cache/git-repos/https%3A%2F%2Fgithub.com%2Fdaxborde%2Fwordlink" "/workspace/builds/worker-4-tc1/source", kill_on_drop: false }`
[INFO] [stderr] Cloning into '/workspace/builds/worker-4-tc1/source'...
[INFO] [stderr] done.
[INFO] validating manifest of git repo https://github.com/daxborde/wordlink on toolchain 1.75.0
[INFO] running `Command { std: CARGO_HOME="/workspace/cargo-home" RUSTUP_HOME="/workspace/rustup-home" "/workspace/cargo-home/bin/cargo" "+1.75.0" "metadata" "--manifest-path" "Cargo.toml" "--no-deps", kill_on_drop: false }`
[INFO] started tweaking git repo https://github.com/daxborde/wordlink
[INFO] finished tweaking git repo https://github.com/daxborde/wordlink
[INFO] tweaked toml for git repo https://github.com/daxborde/wordlink written to /workspace/builds/worker-4-tc1/source/Cargo.toml
[INFO] crate git repo https://github.com/daxborde/wordlink already has a lockfile, it will not be regenerated
[INFO] running `Command { std: CARGO_HOME="/workspace/cargo-home" RUSTUP_HOME="/workspace/rustup-home" "/workspace/cargo-home/bin/cargo" "+1.75.0" "fetch" "--manifest-path" "Cargo.toml", kill_on_drop: false }`
[INFO] [stderr]  Downloading crates ...
[INFO] [stderr]   Downloaded sqlx-rt v0.2.0
[INFO] [stderr]   Downloaded sailfish-macros v0.3.3
[INFO] [stderr]   Downloaded sqlx v0.4.2
[INFO] [stderr]   Downloaded sqlx-macros v0.4.2
[INFO] [stderr]   Downloaded whoami v1.2.0
[INFO] [stderr]   Downloaded sailfish v0.3.3
[INFO] [stderr]   Downloaded sqlx-core v0.4.2
[INFO] [stderr]   Downloaded sailfish-compiler v0.3.3
[INFO] running `Command { std: "docker" "create" "-v" "/var/lib/crater-agent-workspace/builds/worker-4-tc1/target:/opt/rustwide/target:rw,Z" "-v" "/var/lib/crater-agent-workspace/builds/worker-4-tc1/source:/opt/rustwide/workdir:ro,Z" "-v" "/var/lib/crater-agent-workspace/cargo-home:/opt/rustwide/cargo-home:ro,Z" "-v" "/var/lib/crater-agent-workspace/rustup-home:/opt/rustwide/rustup-home:ro,Z" "-e" "SOURCE_DIR=/opt/rustwide/workdir" "-e" "CARGO_TARGET_DIR=/opt/rustwide/target" "-e" "CARGO_HOME=/opt/rustwide/cargo-home" "-e" "RUSTUP_HOME=/opt/rustwide/rustup-home" "-w" "/opt/rustwide/workdir" "-m" "1610612736" "--user" "0:0" "--network" "none" "ghcr.io/rust-lang/crates-build-env/linux@sha256:2788e3201cd34a07e3172128adcd8b3090168a8e3bcc40d7c032b9dda1df7d1c" "/opt/rustwide/cargo-home/bin/cargo" "+1.75.0" "metadata" "--no-deps" "--format-version=1", kill_on_drop: false }`
[INFO] [stdout] 65c401e9595188f7e1dbd3d0fbd2e963920904c4e612246ad2115f6acfce6a79
[INFO] running `Command { std: "docker" "start" "-a" "65c401e9595188f7e1dbd3d0fbd2e963920904c4e612246ad2115f6acfce6a79", kill_on_drop: false }`
[INFO] running `Command { std: "docker" "inspect" "65c401e9595188f7e1dbd3d0fbd2e963920904c4e612246ad2115f6acfce6a79", kill_on_drop: false }`
[INFO] running `Command { std: "docker" "rm" "-f" "65c401e9595188f7e1dbd3d0fbd2e963920904c4e612246ad2115f6acfce6a79", kill_on_drop: false }`
[INFO] [stdout] 65c401e9595188f7e1dbd3d0fbd2e963920904c4e612246ad2115f6acfce6a79
[INFO] running `Command { std: "docker" "create" "-v" "/var/lib/crater-agent-workspace/builds/worker-4-tc1/target:/opt/rustwide/target:rw,Z" "-v" "/var/lib/crater-agent-workspace/builds/worker-4-tc1/source:/opt/rustwide/workdir:ro,Z" "-v" "/var/lib/crater-agent-workspace/cargo-home:/opt/rustwide/cargo-home:ro,Z" "-v" "/var/lib/crater-agent-workspace/rustup-home:/opt/rustwide/rustup-home:ro,Z" "-e" "SOURCE_DIR=/opt/rustwide/workdir" "-e" "CARGO_TARGET_DIR=/opt/rustwide/target" "-e" "CARGO_INCREMENTAL=0" "-e" "RUST_BACKTRACE=full" "-e" "RUSTFLAGS=--cap-lints=warn" "-e" "RUSTDOCFLAGS=--cap-lints=warn" "-e" "CARGO_HOME=/opt/rustwide/cargo-home" "-e" "RUSTUP_HOME=/opt/rustwide/rustup-home" "-w" "/opt/rustwide/workdir" "-m" "1610612736" "--user" "0:0" "--network" "none" "ghcr.io/rust-lang/crates-build-env/linux@sha256:2788e3201cd34a07e3172128adcd8b3090168a8e3bcc40d7c032b9dda1df7d1c" "/opt/rustwide/cargo-home/bin/cargo" "+1.75.0" "build" "--frozen" "--message-format=json", kill_on_drop: false }`
[INFO] [stdout] 9f472ba659f4a09e96f6d011db51e537be95a84302888968f49c97f50789f1a6
[INFO] running `Command { std: "docker" "start" "-a" "9f472ba659f4a09e96f6d011db51e537be95a84302888968f49c97f50789f1a6", kill_on_drop: false }`
[INFO] [stderr]    Compiling proc-macro2 v1.0.26
[INFO] [stderr]    Compiling unicode-xid v0.2.2
[INFO] [stderr]    Compiling syn v1.0.80
[INFO] [stderr]    Compiling libc v0.2.108
[INFO] [stderr]    Compiling cfg-if v1.0.0
[INFO] [stderr]    Compiling version_check v0.9.3
[INFO] [stderr]    Compiling memchr v2.4.1
[INFO] [stderr]    Compiling log v0.4.14
[INFO] [stderr]    Compiling futures-core v0.3.18
[INFO] [stderr]    Compiling lazy_static v1.4.0
[INFO] [stderr]    Compiling autocfg v1.0.1
[INFO] [stderr]    Compiling slab v0.4.5
[INFO] [stderr]    Compiling cfg-if v0.1.10
[INFO] [stderr]    Compiling futures-sink v0.3.18
[INFO] [stderr]    Compiling bytes v0.5.6
[INFO] [stderr]    Compiling futures-channel v0.3.18
[INFO] [stderr]    Compiling futures-task v0.3.18
[INFO] [stderr]    Compiling pin-project-lite v0.2.7
[INFO] [stderr]    Compiling pin-project-lite v0.1.12
[INFO] [stderr]    Compiling futures-util v0.3.18
[INFO] [stderr]    Compiling pin-utils v0.1.0
[INFO] [stderr]    Compiling futures-io v0.3.18
[INFO] [stderr]    Compiling cc v1.0.72
[INFO] [stderr]    Compiling smallvec v1.7.0
[INFO] [stderr]    Compiling typenum v1.14.0
[INFO] [stderr]    Compiling bitflags v1.3.2
[INFO] [stderr]    Compiling parking_lot_core v0.8.5
[INFO] [stderr]    Compiling generic-array v0.14.4
[INFO] [stderr]    Compiling instant v0.1.12
[INFO] [stderr]    Compiling scopeguard v1.1.0
[INFO] [stderr]    Compiling getrandom v0.1.16
[INFO] [stderr]    Compiling tinyvec_macros v0.1.0
[INFO] [stderr]    Compiling serde_derive v1.0.130
[INFO] [stderr]    Compiling tinyvec v1.5.1
[INFO] [stderr]    Compiling itoa v0.4.8
[INFO] [stderr]    Compiling lock_api v0.4.5
[INFO] [stderr]    Compiling pin-project-internal v0.4.28
[INFO] [stderr]    Compiling serde v1.0.130
[INFO] [stderr]    Compiling either v1.6.1
[INFO] [stderr]    Compiling matches v0.1.9
[INFO] [stderr]    Compiling percent-encoding v2.1.0
[INFO] [stderr]    Compiling ppv-lite86 v0.2.15
[INFO] [stderr]    Compiling unicode-bidi v0.3.7
[INFO] [stderr]    Compiling form_urlencoded v1.0.1
[INFO] [stderr]    Compiling convert_case v0.4.0
[INFO] [stderr]    Compiling pkg-config v0.3.22
[INFO] [stderr]    Compiling ryu v1.0.5
[INFO] [stderr]    Compiling linked-hash-map v0.5.4
[INFO] [stderr]    Compiling unicode-segmentation v1.8.0
[INFO] [stderr]    Compiling quote v1.0.10
[INFO] [stderr]    Compiling standback v0.2.17
[INFO] [stderr]    Compiling opaque-debug v0.3.0
[INFO] [stderr]    Compiling proc-macro-hack v0.5.19
[INFO] [stderr]    Compiling copyless v0.1.5
[INFO] [stderr]    Compiling iovec v0.1.4
[INFO] [stderr]    Compiling num_cpus v1.13.0
[INFO] [stderr]    Compiling net2 v0.2.37
[INFO] [stderr]    Compiling signal-hook-registry v1.4.0
[INFO] [stderr]    Compiling heck v0.3.3
[INFO] [stderr]    Compiling threadpool v1.8.1
[INFO] [stderr]    Compiling cpufeatures v0.2.1
[INFO] [stderr]    Compiling serde_json v1.0.71
[INFO] [stderr]    Compiling mio v0.6.23
[INFO] [stderr]    Compiling parking_lot v0.11.2
[INFO] [stderr]    Compiling rand_core v0.5.1
[INFO] [stderr]    Compiling async-trait v0.1.51
[INFO] [stderr]    Compiling bytes v1.1.0
[INFO] [stderr]    Compiling unicode-normalization v0.1.19
[INFO] [stderr]    Compiling openssl-sys v0.9.71
[INFO] [stderr]    Compiling rand_chacha v0.2.2
[INFO] [stderr]    Compiling byteorder v1.4.3
[INFO] [stderr]    Compiling openssl v0.10.38
[INFO] [stderr]    Compiling foreign-types-shared v0.1.1
[INFO] [stderr]    Compiling rand v0.7.3
[INFO] [stderr]    Compiling const_fn v0.4.8
[INFO] [stderr]    Compiling match_cfg v0.1.0
[INFO] [stderr]    Compiling once_cell v1.8.0
[INFO] [stderr]    Compiling fnv v1.0.7
[INFO] [stderr]    Compiling hostname v0.3.1
[INFO] [stderr]    Compiling foreign-types v0.3.2
[INFO] [stderr]    Compiling brotli-sys v0.3.2
[INFO] [stderr]    Compiling digest v0.9.0
[INFO] [stderr]    Compiling block-buffer v0.9.0
[INFO] [stderr]    Compiling http v0.2.5
[INFO] [stderr]    Compiling getrandom v0.2.3
[INFO] [stderr]    Compiling mio-uds v0.6.8
[INFO] [stderr]    Compiling indexmap v1.7.0
[INFO] [stderr]    Compiling miniz_oxide v0.4.4
[INFO] [stderr]    Compiling sha-1 v0.9.8
[INFO] [stderr]    Compiling time v0.2.27
[INFO] [stderr]    Compiling tracing-core v0.1.21
[INFO] [stderr]    Compiling crc32fast v1.2.2
[INFO] [stderr]    Compiling crossbeam-utils v0.8.5
[INFO] [stderr]    Compiling native-tls v0.2.8
[INFO] [stderr]    Compiling idna v0.2.3
[INFO] [stderr]    Compiling quick-error v1.2.3
[INFO] [stderr]    Compiling version_check v0.1.5
[INFO] [stderr]    Compiling base64 v0.13.0
[INFO] [stderr]    Compiling resolv-conf v0.7.0
[INFO] [stderr]    Compiling tracing v0.1.29
[INFO] [stderr]    Compiling lru-cache v0.1.2
[INFO] [stderr]    Compiling aho-corasick v0.7.18
[INFO] [stderr]    Compiling num-traits v0.2.14
[INFO] [stderr]    Compiling nom v7.1.0
[INFO] [stderr]    Compiling nom v4.2.3
[INFO] [stderr]    Compiling unicase v2.6.0
[INFO] [stderr]    Compiling url v2.2.2
[INFO] [stderr]    Compiling cookie v0.14.4
[INFO] [stderr]    Compiling ucd-trie v0.1.3
[INFO] [stderr]    Compiling adler v1.0.2
[INFO] [stderr]    Compiling regex-syntax v0.6.25
[INFO] [stderr]    Compiling build_const v0.2.2
[INFO] [stderr]    Compiling httparse v1.5.1
[INFO] [stderr]    Compiling encoding_rs v0.8.29
[INFO] [stderr]    Compiling hashbrown v0.11.2
[INFO] [stderr]    Compiling openssl-probe v0.1.4
[INFO] [stderr]    Compiling crc v1.8.1
[INFO] [stderr]    Compiling pest v2.1.3
[INFO] [stderr]    Compiling ahash v0.6.3
[INFO] [stderr]    Compiling crossbeam-queue v0.3.2
[INFO] [stderr]    Compiling subtle v2.4.1
[INFO] [stderr]    Compiling minimal-lexical v0.2.1
[INFO] [stderr]    Compiling ahash v0.4.7
[INFO] [stderr]    Compiling mime v0.3.16
[INFO] [stderr]    Compiling whoami v1.2.0
[INFO] [stderr]    Compiling crypto-mac v0.10.1
[INFO] [stderr]    Compiling semver-parser v0.10.2
[INFO] [stderr]    Compiling hashbrown v0.9.1
[INFO] [stderr]    Compiling flate2 v1.0.22
[INFO] [stderr]    Compiling fxhash v0.2.1
[INFO] [stderr]    Compiling socket2 v0.3.19
[INFO] [stderr]    Compiling itertools v0.10.1
[INFO] [stderr]    Compiling v_escape v0.15.0
[INFO] [stderr]    Compiling sailfish-compiler v0.3.3
[INFO] [stderr]    Compiling unicode_categories v0.1.1
[INFO] [stderr]    Compiling language-tags v0.2.2
[INFO] [stderr]    Compiling atoi v0.4.0
[INFO] [stderr]    Compiling hashlink v0.6.0
[INFO] [stderr]    Compiling mime_guess v2.0.3
[INFO] [stderr]    Compiling regex v1.5.4
[INFO] [stderr]    Compiling hmac v0.10.1
[INFO] [stderr]    Compiling crossbeam-channel v0.5.1
[INFO] [stderr]    Compiling stringprep v0.1.2
[INFO] [stderr]    Compiling md-5 v0.9.1
[INFO] [stderr]    Compiling sha2 v0.9.8
[INFO] [stderr]    Compiling bytestring v1.0.0
[INFO] [stderr]    Compiling filetime v0.2.15
[INFO] [stderr]    Compiling yaml-rust v0.4.5
[INFO] [stderr]    Compiling buf-min v0.4.0
[INFO] [stderr]    Compiling home v0.5.3
[INFO] [stderr]    Compiling v_htmlescape v0.12.0
[INFO] [stderr]    Compiling hex v0.4.3
[INFO] [stderr]    Compiling sqlformat v0.1.8
[INFO] [stderr]    Compiling rand_core v0.6.3
[INFO] [stderr]    Compiling sailfish v0.3.3
[INFO] [stderr]    Compiling dotenv v0.15.0
[INFO] [stderr]    Compiling rand_chacha v0.3.1
[INFO] [stderr]    Compiling itoap v1.0.1
[INFO] [stderr]    Compiling rand v0.8.4
[INFO] [stderr]    Compiling tokio-macros v0.2.6
[INFO] [stderr]    Compiling futures-macro v0.3.18
[INFO] [stderr]    Compiling derive_more v0.99.16
[INFO] [stderr]    Compiling thiserror-impl v1.0.30
[INFO] [stderr]    Compiling actix-macros v0.1.3
[INFO] [stderr]    Compiling enum-as-inner v0.3.3
[INFO] [stderr]    Compiling pin-project-internal v1.0.8
[INFO] [stderr]    Compiling time-macros-impl v0.1.2
[INFO] [stderr]    Compiling v_escape_derive v0.8.5
[INFO] [stderr]    Compiling actix-web-codegen v0.4.0
[INFO] [stderr]    Compiling sailfish-macros v0.3.3
[INFO] [stderr]    Compiling tokio v0.2.25
[INFO] [stderr]    Compiling time-macros v0.1.1
[INFO] [stderr]    Compiling pin-project v1.0.8
[INFO] [stderr]    Compiling thiserror v1.0.30
[INFO] [stderr]    Compiling tracing-futures v0.2.5
[INFO] [stderr]    Compiling pin-project v0.4.28
[INFO] [stderr]    Compiling brotli2 v0.3.2
[INFO] [stderr]    Compiling actix-threadpool v0.3.3
[INFO] [stderr]    Compiling tokio-util v0.3.1
[INFO] [stderr]    Compiling tokio-native-tls v0.1.0
[INFO] [stderr]    Compiling sqlx-rt v0.2.0
[INFO] [stderr]    Compiling actix-codec v0.3.0
[INFO] [stderr]    Compiling futures-executor v0.3.18
[INFO] [stderr]    Compiling actix-rt v1.1.1
[INFO] [stderr]    Compiling actix-service v1.0.6
[INFO] [stderr]    Compiling h2 v0.2.7
[INFO] [stderr]    Compiling sqlx-core v0.4.2
[INFO] [stderr]    Compiling futures v0.3.18
[INFO] [stderr]    Compiling trust-dns-proto v0.19.7
[INFO] [stderr]    Compiling actix-utils v2.0.0
[INFO] [stderr]    Compiling actix-server v1.0.4
[INFO] [stderr]    Compiling actix-tls v2.0.0
[INFO] [stderr]    Compiling trust-dns-resolver v0.19.7
[INFO] [stderr]    Compiling actix-testing v1.0.1
[INFO] [stderr]    Compiling serde_urlencoded v0.7.0
[INFO] [stderr]    Compiling cargo-platform v0.1.2
[INFO] [stderr]    Compiling semver v0.11.0
[INFO] [stderr]    Compiling actix-router v0.2.7
[INFO] [stderr]    Compiling actix-connect v2.0.0
[INFO] [stderr]    Compiling cargo_metadata v0.12.3
[INFO] [stderr]    Compiling actix-http v2.2.1
[INFO] [stderr]    Compiling sqlx-macros v0.4.2
[INFO] [stderr]    Compiling awc v2.0.3
[INFO] [stderr]    Compiling actix-web v3.3.2
[INFO] [stderr]    Compiling actix-files v0.5.0
[INFO] [stderr]    Compiling sqlx v0.4.2
[INFO] [stderr]    Compiling wordlink v0.1.0 (/opt/rustwide/workdir)
[INFO] [stderr]     Finished dev [unoptimized + debuginfo] target(s) in 27.99s
[INFO] [stderr] warning: the following packages contain code that will be rejected by a future version of Rust: nom v4.2.3, sqlx-macros v0.4.2
[INFO] [stderr] note: to see what the problems were, use the option `--future-incompat-report`, or run `cargo report future-incompatibilities --id 1`
[INFO] running `Command { std: "docker" "inspect" "9f472ba659f4a09e96f6d011db51e537be95a84302888968f49c97f50789f1a6", kill_on_drop: false }`
[INFO] running `Command { std: "docker" "rm" "-f" "9f472ba659f4a09e96f6d011db51e537be95a84302888968f49c97f50789f1a6", kill_on_drop: false }`
[INFO] [stdout] 9f472ba659f4a09e96f6d011db51e537be95a84302888968f49c97f50789f1a6
[INFO] running `Command { std: "docker" "create" "-v" "/var/lib/crater-agent-workspace/builds/worker-4-tc1/target:/opt/rustwide/target:rw,Z" "-v" "/var/lib/crater-agent-workspace/builds/worker-4-tc1/source:/opt/rustwide/workdir:ro,Z" "-v" "/var/lib/crater-agent-workspace/cargo-home:/opt/rustwide/cargo-home:ro,Z" "-v" "/var/lib/crater-agent-workspace/rustup-home:/opt/rustwide/rustup-home:ro,Z" "-e" "SOURCE_DIR=/opt/rustwide/workdir" "-e" "CARGO_TARGET_DIR=/opt/rustwide/target" "-e" "CARGO_INCREMENTAL=0" "-e" "RUST_BACKTRACE=full" "-e" "RUSTFLAGS=--cap-lints=warn" "-e" "RUSTDOCFLAGS=--cap-lints=warn" "-e" "CARGO_HOME=/opt/rustwide/cargo-home" "-e" "RUSTUP_HOME=/opt/rustwide/rustup-home" "-w" "/opt/rustwide/workdir" "-m" "1610612736" "--user" "0:0" "--network" "none" "ghcr.io/rust-lang/crates-build-env/linux@sha256:2788e3201cd34a07e3172128adcd8b3090168a8e3bcc40d7c032b9dda1df7d1c" "/opt/rustwide/cargo-home/bin/cargo" "+1.75.0" "test" "--frozen" "--no-run" "--message-format=json", kill_on_drop: false }`
[INFO] [stdout] 3b8cc730a2a70dfb625e02d379a7c708cfc2c446a621a05d20a1cc8680bfb1b5
[INFO] running `Command { std: "docker" "start" "-a" "3b8cc730a2a70dfb625e02d379a7c708cfc2c446a621a05d20a1cc8680bfb1b5", kill_on_drop: false }`
[INFO] [stderr]    Compiling wordlink v0.1.0 (/opt/rustwide/workdir)
[INFO] [stderr]     Finished test [unoptimized + debuginfo] target(s) in 0.87s
[INFO] [stderr] warning: the following packages contain code that will be rejected by a future version of Rust: nom v4.2.3, sqlx-macros v0.4.2
[INFO] [stderr] note: to see what the problems were, use the option `--future-incompat-report`, or run `cargo report future-incompatibilities --id 1`
[INFO] running `Command { std: "docker" "inspect" "3b8cc730a2a70dfb625e02d379a7c708cfc2c446a621a05d20a1cc8680bfb1b5", kill_on_drop: false }`
[INFO] running `Command { std: "docker" "rm" "-f" "3b8cc730a2a70dfb625e02d379a7c708cfc2c446a621a05d20a1cc8680bfb1b5", kill_on_drop: false }`
[INFO] [stdout] 3b8cc730a2a70dfb625e02d379a7c708cfc2c446a621a05d20a1cc8680bfb1b5
[INFO] running `Command { std: "docker" "create" "-v" "/var/lib/crater-agent-workspace/builds/worker-4-tc1/target:/opt/rustwide/target:rw,Z" "-v" "/var/lib/crater-agent-workspace/builds/worker-4-tc1/source:/opt/rustwide/workdir:ro,Z" "-v" "/var/lib/crater-agent-workspace/cargo-home:/opt/rustwide/cargo-home:ro,Z" "-v" "/var/lib/crater-agent-workspace/rustup-home:/opt/rustwide/rustup-home:ro,Z" "-e" "SOURCE_DIR=/opt/rustwide/workdir" "-e" "CARGO_TARGET_DIR=/opt/rustwide/target" "-e" "CARGO_INCREMENTAL=0" "-e" "RUST_BACKTRACE=full" "-e" "RUSTFLAGS=--cap-lints=warn" "-e" "RUSTDOCFLAGS=--cap-lints=warn" "-e" "CARGO_HOME=/opt/rustwide/cargo-home" "-e" "RUSTUP_HOME=/opt/rustwide/rustup-home" "-w" "/opt/rustwide/workdir" "-m" "1610612736" "--user" "0:0" "--network" "none" "ghcr.io/rust-lang/crates-build-env/linux@sha256:2788e3201cd34a07e3172128adcd8b3090168a8e3bcc40d7c032b9dda1df7d1c" "/opt/rustwide/cargo-home/bin/cargo" "+1.75.0" "test" "--frozen", kill_on_drop: false }`
[INFO] [stdout] 5f96a3f683318ac36912711836693e78f83e24e92b747b6037af4e27bd709abc
[INFO] running `Command { std: "docker" "start" "-a" "5f96a3f683318ac36912711836693e78f83e24e92b747b6037af4e27bd709abc", kill_on_drop: false }`
[INFO] [stderr]     Finished test [unoptimized + debuginfo] target(s) in 0.21s
[INFO] [stderr] warning: the following packages contain code that will be rejected by a future version of Rust: nom v4.2.3, sqlx-macros v0.4.2
[INFO] [stderr] note: to see what the problems were, use the option `--future-incompat-report`, or run `cargo report future-incompatibilities --id 1`
[INFO] [stderr]      Running unittests src/main.rs (/opt/rustwide/target/debug/deps/wordlink-f21c89009880bc39)
[INFO] [stdout] 
[INFO] [stdout] running 0 tests
[INFO] [stdout] 
[INFO] [stdout] test result: ok. 0 passed; 0 failed; 0 ignored; 0 measured; 0 filtered out; finished in 0.00s
[INFO] [stdout] 
[INFO] running `Command { std: "docker" "inspect" "5f96a3f683318ac36912711836693e78f83e24e92b747b6037af4e27bd709abc", kill_on_drop: false }`
[INFO] running `Command { std: "docker" "rm" "-f" "5f96a3f683318ac36912711836693e78f83e24e92b747b6037af4e27bd709abc", kill_on_drop: false }`
[INFO] [stdout] 5f96a3f683318ac36912711836693e78f83e24e92b747b6037af4e27bd709abc
[INFO] testing daxborde/wordlink against beta-2023-12-22 for beta-1.76-1
[INFO] running `Command { std: "git" "clone" "/workspace/cache/git-repos/https%3A%2F%2Fgithub.com%2Fdaxborde%2Fwordlink" "/workspace/builds/worker-4-tc2/source", kill_on_drop: false }`
[INFO] [stderr] Cloning into '/workspace/builds/worker-4-tc2/source'...
[INFO] [stderr] done.
[INFO] validating manifest of git repo https://github.com/daxborde/wordlink on toolchain beta-2023-12-22
[INFO] running `Command { std: CARGO_HOME="/workspace/cargo-home" RUSTUP_HOME="/workspace/rustup-home" "/workspace/cargo-home/bin/cargo" "+beta-2023-12-22" "metadata" "--manifest-path" "Cargo.toml" "--no-deps", kill_on_drop: false }`
[INFO] started tweaking git repo https://github.com/daxborde/wordlink
[INFO] finished tweaking git repo https://github.com/daxborde/wordlink
[INFO] tweaked toml for git repo https://github.com/daxborde/wordlink written to /workspace/builds/worker-4-tc2/source/Cargo.toml
[INFO] crate git repo https://github.com/daxborde/wordlink already has a lockfile, it will not be regenerated
[INFO] running `Command { std: CARGO_HOME="/workspace/cargo-home" RUSTUP_HOME="/workspace/rustup-home" "/workspace/cargo-home/bin/cargo" "+beta-2023-12-22" "fetch" "--manifest-path" "Cargo.toml", kill_on_drop: false }`
[INFO] running `Command { std: "docker" "create" "-v" "/var/lib/crater-agent-workspace/builds/worker-4-tc2/target:/opt/rustwide/target:rw,Z" "-v" "/var/lib/crater-agent-workspace/builds/worker-4-tc2/source:/opt/rustwide/workdir:ro,Z" "-v" "/var/lib/crater-agent-workspace/cargo-home:/opt/rustwide/cargo-home:ro,Z" "-v" "/var/lib/crater-agent-workspace/rustup-home:/opt/rustwide/rustup-home:ro,Z" "-e" "SOURCE_DIR=/opt/rustwide/workdir" "-e" "CARGO_TARGET_DIR=/opt/rustwide/target" "-e" "CARGO_HOME=/opt/rustwide/cargo-home" "-e" "RUSTUP_HOME=/opt/rustwide/rustup-home" "-w" "/opt/rustwide/workdir" "-m" "1610612736" "--user" "0:0" "--network" "none" "ghcr.io/rust-lang/crates-build-env/linux@sha256:2788e3201cd34a07e3172128adcd8b3090168a8e3bcc40d7c032b9dda1df7d1c" "/opt/rustwide/cargo-home/bin/cargo" "+beta-2023-12-22" "metadata" "--no-deps" "--format-version=1", kill_on_drop: false }`
[INFO] [stdout] 70d7eb8e9b83eac9302494d4841ab7feb1fbf9958560b1afb60ec48b1de483ef
[INFO] running `Command { std: "docker" "start" "-a" "70d7eb8e9b83eac9302494d4841ab7feb1fbf9958560b1afb60ec48b1de483ef", kill_on_drop: false }`
[INFO] running `Command { std: "docker" "inspect" "70d7eb8e9b83eac9302494d4841ab7feb1fbf9958560b1afb60ec48b1de483ef", kill_on_drop: false }`
[INFO] running `Command { std: "docker" "rm" "-f" "70d7eb8e9b83eac9302494d4841ab7feb1fbf9958560b1afb60ec48b1de483ef", kill_on_drop: false }`
[INFO] [stdout] 70d7eb8e9b83eac9302494d4841ab7feb1fbf9958560b1afb60ec48b1de483ef
[INFO] running `Command { std: "docker" "create" "-v" "/var/lib/crater-agent-workspace/builds/worker-4-tc2/target:/opt/rustwide/target:rw,Z" "-v" "/var/lib/crater-agent-workspace/builds/worker-4-tc2/source:/opt/rustwide/workdir:ro,Z" "-v" "/var/lib/crater-agent-workspace/cargo-home:/opt/rustwide/cargo-home:ro,Z" "-v" "/var/lib/crater-agent-workspace/rustup-home:/opt/rustwide/rustup-home:ro,Z" "-e" "SOURCE_DIR=/opt/rustwide/workdir" "-e" "CARGO_TARGET_DIR=/opt/rustwide/target" "-e" "CARGO_INCREMENTAL=0" "-e" "RUST_BACKTRACE=full" "-e" "RUSTFLAGS=--cap-lints=warn" "-e" "RUSTDOCFLAGS=--cap-lints=warn" "-e" "CARGO_HOME=/opt/rustwide/cargo-home" "-e" "RUSTUP_HOME=/opt/rustwide/rustup-home" "-w" "/opt/rustwide/workdir" "-m" "1610612736" "--user" "0:0" "--network" "none" "ghcr.io/rust-lang/crates-build-env/linux@sha256:2788e3201cd34a07e3172128adcd8b3090168a8e3bcc40d7c032b9dda1df7d1c" "/opt/rustwide/cargo-home/bin/cargo" "+beta-2023-12-22" "build" "--frozen" "--message-format=json", kill_on_drop: false }`
[INFO] [stdout] 6c0e1cff6614e50b1ea3b9cc069a0e84ed4fe3b11545faaf90f9c94c8d8b303c
[INFO] running `Command { std: "docker" "start" "-a" "6c0e1cff6614e50b1ea3b9cc069a0e84ed4fe3b11545faaf90f9c94c8d8b303c", kill_on_drop: false }`
[INFO] [stderr]    Compiling proc-macro2 v1.0.26
[INFO] [stderr]    Compiling unicode-xid v0.2.2
[INFO] [stderr]    Compiling syn v1.0.80
[INFO] [stderr]    Compiling libc v0.2.108
[INFO] [stderr]    Compiling cfg-if v1.0.0
[INFO] [stderr]    Compiling version_check v0.9.3
[INFO] [stderr]    Compiling memchr v2.4.1
[INFO] [stderr]    Compiling log v0.4.14
[INFO] [stderr]    Compiling futures-core v0.3.18
[INFO] [stderr]    Compiling lazy_static v1.4.0
[INFO] [stderr]    Compiling autocfg v1.0.1
[INFO] [stderr]    Compiling slab v0.4.5
[INFO] [stderr]    Compiling futures-sink v0.3.18
[INFO] [stderr]    Compiling cfg-if v0.1.10
[INFO] [stderr]    Compiling bytes v0.5.6
[INFO] [stderr]    Compiling futures-channel v0.3.18
[INFO] [stderr]    Compiling pin-project-lite v0.2.7
[INFO] [stderr]    Compiling futures-task v0.3.18
[INFO] [stderr]    Compiling pin-project-lite v0.1.12
[INFO] [stderr]    Compiling futures-util v0.3.18
[INFO] [stderr]    Compiling pin-utils v0.1.0
[INFO] [stderr]    Compiling cc v1.0.72
[INFO] [stderr]    Compiling futures-io v0.3.18
[INFO] [stderr]    Compiling smallvec v1.7.0
[INFO] [stderr]    Compiling parking_lot_core v0.8.5
[INFO] [stderr]    Compiling typenum v1.14.0
[INFO] [stderr]    Compiling bitflags v1.3.2
[INFO] [stderr]    Compiling generic-array v0.14.4
[INFO] [stderr]    Compiling instant v0.1.12
[INFO] [stderr]    Compiling scopeguard v1.1.0
[INFO] [stderr]    Compiling getrandom v0.1.16
[INFO] [stderr]    Compiling serde_derive v1.0.130
[INFO] [stderr]    Compiling lock_api v0.4.5
[INFO] [stderr]    Compiling tinyvec_macros v0.1.0
[INFO] [stderr]    Compiling serde v1.0.130
[INFO] [stderr]    Compiling matches v0.1.9
[INFO] [stderr]    Compiling tinyvec v1.5.1
[INFO] [stderr]    Compiling ppv-lite86 v0.2.15
[INFO] [stderr]    Compiling pin-project-internal v0.4.28
[INFO] [stderr]    Compiling percent-encoding v2.1.0
[INFO] [stderr]    Compiling itoa v0.4.8
[INFO] [stderr]    Compiling either v1.6.1
[INFO] [stderr]    Compiling unicode-bidi v0.3.7
[INFO] [stderr]    Compiling form_urlencoded v1.0.1
[INFO] [stderr]    Compiling convert_case v0.4.0
[INFO] [stderr]    Compiling ryu v1.0.5
[INFO] [stderr]    Compiling pkg-config v0.3.22
[INFO] [stderr]    Compiling linked-hash-map v0.5.4
[INFO] [stderr]    Compiling quote v1.0.10
[INFO] [stderr]    Compiling unicode-segmentation v1.8.0
[INFO] [stderr]    Compiling standback v0.2.17
[INFO] [stderr]    Compiling proc-macro-hack v0.5.19
[INFO] [stderr]    Compiling copyless v0.1.5
[INFO] [stderr]    Compiling opaque-debug v0.3.0
[INFO] [stderr]    Compiling async-trait v0.1.51
[INFO] [stderr]    Compiling iovec v0.1.4
[INFO] [stderr]    Compiling net2 v0.2.37
[INFO] [stderr]    Compiling num_cpus v1.13.0
[INFO] [stderr]    Compiling signal-hook-registry v1.4.0
[INFO] [stderr]    Compiling heck v0.3.3
[INFO] [stderr]    Compiling threadpool v1.8.1
[INFO] [stderr]    Compiling bytes v1.1.0
[INFO] [stderr]    Compiling mio v0.6.23
[INFO] [stderr]    Compiling openssl-sys v0.9.71
[INFO] [stderr]    Compiling rand_core v0.5.1
[INFO] [stderr]    Compiling parking_lot v0.11.2
[INFO] [stderr]    Compiling unicode-normalization v0.1.19
[INFO] [stderr]    Compiling serde_json v1.0.71
[INFO] [stderr]    Compiling cpufeatures v0.2.1
[INFO] [stderr]    Compiling rand_chacha v0.2.2
[INFO] [stderr]    Compiling openssl v0.10.38
[INFO] [stderr]    Compiling byteorder v1.4.3
[INFO] [stderr]    Compiling fnv v1.0.7
[INFO] [stderr]    Compiling match_cfg v0.1.0
[INFO] [stderr]    Compiling foreign-types-shared v0.1.1
[INFO] [stderr]    Compiling rand v0.7.3
[INFO] [stderr]    Compiling once_cell v1.8.0
[INFO] [stderr]    Compiling const_fn v0.4.8
[INFO] [stderr]    Compiling foreign-types v0.3.2
[INFO] [stderr]    Compiling http v0.2.5
[INFO] [stderr]    Compiling hostname v0.3.1
[INFO] [stderr]    Compiling brotli-sys v0.3.2
[INFO] [stderr]    Compiling getrandom v0.2.3
[INFO] [stderr]    Compiling indexmap v1.7.0
[INFO] [stderr]    Compiling miniz_oxide v0.4.4
[INFO] [stderr]    Compiling time v0.2.27
[INFO] [stderr]    Compiling tracing-core v0.1.21
[INFO] [stderr]    Compiling mio-uds v0.6.8
[INFO] [stderr]    Compiling base64 v0.13.0
[INFO] [stderr]    Compiling crossbeam-utils v0.8.5
[INFO] [stderr]    Compiling native-tls v0.2.8
[INFO] [stderr]    Compiling version_check v0.1.5
[INFO] [stderr]    Compiling quick-error v1.2.3
[INFO] [stderr]    Compiling idna v0.2.3
[INFO] [stderr]    Compiling crc32fast v1.2.2
[INFO] [stderr]    Compiling digest v0.9.0
[INFO] [stderr]    Compiling block-buffer v0.9.0
[INFO] [stderr]    Compiling tracing v0.1.29
[INFO] [stderr]    Compiling resolv-conf v0.7.0
[INFO] [stderr]    Compiling sha-1 v0.9.8
[INFO] [stderr]    Compiling nom v4.2.3
[INFO] [stderr]    Compiling lru-cache v0.1.2
[INFO] [stderr]    Compiling aho-corasick v0.7.18
[INFO] [stderr]    Compiling num-traits v0.2.14
[INFO] [stderr]    Compiling cookie v0.14.4
[INFO] [stderr]    Compiling unicase v2.6.0
[INFO] [stderr]    Compiling url v2.2.2
[INFO] [stderr]    Compiling nom v7.1.0
[INFO] [stderr]    Compiling ucd-trie v0.1.3
[INFO] [stderr]    Compiling adler v1.0.2
[INFO] [stderr]    Compiling encoding_rs v0.8.29
[INFO] [stderr]    Compiling openssl-probe v0.1.4
[INFO] [stderr]    Compiling regex-syntax v0.6.25
[INFO] [stderr]    Compiling httparse v1.5.1
[INFO] [stderr]    Compiling hashbrown v0.11.2
[INFO] [stderr]    Compiling build_const v0.2.2
[INFO] [stderr]    Compiling crc v1.8.1
[INFO] [stderr]    Compiling pest v2.1.3
[INFO] [stderr]    Compiling ahash v0.6.3
[INFO] [stderr]    Compiling mime v0.3.16
[INFO] [stderr]    Compiling whoami v1.2.0
[INFO] [stderr]    Compiling ahash v0.4.7
[INFO] [stderr]    Compiling subtle v2.4.1
[INFO] [stderr]    Compiling minimal-lexical v0.2.1
[INFO] [stderr]    Compiling crossbeam-queue v0.3.2
[INFO] [stderr]    Compiling crypto-mac v0.10.1
[INFO] [stderr]    Compiling flate2 v1.0.22
[INFO] [stderr]    Compiling hashbrown v0.9.1
[INFO] [stderr]    Compiling semver-parser v0.10.2
[INFO] [stderr]    Compiling fxhash v0.2.1
[INFO] [stderr]    Compiling socket2 v0.3.19
[INFO] [stderr]    Compiling itertools v0.10.1
[INFO] [stderr]    Compiling unicode_categories v0.1.1
[INFO] [stderr]    Compiling language-tags v0.2.2
[INFO] [stderr]    Compiling sailfish-compiler v0.3.3
[INFO] [stderr]    Compiling v_escape v0.15.0
[INFO] [stderr]    Compiling mime_guess v2.0.3
[INFO] [stderr]    Compiling hashlink v0.6.0
[INFO] [stderr]    Compiling atoi v0.4.0
[INFO] [stderr]    Compiling hmac v0.10.1
[INFO] [stderr]    Compiling regex v1.5.4
[INFO] [stderr]    Compiling crossbeam-channel v0.5.1
[INFO] [stderr]    Compiling sha2 v0.9.8
[INFO] [stderr]    Compiling md-5 v0.9.1
[INFO] [stderr]    Compiling stringprep v0.1.2
[INFO] [stderr]    Compiling bytestring v1.0.0
[INFO] [stderr]    Compiling filetime v0.2.15
[INFO] [stderr]    Compiling yaml-rust v0.4.5
[INFO] [stderr]    Compiling buf-min v0.4.0
[INFO] [stderr]    Compiling hex v0.4.3
[INFO] [stderr]    Compiling home v0.5.3
[INFO] [stderr]    Compiling v_htmlescape v0.12.0
[INFO] [stderr]    Compiling rand_core v0.6.3
[INFO] [stderr]    Compiling sqlformat v0.1.8
[INFO] [stderr]    Compiling sailfish v0.3.3
[INFO] [stderr]    Compiling dotenv v0.15.0
[INFO] [stderr]    Compiling itoap v1.0.1
[INFO] [stderr]    Compiling rand_chacha v0.3.1
[INFO] [stderr]    Compiling rand v0.8.4
[INFO] [stderr]    Compiling tokio-macros v0.2.6
[INFO] [stderr]    Compiling futures-macro v0.3.18
[INFO] [stderr]    Compiling derive_more v0.99.16
[INFO] [stderr]    Compiling thiserror-impl v1.0.30
[INFO] [stderr]    Compiling actix-macros v0.1.3
[INFO] [stderr]    Compiling pin-project-internal v1.0.8
[INFO] [stderr]    Compiling time-macros-impl v0.1.2
[INFO] [stderr]    Compiling enum-as-inner v0.3.3
[INFO] [stderr]    Compiling v_escape_derive v0.8.5
[INFO] [stderr]    Compiling actix-web-codegen v0.4.0
[INFO] [stderr]    Compiling sailfish-macros v0.3.3
[INFO] [stderr]    Compiling tokio v0.2.25
[INFO] [stderr]    Compiling time-macros v0.1.1
[INFO] [stderr] The following warnings were emitted during compilation:
[INFO] [stderr] 
[INFO] [stderr] warning: brotli-sys@0.3.2: ar: /opt/rustwide/target/debug/build/brotli-sys-dec6e30714f058f1/out/libbrotli.a: No space left on device
[INFO] [stderr] 
[INFO] [stderr] error: failed to run custom build command for `brotli-sys v0.3.2`
[INFO] [stderr] note: To improve backtraces for build dependencies, set the CARGO_PROFILE_DEV_BUILD_OVERRIDE_DEBUG=true environment variable to enable debug information generation.
[INFO] [stderr] 
[INFO] [stderr] Caused by:
[INFO] [stderr]   process didn't exit successfully: `/opt/rustwide/target/debug/build/brotli-sys-e082ec1faadcdec5/build-script-build` (exit status: 1)
[INFO] [stderr]   --- stdout
[INFO] [stderr]   cargo:include=/opt/rustwide/cargo-home/registry/src/index.crates.io-6f17d22bba15001f/brotli-sys-0.3.2/brotli/include
[INFO] [stderr]   TARGET = Some("x86_64-unknown-linux-gnu")
[INFO] [stderr]   OPT_LEVEL = Some("0")
[INFO] [stderr]   HOST = Some("x86_64-unknown-linux-gnu")
[INFO] [stderr]   CC_x86_64-unknown-linux-gnu = None
[INFO] [stderr]   CC_x86_64_unknown_linux_gnu = None
[INFO] [stderr]   HOST_CC = None
[INFO] [stderr]   CC = None
[INFO] [stderr]   CFLAGS_x86_64-unknown-linux-gnu = None
[INFO] [stderr]   CFLAGS_x86_64_unknown_linux_gnu = None
[INFO] [stderr]   HOST_CFLAGS = None
[INFO] [stderr]   CFLAGS = None
[INFO] [stderr]   CRATE_CC_NO_DEFAULTS = None
[INFO] [stderr]   DEBUG = Some("true")
[INFO] [stderr]   CARGO_CFG_TARGET_FEATURE = Some("fxsr,sse,sse2")
[INFO] [stderr]   running: "cc" "-O0" "-ffunction-sections" "-fdata-sections" "-fPIC" "-g" "-fno-omit-frame-pointer" "-m64" "-I" "brotli/include" "-o" "/opt/rustwide/target/debug/build/brotli-sys-dec6e30714f058f1/out/brotli/common/dictionary.o" "-c" "brotli/common/dictionary.c"
[INFO] [stderr]   exit status: 0
[INFO] [stderr]   running: "cc" "-O0" "-ffunction-sections" "-fdata-sections" "-fPIC" "-g" "-fno-omit-frame-pointer" "-m64" "-I" "brotli/include" "-o" "/opt/rustwide/target/debug/build/brotli-sys-dec6e30714f058f1/out/brotli/dec/bit_reader.o" "-c" "brotli/dec/bit_reader.c"
[INFO] [stderr]   exit status: 0
[INFO] [stderr]   running: "cc" "-O0" "-ffunction-sections" "-fdata-sections" "-fPIC" "-g" "-fno-omit-frame-pointer" "-m64" "-I" "brotli/include" "-o" "/opt/rustwide/target/debug/build/brotli-sys-dec6e30714f058f1/out/brotli/dec/decode.o" "-c" "brotli/dec/decode.c"
[INFO] [stderr]   exit status: 0
[INFO] [stderr]   running: "cc" "-O0" "-ffunction-sections" "-fdata-sections" "-fPIC" "-g" "-fno-omit-frame-pointer" "-m64" "-I" "brotli/include" "-o" "/opt/rustwide/target/debug/build/brotli-sys-dec6e30714f058f1/out/brotli/dec/huffman.o" "-c" "brotli/dec/huffman.c"
[INFO] [stderr]   exit status: 0
[INFO] [stderr]   running: "cc" "-O0" "-ffunction-sections" "-fdata-sections" "-fPIC" "-g" "-fno-omit-frame-pointer" "-m64" "-I" "brotli/include" "-o" "/opt/rustwide/target/debug/build/brotli-sys-dec6e30714f058f1/out/brotli/dec/state.o" "-c" "brotli/dec/state.c"
[INFO] [stderr]   exit status: 0
[INFO] [stderr]   running: "cc" "-O0" "-ffunction-sections" "-fdata-sections" "-fPIC" "-g" "-fno-omit-frame-pointer" "-m64" "-I" "brotli/include" "-o" "/opt/rustwide/target/debug/build/brotli-sys-dec6e30714f058f1/out/brotli/enc/backward_references.o" "-c" "brotli/enc/backward_references.c"
[INFO] [stderr]   exit status: 0
[INFO] [stderr]   running: "cc" "-O0" "-ffunction-sections" "-fdata-sections" "-fPIC" "-g" "-fno-omit-frame-pointer" "-m64" "-I" "brotli/include" "-o" "/opt/rustwide/target/debug/build/brotli-sys-dec6e30714f058f1/out/brotli/enc/backward_references_hq.o" "-c" "brotli/enc/backward_references_hq.c"
[INFO] [stderr]   exit status: 0
[INFO] [stderr]   running: "cc" "-O0" "-ffunction-sections" "-fdata-sections" "-fPIC" "-g" "-fno-omit-frame-pointer" "-m64" "-I" "brotli/include" "-o" "/opt/rustwide/target/debug/build/brotli-sys-dec6e30714f058f1/out/brotli/enc/bit_cost.o" "-c" "brotli/enc/bit_cost.c"
[INFO] [stderr]   exit status: 0
[INFO] [stderr]   running: "cc" "-O0" "-ffunction-sections" "-fdata-sections" "-fPIC" "-g" "-fno-omit-frame-pointer" "-m64" "-I" "brotli/include" "-o" "/opt/rustwide/target/debug/build/brotli-sys-dec6e30714f058f1/out/brotli/enc/block_splitter.o" "-c" "brotli/enc/block_splitter.c"
[INFO] [stderr]   exit status: 0
[INFO] [stderr]   running: "cc" "-O0" "-ffunction-sections" "-fdata-sections" "-fPIC" "-g" "-fno-omit-frame-pointer" "-m64" "-I" "brotli/include" "-o" "/opt/rustwide/target/debug/build/brotli-sys-dec6e30714f058f1/out/brotli/enc/brotli_bit_stream.o" "-c" "brotli/enc/brotli_bit_stream.c"
[INFO] [stderr]   exit status: 0
[INFO] [stderr]   running: "cc" "-O0" "-ffunction-sections" "-fdata-sections" "-fPIC" "-g" "-fno-omit-frame-pointer" "-m64" "-I" "brotli/include" "-o" "/opt/rustwide/target/debug/build/brotli-sys-dec6e30714f058f1/out/brotli/enc/cluster.o" "-c" "brotli/enc/cluster.c"
[INFO] [stderr]   exit status: 0
[INFO] [stderr]   running: "cc" "-O0" "-ffunction-sections" "-fdata-sections" "-fPIC" "-g" "-fno-omit-frame-pointer" "-m64" "-I" "brotli/include" "-o" "/opt/rustwide/target/debug/build/brotli-sys-dec6e30714f058f1/out/brotli/enc/compress_fragment.o" "-c" "brotli/enc/compress_fragment.c"
[INFO] [stderr]   exit status: 0
[INFO] [stderr]   running: "cc" "-O0" "-ffunction-sections" "-fdata-sections" "-fPIC" "-g" "-fno-omit-frame-pointer" "-m64" "-I" "brotli/include" "-o" "/opt/rustwide/target/debug/build/brotli-sys-dec6e30714f058f1/out/brotli/enc/compress_fragment_two_pass.o" "-c" "brotli/enc/compress_fragment_two_pass.c"
[INFO] [stderr]   exit status: 0
[INFO] [stderr]   running: "cc" "-O0" "-ffunction-sections" "-fdata-sections" "-fPIC" "-g" "-fno-omit-frame-pointer" "-m64" "-I" "brotli/include" "-o" "/opt/rustwide/target/debug/build/brotli-sys-dec6e30714f058f1/out/brotli/enc/dictionary_hash.o" "-c" "brotli/enc/dictionary_hash.c"
[INFO] [stderr]   exit status: 0
[INFO] [stderr]   running: "cc" "-O0" "-ffunction-sections" "-fdata-sections" "-fPIC" "-g" "-fno-omit-frame-pointer" "-m64" "-I" "brotli/include" "-o" "/opt/rustwide/target/debug/build/brotli-sys-dec6e30714f058f1/out/brotli/enc/encode.o" "-c" "brotli/enc/encode.c"
[INFO] [stderr]   exit status: 0
[INFO] [stderr]   running: "cc" "-O0" "-ffunction-sections" "-fdata-sections" "-fPIC" "-g" "-fno-omit-frame-pointer" "-m64" "-I" "brotli/include" "-o" "/opt/rustwide/target/debug/build/brotli-sys-dec6e30714f058f1/out/brotli/enc/entropy_encode.o" "-c" "brotli/enc/entropy_encode.c"
[INFO] [stderr]   exit status: 0
[INFO] [stderr]   running: "cc" "-O0" "-ffunction-sections" "-fdata-sections" "-fPIC" "-g" "-fno-omit-frame-pointer" "-m64" "-I" "brotli/include" "-o" "/opt/rustwide/target/debug/build/brotli-sys-dec6e30714f058f1/out/brotli/enc/histogram.o" "-c" "brotli/enc/histogram.c"
[INFO] [stderr]   exit status: 0
[INFO] [stderr]   running: "cc" "-O0" "-ffunction-sections" "-fdata-sections" "-fPIC" "-g" "-fno-omit-frame-pointer" "-m64" "-I" "brotli/include" "-o" "/opt/rustwide/target/debug/build/brotli-sys-dec6e30714f058f1/out/brotli/enc/literal_cost.o" "-c" "brotli/enc/literal_cost.c"
[INFO] [stderr]   exit status: 0
[INFO] [stderr]   running: "cc" "-O0" "-ffunction-sections" "-fdata-sections" "-fPIC" "-g" "-fno-omit-frame-pointer" "-m64" "-I" "brotli/include" "-o" "/opt/rustwide/target/debug/build/brotli-sys-dec6e30714f058f1/out/brotli/enc/memory.o" "-c" "brotli/enc/memory.c"
[INFO] [stderr]   exit status: 0
[INFO] [stderr]   running: "cc" "-O0" "-ffunction-sections" "-fdata-sections" "-fPIC" "-g" "-fno-omit-frame-pointer" "-m64" "-I" "brotli/include" "-o" "/opt/rustwide/target/debug/build/brotli-sys-dec6e30714f058f1/out/brotli/enc/metablock.o" "-c" "brotli/enc/metablock.c"
[INFO] [stderr]   exit status: 0
[INFO] [stderr]   running: "cc" "-O0" "-ffunction-sections" "-fdata-sections" "-fPIC" "-g" "-fno-omit-frame-pointer" "-m64" "-I" "brotli/include" "-o" "/opt/rustwide/target/debug/build/brotli-sys-dec6e30714f058f1/out/brotli/enc/static_dict.o" "-c" "brotli/enc/static_dict.c"
[INFO] [stderr]   exit status: 0
[INFO] [stderr]   running: "cc" "-O0" "-ffunction-sections" "-fdata-sections" "-fPIC" "-g" "-fno-omit-frame-pointer" "-m64" "-I" "brotli/include" "-o" "/opt/rustwide/target/debug/build/brotli-sys-dec6e30714f058f1/out/brotli/enc/utf8_util.o" "-c" "brotli/enc/utf8_util.c"
[INFO] [stderr]   exit status: 0
[INFO] [stderr]   AR_x86_64-unknown-linux-gnu = None
[INFO] [stderr]   AR_x86_64_unknown_linux_gnu = None
[INFO] [stderr]   HOST_AR = None
[INFO] [stderr]   AR = None
[INFO] [stderr]   running: ZERO_AR_DATE="1" "ar" "cq" "/opt/rustwide/target/debug/build/brotli-sys-dec6e30714f058f1/out/libbrotli.a" "/opt/rustwide/target/debug/build/brotli-sys-dec6e30714f058f1/out/brotli/common/dictionary.o" "/opt/rustwide/target/debug/build/brotli-sys-dec6e30714f058f1/out/brotli/dec/bit_reader.o" "/opt/rustwide/target/debug/build/brotli-sys-dec6e30714f058f1/out/brotli/dec/decode.o" "/opt/rustwide/target/debug/build/brotli-sys-dec6e30714f058f1/out/brotli/dec/huffman.o" "/opt/rustwide/target/debug/build/brotli-sys-dec6e30714f058f1/out/brotli/dec/state.o" "/opt/rustwide/target/debug/build/brotli-sys-dec6e30714f058f1/out/brotli/enc/backward_references.o" "/opt/rustwide/target/debug/build/brotli-sys-dec6e30714f058f1/out/brotli/enc/backward_references_hq.o" "/opt/rustwide/target/debug/build/brotli-sys-dec6e30714f058f1/out/brotli/enc/bit_cost.o" "/opt/rustwide/target/debug/build/brotli-sys-dec6e30714f058f1/out/brotli/enc/block_splitter.o" "/opt/rustwide/target/debug/build/brotli-sys-dec6e30714f058f1/out/brotli/enc/brotli_bit_stream.o" "/opt/rustwide/target/debug/build/brotli-sys-dec6e30714f058f1/out/brotli/enc/cluster.o" "/opt/rustwide/target/debug/build/brotli-sys-dec6e30714f058f1/out/brotli/enc/compress_fragment.o" "/opt/rustwide/target/debug/build/brotli-sys-dec6e30714f058f1/out/brotli/enc/compress_fragment_two_pass.o" "/opt/rustwide/target/debug/build/brotli-sys-dec6e30714f058f1/out/brotli/enc/dictionary_hash.o" "/opt/rustwide/target/debug/build/brotli-sys-dec6e30714f058f1/out/brotli/enc/encode.o" "/opt/rustwide/target/debug/build/brotli-sys-dec6e30714f058f1/out/brotli/enc/entropy_encode.o" "/opt/rustwide/target/debug/build/brotli-sys-dec6e30714f058f1/out/brotli/enc/histogram.o" "/opt/rustwide/target/debug/build/brotli-sys-dec6e30714f058f1/out/brotli/enc/literal_cost.o" "/opt/rustwide/target/debug/build/brotli-sys-dec6e30714f058f1/out/brotli/enc/memory.o" "/opt/rustwide/target/debug/build/brotli-sys-dec6e30714f058f1/out/brotli/enc/metablock.o" "/opt/rustwide/target/debug/build/brotli-sys-dec6e30714f058f1/out/brotli/enc/static_dict.o" "/opt/rustwide/target/debug/build/brotli-sys-dec6e30714f058f1/out/brotli/enc/utf8_util.o"
[INFO] [stderr]   cargo:warning=ar: /opt/rustwide/target/debug/build/brotli-sys-dec6e30714f058f1/out/libbrotli.a: No space left on device
[INFO] [stderr]   exit status: 1
[INFO] [stderr] 
[INFO] [stderr]   --- stderr
[INFO] [stderr]   fatal: not a git repository (or any parent up to mount point /opt/rustwide)
[INFO] [stderr]   Stopping at filesystem boundary (GIT_DISCOVERY_ACROSS_FILESYSTEM not set).
[INFO] [stderr] 
[INFO] [stderr] 
[INFO] [stderr]   error occurred: Command ZERO_AR_DATE="1" "ar" "cq" "/opt/rustwide/target/debug/build/brotli-sys-dec6e30714f058f1/out/libbrotli.a" "/opt/rustwide/target/debug/build/brotli-sys-dec6e30714f058f1/out/brotli/common/dictionary.o" "/opt/rustwide/target/debug/build/brotli-sys-dec6e30714f058f1/out/brotli/dec/bit_reader.o" "/opt/rustwide/target/debug/build/brotli-sys-dec6e30714f058f1/out/brotli/dec/decode.o" "/opt/rustwide/target/debug/build/brotli-sys-dec6e30714f058f1/out/brotli/dec/huffman.o" "/opt/rustwide/target/debug/build/brotli-sys-dec6e30714f058f1/out/brotli/dec/state.o" "/opt/rustwide/target/debug/build/brotli-sys-dec6e30714f058f1/out/brotli/enc/backward_references.o" "/opt/rustwide/target/debug/build/brotli-sys-dec6e30714f058f1/out/brotli/enc/backward_references_hq.o" "/opt/rustwide/target/debug/build/brotli-sys-dec6e30714f058f1/out/brotli/enc/bit_cost.o" "/opt/rustwide/target/debug/build/brotli-sys-dec6e30714f058f1/out/brotli/enc/block_splitter.o" "/opt/rustwide/target/debug/build/brotli-sys-dec6e30714f058f1/out/brotli/enc/brotli_bit_stream.o" "/opt/rustwide/target/debug/build/brotli-sys-dec6e30714f058f1/out/brotli/enc/cluster.o" "/opt/rustwide/target/debug/build/brotli-sys-dec6e30714f058f1/out/brotli/enc/compress_fragment.o" "/opt/rustwide/target/debug/build/brotli-sys-dec6e30714f058f1/out/brotli/enc/compress_fragment_two_pass.o" "/opt/rustwide/target/debug/build/brotli-sys-dec6e30714f058f1/out/brotli/enc/dictionary_hash.o" "/opt/rustwide/target/debug/build/brotli-sys-dec6e30714f058f1/out/brotli/enc/encode.o" "/opt/rustwide/target/debug/build/brotli-sys-dec6e30714f058f1/out/brotli/enc/entropy_encode.o" "/opt/rustwide/target/debug/build/brotli-sys-dec6e30714f058f1/out/brotli/enc/histogram.o" "/opt/rustwide/target/debug/build/brotli-sys-dec6e30714f058f1/out/brotli/enc/literal_cost.o" "/opt/rustwide/target/debug/build/brotli-sys-dec6e30714f058f1/out/brotli/enc/memory.o" "/opt/rustwide/target/debug/build/brotli-sys-dec6e30714f058f1/out/brotli/enc/metablock.o" "/opt/rustwide/target/debug/build/brotli-sys-dec6e30714f058f1/out/brotli/enc/static_dict.o" "/opt/rustwide/target/debug/build/brotli-sys-dec6e30714f058f1/out/brotli/enc/utf8_util.o" with args "ar" did not execute successfully (status code exit status: 1).
[INFO] [stderr] 
[INFO] [stderr] 
[INFO] [stderr] warning: build failed, waiting for other jobs to finish...
[INFO] [stdout] error: linking with `cc` failed: exit status: 1
[INFO] [stdout]   |
[INFO] [stdout]   = note: LC_ALL="C" PATH="/opt/rustwide/rustup-home/toolchains/beta-2023-12-22-x86_64-unknown-linux-gnu/lib/rustlib/x86_64-unknown-linux-gnu/bin:/opt/rustwide/cargo-home/bin:/usr/local/sbin:/usr/local/bin:/usr/sbin:/usr/bin:/sbin:/bin" VSLANG="1033" "cc" "-Wl,--version-script=/tmp/rustcxTbtlR/list" "-Wl,--no-undefined-version" "-m64" "/tmp/rustcxTbtlR/symbols.o" "/opt/rustwide/target/debug/deps/thiserror_impl-deb739aabff93308.thiserror_impl.a3ec81ff65e27f7e-cgu.00.rcgu.o" "/opt/rustwide/target/debug/deps/thiserror_impl-deb739aabff93308.thiserror_impl.a3ec81ff65e27f7e-cgu.01.rcgu.o" "/opt/rustwide/target/debug/deps/thiserror_impl-deb739aabff93308.thiserror_impl.a3ec81ff65e27f7e-cgu.02.rcgu.o" "/opt/rustwide/target/debug/deps/thiserror_impl-deb739aabff93308.thiserror_impl.a3ec81ff65e27f7e-cgu.03.rcgu.o" "/opt/rustwide/target/debug/deps/thiserror_impl-deb739aabff93308.thiserror_impl.a3ec81ff65e27f7e-cgu.04.rcgu.o" "/opt/rustwide/target/debug/deps/thiserror_impl-deb739aabff93308.thiserror_impl.a3ec81ff65e27f7e-cgu.05.rcgu.o" "/opt/rustwide/target/debug/deps/thiserror_impl-deb739aabff93308.thiserror_impl.a3ec81ff65e27f7e-cgu.06.rcgu.o" "/opt/rustwide/target/debug/deps/thiserror_impl-deb739aabff93308.thiserror_impl.a3ec81ff65e27f7e-cgu.07.rcgu.o" "/opt/rustwide/target/debug/deps/thiserror_impl-deb739aabff93308.thiserror_impl.a3ec81ff65e27f7e-cgu.08.rcgu.o" "/opt/rustwide/target/debug/deps/thiserror_impl-deb739aabff93308.thiserror_impl.a3ec81ff65e27f7e-cgu.09.rcgu.o" "/opt/rustwide/target/debug/deps/thiserror_impl-deb739aabff93308.thiserror_impl.a3ec81ff65e27f7e-cgu.10.rcgu.o" "/opt/rustwide/target/debug/deps/thiserror_impl-deb739aabff93308.thiserror_impl.a3ec81ff65e27f7e-cgu.11.rcgu.o" "/opt/rustwide/target/debug/deps/thiserror_impl-deb739aabff93308.thiserror_impl.a3ec81ff65e27f7e-cgu.12.rcgu.o" "/opt/rustwide/target/debug/deps/thiserror_impl-deb739aabff93308.thiserror_impl.a3ec81ff65e27f7e-cgu.13.rcgu.o" "/opt/rustwide/target/debug/deps/thiserror_impl-deb739aabff93308.thiserror_impl.a3ec81ff65e27f7e-cgu.14.rcgu.o" "/opt/rustwide/target/debug/deps/thiserror_impl-deb739aabff93308.thiserror_impl.a3ec81ff65e27f7e-cgu.15.rcgu.o" "/opt/rustwide/target/debug/deps/thiserror_impl-deb739aabff93308.3vhi37504vko4x4e.rcgu.rmeta" "/opt/rustwide/target/debug/deps/thiserror_impl-deb739aabff93308.2rrmlc1brerdlywk.rcgu.o" "-Wl,--as-needed" "-L" "/opt/rustwide/target/debug/deps" "-L" "/opt/rustwide/rustup-home/toolchains/beta-2023-12-22-x86_64-unknown-linux-gnu/lib/rustlib/x86_64-unknown-linux-gnu/lib" "-Wl,-Bstatic" "/opt/rustwide/target/debug/deps/libsyn-2eea117e58ccfabb.rlib" "/opt/rustwide/target/debug/deps/libquote-1d4e6774953b61f7.rlib" "/opt/rustwide/target/debug/deps/libproc_macro2-919390bdb9c640a8.rlib" "/opt/rustwide/target/debug/deps/libunicode_xid-cc866fe1def50201.rlib" "/opt/rustwide/rustup-home/toolchains/beta-2023-12-22-x86_64-unknown-linux-gnu/lib/rustlib/x86_64-unknown-linux-gnu/lib/libproc_macro-dac9343a0962bb53.rlib" "/opt/rustwide/rustup-home/toolchains/beta-2023-12-22-x86_64-unknown-linux-gnu/lib/rustlib/x86_64-unknown-linux-gnu/lib/libstd-0672489a78b613de.rlib" "/opt/rustwide/rustup-home/toolchains/beta-2023-12-22-x86_64-unknown-linux-gnu/lib/rustlib/x86_64-unknown-linux-gnu/lib/libpanic_unwind-7eb3ffc34a49f675.rlib" "/opt/rustwide/rustup-home/toolchains/beta-2023-12-22-x86_64-unknown-linux-gnu/lib/rustlib/x86_64-unknown-linux-gnu/lib/libobject-6478a9daa4bee8e2.rlib" "/opt/rustwide/rustup-home/toolchains/beta-2023-12-22-x86_64-unknown-linux-gnu/lib/rustlib/x86_64-unknown-linux-gnu/lib/libmemchr-0c75d871a5c3923d.rlib" "/opt/rustwide/rustup-home/toolchains/beta-2023-12-22-x86_64-unknown-linux-gnu/lib/rustlib/x86_64-unknown-linux-gnu/lib/libaddr2line-d163ef63ad37bb71.rlib" "/opt/rustwide/rustup-home/toolchains/beta-2023-12-22-x86_64-unknown-linux-gnu/lib/rustlib/x86_64-unknown-linux-gnu/lib/libgimli-8a3fd810a85b9f4c.rlib" "/opt/rustwide/rustup-home/toolchains/beta-2023-12-22-x86_64-unknown-linux-gnu/lib/rustlib/x86_64-unknown-linux-gnu/lib/librustc_demangle-462a2cde8c5dfc10.rlib" "/opt/rustwide/rustup-home/toolchains/beta-2023-12-22-x86_64-unknown-linux-gnu/lib/rustlib/x86_64-unknown-linux-gnu/lib/libstd_detect-cb06ac9f54713f71.rlib" "/opt/rustwide/rustup-home/toolchains/beta-2023-12-22-x86_64-unknown-linux-gnu/lib/rustlib/x86_64-unknown-linux-gnu/lib/libhashbrown-f20bfd1f8e59b393.rlib" "/opt/rustwide/rustup-home/toolchains/beta-2023-12-22-x86_64-unknown-linux-gnu/lib/rustlib/x86_64-unknown-linux-gnu/lib/librustc_std_workspace_alloc-1ef460949b49da4b.rlib" "/opt/rustwide/rustup-home/toolchains/beta-2023-12-22-x86_64-unknown-linux-gnu/lib/rustlib/x86_64-unknown-linux-gnu/lib/libminiz_oxide-2cb0c0ffe4f87514.rlib" "/opt/rustwide/rustup-home/toolchains/beta-2023-12-22-x86_64-unknown-linux-gnu/lib/rustlib/x86_64-unknown-linux-gnu/lib/libadler-58d841eb322a11a2.rlib" "/opt/rustwide/rustup-home/toolchains/beta-2023-12-22-x86_64-unknown-linux-gnu/lib/rustlib/x86_64-unknown-linux-gnu/lib/libunwind-aa2ae0b0a9d11533.rlib" "/opt/rustwide/rustup-home/toolchains/beta-2023-12-22-x86_64-unknown-linux-gnu/lib/rustlib/x86_64-unknown-linux-gnu/lib/libcfg_if-23874e15830ed336.rlib" "/opt/rustwide/rustup-home/toolchains/beta-2023-12-22-x86_64-unknown-linux-gnu/lib/rustlib/x86_64-unknown-linux-gnu/lib/liblibc-e47cddc003bce885.rlib" "/opt/rustwide/rustup-home/toolchains/beta-2023-12-22-x86_64-unknown-linux-gnu/lib/rustlib/x86_64-unknown-linux-gnu/lib/liballoc-c22b13b48a8f128e.rlib" "/opt/rustwide/rustup-home/toolchains/beta-2023-12-22-x86_64-unknown-linux-gnu/lib/rustlib/x86_64-unknown-linux-gnu/lib/librustc_std_workspace_core-e46bc3da6d7c462f.rlib" "/opt/rustwide/rustup-home/toolchains/beta-2023-12-22-x86_64-unknown-linux-gnu/lib/rustlib/x86_64-unknown-linux-gnu/lib/libcore-8d1ac131d3cb2645.rlib" "/opt/rustwide/rustup-home/toolchains/beta-2023-12-22-x86_64-unknown-linux-gnu/lib/rustlib/x86_64-unknown-linux-gnu/lib/libcompiler_builtins-a1b43df8c6899c1f.rlib" "-Wl,-Bdynamic" "-lgcc_s" "-lutil" "-lrt" "-lpthread" "-lm" "-ldl" "-lc" "-Wl,--eh-frame-hdr" "-Wl,-z,noexecstack" "-L" "/opt/rustwide/rustup-home/toolchains/beta-2023-12-22-x86_64-unknown-linux-gnu/lib/rustlib/x86_64-unknown-linux-gnu/lib" "-o" "/opt/rustwide/target/debug/deps/libthiserror_impl-deb739aabff93308.so" "-Wl,--gc-sections" "-shared" "-Wl,-z,relro,-z,now" "-nodefaultlibs"
[INFO] [stdout]   = note: /usr/bin/ld: final link failed: No space left on device
[INFO] [stdout]           collect2: error: ld returned 1 exit status
[INFO] [stdout]           
[INFO] [stdout] 
[INFO] [stdout] 
[INFO] [stdout] error: linking with `cc` failed: exit status: 1
[INFO] [stdout]   |
[INFO] [stdout]   = note: LC_ALL="C" PATH="/opt/rustwide/rustup-home/toolchains/beta-2023-12-22-x86_64-unknown-linux-gnu/lib/rustlib/x86_64-unknown-linux-gnu/bin:/opt/rustwide/cargo-home/bin:/usr/local/sbin:/usr/local/bin:/usr/sbin:/usr/bin:/sbin:/bin" VSLANG="1033" "cc" "-Wl,--version-script=/tmp/rustcuFkopW/list" "-Wl,--no-undefined-version" "-m64" "/tmp/rustcuFkopW/symbols.o" "/opt/rustwide/target/debug/deps/async_trait-43b4483f96040fb6.async_trait.b99768af108ed4cb-cgu.00.rcgu.o" "/opt/rustwide/target/debug/deps/async_trait-43b4483f96040fb6.async_trait.b99768af108ed4cb-cgu.01.rcgu.o" "/opt/rustwide/target/debug/deps/async_trait-43b4483f96040fb6.async_trait.b99768af108ed4cb-cgu.02.rcgu.o" "/opt/rustwide/target/debug/deps/async_trait-43b4483f96040fb6.async_trait.b99768af108ed4cb-cgu.03.rcgu.o" "/opt/rustwide/target/debug/deps/async_trait-43b4483f96040fb6.async_trait.b99768af108ed4cb-cgu.04.rcgu.o" "/opt/rustwide/target/debug/deps/async_trait-43b4483f96040fb6.async_trait.b99768af108ed4cb-cgu.05.rcgu.o" "/opt/rustwide/target/debug/deps/async_trait-43b4483f96040fb6.async_trait.b99768af108ed4cb-cgu.06.rcgu.o" "/opt/rustwide/target/debug/deps/async_trait-43b4483f96040fb6.async_trait.b99768af108ed4cb-cgu.07.rcgu.o" "/opt/rustwide/target/debug/deps/async_trait-43b4483f96040fb6.async_trait.b99768af108ed4cb-cgu.08.rcgu.o" "/opt/rustwide/target/debug/deps/async_trait-43b4483f96040fb6.async_trait.b99768af108ed4cb-cgu.09.rcgu.o" "/opt/rustwide/target/debug/deps/async_trait-43b4483f96040fb6.3t6xvdztvow8i0h4.rcgu.rmeta" "/opt/rustwide/target/debug/deps/async_trait-43b4483f96040fb6.39jyqmqm5bbz0vsx.rcgu.o" "-Wl,--as-needed" "-L" "/opt/rustwide/target/debug/deps" "-L" "/opt/rustwide/rustup-home/toolchains/beta-2023-12-22-x86_64-unknown-linux-gnu/lib/rustlib/x86_64-unknown-linux-gnu/lib" "-Wl,-Bstatic" "/opt/rustwide/target/debug/deps/libsyn-2eea117e58ccfabb.rlib" "/opt/rustwide/target/debug/deps/libquote-1d4e6774953b61f7.rlib" "/opt/rustwide/target/debug/deps/libproc_macro2-919390bdb9c640a8.rlib" "/opt/rustwide/target/debug/deps/libunicode_xid-cc866fe1def50201.rlib" "/opt/rustwide/rustup-home/toolchains/beta-2023-12-22-x86_64-unknown-linux-gnu/lib/rustlib/x86_64-unknown-linux-gnu/lib/libproc_macro-dac9343a0962bb53.rlib" "/opt/rustwide/rustup-home/toolchains/beta-2023-12-22-x86_64-unknown-linux-gnu/lib/rustlib/x86_64-unknown-linux-gnu/lib/libstd-0672489a78b613de.rlib" "/opt/rustwide/rustup-home/toolchains/beta-2023-12-22-x86_64-unknown-linux-gnu/lib/rustlib/x86_64-unknown-linux-gnu/lib/libpanic_unwind-7eb3ffc34a49f675.rlib" "/opt/rustwide/rustup-home/toolchains/beta-2023-12-22-x86_64-unknown-linux-gnu/lib/rustlib/x86_64-unknown-linux-gnu/lib/libobject-6478a9daa4bee8e2.rlib" "/opt/rustwide/rustup-home/toolchains/beta-2023-12-22-x86_64-unknown-linux-gnu/lib/rustlib/x86_64-unknown-linux-gnu/lib/libmemchr-0c75d871a5c3923d.rlib" "/opt/rustwide/rustup-home/toolchains/beta-2023-12-22-x86_64-unknown-linux-gnu/lib/rustlib/x86_64-unknown-linux-gnu/lib/libaddr2line-d163ef63ad37bb71.rlib" "/opt/rustwide/rustup-home/toolchains/beta-2023-12-22-x86_64-unknown-linux-gnu/lib/rustlib/x86_64-unknown-linux-gnu/lib/libgimli-8a3fd810a85b9f4c.rlib" "/opt/rustwide/rustup-home/toolchains/beta-2023-12-22-x86_64-unknown-linux-gnu/lib/rustlib/x86_64-unknown-linux-gnu/lib/librustc_demangle-462a2cde8c5dfc10.rlib" "/opt/rustwide/rustup-home/toolchains/beta-2023-12-22-x86_64-unknown-linux-gnu/lib/rustlib/x86_64-unknown-linux-gnu/lib/libstd_detect-cb06ac9f54713f71.rlib" "/opt/rustwide/rustup-home/toolchains/beta-2023-12-22-x86_64-unknown-linux-gnu/lib/rustlib/x86_64-unknown-linux-gnu/lib/libhashbrown-f20bfd1f8e59b393.rlib" "/opt/rustwide/rustup-home/toolchains/beta-2023-12-22-x86_64-unknown-linux-gnu/lib/rustlib/x86_64-unknown-linux-gnu/lib/librustc_std_workspace_alloc-1ef460949b49da4b.rlib" "/opt/rustwide/rustup-home/toolchains/beta-2023-12-22-x86_64-unknown-linux-gnu/lib/rustlib/x86_64-unknown-linux-gnu/lib/libminiz_oxide-2cb0c0ffe4f87514.rlib" "/opt/rustwide/rustup-home/toolchains/beta-2023-12-22-x86_64-unknown-linux-gnu/lib/rustlib/x86_64-unknown-linux-gnu/lib/libadler-58d841eb322a11a2.rlib" "/opt/rustwide/rustup-home/toolchains/beta-2023-12-22-x86_64-unknown-linux-gnu/lib/rustlib/x86_64-unknown-linux-gnu/lib/libunwind-aa2ae0b0a9d11533.rlib" "/opt/rustwide/rustup-home/toolchains/beta-2023-12-22-x86_64-unknown-linux-gnu/lib/rustlib/x86_64-unknown-linux-gnu/lib/libcfg_if-23874e15830ed336.rlib" "/opt/rustwide/rustup-home/toolchains/beta-2023-12-22-x86_64-unknown-linux-gnu/lib/rustlib/x86_64-unknown-linux-gnu/lib/liblibc-e47cddc003bce885.rlib" "/opt/rustwide/rustup-home/toolchains/beta-2023-12-22-x86_64-unknown-linux-gnu/lib/rustlib/x86_64-unknown-linux-gnu/lib/liballoc-c22b13b48a8f128e.rlib" "/opt/rustwide/rustup-home/toolchains/beta-2023-12-22-x86_64-unknown-linux-gnu/lib/rustlib/x86_64-unknown-linux-gnu/lib/librustc_std_workspace_core-e46bc3da6d7c462f.rlib" "/opt/rustwide/rustup-home/toolchains/beta-2023-12-22-x86_64-unknown-linux-gnu/lib/rustlib/x86_64-unknown-linux-gnu/lib/libcore-8d1ac131d3cb2645.rlib" "/opt/rustwide/rustup-home/toolchains/beta-2023-12-22-x86_64-unknown-linux-gnu/lib/rustlib/x86_64-unknown-linux-gnu/lib/libcompiler_builtins-a1b43df8c6899c1f.rlib" "-Wl,-Bdynamic" "-lgcc_s" "-lutil" "-lrt" "-lpthread" "-lm" "-ldl" "-lc" "-Wl,--eh-frame-hdr" "-Wl,-z,noexecstack" "-L" "/opt/rustwide/rustup-home/toolchains/beta-2023-12-22-x86_64-unknown-linux-gnu/lib/rustlib/x86_64-unknown-linux-gnu/lib" "-o" "/opt/rustwide/target/debug/deps/libasync_trait-43b4483f96040fb6.so" "-Wl,--gc-sections" "-shared" "-Wl,-z,relro,-z,now" "-nodefaultlibs"
[INFO] [stdout]   = note: /usr/bin/ld: final link failed: No space left on device
[INFO] [stdout]           collect2: error: ld returned 1 exit status
[INFO] [stdout]           
[INFO] [stdout] 
[INFO] [stdout] 
[INFO] [stdout] error: linking with `cc` failed: exit status: 1
[INFO] [stdout]   |
[INFO] [stdout]   = note: LC_ALL="C" PATH="/opt/rustwide/rustup-home/toolchains/beta-2023-12-22-x86_64-unknown-linux-gnu/lib/rustlib/x86_64-unknown-linux-gnu/bin:/opt/rustwide/cargo-home/bin:/usr/local/sbin:/usr/local/bin:/usr/sbin:/usr/bin:/sbin:/bin" VSLANG="1033" "cc" "-Wl,--version-script=/tmp/rustcp926rW/list" "-Wl,--no-undefined-version" "-m64" "/tmp/rustcp926rW/symbols.o" "/opt/rustwide/target/debug/deps/pin_project_internal-43db32dbac398ea9.pin_project_internal.b32316929d67d413-cgu.00.rcgu.o" "/opt/rustwide/target/debug/deps/pin_project_internal-43db32dbac398ea9.pin_project_internal.b32316929d67d413-cgu.01.rcgu.o" "/opt/rustwide/target/debug/deps/pin_project_internal-43db32dbac398ea9.pin_project_internal.b32316929d67d413-cgu.02.rcgu.o" "/opt/rustwide/target/debug/deps/pin_project_internal-43db32dbac398ea9.pin_project_internal.b32316929d67d413-cgu.03.rcgu.o" "/opt/rustwide/target/debug/deps/pin_project_internal-43db32dbac398ea9.pin_project_internal.b32316929d67d413-cgu.04.rcgu.o" "/opt/rustwide/target/debug/deps/pin_project_internal-43db32dbac398ea9.pin_project_internal.b32316929d67d413-cgu.05.rcgu.o" "/opt/rustwide/target/debug/deps/pin_project_internal-43db32dbac398ea9.pin_project_internal.b32316929d67d413-cgu.06.rcgu.o" "/opt/rustwide/target/debug/deps/pin_project_internal-43db32dbac398ea9.pin_project_internal.b32316929d67d413-cgu.07.rcgu.o" "/opt/rustwide/target/debug/deps/pin_project_internal-43db32dbac398ea9.pin_project_internal.b32316929d67d413-cgu.08.rcgu.o" "/opt/rustwide/target/debug/deps/pin_project_internal-43db32dbac398ea9.pin_project_internal.b32316929d67d413-cgu.09.rcgu.o" "/opt/rustwide/target/debug/deps/pin_project_internal-43db32dbac398ea9.pin_project_internal.b32316929d67d413-cgu.10.rcgu.o" "/opt/rustwide/target/debug/deps/pin_project_internal-43db32dbac398ea9.pin_project_internal.b32316929d67d413-cgu.11.rcgu.o" "/opt/rustwide/target/debug/deps/pin_project_internal-43db32dbac398ea9.pin_project_internal.b32316929d67d413-cgu.12.rcgu.o" "/opt/rustwide/target/debug/deps/pin_project_internal-43db32dbac398ea9.pin_project_internal.b32316929d67d413-cgu.13.rcgu.o" "/opt/rustwide/target/debug/deps/pin_project_internal-43db32dbac398ea9.pin_project_internal.b32316929d67d413-cgu.14.rcgu.o" "/opt/rustwide/target/debug/deps/pin_project_internal-43db32dbac398ea9.pin_project_internal.b32316929d67d413-cgu.15.rcgu.o" "/opt/rustwide/target/debug/deps/pin_project_internal-43db32dbac398ea9.2o2rrokc35dhvu2e.rcgu.rmeta" "/opt/rustwide/target/debug/deps/pin_project_internal-43db32dbac398ea9.4wv8sm0dyydbg5pt.rcgu.o" "-Wl,--as-needed" "-L" "/opt/rustwide/target/debug/deps" "-L" "/opt/rustwide/rustup-home/toolchains/beta-2023-12-22-x86_64-unknown-linux-gnu/lib/rustlib/x86_64-unknown-linux-gnu/lib" "-Wl,-Bstatic" "/opt/rustwide/target/debug/deps/libsyn-2eea117e58ccfabb.rlib" "/opt/rustwide/target/debug/deps/libquote-1d4e6774953b61f7.rlib" "/opt/rustwide/target/debug/deps/libproc_macro2-919390bdb9c640a8.rlib" "/opt/rustwide/target/debug/deps/libunicode_xid-cc866fe1def50201.rlib" "/opt/rustwide/rustup-home/toolchains/beta-2023-12-22-x86_64-unknown-linux-gnu/lib/rustlib/x86_64-unknown-linux-gnu/lib/libproc_macro-dac9343a0962bb53.rlib" "/opt/rustwide/rustup-home/toolchains/beta-2023-12-22-x86_64-unknown-linux-gnu/lib/rustlib/x86_64-unknown-linux-gnu/lib/libstd-0672489a78b613de.rlib" "/opt/rustwide/rustup-home/toolchains/beta-2023-12-22-x86_64-unknown-linux-gnu/lib/rustlib/x86_64-unknown-linux-gnu/lib/libpanic_unwind-7eb3ffc34a49f675.rlib" "/opt/rustwide/rustup-home/toolchains/beta-2023-12-22-x86_64-unknown-linux-gnu/lib/rustlib/x86_64-unknown-linux-gnu/lib/libobject-6478a9daa4bee8e2.rlib" "/opt/rustwide/rustup-home/toolchains/beta-2023-12-22-x86_64-unknown-linux-gnu/lib/rustlib/x86_64-unknown-linux-gnu/lib/libmemchr-0c75d871a5c3923d.rlib" "/opt/rustwide/rustup-home/toolchains/beta-2023-12-22-x86_64-unknown-linux-gnu/lib/rustlib/x86_64-unknown-linux-gnu/lib/libaddr2line-d163ef63ad37bb71.rlib" "/opt/rustwide/rustup-home/toolchains/beta-2023-12-22-x86_64-unknown-linux-gnu/lib/rustlib/x86_64-unknown-linux-gnu/lib/libgimli-8a3fd810a85b9f4c.rlib" "/opt/rustwide/rustup-home/toolchains/beta-2023-12-22-x86_64-unknown-linux-gnu/lib/rustlib/x86_64-unknown-linux-gnu/lib/librustc_demangle-462a2cde8c5dfc10.rlib" "/opt/rustwide/rustup-home/toolchains/beta-2023-12-22-x86_64-unknown-linux-gnu/lib/rustlib/x86_64-unknown-linux-gnu/lib/libstd_detect-cb06ac9f54713f71.rlib" "/opt/rustwide/rustup-home/toolchains/beta-2023-12-22-x86_64-unknown-linux-gnu/lib/rustlib/x86_64-unknown-linux-gnu/lib/libhashbrown-f20bfd1f8e59b393.rlib" "/opt/rustwide/rustup-home/toolchains/beta-2023-12-22-x86_64-unknown-linux-gnu/lib/rustlib/x86_64-unknown-linux-gnu/lib/librustc_std_workspace_alloc-1ef460949b49da4b.rlib" "/opt/rustwide/rustup-home/toolchains/beta-2023-12-22-x86_64-unknown-linux-gnu/lib/rustlib/x86_64-unknown-linux-gnu/lib/libminiz_oxide-2cb0c0ffe4f87514.rlib" "/opt/rustwide/rustup-home/toolchains/beta-2023-12-22-x86_64-unknown-linux-gnu/lib/rustlib/x86_64-unknown-linux-gnu/lib/libadler-58d841eb322a11a2.rlib" "/opt/rustwide/rustup-home/toolchains/beta-2023-12-22-x86_64-unknown-linux-gnu/lib/rustlib/x86_64-unknown-linux-gnu/lib/libunwind-aa2ae0b0a9d11533.rlib" "/opt/rustwide/rustup-home/toolchains/beta-2023-12-22-x86_64-unknown-linux-gnu/lib/rustlib/x86_64-unknown-linux-gnu/lib/libcfg_if-23874e15830ed336.rlib" "/opt/rustwide/rustup-home/toolchains/beta-2023-12-22-x86_64-unknown-linux-gnu/lib/rustlib/x86_64-unknown-linux-gnu/lib/liblibc-e47cddc003bce885.rlib" "/opt/rustwide/rustup-home/toolchains/beta-2023-12-22-x86_64-unknown-linux-gnu/lib/rustlib/x86_64-unknown-linux-gnu/lib/liballoc-c22b13b48a8f128e.rlib" "/opt/rustwide/rustup-home/toolchains/beta-2023-12-22-x86_64-unknown-linux-gnu/lib/rustlib/x86_64-unknown-linux-gnu/lib/librustc_std_workspace_core-e46bc3da6d7c462f.rlib" "/opt/rustwide/rustup-home/toolchains/beta-2023-12-22-x86_64-unknown-linux-gnu/lib/rustlib/x86_64-unknown-linux-gnu/lib/libcore-8d1ac131d3cb2645.rlib" "/opt/rustwide/rustup-home/toolchains/beta-2023-12-22-x86_64-unknown-linux-gnu/lib/rustlib/x86_64-unknown-linux-gnu/lib/libcompiler_builtins-a1b43df8c6899c1f.rlib" "-Wl,-Bdynamic" "-lgcc_s" "-lutil" "-lrt" "-lpthread" "-lm" "-ldl" "-lc" "-Wl,--eh-frame-hdr" "-Wl,-z,noexecstack" "-L" "/opt/rustwide/rustup-home/toolchains/beta-2023-12-22-x86_64-unknown-linux-gnu/lib/rustlib/x86_64-unknown-linux-gnu/lib" "-o" "/opt/rustwide/target/debug/deps/libpin_project_internal-43db32dbac398ea9.so" "-Wl,--gc-sections" "-shared" "-Wl,-z,relro,-z,now" "-nodefaultlibs"
[INFO] [stdout]   = note: /usr/bin/ld: final link failed: No space left on device
[INFO] [stdout]           collect2: error: ld returned 1 exit status
[INFO] [stdout]           
[INFO] [stdout] 
[INFO] [stdout] 
[INFO] [stdout] error: linking with `cc` failed: exit status: 1
[INFO] [stdout]   |
[INFO] [stdout]   = note: LC_ALL="C" PATH="/opt/rustwide/rustup-home/toolchains/beta-2023-12-22-x86_64-unknown-linux-gnu/lib/rustlib/x86_64-unknown-linux-gnu/bin:/opt/rustwide/cargo-home/bin:/usr/local/sbin:/usr/local/bin:/usr/sbin:/usr/bin:/sbin:/bin" VSLANG="1033" "cc" "-Wl,--version-script=/tmp/rustceWHsqt/list" "-Wl,--no-undefined-version" "-m64" "/tmp/rustceWHsqt/symbols.o" "/opt/rustwide/target/debug/deps/futures_macro-d262eef1616cb59a.futures_macro.3ca96aaaee6841c6-cgu.00.rcgu.o" "/opt/rustwide/target/debug/deps/futures_macro-d262eef1616cb59a.futures_macro.3ca96aaaee6841c6-cgu.01.rcgu.o" "/opt/rustwide/target/debug/deps/futures_macro-d262eef1616cb59a.futures_macro.3ca96aaaee6841c6-cgu.02.rcgu.o" "/opt/rustwide/target/debug/deps/futures_macro-d262eef1616cb59a.futures_macro.3ca96aaaee6841c6-cgu.03.rcgu.o" "/opt/rustwide/target/debug/deps/futures_macro-d262eef1616cb59a.futures_macro.3ca96aaaee6841c6-cgu.04.rcgu.o" "/opt/rustwide/target/debug/deps/futures_macro-d262eef1616cb59a.futures_macro.3ca96aaaee6841c6-cgu.05.rcgu.o" "/opt/rustwide/target/debug/deps/futures_macro-d262eef1616cb59a.futures_macro.3ca96aaaee6841c6-cgu.06.rcgu.o" "/opt/rustwide/target/debug/deps/futures_macro-d262eef1616cb59a.futures_macro.3ca96aaaee6841c6-cgu.07.rcgu.o" "/opt/rustwide/target/debug/deps/futures_macro-d262eef1616cb59a.futures_macro.3ca96aaaee6841c6-cgu.08.rcgu.o" "/opt/rustwide/target/debug/deps/futures_macro-d262eef1616cb59a.futures_macro.3ca96aaaee6841c6-cgu.09.rcgu.o" "/opt/rustwide/target/debug/deps/futures_macro-d262eef1616cb59a.19g2q3q3uqwqgi7g.rcgu.rmeta" "/opt/rustwide/target/debug/deps/futures_macro-d262eef1616cb59a.ousopln5re0dow5.rcgu.o" "-Wl,--as-needed" "-L" "/opt/rustwide/target/debug/deps" "-L" "/opt/rustwide/rustup-home/toolchains/beta-2023-12-22-x86_64-unknown-linux-gnu/lib/rustlib/x86_64-unknown-linux-gnu/lib" "-Wl,-Bstatic" "/opt/rustwide/target/debug/deps/libsyn-2eea117e58ccfabb.rlib" "/opt/rustwide/target/debug/deps/libquote-1d4e6774953b61f7.rlib" "/opt/rustwide/target/debug/deps/libproc_macro2-919390bdb9c640a8.rlib" "/opt/rustwide/target/debug/deps/libunicode_xid-cc866fe1def50201.rlib" "/opt/rustwide/rustup-home/toolchains/beta-2023-12-22-x86_64-unknown-linux-gnu/lib/rustlib/x86_64-unknown-linux-gnu/lib/libproc_macro-dac9343a0962bb53.rlib" "/opt/rustwide/rustup-home/toolchains/beta-2023-12-22-x86_64-unknown-linux-gnu/lib/rustlib/x86_64-unknown-linux-gnu/lib/libstd-0672489a78b613de.rlib" "/opt/rustwide/rustup-home/toolchains/beta-2023-12-22-x86_64-unknown-linux-gnu/lib/rustlib/x86_64-unknown-linux-gnu/lib/libpanic_unwind-7eb3ffc34a49f675.rlib" "/opt/rustwide/rustup-home/toolchains/beta-2023-12-22-x86_64-unknown-linux-gnu/lib/rustlib/x86_64-unknown-linux-gnu/lib/libobject-6478a9daa4bee8e2.rlib" "/opt/rustwide/rustup-home/toolchains/beta-2023-12-22-x86_64-unknown-linux-gnu/lib/rustlib/x86_64-unknown-linux-gnu/lib/libmemchr-0c75d871a5c3923d.rlib" "/opt/rustwide/rustup-home/toolchains/beta-2023-12-22-x86_64-unknown-linux-gnu/lib/rustlib/x86_64-unknown-linux-gnu/lib/libaddr2line-d163ef63ad37bb71.rlib" "/opt/rustwide/rustup-home/toolchains/beta-2023-12-22-x86_64-unknown-linux-gnu/lib/rustlib/x86_64-unknown-linux-gnu/lib/libgimli-8a3fd810a85b9f4c.rlib" "/opt/rustwide/rustup-home/toolchains/beta-2023-12-22-x86_64-unknown-linux-gnu/lib/rustlib/x86_64-unknown-linux-gnu/lib/librustc_demangle-462a2cde8c5dfc10.rlib" "/opt/rustwide/rustup-home/toolchains/beta-2023-12-22-x86_64-unknown-linux-gnu/lib/rustlib/x86_64-unknown-linux-gnu/lib/libstd_detect-cb06ac9f54713f71.rlib" "/opt/rustwide/rustup-home/toolchains/beta-2023-12-22-x86_64-unknown-linux-gnu/lib/rustlib/x86_64-unknown-linux-gnu/lib/libhashbrown-f20bfd1f8e59b393.rlib" "/opt/rustwide/rustup-home/toolchains/beta-2023-12-22-x86_64-unknown-linux-gnu/lib/rustlib/x86_64-unknown-linux-gnu/lib/librustc_std_workspace_alloc-1ef460949b49da4b.rlib" "/opt/rustwide/rustup-home/toolchains/beta-2023-12-22-x86_64-unknown-linux-gnu/lib/rustlib/x86_64-unknown-linux-gnu/lib/libminiz_oxide-2cb0c0ffe4f87514.rlib" "/opt/rustwide/rustup-home/toolchains/beta-2023-12-22-x86_64-unknown-linux-gnu/lib/rustlib/x86_64-unknown-linux-gnu/lib/libadler-58d841eb322a11a2.rlib" "/opt/rustwide/rustup-home/toolchains/beta-2023-12-22-x86_64-unknown-linux-gnu/lib/rustlib/x86_64-unknown-linux-gnu/lib/libunwind-aa2ae0b0a9d11533.rlib" "/opt/rustwide/rustup-home/toolchains/beta-2023-12-22-x86_64-unknown-linux-gnu/lib/rustlib/x86_64-unknown-linux-gnu/lib/libcfg_if-23874e15830ed336.rlib" "/opt/rustwide/rustup-home/toolchains/beta-2023-12-22-x86_64-unknown-linux-gnu/lib/rustlib/x86_64-unknown-linux-gnu/lib/liblibc-e47cddc003bce885.rlib" "/opt/rustwide/rustup-home/toolchains/beta-2023-12-22-x86_64-unknown-linux-gnu/lib/rustlib/x86_64-unknown-linux-gnu/lib/liballoc-c22b13b48a8f128e.rlib" "/opt/rustwide/rustup-home/toolchains/beta-2023-12-22-x86_64-unknown-linux-gnu/lib/rustlib/x86_64-unknown-linux-gnu/lib/librustc_std_workspace_core-e46bc3da6d7c462f.rlib" "/opt/rustwide/rustup-home/toolchains/beta-2023-12-22-x86_64-unknown-linux-gnu/lib/rustlib/x86_64-unknown-linux-gnu/lib/libcore-8d1ac131d3cb2645.rlib" "/opt/rustwide/rustup-home/toolchains/beta-2023-12-22-x86_64-unknown-linux-gnu/lib/rustlib/x86_64-unknown-linux-gnu/lib/libcompiler_builtins-a1b43df8c6899c1f.rlib" "-Wl,-Bdynamic" "-lgcc_s" "-lutil" "-lrt" "-lpthread" "-lm" "-ldl" "-lc" "-Wl,--eh-frame-hdr" "-Wl,-z,noexecstack" "-L" "/opt/rustwide/rustup-home/toolchains/beta-2023-12-22-x86_64-unknown-linux-gnu/lib/rustlib/x86_64-unknown-linux-gnu/lib" "-o" "/opt/rustwide/target/debug/deps/libfutures_macro-d262eef1616cb59a.so" "-Wl,--gc-sections" "-shared" "-Wl,-z,relro,-z,now" "-nodefaultlibs"
[INFO] [stdout]   = note: /usr/bin/ld: final link failed: No space left on device
[INFO] [stdout]           collect2: error: ld returned 1 exit status
[INFO] [stdout]           
[INFO] [stdout] 
[INFO] [stdout] 
[INFO] [stdout] error: aborting due to 1 previous error
[INFO] [stdout] 
[INFO] [stdout] 
[INFO] [stdout] error: aborting due to 1 previous error
[INFO] [stdout] 
[INFO] [stdout] 
[INFO] [stdout] error: aborting due to 1 previous error
[INFO] [stdout] 
[INFO] [stdout] 
[INFO] [stdout] error: aborting due to 1 previous error
[INFO] [stdout] 
[INFO] [stdout] 
[INFO] [stderr] error: could not compile `futures-macro` (lib) due to 2 previous errors
[INFO] [stderr] error: could not compile `async-trait` (lib) due to 2 previous errors
[INFO] [stderr] error: could not compile `pin-project-internal` (lib) due to 2 previous errors
[INFO] [stderr] error: could not compile `thiserror-impl` (lib) due to 2 previous errors
[INFO] [stdout] error: linking with `cc` failed: exit status: 1
[INFO] [stdout]   |
[INFO] [stdout]   = note: LC_ALL="C" PATH="/opt/rustwide/rustup-home/toolchains/beta-2023-12-22-x86_64-unknown-linux-gnu/lib/rustlib/x86_64-unknown-linux-gnu/bin:/opt/rustwide/cargo-home/bin:/usr/local/sbin:/usr/local/bin:/usr/sbin:/usr/bin:/sbin:/bin" VSLANG="1033" "cc" "-Wl,--version-script=/tmp/rustcsgh8u9/list" "-Wl,--no-undefined-version" "-m64" "/tmp/rustcsgh8u9/symbols.o" "/opt/rustwide/target/debug/deps/derive_more-f94e3f6055f63007.derive_more.ee5a3082e3d547b5-cgu.00.rcgu.o" "/opt/rustwide/target/debug/deps/derive_more-f94e3f6055f63007.derive_more.ee5a3082e3d547b5-cgu.01.rcgu.o" "/opt/rustwide/target/debug/deps/derive_more-f94e3f6055f63007.derive_more.ee5a3082e3d547b5-cgu.02.rcgu.o" "/opt/rustwide/target/debug/deps/derive_more-f94e3f6055f63007.derive_more.ee5a3082e3d547b5-cgu.03.rcgu.o" "/opt/rustwide/target/debug/deps/derive_more-f94e3f6055f63007.derive_more.ee5a3082e3d547b5-cgu.04.rcgu.o" "/opt/rustwide/target/debug/deps/derive_more-f94e3f6055f63007.derive_more.ee5a3082e3d547b5-cgu.05.rcgu.o" "/opt/rustwide/target/debug/deps/derive_more-f94e3f6055f63007.derive_more.ee5a3082e3d547b5-cgu.06.rcgu.o" "/opt/rustwide/target/debug/deps/derive_more-f94e3f6055f63007.derive_more.ee5a3082e3d547b5-cgu.07.rcgu.o" "/opt/rustwide/target/debug/deps/derive_more-f94e3f6055f63007.derive_more.ee5a3082e3d547b5-cgu.08.rcgu.o" "/opt/rustwide/target/debug/deps/derive_more-f94e3f6055f63007.derive_more.ee5a3082e3d547b5-cgu.09.rcgu.o" "/opt/rustwide/target/debug/deps/derive_more-f94e3f6055f63007.derive_more.ee5a3082e3d547b5-cgu.10.rcgu.o" "/opt/rustwide/target/debug/deps/derive_more-f94e3f6055f63007.derive_more.ee5a3082e3d547b5-cgu.11.rcgu.o" "/opt/rustwide/target/debug/deps/derive_more-f94e3f6055f63007.derive_more.ee5a3082e3d547b5-cgu.12.rcgu.o" "/opt/rustwide/target/debug/deps/derive_more-f94e3f6055f63007.derive_more.ee5a3082e3d547b5-cgu.13.rcgu.o" "/opt/rustwide/target/debug/deps/derive_more-f94e3f6055f63007.derive_more.ee5a3082e3d547b5-cgu.14.rcgu.o" "/opt/rustwide/target/debug/deps/derive_more-f94e3f6055f63007.derive_more.ee5a3082e3d547b5-cgu.15.rcgu.o" "/opt/rustwide/target/debug/deps/derive_more-f94e3f6055f63007.37l49i5hjli36a2h.rcgu.rmeta" "/opt/rustwide/target/debug/deps/derive_more-f94e3f6055f63007.3xl1uuol60qaey86.rcgu.o" "-Wl,--as-needed" "-L" "/opt/rustwide/target/debug/deps" "-L" "/opt/rustwide/rustup-home/toolchains/beta-2023-12-22-x86_64-unknown-linux-gnu/lib/rustlib/x86_64-unknown-linux-gnu/lib" "-Wl,-Bstatic" "/opt/rustwide/target/debug/deps/libconvert_case-4ce6d2898a228574.rlib" "/opt/rustwide/target/debug/deps/libsyn-2eea117e58ccfabb.rlib" "/opt/rustwide/target/debug/deps/libquote-1d4e6774953b61f7.rlib" "/opt/rustwide/target/debug/deps/libproc_macro2-919390bdb9c640a8.rlib" "/opt/rustwide/target/debug/deps/libunicode_xid-cc866fe1def50201.rlib" "/opt/rustwide/rustup-home/toolchains/beta-2023-12-22-x86_64-unknown-linux-gnu/lib/rustlib/x86_64-unknown-linux-gnu/lib/libproc_macro-dac9343a0962bb53.rlib" "/opt/rustwide/rustup-home/toolchains/beta-2023-12-22-x86_64-unknown-linux-gnu/lib/rustlib/x86_64-unknown-linux-gnu/lib/libstd-0672489a78b613de.rlib" "/opt/rustwide/rustup-home/toolchains/beta-2023-12-22-x86_64-unknown-linux-gnu/lib/rustlib/x86_64-unknown-linux-gnu/lib/libpanic_unwind-7eb3ffc34a49f675.rlib" "/opt/rustwide/rustup-home/toolchains/beta-2023-12-22-x86_64-unknown-linux-gnu/lib/rustlib/x86_64-unknown-linux-gnu/lib/libobject-6478a9daa4bee8e2.rlib" "/opt/rustwide/rustup-home/toolchains/beta-2023-12-22-x86_64-unknown-linux-gnu/lib/rustlib/x86_64-unknown-linux-gnu/lib/libmemchr-0c75d871a5c3923d.rlib" "/opt/rustwide/rustup-home/toolchains/beta-2023-12-22-x86_64-unknown-linux-gnu/lib/rustlib/x86_64-unknown-linux-gnu/lib/libaddr2line-d163ef63ad37bb71.rlib" "/opt/rustwide/rustup-home/toolchains/beta-2023-12-22-x86_64-unknown-linux-gnu/lib/rustlib/x86_64-unknown-linux-gnu/lib/libgimli-8a3fd810a85b9f4c.rlib" "/opt/rustwide/rustup-home/toolchains/beta-2023-12-22-x86_64-unknown-linux-gnu/lib/rustlib/x86_64-unknown-linux-gnu/lib/librustc_demangle-462a2cde8c5dfc10.rlib" "/opt/rustwide/rustup-home/toolchains/beta-2023-12-22-x86_64-unknown-linux-gnu/lib/rustlib/x86_64-unknown-linux-gnu/lib/libstd_detect-cb06ac9f54713f71.rlib" "/opt/rustwide/rustup-home/toolchains/beta-2023-12-22-x86_64-unknown-linux-gnu/lib/rustlib/x86_64-unknown-linux-gnu/lib/libhashbrown-f20bfd1f8e59b393.rlib" "/opt/rustwide/rustup-home/toolchains/beta-2023-12-22-x86_64-unknown-linux-gnu/lib/rustlib/x86_64-unknown-linux-gnu/lib/librustc_std_workspace_alloc-1ef460949b49da4b.rlib" "/opt/rustwide/rustup-home/toolchains/beta-2023-12-22-x86_64-unknown-linux-gnu/lib/rustlib/x86_64-unknown-linux-gnu/lib/libminiz_oxide-2cb0c0ffe4f87514.rlib" "/opt/rustwide/rustup-home/toolchains/beta-2023-12-22-x86_64-unknown-linux-gnu/lib/rustlib/x86_64-unknown-linux-gnu/lib/libadler-58d841eb322a11a2.rlib" "/opt/rustwide/rustup-home/toolchains/beta-2023-12-22-x86_64-unknown-linux-gnu/lib/rustlib/x86_64-unknown-linux-gnu/lib/libunwind-aa2ae0b0a9d11533.rlib" "/opt/rustwide/rustup-home/toolchains/beta-2023-12-22-x86_64-unknown-linux-gnu/lib/rustlib/x86_64-unknown-linux-gnu/lib/libcfg_if-23874e15830ed336.rlib" "/opt/rustwide/rustup-home/toolchains/beta-2023-12-22-x86_64-unknown-linux-gnu/lib/rustlib/x86_64-unknown-linux-gnu/lib/liblibc-e47cddc003bce885.rlib" "/opt/rustwide/rustup-home/toolchains/beta-2023-12-22-x86_64-unknown-linux-gnu/lib/rustlib/x86_64-unknown-linux-gnu/lib/liballoc-c22b13b48a8f128e.rlib" "/opt/rustwide/rustup-home/toolchains/beta-2023-12-22-x86_64-unknown-linux-gnu/lib/rustlib/x86_64-unknown-linux-gnu/lib/librustc_std_workspace_core-e46bc3da6d7c462f.rlib" "/opt/rustwide/rustup-home/toolchains/beta-2023-12-22-x86_64-unknown-linux-gnu/lib/rustlib/x86_64-unknown-linux-gnu/lib/libcore-8d1ac131d3cb2645.rlib" "/opt/rustwide/rustup-home/toolchains/beta-2023-12-22-x86_64-unknown-linux-gnu/lib/rustlib/x86_64-unknown-linux-gnu/lib/libcompiler_builtins-a1b43df8c6899c1f.rlib" "-Wl,-Bdynamic" "-lgcc_s" "-lutil" "-lrt" "-lpthread" "-lm" "-ldl" "-lc" "-Wl,--eh-frame-hdr" "-Wl,-z,noexecstack" "-L" "/opt/rustwide/rustup-home/toolchains/beta-2023-12-22-x86_64-unknown-linux-gnu/lib/rustlib/x86_64-unknown-linux-gnu/lib" "-o" "/opt/rustwide/target/debug/deps/libderive_more-f94e3f6055f63007.so" "-Wl,--gc-sections" "-shared" "-Wl,-z,relro,-z,now" "-nodefaultlibs"
[INFO] [stdout]   = note: /usr/bin/ld: final link failed: No space left on device
[INFO] [stdout]           collect2: error: ld returned 1 exit status
[INFO] [stdout]           
[INFO] [stdout] 
[INFO] [stdout] 
[INFO] [stdout] error: aborting due to 1 previous error
[INFO] [stdout] 
[INFO] [stdout] 
[INFO] [stderr] error: could not compile `derive_more` (lib) due to 2 previous errors
[INFO] [stdout] error: linking with `cc` failed: exit status: 1
[INFO] [stdout]   |
[INFO] [stdout]   = note: LC_ALL="C" PATH="/opt/rustwide/rustup-home/toolchains/beta-2023-12-22-x86_64-unknown-linux-gnu/lib/rustlib/x86_64-unknown-linux-gnu/bin:/opt/rustwide/cargo-home/bin:/usr/local/sbin:/usr/local/bin:/usr/sbin:/usr/bin:/sbin:/bin" VSLANG="1033" "cc" "-Wl,--version-script=/tmp/rustcQS1gL5/list" "-Wl,--no-undefined-version" "-m64" "/tmp/rustcQS1gL5/symbols.o" "/opt/rustwide/target/debug/deps/serde_derive-d78071cbeaf7ada1.serde_derive.9dd1fd994af05400-cgu.00.rcgu.o" "/opt/rustwide/target/debug/deps/serde_derive-d78071cbeaf7ada1.serde_derive.9dd1fd994af05400-cgu.01.rcgu.o" "/opt/rustwide/target/debug/deps/serde_derive-d78071cbeaf7ada1.serde_derive.9dd1fd994af05400-cgu.02.rcgu.o" "/opt/rustwide/target/debug/deps/serde_derive-d78071cbeaf7ada1.serde_derive.9dd1fd994af05400-cgu.03.rcgu.o" "/opt/rustwide/target/debug/deps/serde_derive-d78071cbeaf7ada1.serde_derive.9dd1fd994af05400-cgu.04.rcgu.o" "/opt/rustwide/target/debug/deps/serde_derive-d78071cbeaf7ada1.serde_derive.9dd1fd994af05400-cgu.05.rcgu.o" "/opt/rustwide/target/debug/deps/serde_derive-d78071cbeaf7ada1.serde_derive.9dd1fd994af05400-cgu.06.rcgu.o" "/opt/rustwide/target/debug/deps/serde_derive-d78071cbeaf7ada1.serde_derive.9dd1fd994af05400-cgu.07.rcgu.o" "/opt/rustwide/target/debug/deps/serde_derive-d78071cbeaf7ada1.serde_derive.9dd1fd994af05400-cgu.08.rcgu.o" "/opt/rustwide/target/debug/deps/serde_derive-d78071cbeaf7ada1.serde_derive.9dd1fd994af05400-cgu.09.rcgu.o" "/opt/rustwide/target/debug/deps/serde_derive-d78071cbeaf7ada1.serde_derive.9dd1fd994af05400-cgu.10.rcgu.o" "/opt/rustwide/target/debug/deps/serde_derive-d78071cbeaf7ada1.serde_derive.9dd1fd994af05400-cgu.11.rcgu.o" "/opt/rustwide/target/debug/deps/serde_derive-d78071cbeaf7ada1.serde_derive.9dd1fd994af05400-cgu.12.rcgu.o" "/opt/rustwide/target/debug/deps/serde_derive-d78071cbeaf7ada1.serde_derive.9dd1fd994af05400-cgu.13.rcgu.o" "/opt/rustwide/target/debug/deps/serde_derive-d78071cbeaf7ada1.serde_derive.9dd1fd994af05400-cgu.14.rcgu.o" "/opt/rustwide/target/debug/deps/serde_derive-d78071cbeaf7ada1.serde_derive.9dd1fd994af05400-cgu.15.rcgu.o" "/opt/rustwide/target/debug/deps/serde_derive-d78071cbeaf7ada1.pyyc7cgafp5874s.rcgu.rmeta" "/opt/rustwide/target/debug/deps/serde_derive-d78071cbeaf7ada1.6gfd5digyvshf07.rcgu.o" "-Wl,--as-needed" "-L" "/opt/rustwide/target/debug/deps" "-L" "/opt/rustwide/rustup-home/toolchains/beta-2023-12-22-x86_64-unknown-linux-gnu/lib/rustlib/x86_64-unknown-linux-gnu/lib" "-Wl,-Bstatic" "/opt/rustwide/target/debug/deps/libsyn-2eea117e58ccfabb.rlib" "/opt/rustwide/target/debug/deps/libquote-1d4e6774953b61f7.rlib" "/opt/rustwide/target/debug/deps/libproc_macro2-919390bdb9c640a8.rlib" "/opt/rustwide/target/debug/deps/libunicode_xid-cc866fe1def50201.rlib" "/opt/rustwide/rustup-home/toolchains/beta-2023-12-22-x86_64-unknown-linux-gnu/lib/rustlib/x86_64-unknown-linux-gnu/lib/libproc_macro-dac9343a0962bb53.rlib" "/opt/rustwide/rustup-home/toolchains/beta-2023-12-22-x86_64-unknown-linux-gnu/lib/rustlib/x86_64-unknown-linux-gnu/lib/libstd-0672489a78b613de.rlib" "/opt/rustwide/rustup-home/toolchains/beta-2023-12-22-x86_64-unknown-linux-gnu/lib/rustlib/x86_64-unknown-linux-gnu/lib/libpanic_unwind-7eb3ffc34a49f675.rlib" "/opt/rustwide/rustup-home/toolchains/beta-2023-12-22-x86_64-unknown-linux-gnu/lib/rustlib/x86_64-unknown-linux-gnu/lib/libobject-6478a9daa4bee8e2.rlib" "/opt/rustwide/rustup-home/toolchains/beta-2023-12-22-x86_64-unknown-linux-gnu/lib/rustlib/x86_64-unknown-linux-gnu/lib/libmemchr-0c75d871a5c3923d.rlib" "/opt/rustwide/rustup-home/toolchains/beta-2023-12-22-x86_64-unknown-linux-gnu/lib/rustlib/x86_64-unknown-linux-gnu/lib/libaddr2line-d163ef63ad37bb71.rlib" "/opt/rustwide/rustup-home/toolchains/beta-2023-12-22-x86_64-unknown-linux-gnu/lib/rustlib/x86_64-unknown-linux-gnu/lib/libgimli-8a3fd810a85b9f4c.rlib" "/opt/rustwide/rustup-home/toolchains/beta-2023-12-22-x86_64-unknown-linux-gnu/lib/rustlib/x86_64-unknown-linux-gnu/lib/librustc_demangle-462a2cde8c5dfc10.rlib" "/opt/rustwide/rustup-home/toolchains/beta-2023-12-22-x86_64-unknown-linux-gnu/lib/rustlib/x86_64-unknown-linux-gnu/lib/libstd_detect-cb06ac9f54713f71.rlib" "/opt/rustwide/rustup-home/toolchains/beta-2023-12-22-x86_64-unknown-linux-gnu/lib/rustlib/x86_64-unknown-linux-gnu/lib/libhashbrown-f20bfd1f8e59b393.rlib" "/opt/rustwide/rustup-home/toolchains/beta-2023-12-22-x86_64-unknown-linux-gnu/lib/rustlib/x86_64-unknown-linux-gnu/lib/librustc_std_workspace_alloc-1ef460949b49da4b.rlib" "/opt/rustwide/rustup-home/toolchains/beta-2023-12-22-x86_64-unknown-linux-gnu/lib/rustlib/x86_64-unknown-linux-gnu/lib/libminiz_oxide-2cb0c0ffe4f87514.rlib" "/opt/rustwide/rustup-home/toolchains/beta-2023-12-22-x86_64-unknown-linux-gnu/lib/rustlib/x86_64-unknown-linux-gnu/lib/libadler-58d841eb322a11a2.rlib" "/opt/rustwide/rustup-home/toolchains/beta-2023-12-22-x86_64-unknown-linux-gnu/lib/rustlib/x86_64-unknown-linux-gnu/lib/libunwind-aa2ae0b0a9d11533.rlib" "/opt/rustwide/rustup-home/toolchains/beta-2023-12-22-x86_64-unknown-linux-gnu/lib/rustlib/x86_64-unknown-linux-gnu/lib/libcfg_if-23874e15830ed336.rlib" "/opt/rustwide/rustup-home/toolchains/beta-2023-12-22-x86_64-unknown-linux-gnu/lib/rustlib/x86_64-unknown-linux-gnu/lib/liblibc-e47cddc003bce885.rlib" "/opt/rustwide/rustup-home/toolchains/beta-2023-12-22-x86_64-unknown-linux-gnu/lib/rustlib/x86_64-unknown-linux-gnu/lib/liballoc-c22b13b48a8f128e.rlib" "/opt/rustwide/rustup-home/toolchains/beta-2023-12-22-x86_64-unknown-linux-gnu/lib/rustlib/x86_64-unknown-linux-gnu/lib/librustc_std_workspace_core-e46bc3da6d7c462f.rlib" "/opt/rustwide/rustup-home/toolchains/beta-2023-12-22-x86_64-unknown-linux-gnu/lib/rustlib/x86_64-unknown-linux-gnu/lib/libcore-8d1ac131d3cb2645.rlib" "/opt/rustwide/rustup-home/toolchains/beta-2023-12-22-x86_64-unknown-linux-gnu/lib/rustlib/x86_64-unknown-linux-gnu/lib/libcompiler_builtins-a1b43df8c6899c1f.rlib" "-Wl,-Bdynamic" "-lgcc_s" "-lutil" "-lrt" "-lpthread" "-lm" "-ldl" "-lc" "-Wl,--eh-frame-hdr" "-Wl,-z,noexecstack" "-L" "/opt/rustwide/rustup-home/toolchains/beta-2023-12-22-x86_64-unknown-linux-gnu/lib/rustlib/x86_64-unknown-linux-gnu/lib" "-o" "/opt/rustwide/target/debug/deps/libserde_derive-d78071cbeaf7ada1.so" "-Wl,--gc-sections" "-shared" "-Wl,-z,relro,-z,now" "-nodefaultlibs"
[INFO] [stdout]   = note: /usr/bin/ld: final link failed: No space left on device
[INFO] [stdout]           collect2: error: ld returned 1 exit status
[INFO] [stdout]           
[INFO] [stdout] 
[INFO] [stdout] 
[INFO] [stdout] error: aborting due to 1 previous error
[INFO] [stdout] 
[INFO] [stdout] 
[INFO] [stderr] error: could not compile `serde_derive` (lib) due to 2 previous errors
[INFO] [stderr] LLVM ERROR: IO failure on output stream: No space left on device
[INFO] [stderr] error: could not compile `tokio` (lib)
[INFO] running `Command { std: "docker" "inspect" "6c0e1cff6614e50b1ea3b9cc069a0e84ed4fe3b11545faaf90f9c94c8d8b303c", kill_on_drop: false }`
[INFO] running `Command { std: "docker" "rm" "-f" "6c0e1cff6614e50b1ea3b9cc069a0e84ed4fe3b11545faaf90f9c94c8d8b303c", kill_on_drop: false }`
[INFO] [stdout] 6c0e1cff6614e50b1ea3b9cc069a0e84ed4fe3b11545faaf90f9c94c8d8b303c
