[INFO] cloning repository https://github.com/awall-config/awall-config-back
[INFO] running `Command { std: "git" "-c" "credential.helper=" "-c" "credential.helper=/workspace/cargo-home/bin/git-credential-null" "clone" "--bare" "https://github.com/awall-config/awall-config-back" "/workspace/cache/git-repos/https%3A%2F%2Fgithub.com%2Fawall-config%2Fawall-config-back", kill_on_drop: false }`
[INFO] [stderr] Cloning into bare repository '/workspace/cache/git-repos/https%3A%2F%2Fgithub.com%2Fawall-config%2Fawall-config-back'...
[INFO] running `Command { std: "git" "rev-parse" "HEAD", kill_on_drop: false }`
[INFO] [stdout] a09b97875dce90536f098211cb910566f3476776
[INFO] testing awall-config/awall-config-back against 1.75.0 for beta-1.76-1
[INFO] running `Command { std: "git" "clone" "/workspace/cache/git-repos/https%3A%2F%2Fgithub.com%2Fawall-config%2Fawall-config-back" "/workspace/builds/worker-6-tc1/source", kill_on_drop: false }`
[INFO] [stderr] Cloning into '/workspace/builds/worker-6-tc1/source'...
[INFO] [stderr] done.
[INFO] validating manifest of git repo https://github.com/awall-config/awall-config-back on toolchain 1.75.0
[INFO] running `Command { std: CARGO_HOME="/workspace/cargo-home" RUSTUP_HOME="/workspace/rustup-home" "/workspace/cargo-home/bin/cargo" "+1.75.0" "metadata" "--manifest-path" "Cargo.toml" "--no-deps", kill_on_drop: false }`
[INFO] started tweaking git repo https://github.com/awall-config/awall-config-back
[INFO] finished tweaking git repo https://github.com/awall-config/awall-config-back
[INFO] tweaked toml for git repo https://github.com/awall-config/awall-config-back written to /workspace/builds/worker-6-tc1/source/Cargo.toml
[INFO] crate git repo https://github.com/awall-config/awall-config-back already has a lockfile, it will not be regenerated
[INFO] running `Command { std: CARGO_HOME="/workspace/cargo-home" RUSTUP_HOME="/workspace/rustup-home" "/workspace/cargo-home/bin/cargo" "+1.75.0" "fetch" "--manifest-path" "Cargo.toml", kill_on_drop: false }`
[INFO] [stderr]     Updating crates.io index
[INFO] [stderr]  Downloading crates ...
[INFO] [stderr]   Downloaded tokio-sync v0.1.2
[INFO] [stderr]   Downloaded bincode v1.1.2
[INFO] [stderr]   Downloaded borrow-bag v1.0.0
[INFO] [stderr]   Downloaded uuid v0.7.2
[INFO] [stderr]   Downloaded gotham_derive v0.3.0
[INFO] [stderr]   Downloaded serde_derive v1.0.88
[INFO] [stderr]   Downloaded gotham v0.3.0
[INFO] [stderr]   Downloaded hyper v0.12.24
[INFO] [stderr]   Downloaded h2 v0.1.16
[INFO] [stderr]   Downloaded serde_json v1.0.38
[INFO] running `Command { std: "docker" "create" "-v" "/var/lib/crater-agent-workspace/builds/worker-6-tc1/target:/opt/rustwide/target:rw,Z" "-v" "/var/lib/crater-agent-workspace/builds/worker-6-tc1/source:/opt/rustwide/workdir:ro,Z" "-v" "/var/lib/crater-agent-workspace/cargo-home:/opt/rustwide/cargo-home:ro,Z" "-v" "/var/lib/crater-agent-workspace/rustup-home:/opt/rustwide/rustup-home:ro,Z" "-e" "SOURCE_DIR=/opt/rustwide/workdir" "-e" "CARGO_TARGET_DIR=/opt/rustwide/target" "-e" "CARGO_HOME=/opt/rustwide/cargo-home" "-e" "RUSTUP_HOME=/opt/rustwide/rustup-home" "-w" "/opt/rustwide/workdir" "-m" "1610612736" "--user" "0:0" "--network" "none" "ghcr.io/rust-lang/crates-build-env/linux@sha256:2788e3201cd34a07e3172128adcd8b3090168a8e3bcc40d7c032b9dda1df7d1c" "/opt/rustwide/cargo-home/bin/cargo" "+1.75.0" "metadata" "--no-deps" "--format-version=1", kill_on_drop: false }`
[INFO] [stdout] 1f817b443748c7f8b9e54f7d9c730649b4f9c41f0d29e6c561fe29d7616c7436
[INFO] running `Command { std: "docker" "start" "-a" "1f817b443748c7f8b9e54f7d9c730649b4f9c41f0d29e6c561fe29d7616c7436", kill_on_drop: false }`
[INFO] running `Command { std: "docker" "inspect" "1f817b443748c7f8b9e54f7d9c730649b4f9c41f0d29e6c561fe29d7616c7436", kill_on_drop: false }`
[INFO] running `Command { std: "docker" "rm" "-f" "1f817b443748c7f8b9e54f7d9c730649b4f9c41f0d29e6c561fe29d7616c7436", kill_on_drop: false }`
[INFO] [stdout] 1f817b443748c7f8b9e54f7d9c730649b4f9c41f0d29e6c561fe29d7616c7436
[INFO] running `Command { std: "docker" "create" "-v" "/var/lib/crater-agent-workspace/builds/worker-6-tc1/target:/opt/rustwide/target:rw,Z" "-v" "/var/lib/crater-agent-workspace/builds/worker-6-tc1/source:/opt/rustwide/workdir:ro,Z" "-v" "/var/lib/crater-agent-workspace/cargo-home:/opt/rustwide/cargo-home:ro,Z" "-v" "/var/lib/crater-agent-workspace/rustup-home:/opt/rustwide/rustup-home:ro,Z" "-e" "SOURCE_DIR=/opt/rustwide/workdir" "-e" "CARGO_TARGET_DIR=/opt/rustwide/target" "-e" "CARGO_INCREMENTAL=0" "-e" "RUST_BACKTRACE=full" "-e" "RUSTFLAGS=--cap-lints=warn" "-e" "RUSTDOCFLAGS=--cap-lints=warn" "-e" "CARGO_HOME=/opt/rustwide/cargo-home" "-e" "RUSTUP_HOME=/opt/rustwide/rustup-home" "-w" "/opt/rustwide/workdir" "-m" "1610612736" "--user" "0:0" "--network" "none" "ghcr.io/rust-lang/crates-build-env/linux@sha256:2788e3201cd34a07e3172128adcd8b3090168a8e3bcc40d7c032b9dda1df7d1c" "/opt/rustwide/cargo-home/bin/cargo" "+1.75.0" "build" "--frozen" "--message-format=json", kill_on_drop: false }`
[INFO] [stdout] 9aabc63e0edeb566ddf8598f6fad7fbc5722c0c6e6f76ab6cb4377245cd4a88b
[INFO] running `Command { std: "docker" "start" "-a" "9aabc63e0edeb566ddf8598f6fad7fbc5722c0c6e6f76ab6cb4377245cd4a88b", kill_on_drop: false }`
[INFO] [stderr]    Compiling libc v0.2.49
[INFO] [stderr]    Compiling cfg-if v0.1.6
[INFO] [stderr]    Compiling autocfg v0.1.2
[INFO] [stderr]    Compiling proc-macro2 v0.4.27
[INFO] [stderr]    Compiling unicode-xid v0.1.0
[INFO] [stderr]    Compiling serde v1.0.88
[INFO] [stderr]    Compiling rand_core v0.4.0
[INFO] [stderr]    Compiling lazy_static v1.2.0
[INFO] [stderr]    Compiling semver-parser v0.7.0
[INFO] [stderr]    Compiling futures v0.1.25
[INFO] [stderr]    Compiling byteorder v1.3.1
[INFO] [stderr]    Compiling smallvec v0.6.9
[INFO] [stderr]    Compiling version_check v0.1.5
[INFO] [stderr]    Compiling scopeguard v0.3.3
[INFO] [stderr]    Compiling slab v0.4.2
[INFO] [stderr]    Compiling stable_deref_trait v1.1.1
[INFO] [stderr]    Compiling log v0.4.6
[INFO] [stderr]    Compiling owning_ref v0.4.0
[INFO] [stderr]    Compiling cc v1.0.29
[INFO] [stderr]    Compiling rand_core v0.3.1
[INFO] [stderr]    Compiling rand_jitter v0.1.3
[INFO] [stderr]    Compiling crossbeam-utils v0.6.5
[INFO] [stderr]    Compiling rand_xorshift v0.1.1
[INFO] [stderr]    Compiling rand_isaac v0.1.1
[INFO] [stderr]    Compiling rand_hc v0.1.0
[INFO] [stderr]    Compiling lock_api v0.1.5
[INFO] [stderr]    Compiling memchr v2.2.0
[INFO] [stderr]    Compiling rand_pcg v0.1.2
[INFO] [stderr]    Compiling rand_chacha v0.1.1
[INFO] [stderr]    Compiling rand v0.6.5
[INFO] [stderr]    Compiling backtrace v0.3.14
[INFO] [stderr]    Compiling rustc-serialize v0.3.24
[INFO] [stderr]    Compiling unicase v1.4.2
[INFO] [stderr]    Compiling itoa v0.4.3
[INFO] [stderr]    Compiling arrayvec v0.4.10
[INFO] [stderr]    Compiling glob v0.2.11
[INFO] [stderr]    Compiling log v0.3.9
[INFO] [stderr]    Compiling unicode-xid v0.0.3
[INFO] [stderr]    Compiling nodrop v0.1.13
[INFO] [stderr]    Compiling regex v1.0.6
[INFO] [stderr]    Compiling lazycell v1.2.1
[INFO] [stderr]    Compiling ucd-util v0.1.3
[INFO] [stderr]    Compiling ryu v0.2.7
[INFO] [stderr]    Compiling rustc-demangle v0.1.13
[INFO] [stderr]    Compiling quote v0.6.11
[INFO] [stderr]    Compiling term v0.4.6
[INFO] [stderr]    Compiling regex-syntax v0.6.5
[INFO] [stderr]    Compiling rand_os v0.1.2
[INFO] [stderr]    Compiling iovec v0.1.2
[INFO] [stderr]    Compiling num_cpus v1.10.0
[INFO] [stderr]    Compiling syn v0.15.26
[INFO] [stderr]    Compiling net2 v0.2.33
[INFO] [stderr]    Compiling bytes v0.4.11
[INFO] [stderr]    Compiling aho-corasick v0.6.10
[INFO] [stderr]    Compiling thread_local v0.3.6
[INFO] [stderr]    Compiling utf8-ranges v1.0.2
[INFO] [stderr]    Compiling bitflags v0.5.0
[INFO] [stderr]    Compiling siphasher v0.2.3
[INFO] [stderr]    Compiling memoffset v0.2.1
[INFO] [stderr]    Compiling crossbeam-epoch v0.7.1
[INFO] [stderr]    Compiling phf_shared v0.7.24
[INFO] [stderr]    Compiling tokio-executor v0.1.6
[INFO] [stderr]    Compiling tokio-io v0.1.11
[INFO] [stderr]    Compiling mio v0.6.16
[INFO] [stderr]    Compiling backtrace-sys v0.1.28
[INFO] [stderr]    Compiling pulldown-cmark v0.2.0
[INFO] [stderr]    Compiling bitflags v1.0.4
[INFO] [stderr]    Compiling crossbeam-deque v0.6.3
[INFO] [stderr]    Compiling rand v0.4.6
[INFO] [stderr]    Compiling crossbeam-channel v0.3.8
[INFO] [stderr]    Compiling same-file v1.0.4
[INFO] [stderr]    Compiling remove_dir_all v0.5.1
[INFO] [stderr]    Compiling unicase v2.2.0
[INFO] [stderr]    Compiling num-traits v0.2.6
[INFO] [stderr]    Compiling bytecount v0.4.0
[INFO] [stderr]    Compiling walkdir v2.2.7
[INFO] [stderr]    Compiling pnet_base v0.22.0
[INFO] [stderr]    Compiling time v0.1.42
[INFO] [stderr]    Compiling tokio-codec v0.1.1
[INFO] [stderr]    Compiling num-integer v0.1.39
[INFO] [stderr]    Compiling phf_generator v0.7.24
[INFO] [stderr]    Compiling phf_codegen v0.7.24
[INFO] [stderr]    Compiling mio-uds v0.6.7
[INFO] [stderr]    Compiling matches v0.1.8
[INFO] [stderr]    Compiling httparse v1.3.3
[INFO] [stderr]    Compiling failure_derive v0.1.5
[INFO] [stderr]    Compiling syntex_pos v0.42.0
[INFO] [stderr]    Compiling fnv v1.0.6
[INFO] [stderr]    Compiling tempdir v0.3.7
[INFO] [stderr]    Compiling http v0.1.16
[INFO] [stderr]    Compiling mime_guess v2.0.0-alpha.6
[INFO] [stderr]    Compiling unicode-bidi v0.3.4
[INFO] [stderr]    Compiling syntex_errors v0.42.0
[INFO] [stderr]    Compiling pnet_macros_support v0.22.0
[INFO] [stderr]    Compiling tokio-current-thread v0.1.4
[INFO] [stderr]    Compiling tokio-timer v0.2.10
[INFO] [stderr]    Compiling tokio-sync v0.1.2
[INFO] [stderr]    Compiling pnet_sys v0.22.0
[INFO] [stderr]    Compiling bincode v1.1.2
[INFO] [stderr]    Compiling unicode-normalization v0.1.8
[INFO] [stderr]    Compiling indexmap v1.0.2
[INFO] [stderr]    Compiling syntex_syntax v0.42.0
[INFO] [stderr]    Compiling string v0.1.3
[INFO] [stderr]    Compiling try-lock v0.2.2
[INFO] [stderr]    Compiling synstructure v0.10.1
[INFO] [stderr]    Compiling want v0.0.6
[INFO] [stderr]    Compiling error-chain v0.12.0
[INFO] [stderr]    Compiling mime v0.3.13
[INFO] [stderr]    Compiling phf v0.7.24
[INFO] [stderr]    Compiling futures-cpupool v0.1.8
[INFO] [stderr]    Compiling unicode-width v0.1.5
[INFO] [stderr]    Compiling pnet v0.22.0
[INFO] [stderr]    Compiling percent-encoding v1.0.1
[INFO] [stderr]    Compiling cookie v0.11.0
[INFO] [stderr]    Compiling textwrap v0.10.0
[INFO] [stderr]    Compiling uuid v0.7.2
[INFO] [stderr]    Compiling atty v0.2.11
[INFO] [stderr]    Compiling rand v0.5.6
[INFO] [stderr]    Compiling base64 v0.10.1
[INFO] [stderr]    Compiling linked-hash-map v0.5.1
[INFO] [stderr]    Compiling strsim v0.7.0
[INFO] [stderr]    Compiling chrono v0.4.6
[INFO] [stderr]    Compiling httpdate v0.3.2
[INFO] [stderr]    Compiling idna v0.1.5
[INFO] [stderr]    Compiling clap v2.32.0
[INFO] [stderr]    Compiling serde_derive v1.0.88
[INFO] [stderr]    Compiling h2 v0.1.16
[INFO] [stderr]    Compiling gotham_derive v0.3.0
[INFO] [stderr]    Compiling url v1.7.2
[INFO] [stderr]    Compiling failure v0.1.5
[INFO] [stderr]    Compiling syntex v0.42.2
[INFO] [stderr]    Compiling pnet_macros v0.22.0
[INFO] [stderr]    Compiling semver v0.9.0
[INFO] [stderr]    Compiling serde_json v1.0.38
[INFO] [stderr]    Compiling ipnetwork v0.14.0
[INFO] [stderr]    Compiling pnet_datalink v0.22.0
[INFO] [stderr]    Compiling rustc_version v0.2.3
[INFO] [stderr]    Compiling parking_lot_core v0.4.0
[INFO] [stderr]    Compiling pnet_packet v0.22.0
[INFO] [stderr]    Compiling cargo_metadata v0.6.4
[INFO] [stderr]    Compiling parking_lot v0.7.1
[INFO] [stderr]    Compiling tokio-reactor v0.1.8
[INFO] [stderr]    Compiling crossbeam v0.6.0
[INFO] [stderr]    Compiling tokio-threadpool v0.1.11
[INFO] [stderr]    Compiling skeptic v0.13.4
[INFO] [stderr]    Compiling tokio-tcp v0.1.3
[INFO] [stderr]    Compiling tokio-uds v0.2.5
[INFO] [stderr]    Compiling tokio-udp v0.1.3
[INFO] [stderr]    Compiling tokio-fs v0.1.5
[INFO] [stderr]    Compiling borrow-bag v1.0.0
[INFO] [stderr]    Compiling tokio v0.1.15
[INFO] [stderr]    Compiling hyper v0.12.24
[INFO] [stderr]    Compiling gotham v0.3.0
[INFO] [stderr]    Compiling pnet_transport v0.22.0
[INFO] [stderr]    Compiling awall-config-back v0.1.0 (/opt/rustwide/workdir)
[INFO] [stdout] warning: unused import: `IntoHandlerError`
[INFO] [stdout]  --> src/config_routes.rs:1:38
[INFO] [stdout]   |
[INFO] [stdout] 1 | use gotham::handler::{HandlerFuture, IntoHandlerError};
[INFO] [stdout]   |                                      ^^^^^^^^^^^^^^^^
[INFO] [stdout]   |
[INFO] [stdout]   = note: `#[warn(unused_imports)]` on by default
[INFO] [stdout] 
[INFO] [stdout] 
[INFO] [stdout] warning: unused imports: `NetworkInterface`, `self`
[INFO] [stdout]  --> src/config_routes.rs:4:22
[INFO] [stdout]   |
[INFO] [stdout] 4 | use pnet::datalink::{self, NetworkInterface};
[INFO] [stdout]   |                      ^^^^  ^^^^^^^^^^^^^^^^
[INFO] [stdout] 
[INFO] [stdout] 
[INFO] [stdout] warning: unused import: `NewMiddleware`
[INFO] [stdout]  --> src/config.rs:1:26
[INFO] [stdout]   |
[INFO] [stdout] 1 | use gotham::middleware::{NewMiddleware, Middleware};
[INFO] [stdout]   |                          ^^^^^^^^^^^^^
[INFO] [stdout] 
[INFO] [stdout] 
[INFO] [stdout] warning: unused imports: `FromState`, `StateData`
[INFO] [stdout]  --> src/config.rs:2:21
[INFO] [stdout]   |
[INFO] [stdout] 2 | use gotham::state::{FromState, State, StateData};
[INFO] [stdout]   |                     ^^^^^^^^^         ^^^^^^^^^
[INFO] [stdout] 
[INFO] [stdout] 
[INFO] [stdout] warning: unused import: `unicase::Ascii`
[INFO] [stdout]   --> src/cors_middleware.rs:18:5
[INFO] [stdout]    |
[INFO] [stdout] 18 | use unicase::Ascii;
[INFO] [stdout]    |     ^^^^^^^^^^^^^^
[INFO] [stdout] 
[INFO] [stdout] 
[INFO] [stdout] warning: trait objects without an explicit `dyn` are deprecated
[INFO] [stdout]   --> src/config_routes.rs:14:29
[INFO] [stdout]    |
[INFO] [stdout] 14 | fn error(state: &State, e: &std::error::Error) -> Response<Body> {
[INFO] [stdout]    |                             ^^^^^^^^^^^^^^^^^
[INFO] [stdout]    |
[INFO] [stdout]    = warning: this is accepted in the current edition (Rust 2018) but is a hard error in Rust 2021!
[INFO] [stdout]    = note: for more information, see <https://doc.rust-lang.org/nightly/edition-guide/rust-2021/warnings-promoted-to-error.html>
[INFO] [stdout]    = note: `#[warn(bare_trait_objects)]` on by default
[INFO] [stdout] help: use `dyn`
[INFO] [stdout]    |
[INFO] [stdout] 14 | fn error(state: &State, e: &dyn std::error::Error) -> Response<Body> {
[INFO] [stdout]    |                             +++
[INFO] [stdout] 
[INFO] [stdout] 
[INFO] [stdout] warning: variable `corsMiddleware` should have a snake case name
[INFO] [stdout]   --> src/main.rs:37:9
[INFO] [stdout]    |
[INFO] [stdout] 37 |     let corsMiddleware = cors_middleware::CORSMiddleware::default();
[INFO] [stdout]    |         ^^^^^^^^^^^^^^ help: convert the identifier to snake case: `cors_middleware`
[INFO] [stdout]    |
[INFO] [stdout]    = note: `#[warn(non_snake_case)]` on by default
[INFO] [stdout] 
[INFO] [stdout] 
[INFO] [stdout] warning: 7 warnings emitted
[INFO] [stdout] 
[INFO] [stdout] 
[INFO] [stderr]     Finished dev [unoptimized + debuginfo] target(s) in 32.07s
[INFO] [stderr] warning: the following packages contain code that will be rejected by a future version of Rust: rustc-serialize v0.3.24
[INFO] [stderr] note: to see what the problems were, use the option `--future-incompat-report`, or run `cargo report future-incompatibilities --id 1`
[INFO] running `Command { std: "docker" "inspect" "9aabc63e0edeb566ddf8598f6fad7fbc5722c0c6e6f76ab6cb4377245cd4a88b", kill_on_drop: false }`
[INFO] running `Command { std: "docker" "rm" "-f" "9aabc63e0edeb566ddf8598f6fad7fbc5722c0c6e6f76ab6cb4377245cd4a88b", kill_on_drop: false }`
[INFO] [stdout] 9aabc63e0edeb566ddf8598f6fad7fbc5722c0c6e6f76ab6cb4377245cd4a88b
[INFO] running `Command { std: "docker" "create" "-v" "/var/lib/crater-agent-workspace/builds/worker-6-tc1/target:/opt/rustwide/target:rw,Z" "-v" "/var/lib/crater-agent-workspace/builds/worker-6-tc1/source:/opt/rustwide/workdir:ro,Z" "-v" "/var/lib/crater-agent-workspace/cargo-home:/opt/rustwide/cargo-home:ro,Z" "-v" "/var/lib/crater-agent-workspace/rustup-home:/opt/rustwide/rustup-home:ro,Z" "-e" "SOURCE_DIR=/opt/rustwide/workdir" "-e" "CARGO_TARGET_DIR=/opt/rustwide/target" "-e" "CARGO_INCREMENTAL=0" "-e" "RUST_BACKTRACE=full" "-e" "RUSTFLAGS=--cap-lints=warn" "-e" "RUSTDOCFLAGS=--cap-lints=warn" "-e" "CARGO_HOME=/opt/rustwide/cargo-home" "-e" "RUSTUP_HOME=/opt/rustwide/rustup-home" "-w" "/opt/rustwide/workdir" "-m" "1610612736" "--user" "0:0" "--network" "none" "ghcr.io/rust-lang/crates-build-env/linux@sha256:2788e3201cd34a07e3172128adcd8b3090168a8e3bcc40d7c032b9dda1df7d1c" "/opt/rustwide/cargo-home/bin/cargo" "+1.75.0" "test" "--frozen" "--no-run" "--message-format=json", kill_on_drop: false }`
[INFO] [stdout] fe976a3384dd5e91bed4cbbeb07a8d76a26df7f853c0ab767922757dcb38c613
[INFO] running `Command { std: "docker" "start" "-a" "fe976a3384dd5e91bed4cbbeb07a8d76a26df7f853c0ab767922757dcb38c613", kill_on_drop: false }`
[INFO] [stderr]    Compiling awall-config-back v0.1.0 (/opt/rustwide/workdir)
[INFO] [stdout] warning: unused import: `IntoHandlerError`
[INFO] [stdout]  --> src/config_routes.rs:1:38
[INFO] [stdout]   |
[INFO] [stdout] 1 | use gotham::handler::{HandlerFuture, IntoHandlerError};
[INFO] [stdout]   |                                      ^^^^^^^^^^^^^^^^
[INFO] [stdout]   |
[INFO] [stdout]   = note: `#[warn(unused_imports)]` on by default
[INFO] [stdout] 
[INFO] [stdout] 
[INFO] [stdout] warning: unused imports: `NetworkInterface`, `self`
[INFO] [stdout]  --> src/config_routes.rs:4:22
[INFO] [stdout]   |
[INFO] [stdout] 4 | use pnet::datalink::{self, NetworkInterface};
[INFO] [stdout]   |                      ^^^^  ^^^^^^^^^^^^^^^^
[INFO] [stdout] 
[INFO] [stdout] 
[INFO] [stdout] warning: unused import: `NewMiddleware`
[INFO] [stdout]  --> src/config.rs:1:26
[INFO] [stdout]   |
[INFO] [stdout] 1 | use gotham::middleware::{NewMiddleware, Middleware};
[INFO] [stdout]   |                          ^^^^^^^^^^^^^
[INFO] [stdout] 
[INFO] [stdout] 
[INFO] [stdout] warning: unused imports: `FromState`, `StateData`
[INFO] [stdout]  --> src/config.rs:2:21
[INFO] [stdout]   |
[INFO] [stdout] 2 | use gotham::state::{FromState, State, StateData};
[INFO] [stdout]   |                     ^^^^^^^^^         ^^^^^^^^^
[INFO] [stdout] 
[INFO] [stdout] 
[INFO] [stdout] warning: unused import: `unicase::Ascii`
[INFO] [stdout]   --> src/cors_middleware.rs:18:5
[INFO] [stdout]    |
[INFO] [stdout] 18 | use unicase::Ascii;
[INFO] [stdout]    |     ^^^^^^^^^^^^^^
[INFO] [stdout] 
[INFO] [stdout] 
[INFO] [stdout] warning: trait objects without an explicit `dyn` are deprecated
[INFO] [stdout]   --> src/config_routes.rs:14:29
[INFO] [stdout]    |
[INFO] [stdout] 14 | fn error(state: &State, e: &std::error::Error) -> Response<Body> {
[INFO] [stdout]    |                             ^^^^^^^^^^^^^^^^^
[INFO] [stdout]    |
[INFO] [stdout]    = warning: this is accepted in the current edition (Rust 2018) but is a hard error in Rust 2021!
[INFO] [stdout]    = note: for more information, see <https://doc.rust-lang.org/nightly/edition-guide/rust-2021/warnings-promoted-to-error.html>
[INFO] [stdout]    = note: `#[warn(bare_trait_objects)]` on by default
[INFO] [stdout] help: use `dyn`
[INFO] [stdout]    |
[INFO] [stdout] 14 | fn error(state: &State, e: &dyn std::error::Error) -> Response<Body> {
[INFO] [stdout]    |                             +++
[INFO] [stdout] 
[INFO] [stdout] 
[INFO] [stdout] warning: variable `corsMiddleware` should have a snake case name
[INFO] [stdout]   --> src/main.rs:37:9
[INFO] [stdout]    |
[INFO] [stdout] 37 |     let corsMiddleware = cors_middleware::CORSMiddleware::default();
[INFO] [stdout]    |         ^^^^^^^^^^^^^^ help: convert the identifier to snake case: `cors_middleware`
[INFO] [stdout]    |
[INFO] [stdout]    = note: `#[warn(non_snake_case)]` on by default
[INFO] [stdout] 
[INFO] [stdout] 
[INFO] [stdout] warning: 7 warnings emitted
[INFO] [stdout] 
[INFO] [stdout] 
[INFO] [stderr]     Finished test [unoptimized + debuginfo] target(s) in 4.24s
[INFO] [stderr] warning: the following packages contain code that will be rejected by a future version of Rust: rustc-serialize v0.3.24
[INFO] [stderr] note: to see what the problems were, use the option `--future-incompat-report`, or run `cargo report future-incompatibilities --id 1`
[INFO] running `Command { std: "docker" "inspect" "fe976a3384dd5e91bed4cbbeb07a8d76a26df7f853c0ab767922757dcb38c613", kill_on_drop: false }`
[INFO] running `Command { std: "docker" "rm" "-f" "fe976a3384dd5e91bed4cbbeb07a8d76a26df7f853c0ab767922757dcb38c613", kill_on_drop: false }`
[INFO] [stdout] fe976a3384dd5e91bed4cbbeb07a8d76a26df7f853c0ab767922757dcb38c613
[INFO] running `Command { std: "docker" "create" "-v" "/var/lib/crater-agent-workspace/builds/worker-6-tc1/target:/opt/rustwide/target:rw,Z" "-v" "/var/lib/crater-agent-workspace/builds/worker-6-tc1/source:/opt/rustwide/workdir:ro,Z" "-v" "/var/lib/crater-agent-workspace/cargo-home:/opt/rustwide/cargo-home:ro,Z" "-v" "/var/lib/crater-agent-workspace/rustup-home:/opt/rustwide/rustup-home:ro,Z" "-e" "SOURCE_DIR=/opt/rustwide/workdir" "-e" "CARGO_TARGET_DIR=/opt/rustwide/target" "-e" "CARGO_INCREMENTAL=0" "-e" "RUST_BACKTRACE=full" "-e" "RUSTFLAGS=--cap-lints=warn" "-e" "RUSTDOCFLAGS=--cap-lints=warn" "-e" "CARGO_HOME=/opt/rustwide/cargo-home" "-e" "RUSTUP_HOME=/opt/rustwide/rustup-home" "-w" "/opt/rustwide/workdir" "-m" "1610612736" "--user" "0:0" "--network" "none" "ghcr.io/rust-lang/crates-build-env/linux@sha256:2788e3201cd34a07e3172128adcd8b3090168a8e3bcc40d7c032b9dda1df7d1c" "/opt/rustwide/cargo-home/bin/cargo" "+1.75.0" "test" "--frozen", kill_on_drop: false }`
[INFO] [stdout] fe6a65b17a892dc251ec05bcec27a3f77c5de1f6564c37995679712a76cde625
[INFO] running `Command { std: "docker" "start" "-a" "fe6a65b17a892dc251ec05bcec27a3f77c5de1f6564c37995679712a76cde625", kill_on_drop: false }`
[INFO] [stderr] warning: unused import: `IntoHandlerError`
[INFO] [stderr]  --> src/config_routes.rs:1:38
[INFO] [stderr]   |
[INFO] [stderr] 1 | use gotham::handler::{HandlerFuture, IntoHandlerError};
[INFO] [stderr]   |                                      ^^^^^^^^^^^^^^^^
[INFO] [stderr]   |
[INFO] [stderr]   = note: `#[warn(unused_imports)]` on by default
[INFO] [stderr] 
[INFO] [stderr] warning: unused imports: `NetworkInterface`, `self`
[INFO] [stderr]  --> src/config_routes.rs:4:22
[INFO] [stderr]   |
[INFO] [stderr] 4 | use pnet::datalink::{self, NetworkInterface};
[INFO] [stderr]   |                      ^^^^  ^^^^^^^^^^^^^^^^
[INFO] [stderr] 
[INFO] [stderr] warning: unused import: `NewMiddleware`
[INFO] [stderr]  --> src/config.rs:1:26
[INFO] [stderr]   |
[INFO] [stderr] 1 | use gotham::middleware::{NewMiddleware, Middleware};
[INFO] [stderr]   |                          ^^^^^^^^^^^^^
[INFO] [stderr] 
[INFO] [stderr] warning: unused imports: `FromState`, `StateData`
[INFO] [stderr]  --> src/config.rs:2:21
[INFO] [stderr]   |
[INFO] [stderr] 2 | use gotham::state::{FromState, State, StateData};
[INFO] [stderr]   |                     ^^^^^^^^^         ^^^^^^^^^
[INFO] [stderr] 
[INFO] [stderr] warning: unused import: `unicase::Ascii`
[INFO] [stderr]   --> src/cors_middleware.rs:18:5
[INFO] [stderr]    |
[INFO] [stderr] 18 | use unicase::Ascii;
[INFO] [stderr]    |     ^^^^^^^^^^^^^^
[INFO] [stderr] 
[INFO] [stderr] warning: trait objects without an explicit `dyn` are deprecated
[INFO] [stderr]   --> src/config_routes.rs:14:29
[INFO] [stderr]    |
[INFO] [stderr] 14 | fn error(state: &State, e: &std::error::Error) -> Response<Body> {
[INFO] [stderr]    |                             ^^^^^^^^^^^^^^^^^
[INFO] [stderr]    |
[INFO] [stderr]    = warning: this is accepted in the current edition (Rust 2018) but is a hard error in Rust 2021!
[INFO] [stderr]    = note: for more information, see <https://doc.rust-lang.org/nightly/edition-guide/rust-2021/warnings-promoted-to-error.html>
[INFO] [stderr]    = note: `#[warn(bare_trait_objects)]` on by default
[INFO] [stderr] help: use `dyn`
[INFO] [stderr]    |
[INFO] [stderr] 14 | fn error(state: &State, e: &dyn std::error::Error) -> Response<Body> {
[INFO] [stderr]    |                             +++
[INFO] [stderr] 
[INFO] [stderr] warning: variable `corsMiddleware` should have a snake case name
[INFO] [stderr]   --> src/main.rs:37:9
[INFO] [stderr]    |
[INFO] [stderr] 37 |     let corsMiddleware = cors_middleware::CORSMiddleware::default();
[INFO] [stderr]    |         ^^^^^^^^^^^^^^ help: convert the identifier to snake case: `cors_middleware`
[INFO] [stderr]    |
[INFO] [stderr]    = note: `#[warn(non_snake_case)]` on by default
[INFO] [stderr] 
[INFO] [stderr] warning: `awall-config-back` (bin "awall-config-back" test) generated 7 warnings (run `cargo fix --bin "awall-config-back" --tests` to apply 6 suggestions)
[INFO] [stderr]     Finished test [unoptimized + debuginfo] target(s) in 0.16s
[INFO] [stderr] warning: the following packages contain code that will be rejected by a future version of Rust: rustc-serialize v0.3.24
[INFO] [stderr] note: to see what the problems were, use the option `--future-incompat-report`, or run `cargo report future-incompatibilities --id 1`
[INFO] [stderr]      Running unittests src/main.rs (/opt/rustwide/target/debug/deps/awall_config_back-75158dd56c7815e5)
[INFO] [stdout] 
[INFO] [stdout] running 4 tests
[INFO] [stdout] test cors_middleware::tests::test_default_cors_middleware ... ok
[INFO] [stdout] test cors_middleware::tests::test_new_cors_middleware ... ok
[INFO] [stdout] test cors_middleware::tests::test_custom_headers_set ... FAILED
[INFO] [stdout] test cors_middleware::tests::test_headers_set ... FAILED
[INFO] [stdout] 
[INFO] [stdout] failures:
[INFO] [stdout] 
[INFO] [stdout] ---- cors_middleware::tests::test_custom_headers_set stdout ----
[INFO] [stdout] thread 'cors_middleware::tests::test_custom_headers_set' panicked at src/cors_middleware.rs:259:60:
[INFO] [stdout] called `Result::unwrap()` on an `Err` value: Os { code: 22, kind: InvalidInput, message: "Invalid argument" }
[INFO] [stdout] 
[INFO] [stdout] stack backtrace:
[INFO] [stdout]    0: failure::backtrace::internal::InternalBacktrace::new::ha8b4b0cb8be106cf (0x56037984fde8)
[INFO] [stdout]              at src/backtrace/internal.rs:44
[INFO] [stdout]    1: failure::backtrace::Backtrace::new::h408307418a952fd3 (0x560379850387)
[INFO] [stdout]              at src/backtrace/mod.rs:111
[INFO] [stdout]    2: <failure::error::error_impl::ErrorImpl as core::convert::From<F>>::from::hae4df39cc6cd2d91 (0x5603794fdcf9)
[INFO] [stdout]              at /opt/rustwide/cargo-home/registry/src/index.crates.io-6f17d22bba15001f/failure-0.1.5/src/error/error_impl.rs:19
[INFO] [stdout]    3: <failure::error::Error as core::convert::From<F>>::from::h8d42a4b41d10c314 (0x5603794bdcc1)
[INFO] [stdout]              at /opt/rustwide/cargo-home/registry/src/index.crates.io-6f17d22bba15001f/failure-0.1.5/src/error/mod.rs:36
[INFO] [stdout]    4: <core::result::Result<T,F> as core::ops::try_trait::FromResidual<core::result::Result<core::convert::Infallible,E>>>::from_residual::h2e74524d4b15dd5f (0x5603793cddf2)
[INFO] [stdout]              at /rustc/82e1608dfa6e0b5569232559e3d385fea5a93112/library/core/src/result.rs:1963
[INFO] [stdout]    5: gotham::test::TestServer::with_timeout::h9537979c0f2e317f (0x5603793f5474)
[INFO] [stdout]              at /opt/rustwide/cargo-home/registry/src/index.crates.io-6f17d22bba15001f/gotham-0.3.0/src/test/mod.rs:94
[INFO] [stdout]    6: gotham::test::TestServer::new::he0e677efaebe3f3c (0x5603793f579a)
[INFO] [stdout]              at /opt/rustwide/cargo-home/registry/src/index.crates.io-6f17d22bba15001f/gotham-0.3.0/src/test/mod.rs:85
[INFO] [stdout]    7: awall_config_back::cors_middleware::tests::test_custom_headers_set::hc930f5c2ff3f942b (0x5603793dc6c3)
[INFO] [stdout]              at src/cors_middleware.rs:259
[INFO] [stdout]    8: awall_config_back::cors_middleware::tests::test_custom_headers_set::{{closure}}::hebf2a79745f369e1 (0x5603793dc686)
[INFO] [stdout]              at src/cors_middleware.rs:258
[INFO] [stdout]    9: core::ops::function::FnOnce::call_once::h8d506f29785c72f1 (0x5603793d8495)
[INFO] [stdout]              at /rustc/82e1608dfa6e0b5569232559e3d385fea5a93112/library/core/src/ops/function.rs:250
[INFO] [stdout]   10: core::ops::function::FnOnce::call_once::h2b5d431d5046312d (0x560379434b8e)
[INFO] [stdout]              at library/core/src/ops/function.rs:250
[INFO] [stdout]       test::__rust_begin_short_backtrace::h7714669af176e207
[INFO] [stdout]              at library/test/src/lib.rs:628
[INFO] [stdout]   11: test::run_test_in_process::{{closure}}::h85218797dcbcec12 (0x560379433ba4)
[INFO] [stdout]              at library/test/src/lib.rs:651
[INFO] [stdout]       <core::panic::unwind_safe::AssertUnwindSafe<F> as core::ops::function::FnOnce<()>>::call_once::h76c106ea31c14d7b
[INFO] [stdout]              at library/core/src/panic/unwind_safe.rs:272
[INFO] [stdout]       std::panicking::try::do_call::h3bd5d0f6620ee946
[INFO] [stdout]              at library/std/src/panicking.rs:552
[INFO] [stdout]       std::panicking::try::h232e535e4744fe31
[INFO] [stdout]              at library/std/src/panicking.rs:516
[INFO] [stdout]       std::panic::catch_unwind::h3ce3bd6ca8dbac68
[INFO] [stdout]              at library/std/src/panic.rs:142
[INFO] [stdout]       test::run_test_in_process::hc97b257c9621286a
[INFO] [stdout]              at library/test/src/lib.rs:651
[INFO] [stdout]       test::run_test::{{closure}}::h2aa798823a438d38
[INFO] [stdout]              at library/test/src/lib.rs:574
[INFO] [stdout]   12: test::run_test::{{closure}}::h87d231c78fb59832 (0x5603793fbe65)
[INFO] [stdout]              at library/test/src/lib.rs:602
[INFO] [stdout]       std::sys_common::backtrace::__rust_begin_short_backtrace::he6df152596625789
[INFO] [stdout]              at library/std/src/sys_common/backtrace.rs:154
[INFO] [stdout]   13: std::thread::Builder::spawn_unchecked_::{{closure}}::{{closure}}::ha94be15d1e0acf36 (0x560379400f16)
[INFO] [stdout]              at library/std/src/thread/mod.rs:529
[INFO] [stdout]       <core::panic::unwind_safe::AssertUnwindSafe<F> as core::ops::function::FnOnce<()>>::call_once::h9dc6bd6372f16606
[INFO] [stdout]              at library/core/src/panic/unwind_safe.rs:272
[INFO] [stdout]       std::panicking::try::do_call::h9057517f80303cd4
[INFO] [stdout]              at library/std/src/panicking.rs:552
[INFO] [stdout]       std::panicking::try::he3a30b11ee45340c
[INFO] [stdout]              at library/std/src/panicking.rs:516
[INFO] [stdout]       std::panic::catch_unwind::h410458cfd3528b8b
[INFO] [stdout]              at library/std/src/panic.rs:142
[INFO] [stdout]       std::thread::Builder::spawn_unchecked_::{{closure}}::h72ac3bdb567b737b
[INFO] [stdout]              at library/std/src/thread/mod.rs:528
[INFO] [stdout]       core::ops::function::FnOnce::call_once{{vtable.shim}}::h38f34da3654a8344
[INFO] [stdout]              at library/core/src/ops/function.rs:250
[INFO] [stdout]   14: <alloc::boxed::Box<F,A> as core::ops::function::FnOnce<Args>>::call_once::hc7eafaff61e32df9 (0x5603798b1ba4)
[INFO] [stdout]              at library/alloc/src/boxed.rs:2007
[INFO] [stdout]       <alloc::boxed::Box<F,A> as core::ops::function::FnOnce<Args>>::call_once::h6ba4a5de48dd2304
[INFO] [stdout]              at library/alloc/src/boxed.rs:2007
[INFO] [stdout]       std::sys::unix::thread::Thread::new::thread_start::he469335aef763e45
[INFO] [stdout]              at library/std/src/sys/unix/thread.rs:108
[INFO] [stdout]   15: <unknown> (0x7f11c3298ac2)
[INFO] [stdout]   16: __clone (0x7f11c3329bf3)
[INFO] [stdout]   17: <unknown> (0x0)
[INFO] [stdout] stack backtrace:
[INFO] [stdout]    0:     0x5603798aaf6c - std::backtrace_rs::backtrace::libunwind::trace::ha637c64ce894333a
[INFO] [stdout]                                at /rustc/82e1608dfa6e0b5569232559e3d385fea5a93112/library/std/src/../../backtrace/src/backtrace/libunwind.rs:104:5
[INFO] [stdout]    1:     0x5603798aaf6c - std::backtrace_rs::backtrace::trace_unsynchronized::h47f62dea28e0c88d
[INFO] [stdout]                                at /rustc/82e1608dfa6e0b5569232559e3d385fea5a93112/library/std/src/../../backtrace/src/backtrace/mod.rs:66:5
[INFO] [stdout]    2:     0x5603798aaf6c - std::sys_common::backtrace::_print_fmt::h9eef0abe20ede486
[INFO] [stdout]                                at /rustc/82e1608dfa6e0b5569232559e3d385fea5a93112/library/std/src/sys_common/backtrace.rs:67:5
[INFO] [stdout]    3:     0x5603798aaf6c - <std::sys_common::backtrace::_print::DisplayBacktrace as core::fmt::Display>::fmt::hed7f999df88cc644
[INFO] [stdout]                                at /rustc/82e1608dfa6e0b5569232559e3d385fea5a93112/library/std/src/sys_common/backtrace.rs:44:22
[INFO] [stdout]    4:     0x5603798d77e0 - core::fmt::rt::Argument::fmt::h1539a9308b8d058d
[INFO] [stdout]                                at /rustc/82e1608dfa6e0b5569232559e3d385fea5a93112/library/core/src/fmt/rt.rs:142:9
[INFO] [stdout]    5:     0x5603798d77e0 - core::fmt::write::h3a39390d8560d9c9
[INFO] [stdout]                                at /rustc/82e1608dfa6e0b5569232559e3d385fea5a93112/library/core/src/fmt/mod.rs:1120:17
[INFO] [stdout]    6:     0x5603798a848f - std::io::Write::write_fmt::h040b369f3a0f9cbc
[INFO] [stdout]                                at /rustc/82e1608dfa6e0b5569232559e3d385fea5a93112/library/std/src/io/mod.rs:1762:15
[INFO] [stdout]    7:     0x5603798aad54 - std::sys_common::backtrace::_print::h894006fb5c6f3d45
[INFO] [stdout]                                at /rustc/82e1608dfa6e0b5569232559e3d385fea5a93112/library/std/src/sys_common/backtrace.rs:47:5
[INFO] [stdout]    8:     0x5603798aad54 - std::sys_common::backtrace::print::h23a2d212c6fff936
[INFO] [stdout]                                at /rustc/82e1608dfa6e0b5569232559e3d385fea5a93112/library/std/src/sys_common/backtrace.rs:34:9
[INFO] [stdout]    9:     0x5603798aca17 - std::panicking::default_hook::{{closure}}::h8a1d2ee00185001a
[INFO] [stdout]   10:     0x5603798ac703 - std::panicking::default_hook::h6038f2eba384e475
[INFO] [stdout]                                at /rustc/82e1608dfa6e0b5569232559e3d385fea5a93112/library/std/src/panicking.rs:289:9
[INFO] [stdout]   11:     0x56037942f537 - <alloc::boxed::Box<F,A> as core::ops::function::Fn<Args>>::call::h0ad024c9bdc6d768
[INFO] [stdout]                                at /rustc/82e1608dfa6e0b5569232559e3d385fea5a93112/library/alloc/src/boxed.rs:2021:9
[INFO] [stdout]   12:     0x56037942f537 - test::test_main::{{closure}}::h7500b54257359db6
[INFO] [stdout]                                at /rustc/82e1608dfa6e0b5569232559e3d385fea5a93112/library/test/src/lib.rs:138:21
[INFO] [stdout]   13:     0x5603798ad028 - <alloc::boxed::Box<F,A> as core::ops::function::Fn<Args>>::call::h1f8f335eaa9cfaee
[INFO] [stdout]                                at /rustc/82e1608dfa6e0b5569232559e3d385fea5a93112/library/alloc/src/boxed.rs:2021:9
[INFO] [stdout]   14:     0x5603798ad028 - std::panicking::rust_panic_with_hook::h2b5517d590cab22e
[INFO] [stdout]                                at /rustc/82e1608dfa6e0b5569232559e3d385fea5a93112/library/std/src/panicking.rs:783:13
[INFO] [stdout]   15:     0x5603798acd7e - std::panicking::begin_panic_handler::{{closure}}::h233112c06e0ef43e
[INFO] [stdout]                                at /rustc/82e1608dfa6e0b5569232559e3d385fea5a93112/library/std/src/panicking.rs:657:13
[INFO] [stdout]   16:     0x5603798ab436 - std::sys_common::backtrace::__rust_end_short_backtrace::h6e893f24d7ebbff8
[INFO] [stdout]                                at /rustc/82e1608dfa6e0b5569232559e3d385fea5a93112/library/std/src/sys_common/backtrace.rs:170:18
[INFO] [stdout]   17:     0x5603798acae2 - rust_begin_unwind
[INFO] [stdout]                                at /rustc/82e1608dfa6e0b5569232559e3d385fea5a93112/library/std/src/panicking.rs:645:5
[INFO] [stdout]   18:     0x5603793b6385 - core::panicking::panic_fmt::hbf0e066aabfa482c
[INFO] [stdout]                                at /rustc/82e1608dfa6e0b5569232559e3d385fea5a93112/library/core/src/panicking.rs:72:14
[INFO] [stdout]   19:     0x5603793b6953 - core::result::unwrap_failed::hddb4fea594200c52
[INFO] [stdout]                                at /rustc/82e1608dfa6e0b5569232559e3d385fea5a93112/library/core/src/result.rs:1653:5
[INFO] [stdout]   20:     0x5603793cf342 - core::result::Result<T,E>::unwrap::he21ab1844100907b
[INFO] [stdout]                                at /rustc/82e1608dfa6e0b5569232559e3d385fea5a93112/library/core/src/result.rs:1077:23
[INFO] [stdout]   21:     0x5603793dc6d8 - awall_config_back::cors_middleware::tests::test_custom_headers_set::hc930f5c2ff3f942b
[INFO] [stdout]                                at /opt/rustwide/workdir/src/cors_middleware.rs:259:27
[INFO] [stdout]   22:     0x5603793dc687 - awall_config_back::cors_middleware::tests::test_custom_headers_set::{{closure}}::hebf2a79745f369e1
[INFO] [stdout]                                at /opt/rustwide/workdir/src/cors_middleware.rs:258:33
[INFO] [stdout]   23:     0x5603793d8496 - core::ops::function::FnOnce::call_once::h8d506f29785c72f1
[INFO] [stdout]                                at /rustc/82e1608dfa6e0b5569232559e3d385fea5a93112/library/core/src/ops/function.rs:250:5
[INFO] [stdout]   24:     0x560379434b8f - core::ops::function::FnOnce::call_once::h2b5d431d5046312d
[INFO] [stdout]                                at /rustc/82e1608dfa6e0b5569232559e3d385fea5a93112/library/core/src/ops/function.rs:250:5
[INFO] [stdout]   25:     0x560379434b8f - test::__rust_begin_short_backtrace::h7714669af176e207
[INFO] [stdout]                                at /rustc/82e1608dfa6e0b5569232559e3d385fea5a93112/library/test/src/lib.rs:628:18
[INFO] [stdout]   26:     0x560379433ba5 - test::run_test_in_process::{{closure}}::h85218797dcbcec12
[INFO] [stdout]                                at /rustc/82e1608dfa6e0b5569232559e3d385fea5a93112/library/test/src/lib.rs:651:60
[INFO] [stdout]   27:     0x560379433ba5 - <core::panic::unwind_safe::AssertUnwindSafe<F> as core::ops::function::FnOnce<()>>::call_once::h76c106ea31c14d7b
[INFO] [stdout]                                at /rustc/82e1608dfa6e0b5569232559e3d385fea5a93112/library/core/src/panic/unwind_safe.rs:272:9
[INFO] [stdout]   28:     0x560379433ba5 - std::panicking::try::do_call::h3bd5d0f6620ee946
[INFO] [stdout]                                at /rustc/82e1608dfa6e0b5569232559e3d385fea5a93112/library/std/src/panicking.rs:552:40
[INFO] [stdout]   29:     0x560379433ba5 - std::panicking::try::h232e535e4744fe31
[INFO] [stdout]                                at /rustc/82e1608dfa6e0b5569232559e3d385fea5a93112/library/std/src/panicking.rs:516:19
[INFO] [stdout]   30:     0x560379433ba5 - std::panic::catch_unwind::h3ce3bd6ca8dbac68
[INFO] [stdout]                                at /rustc/82e1608dfa6e0b5569232559e3d385fea5a93112/library/std/src/panic.rs:142:14
[INFO] [stdout]   31:     0x560379433ba5 - test::run_test_in_process::hc97b257c9621286a
[INFO] [stdout]                                at /rustc/82e1608dfa6e0b5569232559e3d385fea5a93112/library/test/src/lib.rs:651:27
[INFO] [stdout]   32:     0x560379433ba5 - test::run_test::{{closure}}::h2aa798823a438d38
[INFO] [stdout]                                at /rustc/82e1608dfa6e0b5569232559e3d385fea5a93112/library/test/src/lib.rs:574:43
[INFO] [stdout]   33:     0x5603793fbe66 - test::run_test::{{closure}}::h87d231c78fb59832
[INFO] [stdout]                                at /rustc/82e1608dfa6e0b5569232559e3d385fea5a93112/library/test/src/lib.rs:602:41
[INFO] [stdout]   34:     0x5603793fbe66 - std::sys_common::backtrace::__rust_begin_short_backtrace::he6df152596625789
[INFO] [stdout]                                at /rustc/82e1608dfa6e0b5569232559e3d385fea5a93112/library/std/src/sys_common/backtrace.rs:154:18
[INFO] [stdout]   35:     0x560379400f17 - std::thread::Builder::spawn_unchecked_::{{closure}}::{{closure}}::ha94be15d1e0acf36
[INFO] [stdout]                                at /rustc/82e1608dfa6e0b5569232559e3d385fea5a93112/library/std/src/thread/mod.rs:529:17
[INFO] [stdout]   36:     0x560379400f17 - <core::panic::unwind_safe::AssertUnwindSafe<F> as core::ops::function::FnOnce<()>>::call_once::h9dc6bd6372f16606
[INFO] [stdout]                                at /rustc/82e1608dfa6e0b5569232559e3d385fea5a93112/library/core/src/panic/unwind_safe.rs:272:9
[INFO] [stdout]   37:     0x560379400f17 - std::panicking::try::do_call::h9057517f80303cd4
[INFO] [stdout]                                at /rustc/82e1608dfa6e0b5569232559e3d385fea5a93112/library/std/src/panicking.rs:552:40
[INFO] [stdout]   38:     0x560379400f17 - std::panicking::try::he3a30b11ee45340c
[INFO] [stdout]                                at /rustc/82e1608dfa6e0b5569232559e3d385fea5a93112/library/std/src/panicking.rs:516:19
[INFO] [stdout]   39:     0x560379400f17 - std::panic::catch_unwind::h410458cfd3528b8b
[INFO] [stdout]                                at /rustc/82e1608dfa6e0b5569232559e3d385fea5a93112/library/std/src/panic.rs:142:14
[INFO] [stdout]   40:     0x560379400f17 - std::thread::Builder::spawn_unchecked_::{{closure}}::h72ac3bdb567b737b
[INFO] [stdout]                                at /rustc/82e1608dfa6e0b5569232559e3d385fea5a93112/library/std/src/thread/mod.rs:528:30
[INFO] [stdout]   41:     0x560379400f17 - core::ops::function::FnOnce::call_once{{vtable.shim}}::h38f34da3654a8344
[INFO] [stdout]                                at /rustc/82e1608dfa6e0b5569232559e3d385fea5a93112/library/core/src/ops/function.rs:250:5
[INFO] [stdout]   42:     0x5603798b1ba5 - <alloc::boxed::Box<F,A> as core::ops::function::FnOnce<Args>>::call_once::hc7eafaff61e32df9
[INFO] [stdout]                                at /rustc/82e1608dfa6e0b5569232559e3d385fea5a93112/library/alloc/src/boxed.rs:2007:9
[INFO] [stdout]   43:     0x5603798b1ba5 - <alloc::boxed::Box<F,A> as core::ops::function::FnOnce<Args>>::call_once::h6ba4a5de48dd2304
[INFO] [stdout]                                at /rustc/82e1608dfa6e0b5569232559e3d385fea5a93112/library/alloc/src/boxed.rs:2007:9
[INFO] [stdout]   44:     0x5603798b1ba5 - std::sys::unix::thread::Thread::new::thread_start::he469335aef763e45
[INFO] [stdout]                                at /rustc/82e1608dfa6e0b5569232559e3d385fea5a93112/library/std/src/sys/unix/thread.rs:108:17
[INFO] [stdout]   45:     0x7f11c3298ac3 - <unknown>
[INFO] [stdout]   46:     0x7f11c3329bf4 - __clone
[INFO] [stdout]   47:                0x0 - <unknown>
[INFO] [stdout] 
[INFO] [stdout] ---- cors_middleware::tests::test_headers_set stdout ----
[INFO] [stdout] thread 'cors_middleware::tests::test_headers_set' panicked at src/cors_middleware.rs:233:61:
[INFO] [stdout] called `Result::unwrap()` on an `Err` value: Os { code: 22, kind: InvalidInput, message: "Invalid argument" }
[INFO] [stdout] 
[INFO] [stdout] stack backtrace:
[INFO] [stdout]    0: failure::backtrace::internal::InternalBacktrace::new::ha8b4b0cb8be106cf (0x56037984fde8)
[INFO] [stdout]              at src/backtrace/internal.rs:44
[INFO] [stdout]    1: failure::backtrace::Backtrace::new::h408307418a952fd3 (0x560379850387)
[INFO] [stdout]              at src/backtrace/mod.rs:111
[INFO] [stdout]    2: <failure::error::error_impl::ErrorImpl as core::convert::From<F>>::from::hae4df39cc6cd2d91 (0x5603794fdcf9)
[INFO] [stdout]              at /opt/rustwide/cargo-home/registry/src/index.crates.io-6f17d22bba15001f/failure-0.1.5/src/error/error_impl.rs:19
[INFO] [stdout]    3: <failure::error::Error as core::convert::From<F>>::from::h8d42a4b41d10c314 (0x5603794bdcc1)
[INFO] [stdout]              at /opt/rustwide/cargo-home/registry/src/index.crates.io-6f17d22bba15001f/failure-0.1.5/src/error/mod.rs:36
[INFO] [stdout]    4: <core::result::Result<T,F> as core::ops::try_trait::FromResidual<core::result::Result<core::convert::Infallible,E>>>::from_residual::h2e74524d4b15dd5f (0x5603793cddf2)
[INFO] [stdout]              at /rustc/82e1608dfa6e0b5569232559e3d385fea5a93112/library/core/src/result.rs:1963
[INFO] [stdout]    5: gotham::test::TestServer::with_timeout::h9537979c0f2e317f (0x5603793f5474)
[INFO] [stdout]              at /opt/rustwide/cargo-home/registry/src/index.crates.io-6f17d22bba15001f/gotham-0.3.0/src/test/mod.rs:94
[INFO] [stdout]    6: gotham::test::TestServer::new::he0e677efaebe3f3c (0x5603793f579a)
[INFO] [stdout]              at /opt/rustwide/cargo-home/registry/src/index.crates.io-6f17d22bba15001f/gotham-0.3.0/src/test/mod.rs:85
[INFO] [stdout]    7: awall_config_back::cors_middleware::tests::test_headers_set::hacf25d7ab4100c64 (0x5603793dc073)
[INFO] [stdout]              at src/cors_middleware.rs:233
[INFO] [stdout]    8: awall_config_back::cors_middleware::tests::test_headers_set::{{closure}}::ha900806fe4ce3ccc (0x5603793dc036)
[INFO] [stdout]              at src/cors_middleware.rs:232
[INFO] [stdout]    9: core::ops::function::FnOnce::call_once::h03c4374fd7287dcc (0x5603793d8335)
[INFO] [stdout]              at /rustc/82e1608dfa6e0b5569232559e3d385fea5a93112/library/core/src/ops/function.rs:250
[INFO] [stdout]   10: core::ops::function::FnOnce::call_once::h2b5d431d5046312d (0x560379434b8e)
[INFO] [stdout]              at library/core/src/ops/function.rs:250
[INFO] [stdout]       test::__rust_begin_short_backtrace::h7714669af176e207
[INFO] [stdout]              at library/test/src/lib.rs:628
[INFO] [stdout]   11: test::run_test_in_process::{{closure}}::h85218797dcbcec12 (0x560379433ba4)
[INFO] [stdout]              at library/test/src/lib.rs:651
[INFO] [stdout]       <core::panic::unwind_safe::AssertUnwindSafe<F> as core::ops::function::FnOnce<()>>::call_once::h76c106ea31c14d7b
[INFO] [stdout]              at library/core/src/panic/unwind_safe.rs:272
[INFO] [stdout]       std::panicking::try::do_call::h3bd5d0f6620ee946
[INFO] [stdout]              at library/std/src/panicking.rs:552
[INFO] [stdout]       std::panicking::try::h232e535e4744fe31
[INFO] [stdout]              at library/std/src/panicking.rs:516
[INFO] [stdout]       std::panic::catch_unwind::h3ce3bd6ca8dbac68
[INFO] [stdout]              at library/std/src/panic.rs:142
[INFO] [stdout]       test::run_test_in_process::hc97b257c9621286a
[INFO] [stdout]              at library/test/src/lib.rs:651
[INFO] [stdout]       test::run_test::{{closure}}::h2aa798823a438d38
[INFO] [stdout]              at library/test/src/lib.rs:574
[INFO] [stdout]   12: test::run_test::{{closure}}::h87d231c78fb59832 (0x5603793fbe65)
[INFO] [stdout]              at library/test/src/lib.rs:602
[INFO] [stdout]       std::sys_common::backtrace::__rust_begin_short_backtrace::he6df152596625789
[INFO] [stdout]              at library/std/src/sys_common/backtrace.rs:154
[INFO] [stdout]   13: std::thread::Builder::spawn_unchecked_::{{closure}}::{{closure}}::ha94be15d1e0acf36 (0x560379400f16)
[INFO] [stdout]              at library/std/src/thread/mod.rs:529
[INFO] [stdout]       <core::panic::unwind_safe::AssertUnwindSafe<F> as core::ops::function::FnOnce<()>>::call_once::h9dc6bd6372f16606
[INFO] [stdout]              at library/core/src/panic/unwind_safe.rs:272
[INFO] [stdout]       std::panicking::try::do_call::h9057517f80303cd4
[INFO] [stdout]              at library/std/src/panicking.rs:552
[INFO] [stdout]       std::panicking::try::he3a30b11ee45340c
[INFO] [stdout]              at library/std/src/panicking.rs:516
[INFO] [stdout]       std::panic::catch_unwind::h410458cfd3528b8b
[INFO] [stdout]              at library/std/src/panic.rs:142
[INFO] [stdout]       std::thread::Builder::spawn_unchecked_::{{closure}}::h72ac3bdb567b737b
[INFO] [stdout]              at library/std/src/thread/mod.rs:528
[INFO] [stdout]       core::ops::function::FnOnce::call_once{{vtable.shim}}::h38f34da3654a8344
[INFO] [stdout]              at library/core/src/ops/function.rs:250
[INFO] [stdout]   14: <alloc::boxed::Box<F,A> as core::ops::function::FnOnce<Args>>::call_once::hc7eafaff61e32df9 (0x5603798b1ba4)
[INFO] [stdout]              at library/alloc/src/boxed.rs:2007
[INFO] [stdout]       <alloc::boxed::Box<F,A> as core::ops::function::FnOnce<Args>>::call_once::h6ba4a5de48dd2304
[INFO] [stdout]              at library/alloc/src/boxed.rs:2007
[INFO] [stdout]       std::sys::unix::thread::Thread::new::thread_start::he469335aef763e45
[INFO] [stdout]              at library/std/src/sys/unix/thread.rs:108
[INFO] [stdout]   15: <unknown> (0x7f11c3298ac2)
[INFO] [stdout]   16: __clone (0x7f11c3329bf3)
[INFO] [stdout]   17: <unknown> (0x0)
[INFO] [stdout] stack backtrace:
[INFO] [stdout]    0:     0x5603798aaf6c - std::backtrace_rs::backtrace::libunwind::trace::ha637c64ce894333a
[INFO] [stdout]                                at /rustc/82e1608dfa6e0b5569232559e3d385fea5a93112/library/std/src/../../backtrace/src/backtrace/libunwind.rs:104:5
[INFO] [stdout]    1:     0x5603798aaf6c - std::backtrace_rs::backtrace::trace_unsynchronized::h47f62dea28e0c88d
[INFO] [stdout]                                at /rustc/82e1608dfa6e0b5569232559e3d385fea5a93112/library/std/src/../../backtrace/src/backtrace/mod.rs:66:5
[INFO] [stdout]    2:     0x5603798aaf6c - std::sys_common::backtrace::_print_fmt::h9eef0abe20ede486
[INFO] [stdout]                                at /rustc/82e1608dfa6e0b5569232559e3d385fea5a93112/library/std/src/sys_common/backtrace.rs:67:5
[INFO] [stdout]    3:     0x5603798aaf6c - <std::sys_common::backtrace::_print::DisplayBacktrace as core::fmt::Display>::fmt::hed7f999df88cc644
[INFO] [stdout]                                at /rustc/82e1608dfa6e0b5569232559e3d385fea5a93112/library/std/src/sys_common/backtrace.rs:44:22
[INFO] [stdout]    4:     0x5603798d77e0 - core::fmt::rt::Argument::fmt::h1539a9308b8d058d
[INFO] [stdout]                                at /rustc/82e1608dfa6e0b5569232559e3d385fea5a93112/library/core/src/fmt/rt.rs:142:9
[INFO] [stdout]    5:     0x5603798d77e0 - core::fmt::write::h3a39390d8560d9c9
[INFO] [stdout]                                at /rustc/82e1608dfa6e0b5569232559e3d385fea5a93112/library/core/src/fmt/mod.rs:1120:17
[INFO] [stdout]    6:     0x5603798a848f - std::io::Write::write_fmt::h040b369f3a0f9cbc
[INFO] [stdout]                                at /rustc/82e1608dfa6e0b5569232559e3d385fea5a93112/library/std/src/io/mod.rs:1762:15
[INFO] [stdout]    7:     0x5603798aad54 - std::sys_common::backtrace::_print::h894006fb5c6f3d45
[INFO] [stdout]                                at /rustc/82e1608dfa6e0b5569232559e3d385fea5a93112/library/std/src/sys_common/backtrace.rs:47:5
[INFO] [stdout]    8:     0x5603798aad54 - std::sys_common::backtrace::print::h23a2d212c6fff936
[INFO] [stdout]                                at /rustc/82e1608dfa6e0b5569232559e3d385fea5a93112/library/std/src/sys_common/backtrace.rs:34:9
[INFO] [stdout]    9:     0x5603798aca17 - std::panicking::default_hook::{{closure}}::h8a1d2ee00185001a
[INFO] [stdout]   10:     0x5603798ac703 - std::panicking::default_hook::h6038f2eba384e475
[INFO] [stdout]                                at /rustc/82e1608dfa6e0b5569232559e3d385fea5a93112/library/std/src/panicking.rs:289:9
[INFO] [stdout]   11:     0x56037942f537 - <alloc::boxed::Box<F,A> as core::ops::function::Fn<Args>>::call::h0ad024c9bdc6d768
[INFO] [stdout]                                at /rustc/82e1608dfa6e0b5569232559e3d385fea5a93112/library/alloc/src/boxed.rs:2021:9
[INFO] [stdout]   12:     0x56037942f537 - test::test_main::{{closure}}::h7500b54257359db6
[INFO] [stdout]                                at /rustc/82e1608dfa6e0b5569232559e3d385fea5a93112/library/test/src/lib.rs:138:21
[INFO] [stdout]   13:     0x5603798ad028 - <alloc::boxed::Box<F,A> as core::ops::function::Fn<Args>>::call::h1f8f335eaa9cfaee
[INFO] [stdout]                                at /rustc/82e1608dfa6e0b5569232559e3d385fea5a93112/library/alloc/src/boxed.rs:2021:9
[INFO] [stdout]   14:     0x5603798ad028 - std::panicking::rust_panic_with_hook::h2b5517d590cab22e
[INFO] [stdout]                                at /rustc/82e1608dfa6e0b5569232559e3d385fea5a93112/library/std/src/panicking.rs:783:13
[INFO] [stdout]   15:     0x5603798acd7e - std::panicking::begin_panic_handler::{{closure}}::h233112c06e0ef43e
[INFO] [stdout]                                at /rustc/82e1608dfa6e0b5569232559e3d385fea5a93112/library/std/src/panicking.rs:657:13
[INFO] [stdout]   16:     0x5603798ab436 - std::sys_common::backtrace::__rust_end_short_backtrace::h6e893f24d7ebbff8
[INFO] [stdout]                                at /rustc/82e1608dfa6e0b5569232559e3d385fea5a93112/library/std/src/sys_common/backtrace.rs:170:18
[INFO] [stdout]   17:     0x5603798acae2 - rust_begin_unwind
[INFO] [stdout]                                at /rustc/82e1608dfa6e0b5569232559e3d385fea5a93112/library/std/src/panicking.rs:645:5
[INFO] [stdout]   18:     0x5603793b6385 - core::panicking::panic_fmt::hbf0e066aabfa482c
[INFO] [stdout]                                at /rustc/82e1608dfa6e0b5569232559e3d385fea5a93112/library/core/src/panicking.rs:72:14
[INFO] [stdout]   19:     0x5603793b6953 - core::result::unwrap_failed::hddb4fea594200c52
[INFO] [stdout]                                at /rustc/82e1608dfa6e0b5569232559e3d385fea5a93112/library/core/src/result.rs:1653:5
[INFO] [stdout]   20:     0x5603793cf342 - core::result::Result<T,E>::unwrap::he21ab1844100907b
[INFO] [stdout]                                at /rustc/82e1608dfa6e0b5569232559e3d385fea5a93112/library/core/src/result.rs:1077:23
[INFO] [stdout]   21:     0x5603793dc088 - awall_config_back::cors_middleware::tests::test_headers_set::hacf25d7ab4100c64
[INFO] [stdout]                                at /opt/rustwide/workdir/src/cors_middleware.rs:233:27
[INFO] [stdout]   22:     0x5603793dc037 - awall_config_back::cors_middleware::tests::test_headers_set::{{closure}}::ha900806fe4ce3ccc
[INFO] [stdout]                                at /opt/rustwide/workdir/src/cors_middleware.rs:232:26
[INFO] [stdout]   23:     0x5603793d8336 - core::ops::function::FnOnce::call_once::h03c4374fd7287dcc
[INFO] [stdout]                                at /rustc/82e1608dfa6e0b5569232559e3d385fea5a93112/library/core/src/ops/function.rs:250:5
[INFO] [stdout]   24:     0x560379434b8f - core::ops::function::FnOnce::call_once::h2b5d431d5046312d
[INFO] [stdout]                                at /rustc/82e1608dfa6e0b5569232559e3d385fea5a93112/library/core/src/ops/function.rs:250:5
[INFO] [stdout]   25:     0x560379434b8f - test::__rust_begin_short_backtrace::h7714669af176e207
[INFO] [stdout]                                at /rustc/82e1608dfa6e0b5569232559e3d385fea5a93112/library/test/src/lib.rs:628:18
[INFO] [stdout]   26:     0x560379433ba5 - test::run_test_in_process::{{closure}}::h85218797dcbcec12
[INFO] [stdout]                                at /rustc/82e1608dfa6e0b5569232559e3d385fea5a93112/library/test/src/lib.rs:651:60
[INFO] [stdout]   27:     0x560379433ba5 - <core::panic::unwind_safe::AssertUnwindSafe<F> as core::ops::function::FnOnce<()>>::call_once::h76c106ea31c14d7b
[INFO] [stdout]                                at /rustc/82e1608dfa6e0b5569232559e3d385fea5a93112/library/core/src/panic/unwind_safe.rs:272:9
[INFO] [stdout]   28:     0x560379433ba5 - std::panicking::try::do_call::h3bd5d0f6620ee946
[INFO] [stdout]                                at /rustc/82e1608dfa6e0b5569232559e3d385fea5a93112/library/std/src/panicking.rs:552:40
[INFO] [stdout]   29:     0x560379433ba5 - std::panicking::try::h232e535e4744fe31
[INFO] [stdout]                                at /rustc/82e1608dfa6e0b5569232559e3d385fea5a93112/library/std/src/panicking.rs:516:19
[INFO] [stdout]   30:     0x560379433ba5 - std::panic::catch_unwind::h3ce3bd6ca8dbac68
[INFO] [stdout]                                at /rustc/82e1608dfa6e0b5569232559e3d385fea5a93112/library/std/src/panic.rs:142:14
[INFO] [stdout]   31:     0x560379433ba5 - test::run_test_in_process::hc97b257c9621286a
[INFO] [stdout]                                at /rustc/82e1608dfa6e0b5569232559e3d385fea5a93112/library/test/src/lib.rs:651:27
[INFO] [stdout]   32:     0x560379433ba5 - test::run_test::{{closure}}::h2aa798823a438d38
[INFO] [stdout]                                at /rustc/82e1608dfa6e0b5569232559e3d385fea5a93112/library/test/src/lib.rs:574:43
[INFO] [stdout]   33:     0x5603793fbe66 - test::run_test::{{closure}}::h87d231c78fb59832
[INFO] [stdout]                                at /rustc/82e1608dfa6e0b5569232559e3d385fea5a93112/library/test/src/lib.rs:602:41
[INFO] [stdout]   34:     0x5603793fbe66 - std::sys_common::backtrace::__rust_begin_short_backtrace::he6df152596625789
[INFO] [stdout]                                at /rustc/82e1608dfa6e0b5569232559e3d385fea5a93112/library/std/src/sys_common/backtrace.rs:154:18
[INFO] [stdout]   35:     0x560379400f17 - std::thread::Builder::spawn_unchecked_::{{closure}}::{{closure}}::ha94be15d1e0acf36
[INFO] [stdout]                                at /rustc/82e1608dfa6e0b5569232559e3d385fea5a93112/library/std/src/thread/mod.rs:529:17
[INFO] [stdout]   36:     0x560379400f17 - <core::panic::unwind_safe::AssertUnwindSafe<F> as core::ops::function::FnOnce<()>>::call_once::h9dc6bd6372f16606
[INFO] [stdout]                                at /rustc/82e1608dfa6e0b5569232559e3d385fea5a93112/library/core/src/panic/unwind_safe.rs:272:9
[INFO] [stdout]   37:     0x560379400f17 - std::panicking::try::do_call::h9057517f80303cd4
[INFO] [stdout]                                at /rustc/82e1608dfa6e0b5569232559e3d385fea5a93112/library/std/src/panicking.rs:552:40
[INFO] [stdout]   38:     0x560379400f17 - std::panicking::try::he3a30b11ee45340c
[INFO] [stdout]                                at /rustc/82e1608dfa6e0b5569232559e3d385fea5a93112/library/std/src/panicking.rs:516:19
[INFO] [stdout]   39:     0x560379400f17 - std::panic::catch_unwind::h410458cfd3528b8b
[INFO] [stdout]                                at /rustc/82e1608dfa6e0b5569232559e3d385fea5a93112/library/std/src/panic.rs:142:14
[INFO] [stdout]   40:     0x560379400f17 - std::thread::Builder::spawn_unchecked_::{{closure}}::h72ac3bdb567b737b
[INFO] [stdout]                                at /rustc/82e1608dfa6e0b5569232559e3d385fea5a93112/library/std/src/thread/mod.rs:528:30
[INFO] [stdout]   41:     0x560379400f17 - core::ops::function::FnOnce::call_once{{vtable.shim}}::h38f34da3654a8344
[INFO] [stdout]                                at /rustc/82e1608dfa6e0b5569232559e3d385fea5a93112/library/core/src/ops/function.rs:250:5
[INFO] [stdout]   42:     0x5603798b1ba5 - <alloc::boxed::Box<F,A> as core::ops::function::FnOnce<Args>>::call_once::hc7eafaff61e32df9
[INFO] [stdout]                                at /rustc/82e1608dfa6e0b5569232559e3d385fea5a93112/library/alloc/src/boxed.rs:2007:9
[INFO] [stdout]   43:     0x5603798b1ba5 - <alloc::boxed::Box<F,A> as core::ops::function::FnOnce<Args>>::call_once::h6ba4a5de48dd2304
[INFO] [stdout]                                at /rustc/82e1608dfa6e0b5569232559e3d385fea5a93112/library/alloc/src/boxed.rs:2007:9
[INFO] [stdout]   44:     0x5603798b1ba5 - std::sys::unix::thread::Thread::new::thread_start::he469335aef763e45
[INFO] [stdout]                                at /rustc/82e1608dfa6e0b5569232559e3d385fea5a93112/library/std/src/sys/unix/thread.rs:108:17
[INFO] [stdout]   45:     0x7f11c3298ac3 - <unknown>
[INFO] [stdout]   46:     0x7f11c3329bf4 - __clone
[INFO] [stdout]   47:                0x0 - <unknown>
[INFO] [stdout] 
[INFO] [stdout] 
[INFO] [stdout] failures:
[INFO] [stdout]     cors_middleware::tests::test_custom_headers_set
[INFO] [stdout]     cors_middleware::tests::test_headers_set
[INFO] [stdout] 
[INFO] [stdout] test result: FAILED. 2 passed; 2 failed; 0 ignored; 0 measured; 0 filtered out; finished in 0.46s
[INFO] [stdout] 
[INFO] [stderr] error: test failed, to rerun pass `--bin awall-config-back`
[INFO] running `Command { std: "docker" "inspect" "fe6a65b17a892dc251ec05bcec27a3f77c5de1f6564c37995679712a76cde625", kill_on_drop: false }`
[INFO] running `Command { std: "docker" "rm" "-f" "fe6a65b17a892dc251ec05bcec27a3f77c5de1f6564c37995679712a76cde625", kill_on_drop: false }`
[INFO] [stdout] fe6a65b17a892dc251ec05bcec27a3f77c5de1f6564c37995679712a76cde625
[INFO] testing awall-config/awall-config-back against beta-2023-12-22 for beta-1.76-1
[INFO] running `Command { std: "git" "clone" "/workspace/cache/git-repos/https%3A%2F%2Fgithub.com%2Fawall-config%2Fawall-config-back" "/workspace/builds/worker-6-tc2/source", kill_on_drop: false }`
[INFO] [stderr] Cloning into '/workspace/builds/worker-6-tc2/source'...
[INFO] [stderr] done.
[INFO] validating manifest of git repo https://github.com/awall-config/awall-config-back on toolchain beta-2023-12-22
[INFO] running `Command { std: CARGO_HOME="/workspace/cargo-home" RUSTUP_HOME="/workspace/rustup-home" "/workspace/cargo-home/bin/cargo" "+beta-2023-12-22" "metadata" "--manifest-path" "Cargo.toml" "--no-deps", kill_on_drop: false }`
[INFO] started tweaking git repo https://github.com/awall-config/awall-config-back
[INFO] finished tweaking git repo https://github.com/awall-config/awall-config-back
[INFO] tweaked toml for git repo https://github.com/awall-config/awall-config-back written to /workspace/builds/worker-6-tc2/source/Cargo.toml
[INFO] crate git repo https://github.com/awall-config/awall-config-back already has a lockfile, it will not be regenerated
[INFO] running `Command { std: CARGO_HOME="/workspace/cargo-home" RUSTUP_HOME="/workspace/rustup-home" "/workspace/cargo-home/bin/cargo" "+beta-2023-12-22" "fetch" "--manifest-path" "Cargo.toml", kill_on_drop: false }`
[INFO] running `Command { std: "docker" "create" "-v" "/var/lib/crater-agent-workspace/builds/worker-6-tc2/target:/opt/rustwide/target:rw,Z" "-v" "/var/lib/crater-agent-workspace/builds/worker-6-tc2/source:/opt/rustwide/workdir:ro,Z" "-v" "/var/lib/crater-agent-workspace/cargo-home:/opt/rustwide/cargo-home:ro,Z" "-v" "/var/lib/crater-agent-workspace/rustup-home:/opt/rustwide/rustup-home:ro,Z" "-e" "SOURCE_DIR=/opt/rustwide/workdir" "-e" "CARGO_TARGET_DIR=/opt/rustwide/target" "-e" "CARGO_HOME=/opt/rustwide/cargo-home" "-e" "RUSTUP_HOME=/opt/rustwide/rustup-home" "-w" "/opt/rustwide/workdir" "-m" "1610612736" "--user" "0:0" "--network" "none" "ghcr.io/rust-lang/crates-build-env/linux@sha256:2788e3201cd34a07e3172128adcd8b3090168a8e3bcc40d7c032b9dda1df7d1c" "/opt/rustwide/cargo-home/bin/cargo" "+beta-2023-12-22" "metadata" "--no-deps" "--format-version=1", kill_on_drop: false }`
[INFO] [stdout] e21a3a59d8747202625201935133dc29df3490c57a2ab8f42bc46b65883dfe4e
[INFO] running `Command { std: "docker" "start" "-a" "e21a3a59d8747202625201935133dc29df3490c57a2ab8f42bc46b65883dfe4e", kill_on_drop: false }`
[INFO] running `Command { std: "docker" "inspect" "e21a3a59d8747202625201935133dc29df3490c57a2ab8f42bc46b65883dfe4e", kill_on_drop: false }`
[INFO] running `Command { std: "docker" "rm" "-f" "e21a3a59d8747202625201935133dc29df3490c57a2ab8f42bc46b65883dfe4e", kill_on_drop: false }`
[INFO] [stdout] e21a3a59d8747202625201935133dc29df3490c57a2ab8f42bc46b65883dfe4e
[INFO] running `Command { std: "docker" "create" "-v" "/var/lib/crater-agent-workspace/builds/worker-6-tc2/target:/opt/rustwide/target:rw,Z" "-v" "/var/lib/crater-agent-workspace/builds/worker-6-tc2/source:/opt/rustwide/workdir:ro,Z" "-v" "/var/lib/crater-agent-workspace/cargo-home:/opt/rustwide/cargo-home:ro,Z" "-v" "/var/lib/crater-agent-workspace/rustup-home:/opt/rustwide/rustup-home:ro,Z" "-e" "SOURCE_DIR=/opt/rustwide/workdir" "-e" "CARGO_TARGET_DIR=/opt/rustwide/target" "-e" "CARGO_INCREMENTAL=0" "-e" "RUST_BACKTRACE=full" "-e" "RUSTFLAGS=--cap-lints=warn" "-e" "RUSTDOCFLAGS=--cap-lints=warn" "-e" "CARGO_HOME=/opt/rustwide/cargo-home" "-e" "RUSTUP_HOME=/opt/rustwide/rustup-home" "-w" "/opt/rustwide/workdir" "-m" "1610612736" "--user" "0:0" "--network" "none" "ghcr.io/rust-lang/crates-build-env/linux@sha256:2788e3201cd34a07e3172128adcd8b3090168a8e3bcc40d7c032b9dda1df7d1c" "/opt/rustwide/cargo-home/bin/cargo" "+beta-2023-12-22" "build" "--frozen" "--message-format=json", kill_on_drop: false }`
[INFO] [stdout] 737145ecd12938fed302f8a582a699dcd6f71925869ce19eda873cf7f512d7b1
[INFO] running `Command { std: "docker" "start" "-a" "737145ecd12938fed302f8a582a699dcd6f71925869ce19eda873cf7f512d7b1", kill_on_drop: false }`
[INFO] [stderr]    Compiling libc v0.2.49
[INFO] [stderr]    Compiling cfg-if v0.1.6
[INFO] [stderr]    Compiling autocfg v0.1.2
[INFO] [stderr]    Compiling proc-macro2 v0.4.27
[INFO] [stderr]    Compiling unicode-xid v0.1.0
[INFO] [stderr]    Compiling serde v1.0.88
[INFO] [stderr]    Compiling rand_core v0.4.0
[INFO] [stderr]    Compiling lazy_static v1.2.0
[INFO] [stderr]    Compiling semver-parser v0.7.0
[INFO] [stderr]    Compiling futures v0.1.25
[INFO] [stderr]    Compiling byteorder v1.3.1
[INFO] [stderr]    Compiling smallvec v0.6.9
[INFO] [stderr]    Compiling version_check v0.1.5
[INFO] [stderr]    Compiling scopeguard v0.3.3
[INFO] [stderr]    Compiling slab v0.4.2
[INFO] [stderr]    Compiling stable_deref_trait v1.1.1
[INFO] [stderr]    Compiling log v0.4.6
[INFO] [stderr]    Compiling cc v1.0.29
[INFO] [stderr]    Compiling owning_ref v0.4.0
[INFO] [stderr]    Compiling memchr v2.2.0
[INFO] [stderr]    Compiling crossbeam-utils v0.6.5
[INFO] [stderr]    Compiling arrayvec v0.4.10
[INFO] [stderr]    Compiling rand_core v0.3.1
[INFO] [stderr]    Compiling rand_jitter v0.1.3
[INFO] [stderr]    Compiling lock_api v0.1.5
[INFO] [stderr]    Compiling rand_chacha v0.1.1
[INFO] [stderr]    Compiling rand_pcg v0.1.2
[INFO] [stderr]    Compiling rand v0.6.5
[INFO] [stderr]    Compiling rand_isaac v0.1.1
[INFO] [stderr]    Compiling rand_xorshift v0.1.1
[INFO] [stderr]    Compiling rand_hc v0.1.0
[INFO] [stderr]    Compiling unicase v1.4.2
[INFO] [stderr]    Compiling backtrace v0.3.14
[INFO] [stderr]    Compiling itoa v0.4.3
[INFO] [stderr]    Compiling glob v0.2.11
[INFO] [stderr]    Compiling rustc-serialize v0.3.24
[INFO] [stderr]    Compiling rand_os v0.1.2
[INFO] [stderr]    Compiling iovec v0.1.2
[INFO] [stderr]    Compiling num_cpus v1.10.0
[INFO] [stderr]    Compiling net2 v0.2.33
[INFO] [stderr]    Compiling log v0.3.9
[INFO] [stderr]    Compiling bytes v0.4.11
[INFO] [stderr]    Compiling ryu v0.2.7
[INFO] [stderr]    Compiling lazycell v1.2.1
[INFO] [stderr]    Compiling rustc-demangle v0.1.13
[INFO] [stderr]    Compiling nodrop v0.1.13
[INFO] [stderr]    Compiling ucd-util v0.1.3
[INFO] [stderr]    Compiling term v0.4.6
[INFO] [stderr]    Compiling regex v1.0.6
[INFO] [stdout] error[E0310]: the parameter type `T` may not live long enough
[INFO] [stdout]     --> /opt/rustwide/cargo-home/registry/src/index.crates.io-6f17d22bba15001f/rustc-serialize-0.3.24/src/serialize.rs:1155:5
[INFO] [stdout]      |
[INFO] [stdout] 1155 |     fn decode<D: Decoder>(d: &mut D) -> Result<Cow<'static, T>, D::Error> {
[INFO] [stdout]      |     ^^^^^^^^^^^^^^^^^^^^^^^^^^^^^^^^^^^^^^^^^^^^^^^^^^^^^^^^^^^^^^^^^^^^^
[INFO] [stdout]      |     |
[INFO] [stdout]      |     the parameter type `T` must be valid for the static lifetime...
[INFO] [stdout]      |     ...so that the type `T` will meet its required lifetime bounds...
[INFO] [stdout]      |
[INFO] [stdout] note: ...that is required by this bound
[INFO] [stdout]     --> /rustc/0e09125c6c3c2fd70d7de961bcf0e51575235fad/library/alloc/src/borrow.rs:180:30
[INFO] [stdout] help: consider adding an explicit lifetime bound
[INFO] [stdout]      |
[INFO] [stdout] 1151 | impl<'a, T: ?Sized + 'static> Decodable for Cow<'a, T>
[INFO] [stdout]      |                    +++++++++
[INFO] [stdout] 
[INFO] [stdout] 
[INFO] [stderr]    Compiling unicode-xid v0.0.3
[INFO] [stderr]    Compiling quote v0.6.11
[INFO] [stderr]    Compiling regex-syntax v0.6.5
[INFO] [stderr]    Compiling mio v0.6.16
[INFO] [stderr]    Compiling aho-corasick v0.6.10
[INFO] [stderr]    Compiling thread_local v0.3.6
[INFO] [stderr]    Compiling utf8-ranges v1.0.2
[INFO] [stderr]    Compiling syn v0.15.26
[INFO] [stderr]    Compiling tokio-executor v0.1.6
[INFO] [stderr]    Compiling backtrace-sys v0.1.28
[INFO] [stderr]    Compiling tokio-io v0.1.11
[INFO] [stderr]    Compiling bitflags v0.5.0
[INFO] [stderr]    Compiling memoffset v0.2.1
[INFO] [stderr]    Compiling siphasher v0.2.3
[INFO] [stderr]    Compiling crossbeam-epoch v0.7.1
[INFO] [stderr]    Compiling bitflags v1.0.4
[INFO] [stderr]    Compiling pulldown-cmark v0.2.0
[INFO] [stderr]    Compiling rand v0.4.6
[INFO] [stderr]    Compiling crossbeam-channel v0.3.8
[INFO] [stderr]    Compiling remove_dir_all v0.5.1
[INFO] [stdout] error: aborting due to 1 previous error
[INFO] [stdout] 
[INFO] [stdout] 
[INFO] [stdout] For more information about this error, try `rustc --explain E0310`.
[INFO] [stdout] 
[INFO] [stderr] error: could not compile `rustc-serialize` (lib) due to 2 previous errors
[INFO] [stderr] warning: build failed, waiting for other jobs to finish...
[INFO] running `Command { std: "docker" "inspect" "737145ecd12938fed302f8a582a699dcd6f71925869ce19eda873cf7f512d7b1", kill_on_drop: false }`
[INFO] running `Command { std: "docker" "rm" "-f" "737145ecd12938fed302f8a582a699dcd6f71925869ce19eda873cf7f512d7b1", kill_on_drop: false }`
[INFO] [stdout] 737145ecd12938fed302f8a582a699dcd6f71925869ce19eda873cf7f512d7b1
