[INFO] cloning repository https://github.com/Turboshell/turboshell
[INFO] running `Command { std: "git" "-c" "credential.helper=" "-c" "credential.helper=/workspace/cargo-home/bin/git-credential-null" "clone" "--bare" "https://github.com/Turboshell/turboshell" "/workspace/cache/git-repos/https%3A%2F%2Fgithub.com%2FTurboshell%2Fturboshell", kill_on_drop: false }`
[INFO] [stderr] Cloning into bare repository '/workspace/cache/git-repos/https%3A%2F%2Fgithub.com%2FTurboshell%2Fturboshell'...
[INFO] running `Command { std: "git" "rev-parse" "HEAD", kill_on_drop: false }`
[INFO] [stdout] 1fcecb90a373e4932fdc348e43280e75cd432b77
[INFO] testing Turboshell/turboshell against 1.75.0 for beta-1.76-1
[INFO] running `Command { std: "git" "clone" "/workspace/cache/git-repos/https%3A%2F%2Fgithub.com%2FTurboshell%2Fturboshell" "/workspace/builds/worker-4-tc1/source", kill_on_drop: false }`
[INFO] [stderr] Cloning into '/workspace/builds/worker-4-tc1/source'...
[INFO] [stderr] done.
[INFO] validating manifest of git repo https://github.com/Turboshell/turboshell on toolchain 1.75.0
[INFO] running `Command { std: CARGO_HOME="/workspace/cargo-home" RUSTUP_HOME="/workspace/rustup-home" "/workspace/cargo-home/bin/cargo" "+1.75.0" "metadata" "--manifest-path" "Cargo.toml" "--no-deps", kill_on_drop: false }`
[INFO] started tweaking git repo https://github.com/Turboshell/turboshell
[INFO] finished tweaking git repo https://github.com/Turboshell/turboshell
[INFO] tweaked toml for git repo https://github.com/Turboshell/turboshell written to /workspace/builds/worker-4-tc1/source/Cargo.toml
[INFO] crate git repo https://github.com/Turboshell/turboshell already has a lockfile, it will not be regenerated
[INFO] running `Command { std: CARGO_HOME="/workspace/cargo-home" RUSTUP_HOME="/workspace/rustup-home" "/workspace/cargo-home/bin/cargo" "+1.75.0" "fetch" "--manifest-path" "Cargo.toml", kill_on_drop: false }`
[INFO] [stderr]  Downloading crates ...
[INFO] [stderr]   Downloaded flate2 v0.2.14
[INFO] [stderr]   Downloaded crc v1.3.0
[INFO] [stderr]   Downloaded libsodium-sys v0.0.12
[INFO] [stderr]   Downloaded cast v0.1.0
[INFO] [stderr]   Downloaded filetime v0.1.10
[INFO] [stderr]   Downloaded gcc v0.3.40
[INFO] [stderr]   Downloaded sodiumoxide v0.0.12
[INFO] [stderr]   Downloaded xattr v0.1.10
[INFO] [stderr]   Downloaded tar v0.4.9
[INFO] running `Command { std: "docker" "create" "-v" "/var/lib/crater-agent-workspace/builds/worker-4-tc1/target:/opt/rustwide/target:rw,Z" "-v" "/var/lib/crater-agent-workspace/builds/worker-4-tc1/source:/opt/rustwide/workdir:ro,Z" "-v" "/var/lib/crater-agent-workspace/cargo-home:/opt/rustwide/cargo-home:ro,Z" "-v" "/var/lib/crater-agent-workspace/rustup-home:/opt/rustwide/rustup-home:ro,Z" "-e" "SOURCE_DIR=/opt/rustwide/workdir" "-e" "CARGO_TARGET_DIR=/opt/rustwide/target" "-e" "CARGO_HOME=/opt/rustwide/cargo-home" "-e" "RUSTUP_HOME=/opt/rustwide/rustup-home" "-w" "/opt/rustwide/workdir" "-m" "1610612736" "--user" "0:0" "--network" "none" "ghcr.io/rust-lang/crates-build-env/linux@sha256:2788e3201cd34a07e3172128adcd8b3090168a8e3bcc40d7c032b9dda1df7d1c" "/opt/rustwide/cargo-home/bin/cargo" "+1.75.0" "metadata" "--no-deps" "--format-version=1", kill_on_drop: false }`
[INFO] [stdout] 4e1c5846f1beffd93eace7167ff8b88d4d6ecf5e5f69c5f96002fd06b9164b81
[INFO] running `Command { std: "docker" "start" "-a" "4e1c5846f1beffd93eace7167ff8b88d4d6ecf5e5f69c5f96002fd06b9164b81", kill_on_drop: false }`
[INFO] running `Command { std: "docker" "inspect" "4e1c5846f1beffd93eace7167ff8b88d4d6ecf5e5f69c5f96002fd06b9164b81", kill_on_drop: false }`
[INFO] running `Command { std: "docker" "rm" "-f" "4e1c5846f1beffd93eace7167ff8b88d4d6ecf5e5f69c5f96002fd06b9164b81", kill_on_drop: false }`
[INFO] [stdout] 4e1c5846f1beffd93eace7167ff8b88d4d6ecf5e5f69c5f96002fd06b9164b81
[INFO] running `Command { std: "docker" "create" "-v" "/var/lib/crater-agent-workspace/builds/worker-4-tc1/target:/opt/rustwide/target:rw,Z" "-v" "/var/lib/crater-agent-workspace/builds/worker-4-tc1/source:/opt/rustwide/workdir:ro,Z" "-v" "/var/lib/crater-agent-workspace/cargo-home:/opt/rustwide/cargo-home:ro,Z" "-v" "/var/lib/crater-agent-workspace/rustup-home:/opt/rustwide/rustup-home:ro,Z" "-e" "SOURCE_DIR=/opt/rustwide/workdir" "-e" "CARGO_TARGET_DIR=/opt/rustwide/target" "-e" "CARGO_INCREMENTAL=0" "-e" "RUST_BACKTRACE=full" "-e" "RUSTFLAGS=--cap-lints=warn" "-e" "RUSTDOCFLAGS=--cap-lints=warn" "-e" "CARGO_HOME=/opt/rustwide/cargo-home" "-e" "RUSTUP_HOME=/opt/rustwide/rustup-home" "-w" "/opt/rustwide/workdir" "-m" "1610612736" "--user" "0:0" "--network" "none" "ghcr.io/rust-lang/crates-build-env/linux@sha256:2788e3201cd34a07e3172128adcd8b3090168a8e3bcc40d7c032b9dda1df7d1c" "/opt/rustwide/cargo-home/bin/cargo" "+1.75.0" "build" "--frozen" "--message-format=json", kill_on_drop: false }`
[INFO] [stdout] 4e7740c18e5697d745587217e76b65e00fccaef2ef07efd8f91f86687cd26b9a
[INFO] running `Command { std: "docker" "start" "-a" "4e7740c18e5697d745587217e76b65e00fccaef2ef07efd8f91f86687cd26b9a", kill_on_drop: false }`
[INFO] [stderr]    Compiling libc v0.2.18
[INFO] [stderr]    Compiling winapi-build v0.1.1
[INFO] [stderr]    Compiling winapi v0.2.8
[INFO] [stderr]    Compiling num-traits v0.1.36
[INFO] [stderr]    Compiling gcc v0.3.40
[INFO] [stderr]    Compiling pkg-config v0.3.8
[INFO] [stderr]    Compiling lazy_static v0.2.2
[INFO] [stderr]    Compiling utf8-ranges v0.1.3
[INFO] [stderr]    Compiling rustc-serialize v0.3.22
[INFO] [stderr]    Compiling regex-syntax v0.3.9
[INFO] [stderr]    Compiling strsim v0.5.2
[INFO] [stderr]    Compiling serde v0.7.15
[INFO] [stderr]    Compiling itertools v0.4.19
[INFO] [stderr]    Compiling byteorder v0.5.3
[INFO] [stderr]    Compiling cast v0.1.0
[INFO] [stderr]    Compiling crc v1.3.0
[INFO] [stderr]    Compiling kernel32-sys v0.2.2
[INFO] [stderr]    Compiling memchr v0.1.11
[INFO] [stderr]    Compiling filetime v0.1.10
[INFO] [stderr]    Compiling xattr v0.1.10
[INFO] [stderr]    Compiling libsodium-sys v0.0.12
[INFO] [stderr]    Compiling rand v0.3.15
[INFO] [stderr]    Compiling aho-corasick v0.5.3
[INFO] [stderr]    Compiling tar v0.4.9
[INFO] [stderr]    Compiling time v0.1.35
[INFO] [stderr]    Compiling thread-id v2.0.0
[INFO] [stderr]    Compiling walkdir v0.1.8
[INFO] [stderr]    Compiling num-integer v0.1.32
[INFO] [stderr]    Compiling miniz-sys v0.1.7
[INFO] [stderr]    Compiling thread_local v0.2.7
[INFO] [stderr]    Compiling num-iter v0.1.32
[INFO] [stderr]    Compiling num v0.1.36
[INFO] [stderr]    Compiling regex v0.1.80
[INFO] [stderr]    Compiling chrono v0.2.25
[INFO] [stderr]    Compiling tempdir v0.3.5
[INFO] [stderr]    Compiling sodiumoxide v0.0.12
[INFO] [stderr]    Compiling turboshell v0.0.0-snapshot (/opt/rustwide/workdir)
[INFO] [stderr]    Compiling flate2 v0.2.14
[INFO] [stderr]    Compiling toml v0.1.30
[INFO] [stderr]    Compiling docopt v0.6.86
[INFO] [stdout] warning: use of deprecated macro `try`: use the `?` operator instead
[INFO] [stdout]   --> src/commands/compile.rs:49:9
[INFO] [stdout]    |
[INFO] [stdout] 49 |         try!(header.set_path(entry_name + "/"));
[INFO] [stdout]    |         ^^^
[INFO] [stdout]    |
[INFO] [stdout]    = note: `#[warn(deprecated)]` on by default
[INFO] [stdout] 
[INFO] [stdout] 
[INFO] [stdout] warning: use of deprecated macro `try`: use the `?` operator instead
[INFO] [stdout]   --> src/commands/compile.rs:54:9
[INFO] [stdout]    |
[INFO] [stdout] 54 |         try!(builder.append(&header, io::empty()));
[INFO] [stdout]    |         ^^^
[INFO] [stdout] 
[INFO] [stdout] 
[INFO] [stdout] warning: use of deprecated macro `try`: use the `?` operator instead
[INFO] [stdout]   --> src/commands/compile.rs:51:25
[INFO] [stdout]    |
[INFO] [stdout] 51 |         header.set_mode(try!(entry_path.as_ref().metadata()).mode());
[INFO] [stdout]    |                         ^^^
[INFO] [stdout] 
[INFO] [stdout] 
[INFO] [stdout] warning: use of deprecated macro `try`: use the `?` operator instead
[INFO] [stdout]   --> src/commands/compile.rs:59:9
[INFO] [stdout]    |
[INFO] [stdout] 59 |         try!(header.set_path(entry_name));
[INFO] [stdout]    |         ^^^
[INFO] [stdout] 
[INFO] [stdout] 
[INFO] [stdout] warning: use of deprecated macro `try`: use the `?` operator instead
[INFO] [stdout]   --> src/commands/compile.rs:63:9
[INFO] [stdout]    |
[INFO] [stdout] 63 |         try!(builder.append(&header, try!(File::open(entry_path.as_ref()))));
[INFO] [stdout]    |         ^^^
[INFO] [stdout] 
[INFO] [stdout] 
[INFO] [stdout] warning: use of deprecated macro `try`: use the `?` operator instead
[INFO] [stdout]   --> src/commands/compile.rs:58:24
[INFO] [stdout]    |
[INFO] [stdout] 58 |         let metadata = try!(entry_path.as_ref().metadata());
[INFO] [stdout]    |                        ^^^
[INFO] [stdout] 
[INFO] [stdout] 
[INFO] [stdout] warning: use of deprecated macro `try`: use the `?` operator instead
[INFO] [stdout]   --> src/commands/compile.rs:63:38
[INFO] [stdout]    |
[INFO] [stdout] 63 |         try!(builder.append(&header, try!(File::open(entry_path.as_ref()))));
[INFO] [stdout]    |                                      ^^^
[INFO] [stdout] 
[INFO] [stdout] 
[INFO] [stdout] warning: use of deprecated macro `try`: use the `?` operator instead
[INFO] [stdout]   --> src/commands/compile.rs:82:9
[INFO] [stdout]    |
[INFO] [stdout] 82 |         try!(header.set_path("archive.toml"));
[INFO] [stdout]    |         ^^^
[INFO] [stdout] 
[INFO] [stdout] 
[INFO] [stdout] warning: use of deprecated macro `try`: use the `?` operator instead
[INFO] [stdout]   --> src/commands/compile.rs:86:9
[INFO] [stdout]    |
[INFO] [stdout] 86 |         try!(builder.append(&header, io::Cursor::new(archive_toml_contents.as_bytes())));
[INFO] [stdout]    |         ^^^
[INFO] [stdout] 
[INFO] [stdout] 
[INFO] [stdout] warning: use of deprecated macro `try`: use the `?` operator instead
[INFO] [stdout]   --> src/commands/compile.rs:89:9
[INFO] [stdout]    |
[INFO] [stdout] 89 |         try!(write_to_archive(&mut builder, &basedir_with_slash, PathBuf::from(&self.basedir).join("roles")));
[INFO] [stdout]    |         ^^^
[INFO] [stdout] 
[INFO] [stdout] 
[INFO] [stdout] warning: use of deprecated macro `try`: use the `?` operator instead
[INFO] [stdout]    --> src/commands/compile.rs:115:9
[INFO] [stdout]     |
[INFO] [stdout] 115 |         try!(builder.into_inner());
[INFO] [stdout]     |         ^^^
[INFO] [stdout] 
[INFO] [stdout] 
[INFO] [stdout] warning: use of deprecated macro `try`: use the `?` operator instead
[INFO] [stdout]   --> src/commands/compile.rs:94:13
[INFO] [stdout]    |
[INFO] [stdout] 94 |             try!(write_to_archive(&mut builder, &basedir_with_slash, &role.path));
[INFO] [stdout]    |             ^^^
[INFO] [stdout] 
[INFO] [stdout] 
[INFO] [stdout] warning: use of deprecated macro `try`: use the `?` operator instead
[INFO] [stdout]    --> src/commands/compile.rs:106:25
[INFO] [stdout]     |
[INFO] [stdout] 106 |                         try!(write_to_archive(&mut builder, &basedir_with_slash, entry_path));
[INFO] [stdout]     |                         ^^^
[INFO] [stdout] 
[INFO] [stdout] 
[INFO] [stdout] warning: use of deprecated macro `try`: use the `?` operator instead
[INFO] [stdout]    --> src/commands/compile.rs:103:37
[INFO] [stdout]     |
[INFO] [stdout] 103 |                         let entry = try!(entry);
[INFO] [stdout]     |                                     ^^^
[INFO] [stdout] 
[INFO] [stdout] 
[INFO] [stdout] warning: use of deprecated macro `try`: use the `?` operator instead
[INFO] [stdout]   --> src/commands/run.rs:23:21
[INFO] [stdout]    |
[INFO] [stdout] 23 |                     try!(package.run(out));
[INFO] [stdout]    |                     ^^^
[INFO] [stdout] 
[INFO] [stdout] 
[INFO] [stdout] warning: use of deprecated macro `try`: use the `?` operator instead
[INFO] [stdout]   --> src/commands/run.rs:53:33
[INFO] [stdout]    |
[INFO] [stdout] 53 |             writeln!(out, "{}", try!(line)).unwrap();
[INFO] [stdout]    |                                 ^^^
[INFO] [stdout] 
[INFO] [stdout] 
[INFO] [stdout] warning: use of deprecated macro `try`: use the `?` operator instead
[INFO] [stdout]   --> src/commands/run.rs:57:18
[INFO] [stdout]    |
[INFO] [stdout] 57 |     let status = try!(child.wait());
[INFO] [stdout]    |                  ^^^
[INFO] [stdout] 
[INFO] [stdout] 
[INFO] [stdout] warning: use of deprecated macro `try`: use the `?` operator instead
[INFO] [stdout]    --> src/resolve.rs:124:32
[INFO] [stdout]     |
[INFO] [stdout] 124 |                         v.push(try!(Package::from_file(&dir, dep_name)));
[INFO] [stdout]     |                                ^^^
[INFO] [stdout] 
[INFO] [stdout] 
[INFO] [stdout] warning: use of deprecated macro `try`: use the `?` operator instead
[INFO] [stdout]    --> src/resolve.rs:209:25
[INFO] [stdout]     |
[INFO] [stdout] 209 |                         try!(stack.outdent());
[INFO] [stdout]     |                         ^^^
[INFO] [stdout] 
[INFO] [stdout] 
[INFO] [stdout] warning: use of deprecated macro `try`: use the `?` operator instead
[INFO] [stdout]   --> src/runlist.rs:75:22
[INFO] [stdout]    |
[INFO] [stdout] 75 |         let config = try!(read_toml(&config_path));
[INFO] [stdout]    |                      ^^^
[INFO] [stdout] 
[INFO] [stdout] 
[INFO] [stdout] warning: use of deprecated macro `try`: use the `?` operator instead
[INFO] [stdout]    --> src/runlist.rs:177:22
[INFO] [stdout]     |
[INFO] [stdout] 177 |         let config = try!(read_toml(&role_path));
[INFO] [stdout]     |                      ^^^
[INFO] [stdout] 
[INFO] [stdout] 
[INFO] [stdout] warning: use of deprecated macro `try`: use the `?` operator instead
[INFO] [stdout]    --> src/runlist.rs:187:40
[INFO] [stdout]     |
[INFO] [stdout] 187 | ...                   v.push(try!(Package::from_file(basedir, val)));
[INFO] [stdout]     |                              ^^^
[INFO] [stdout] 
[INFO] [stdout] 
[INFO] [stdout] warning: use of deprecated macro `try`: use the `?` operator instead
[INFO] [stdout]    --> src/runlist.rs:239:17
[INFO] [stdout]     |
[INFO] [stdout] 239 |                 try!(e.emit_map_elt_key(i, |e| e.emit_str(&package.name)));
[INFO] [stdout]     |                 ^^^
[INFO] [stdout] 
[INFO] [stdout] 
[INFO] [stdout] warning: use of deprecated macro `try`: use the `?` operator instead
[INFO] [stdout]    --> src/runlist.rs:240:17
[INFO] [stdout]     |
[INFO] [stdout] 240 |                 try!(e.emit_map_elt_val(i, |e| e.emit_str(&package.version)));
[INFO] [stdout]     |                 ^^^
[INFO] [stdout] 
[INFO] [stdout] 
[INFO] [stdout] warning: use of deprecated macro `try`: use the `?` operator instead
[INFO] [stdout]    --> src/runlist.rs:253:20
[INFO] [stdout]     |
[INFO] [stdout] 253 |             v.push(try!(Role::from_file(basedir, role)));
[INFO] [stdout]     |                    ^^^
[INFO] [stdout] 
[INFO] [stdout] 
[INFO] [stdout] warning: use of deprecated macro `try`: use the `?` operator instead
[INFO] [stdout]    --> src/runlist.rs:256:27
[INFO] [stdout]     |
[INFO] [stdout] 256 |                     repo: try!(PackageRepository::from_basedir(basedir)),
[INFO] [stdout]     |                           ^^^
[INFO] [stdout] 
[INFO] [stdout] 
[INFO] [stdout] warning: use of deprecated macro `try`: use the `?` operator instead
[INFO] [stdout]    --> src/runlist.rs:262:23
[INFO] [stdout]     |
[INFO] [stdout] 262 |         let archive = try!(read_toml(&path));
[INFO] [stdout]     |                       ^^^
[INFO] [stdout] 
[INFO] [stdout] 
[INFO] [stdout] warning: use of deprecated macro `try`: use the `?` operator instead
[INFO] [stdout]    --> src/runlist.rs:292:9
[INFO] [stdout]     |
[INFO] [stdout] 292 |         try!(e.emit_map(1, |e| {
[INFO] [stdout]     |         ^^^
[INFO] [stdout] 
[INFO] [stdout] 
[INFO] [stdout] warning: use of deprecated macro `try`: use the `?` operator instead
[INFO] [stdout]    --> src/runlist.rs:313:9
[INFO] [stdout]     |
[INFO] [stdout] 313 |         try!(e.emit_map(1, |e| {
[INFO] [stdout]     |         ^^^
[INFO] [stdout] 
[INFO] [stdout] 
[INFO] [stdout] warning: use of deprecated macro `try`: use the `?` operator instead
[INFO] [stdout]    --> src/runlist.rs:293:13
[INFO] [stdout]     |
[INFO] [stdout] 293 |             try!(e.emit_map_elt_key(0, |e| e.emit_str("archive")));
[INFO] [stdout]     |             ^^^
[INFO] [stdout] 
[INFO] [stdout] 
[INFO] [stdout] warning: use of deprecated macro `try`: use the `?` operator instead
[INFO] [stdout]    --> src/runlist.rs:296:21
[INFO] [stdout]     |
[INFO] [stdout] 296 |                     try!(e.emit_map_elt_key(0, |e| e.emit_str("roles")));
[INFO] [stdout]     |                     ^^^
[INFO] [stdout] 
[INFO] [stdout] 
[INFO] [stdout] warning: use of deprecated macro `try`: use the `?` operator instead
[INFO] [stdout]    --> src/runlist.rs:297:21
[INFO] [stdout]     |
[INFO] [stdout] 297 |                     try!(e.emit_map_elt_val(0, |e| {
[INFO] [stdout]     |                     ^^^
[INFO] [stdout] 
[INFO] [stdout] 
[INFO] [stdout] warning: use of deprecated macro `try`: use the `?` operator instead
[INFO] [stdout]    --> src/runlist.rs:301:33
[INFO] [stdout]     |
[INFO] [stdout] 301 | ...                   try!(e.emit_seq_elt(i, |e| e.emit_str(&role.name)));
[INFO] [stdout]     |                       ^^^
[INFO] [stdout] 
[INFO] [stdout] 
[INFO] [stdout] warning: use of deprecated macro `try`: use the `?` operator instead
[INFO] [stdout]    --> src/runlist.rs:314:13
[INFO] [stdout]     |
[INFO] [stdout] 314 |             try!(e.emit_map_elt_key(0, |e| e.emit_str("role")));
[INFO] [stdout]     |             ^^^
[INFO] [stdout] 
[INFO] [stdout] 
[INFO] [stdout] warning: use of deprecated macro `try`: use the `?` operator instead
[INFO] [stdout]    --> src/runlist.rs:319:25
[INFO] [stdout]     |
[INFO] [stdout] 319 |                         try!(e.emit_map_elt_key(i, |e| e.emit_str(&role.name)));
[INFO] [stdout]     |                         ^^^
[INFO] [stdout] 
[INFO] [stdout] 
[INFO] [stdout] warning: use of deprecated macro `try`: use the `?` operator instead
[INFO] [stdout]    --> src/runlist.rs:320:25
[INFO] [stdout]     |
[INFO] [stdout] 320 |                         try!(e.emit_map_elt_val(0, |e| role.encode(e)));
[INFO] [stdout]     |                         ^^^
[INFO] [stdout] 
[INFO] [stdout] 
[INFO] [stdout] warning: use of deprecated macro `try`: use the `?` operator instead
[INFO] [stdout]    --> src/seedfile.rs:126:9
[INFO] [stdout]     |
[INFO] [stdout] 126 |         try!(v.write_u32::<BigEndian>(crc));
[INFO] [stdout]     |         ^^^
[INFO] [stdout] 
[INFO] [stdout] 
[INFO] [stdout] warning: use of deprecated macro `try`: use the `?` operator instead
[INFO] [stdout]   --> src/unpack.rs:14:5
[INFO] [stdout]    |
[INFO] [stdout] 14 |     try!(input.read_exact(&mut identifier_bytes));
[INFO] [stdout]    |     ^^^
[INFO] [stdout] 
[INFO] [stdout] 
[INFO] [stdout] warning: use of deprecated macro `try`: use the `?` operator instead
[INFO] [stdout]   --> src/unpack.rs:22:5
[INFO] [stdout]    |
[INFO] [stdout] 22 |     try!(input.read_exact(&mut signature_bytes_base64));
[INFO] [stdout]    |     ^^^
[INFO] [stdout] 
[INFO] [stdout] 
[INFO] [stdout] warning: use of deprecated macro `try`: use the `?` operator instead
[INFO] [stdout]   --> src/unpack.rs:38:5
[INFO] [stdout]    |
[INFO] [stdout] 38 |     try!(input.read_to_end(&mut tarball_bytes));
[INFO] [stdout]    |     ^^^
[INFO] [stdout] 
[INFO] [stdout] 
[INFO] [stdout] warning: trait objects without an explicit `dyn` are deprecated
[INFO] [stdout]   --> src/commands/keytool.rs:22:39
[INFO] [stdout]    |
[INFO] [stdout] 22 |         let (mut input, source): (Box<BufRead>, PathBuf) = if should_read_from_file {
[INFO] [stdout]    |                                       ^^^^^^^
[INFO] [stdout]    |
[INFO] [stdout]    = warning: this is accepted in the current edition (Rust 2015) but is a hard error in Rust 2021!
[INFO] [stdout]    = note: for more information, see <https://doc.rust-lang.org/nightly/edition-guide/rust-2021/warnings-promoted-to-error.html>
[INFO] [stdout]    = note: `#[warn(bare_trait_objects)]` on by default
[INFO] [stdout] help: use `dyn`
[INFO] [stdout]    |
[INFO] [stdout] 22 |         let (mut input, source): (Box<dyn BufRead>, PathBuf) = if should_read_from_file {
[INFO] [stdout]    |                                       +++
[INFO] [stdout] 
[INFO] [stdout] 
[INFO] [stdout] warning: trait objects without an explicit `dyn` are deprecated
[INFO] [stdout]   --> src/commands/keytool.rs:48:29
[INFO] [stdout]    |
[INFO] [stdout] 48 |         let mut output: Box<Write> = if output_string != "" {
[INFO] [stdout]    |                             ^^^^^
[INFO] [stdout]    |
[INFO] [stdout]    = warning: this is accepted in the current edition (Rust 2015) but is a hard error in Rust 2021!
[INFO] [stdout]    = note: for more information, see <https://doc.rust-lang.org/nightly/edition-guide/rust-2021/warnings-promoted-to-error.html>
[INFO] [stdout] help: use `dyn`
[INFO] [stdout]    |
[INFO] [stdout] 48 |         let mut output: Box<dyn Write> = if output_string != "" {
[INFO] [stdout]    |                             +++
[INFO] [stdout] 
[INFO] [stdout] 
[INFO] [stdout] warning: trait objects without an explicit `dyn` are deprecated
[INFO] [stdout]    --> src/commands/compile.rs:176:25
[INFO] [stdout]     |
[INFO] [stdout] 176 |     let mut output: Box<Write> = if output_string != "" {
[INFO] [stdout]     |                         ^^^^^
[INFO] [stdout]     |
[INFO] [stdout]     = warning: this is accepted in the current edition (Rust 2015) but is a hard error in Rust 2021!
[INFO] [stdout]     = note: for more information, see <https://doc.rust-lang.org/nightly/edition-guide/rust-2021/warnings-promoted-to-error.html>
[INFO] [stdout] help: use `dyn`
[INFO] [stdout]     |
[INFO] [stdout] 176 |     let mut output: Box<dyn Write> = if output_string != "" {
[INFO] [stdout]     |                         +++
[INFO] [stdout] 
[INFO] [stdout] 
[INFO] [stdout] warning: trait objects without an explicit `dyn` are deprecated
[INFO] [stdout]   --> src/commands/inspect.rs:12:24
[INFO] [stdout]    |
[INFO] [stdout] 12 |     let mut input: Box<Read> = if archive_string != "" {
[INFO] [stdout]    |                        ^^^^
[INFO] [stdout]    |
[INFO] [stdout]    = warning: this is accepted in the current edition (Rust 2015) but is a hard error in Rust 2021!
[INFO] [stdout]    = note: for more information, see <https://doc.rust-lang.org/nightly/edition-guide/rust-2021/warnings-promoted-to-error.html>
[INFO] [stdout] help: use `dyn`
[INFO] [stdout]    |
[INFO] [stdout] 12 |     let mut input: Box<dyn Read> = if archive_string != "" {
[INFO] [stdout]    |                        +++
[INFO] [stdout] 
[INFO] [stdout] 
[INFO] [stdout] warning: trait objects without an explicit `dyn` are deprecated
[INFO] [stdout]   --> src/commands/inspect.rs:44:25
[INFO] [stdout]    |
[INFO] [stdout] 44 |     let mut output: Box<Write> = if output_string != "" {
[INFO] [stdout]    |                         ^^^^^
[INFO] [stdout]    |
[INFO] [stdout]    = warning: this is accepted in the current edition (Rust 2015) but is a hard error in Rust 2021!
[INFO] [stdout]    = note: for more information, see <https://doc.rust-lang.org/nightly/edition-guide/rust-2021/warnings-promoted-to-error.html>
[INFO] [stdout] help: use `dyn`
[INFO] [stdout]    |
[INFO] [stdout] 44 |     let mut output: Box<dyn Write> = if output_string != "" {
[INFO] [stdout]    |                         +++
[INFO] [stdout] 
[INFO] [stdout] 
[INFO] [stdout] warning: trait objects without an explicit `dyn` are deprecated
[INFO] [stdout]   --> src/commands/run.rs:78:24
[INFO] [stdout]    |
[INFO] [stdout] 78 |     let mut input: Box<Read> = if archive_string != "" {
[INFO] [stdout]    |                        ^^^^
[INFO] [stdout]    |
[INFO] [stdout]    = warning: this is accepted in the current edition (Rust 2015) but is a hard error in Rust 2021!
[INFO] [stdout]    = note: for more information, see <https://doc.rust-lang.org/nightly/edition-guide/rust-2021/warnings-promoted-to-error.html>
[INFO] [stdout] help: use `dyn`
[INFO] [stdout]    |
[INFO] [stdout] 78 |     let mut input: Box<dyn Read> = if archive_string != "" {
[INFO] [stdout]    |                        +++
[INFO] [stdout] 
[INFO] [stdout] 
[INFO] [stdout] warning: getting the inner pointer of a temporary `CString`
[INFO] [stdout]   --> src/runlist.rs:66:65
[INFO] [stdout]    |
[INFO] [stdout] 66 |     let result = unsafe { libc::access(CString::new(s).unwrap().as_ptr(), libc::F_OK | libc::X_OK) };
[INFO] [stdout]    |                                        ------------------------ ^^^^^^ this pointer will be invalid
[INFO] [stdout]    |                                        |
[INFO] [stdout]    |                                        this `CString` is deallocated at the end of the statement, bind it to a variable to extend its lifetime
[INFO] [stdout]    |
[INFO] [stdout]    = note: pointers do not have a lifetime; when calling `as_ptr` the `CString` will be deallocated at the end of the statement because nothing is referencing it as far as the type system is concerned
[INFO] [stdout]    = help: for more information, see https://doc.rust-lang.org/reference/destructors.html
[INFO] [stdout]    = note: `#[warn(temporary_cstring_as_ptr)]` on by default
[INFO] [stdout] 
[INFO] [stdout] 
[INFO] [stdout] warning: call to `.clone()` on a reference in this situation does nothing
[INFO] [stdout]   --> src/seedfile.rs:23:26
[INFO] [stdout]    |
[INFO] [stdout] 23 |         }), path.as_ref().clone())
[INFO] [stdout]    |                          ^^^^^^^^ help: remove this redundant call
[INFO] [stdout]    |
[INFO] [stdout]    = note: the type `Path` does not implement `Clone`, so calling `clone` on `&Path` copies the reference, which does not do anything and can be removed
[INFO] [stdout]    = note: `#[warn(noop_method_call)]` on by default
[INFO] [stdout] 
[INFO] [stdout] 
[INFO] [stdout] warning: 48 warnings emitted
[INFO] [stdout] 
[INFO] [stdout] 
[INFO] [stdout] warning: use of deprecated macro `RustcDecodable`: rustc-serialize is deprecated and no longer supported
[INFO] [stdout]   --> src/main.rs:29:16
[INFO] [stdout]    |
[INFO] [stdout] 29 | #[derive(Debug,RustcDecodable)]
[INFO] [stdout]    |                ^^^^^^^^^^^^^^
[INFO] [stdout]    |
[INFO] [stdout]    = note: `#[warn(deprecated)]` on by default
[INFO] [stdout] 
[INFO] [stdout] 
[INFO] [stdout] warning: 1 warning emitted
[INFO] [stdout] 
[INFO] [stdout] 
[INFO] [stderr]     Finished dev [unoptimized + debuginfo] target(s) in 5.07s
[INFO] [stderr] warning: the following packages contain code that will be rejected by a future version of Rust: rustc-serialize v0.3.22
[INFO] [stderr] note: to see what the problems were, use the option `--future-incompat-report`, or run `cargo report future-incompatibilities --id 1`
[INFO] running `Command { std: "docker" "inspect" "4e7740c18e5697d745587217e76b65e00fccaef2ef07efd8f91f86687cd26b9a", kill_on_drop: false }`
[INFO] running `Command { std: "docker" "rm" "-f" "4e7740c18e5697d745587217e76b65e00fccaef2ef07efd8f91f86687cd26b9a", kill_on_drop: false }`
[INFO] [stdout] 4e7740c18e5697d745587217e76b65e00fccaef2ef07efd8f91f86687cd26b9a
[INFO] running `Command { std: "docker" "create" "-v" "/var/lib/crater-agent-workspace/builds/worker-4-tc1/target:/opt/rustwide/target:rw,Z" "-v" "/var/lib/crater-agent-workspace/builds/worker-4-tc1/source:/opt/rustwide/workdir:ro,Z" "-v" "/var/lib/crater-agent-workspace/cargo-home:/opt/rustwide/cargo-home:ro,Z" "-v" "/var/lib/crater-agent-workspace/rustup-home:/opt/rustwide/rustup-home:ro,Z" "-e" "SOURCE_DIR=/opt/rustwide/workdir" "-e" "CARGO_TARGET_DIR=/opt/rustwide/target" "-e" "CARGO_INCREMENTAL=0" "-e" "RUST_BACKTRACE=full" "-e" "RUSTFLAGS=--cap-lints=warn" "-e" "RUSTDOCFLAGS=--cap-lints=warn" "-e" "CARGO_HOME=/opt/rustwide/cargo-home" "-e" "RUSTUP_HOME=/opt/rustwide/rustup-home" "-w" "/opt/rustwide/workdir" "-m" "1610612736" "--user" "0:0" "--network" "none" "ghcr.io/rust-lang/crates-build-env/linux@sha256:2788e3201cd34a07e3172128adcd8b3090168a8e3bcc40d7c032b9dda1df7d1c" "/opt/rustwide/cargo-home/bin/cargo" "+1.75.0" "test" "--frozen" "--no-run" "--message-format=json", kill_on_drop: false }`
[INFO] [stdout] 10c4b9b1cddc70ace3ab8ea8eed0d01970e3b5a790221e89914a72a26d2354b0
[INFO] running `Command { std: "docker" "start" "-a" "10c4b9b1cddc70ace3ab8ea8eed0d01970e3b5a790221e89914a72a26d2354b0", kill_on_drop: false }`
[INFO] [stdout] warning: use of deprecated macro `try`: use the `?` operator instead
[INFO] [stdout]   --> src/commands/compile.rs:49:9
[INFO] [stdout]    |
[INFO] [stdout] 49 |         try!(header.set_path(entry_name + "/"));
[INFO] [stdout]    |         ^^^
[INFO] [stdout]    |
[INFO] [stdout]    = note: `#[warn(deprecated)]` on by default
[INFO] [stdout] 
[INFO] [stdout] 
[INFO] [stdout] warning: use of deprecated macro `try`: use the `?` operator instead
[INFO] [stdout]   --> src/commands/compile.rs:54:9
[INFO] [stdout]    |
[INFO] [stdout] 54 |         try!(builder.append(&header, io::empty()));
[INFO] [stdout]    |         ^^^
[INFO] [stdout] 
[INFO] [stdout] 
[INFO] [stdout] warning: use of deprecated macro `try`: use the `?` operator instead
[INFO] [stdout]   --> src/commands/compile.rs:51:25
[INFO] [stdout]    |
[INFO] [stdout] 51 |         header.set_mode(try!(entry_path.as_ref().metadata()).mode());
[INFO] [stdout]    |                         ^^^
[INFO] [stdout] 
[INFO] [stdout] 
[INFO] [stdout] warning: use of deprecated macro `try`: use the `?` operator instead
[INFO] [stdout]   --> src/commands/compile.rs:59:9
[INFO] [stdout]    |
[INFO] [stdout] 59 |         try!(header.set_path(entry_name));
[INFO] [stdout]    |         ^^^
[INFO] [stdout] 
[INFO] [stdout] 
[INFO] [stdout] warning: use of deprecated macro `try`: use the `?` operator instead
[INFO] [stdout]   --> src/commands/compile.rs:63:9
[INFO] [stdout]    |
[INFO] [stdout] 63 |         try!(builder.append(&header, try!(File::open(entry_path.as_ref()))));
[INFO] [stdout]    |         ^^^
[INFO] [stdout] 
[INFO] [stdout] 
[INFO] [stdout] warning: use of deprecated macro `try`: use the `?` operator instead
[INFO] [stdout]   --> src/commands/compile.rs:58:24
[INFO] [stdout]    |
[INFO] [stdout] 58 |         let metadata = try!(entry_path.as_ref().metadata());
[INFO] [stdout]    |                        ^^^
[INFO] [stdout] 
[INFO] [stdout] 
[INFO] [stdout] warning: use of deprecated macro `try`: use the `?` operator instead
[INFO] [stdout]   --> src/commands/compile.rs:63:38
[INFO] [stdout]    |
[INFO] [stdout] 63 |         try!(builder.append(&header, try!(File::open(entry_path.as_ref()))));
[INFO] [stdout]    |                                      ^^^
[INFO] [stdout] 
[INFO] [stdout] 
[INFO] [stdout] warning: use of deprecated macro `try`: use the `?` operator instead
[INFO] [stdout]   --> src/commands/compile.rs:82:9
[INFO] [stdout]    |
[INFO] [stdout] 82 |         try!(header.set_path("archive.toml"));
[INFO] [stdout]    |         ^^^
[INFO] [stdout] 
[INFO] [stdout] 
[INFO] [stdout] warning: use of deprecated macro `try`: use the `?` operator instead
[INFO] [stdout]   --> src/commands/compile.rs:86:9
[INFO] [stdout]    |
[INFO] [stdout] 86 |         try!(builder.append(&header, io::Cursor::new(archive_toml_contents.as_bytes())));
[INFO] [stdout]    |         ^^^
[INFO] [stdout] 
[INFO] [stdout] 
[INFO] [stdout] warning: use of deprecated macro `try`: use the `?` operator instead
[INFO] [stdout]   --> src/commands/compile.rs:89:9
[INFO] [stdout]    |
[INFO] [stdout] 89 |         try!(write_to_archive(&mut builder, &basedir_with_slash, PathBuf::from(&self.basedir).join("roles")));
[INFO] [stdout]    |         ^^^
[INFO] [stdout] 
[INFO] [stdout] 
[INFO] [stdout] warning: use of deprecated macro `try`: use the `?` operator instead
[INFO] [stdout]    --> src/commands/compile.rs:115:9
[INFO] [stdout]     |
[INFO] [stdout] 115 |         try!(builder.into_inner());
[INFO] [stdout]     |         ^^^
[INFO] [stdout] 
[INFO] [stdout] 
[INFO] [stdout] warning: use of deprecated macro `try`: use the `?` operator instead
[INFO] [stdout]   --> src/commands/compile.rs:94:13
[INFO] [stdout]    |
[INFO] [stdout] 94 |             try!(write_to_archive(&mut builder, &basedir_with_slash, &role.path));
[INFO] [stdout]    |             ^^^
[INFO] [stdout] 
[INFO] [stdout] 
[INFO] [stdout] warning: use of deprecated macro `try`: use the `?` operator instead
[INFO] [stdout]    --> src/commands/compile.rs:106:25
[INFO] [stdout]     |
[INFO] [stdout] 106 |                         try!(write_to_archive(&mut builder, &basedir_with_slash, entry_path));
[INFO] [stdout]     |                         ^^^
[INFO] [stdout] 
[INFO] [stdout] 
[INFO] [stdout] warning: use of deprecated macro `try`: use the `?` operator instead
[INFO] [stdout]    --> src/commands/compile.rs:103:37
[INFO] [stdout]     |
[INFO] [stdout] 103 |                         let entry = try!(entry);
[INFO] [stdout]     |                                     ^^^
[INFO] [stdout] 
[INFO] [stdout] 
[INFO] [stdout] warning: use of deprecated macro `try`: use the `?` operator instead
[INFO] [stdout]   --> src/commands/run.rs:23:21
[INFO] [stdout]    |
[INFO] [stdout] 23 |                     try!(package.run(out));
[INFO] [stdout]    |                     ^^^
[INFO] [stdout] 
[INFO] [stdout] 
[INFO] [stdout] warning: use of deprecated macro `try`: use the `?` operator instead
[INFO] [stdout]   --> src/commands/run.rs:53:33
[INFO] [stdout]    |
[INFO] [stdout] 53 |             writeln!(out, "{}", try!(line)).unwrap();
[INFO] [stdout]    |                                 ^^^
[INFO] [stdout] 
[INFO] [stdout] 
[INFO] [stdout] warning: use of deprecated macro `try`: use the `?` operator instead
[INFO] [stdout]   --> src/commands/run.rs:57:18
[INFO] [stdout]    |
[INFO] [stdout] 57 |     let status = try!(child.wait());
[INFO] [stdout]    |                  ^^^
[INFO] [stdout] 
[INFO] [stdout] 
[INFO] [stdout] warning: use of deprecated macro `try`: use the `?` operator instead
[INFO] [stdout]    --> src/resolve.rs:124:32
[INFO] [stdout]     |
[INFO] [stdout] 124 |                         v.push(try!(Package::from_file(&dir, dep_name)));
[INFO] [stdout]     |                                ^^^
[INFO] [stdout] 
[INFO] [stdout] 
[INFO] [stdout] warning: use of deprecated macro `try`: use the `?` operator instead
[INFO] [stdout]    --> src/resolve.rs:209:25
[INFO] [stdout]     |
[INFO] [stdout] 209 |                         try!(stack.outdent());
[INFO] [stdout]     |                         ^^^
[INFO] [stdout] 
[INFO] [stdout] 
[INFO] [stdout] warning: use of deprecated macro `try`: use the `?` operator instead
[INFO] [stdout]   --> src/runlist.rs:75:22
[INFO] [stdout]    |
[INFO] [stdout] 75 |         let config = try!(read_toml(&config_path));
[INFO] [stdout]    |                      ^^^
[INFO] [stdout] 
[INFO] [stdout] 
[INFO] [stdout] warning: use of deprecated macro `try`: use the `?` operator instead
[INFO] [stdout]    --> src/runlist.rs:177:22
[INFO] [stdout]     |
[INFO] [stdout] 177 |         let config = try!(read_toml(&role_path));
[INFO] [stdout]     |                      ^^^
[INFO] [stdout] 
[INFO] [stdout] 
[INFO] [stdout] warning: use of deprecated macro `try`: use the `?` operator instead
[INFO] [stdout]    --> src/runlist.rs:187:40
[INFO] [stdout]     |
[INFO] [stdout] 187 | ...                   v.push(try!(Package::from_file(basedir, val)));
[INFO] [stdout]     |                              ^^^
[INFO] [stdout] 
[INFO] [stdout] 
[INFO] [stdout] warning: use of deprecated macro `try`: use the `?` operator instead
[INFO] [stdout]    --> src/runlist.rs:239:17
[INFO] [stdout]     |
[INFO] [stdout] 239 |                 try!(e.emit_map_elt_key(i, |e| e.emit_str(&package.name)));
[INFO] [stdout]     |                 ^^^
[INFO] [stdout] 
[INFO] [stdout] 
[INFO] [stdout] warning: use of deprecated macro `try`: use the `?` operator instead
[INFO] [stdout]    --> src/runlist.rs:240:17
[INFO] [stdout]     |
[INFO] [stdout] 240 |                 try!(e.emit_map_elt_val(i, |e| e.emit_str(&package.version)));
[INFO] [stdout]     |                 ^^^
[INFO] [stdout] 
[INFO] [stdout] 
[INFO] [stdout] warning: use of deprecated macro `try`: use the `?` operator instead
[INFO] [stdout]    --> src/runlist.rs:253:20
[INFO] [stdout]     |
[INFO] [stdout] 253 |             v.push(try!(Role::from_file(basedir, role)));
[INFO] [stdout]     |                    ^^^
[INFO] [stdout] 
[INFO] [stdout] 
[INFO] [stdout] warning: use of deprecated macro `try`: use the `?` operator instead
[INFO] [stdout]    --> src/runlist.rs:256:27
[INFO] [stdout]     |
[INFO] [stdout] 256 |                     repo: try!(PackageRepository::from_basedir(basedir)),
[INFO] [stdout]     |                           ^^^
[INFO] [stdout] 
[INFO] [stdout] 
[INFO] [stdout] warning: use of deprecated macro `try`: use the `?` operator instead
[INFO] [stdout]    --> src/runlist.rs:262:23
[INFO] [stdout]     |
[INFO] [stdout] 262 |         let archive = try!(read_toml(&path));
[INFO] [stdout]     |                       ^^^
[INFO] [stdout] 
[INFO] [stdout] 
[INFO] [stdout] warning: use of deprecated macro `try`: use the `?` operator instead
[INFO] [stdout]    --> src/runlist.rs:292:9
[INFO] [stdout]     |
[INFO] [stdout] 292 |         try!(e.emit_map(1, |e| {
[INFO] [stdout]     |         ^^^
[INFO] [stdout] 
[INFO] [stdout] 
[INFO] [stdout] warning: use of deprecated macro `try`: use the `?` operator instead
[INFO] [stdout]    --> src/runlist.rs:313:9
[INFO] [stdout]     |
[INFO] [stdout] 313 |         try!(e.emit_map(1, |e| {
[INFO] [stdout]     |         ^^^
[INFO] [stdout] 
[INFO] [stdout] 
[INFO] [stdout] warning: use of deprecated macro `try`: use the `?` operator instead
[INFO] [stdout]    --> src/runlist.rs:293:13
[INFO] [stdout]     |
[INFO] [stdout] 293 |             try!(e.emit_map_elt_key(0, |e| e.emit_str("archive")));
[INFO] [stdout]     |             ^^^
[INFO] [stdout] 
[INFO] [stdout] 
[INFO] [stdout] warning: use of deprecated macro `try`: use the `?` operator instead
[INFO] [stdout]    --> src/runlist.rs:296:21
[INFO] [stdout]     |
[INFO] [stdout] 296 |                     try!(e.emit_map_elt_key(0, |e| e.emit_str("roles")));
[INFO] [stdout]     |                     ^^^
[INFO] [stdout] 
[INFO] [stdout] 
[INFO] [stdout] warning: use of deprecated macro `try`: use the `?` operator instead
[INFO] [stdout]    --> src/runlist.rs:297:21
[INFO] [stdout]     |
[INFO] [stdout] 297 |                     try!(e.emit_map_elt_val(0, |e| {
[INFO] [stdout]     |                     ^^^
[INFO] [stdout] 
[INFO] [stdout] 
[INFO] [stdout] warning: use of deprecated macro `try`: use the `?` operator instead
[INFO] [stdout]    --> src/runlist.rs:301:33
[INFO] [stdout]     |
[INFO] [stdout] 301 | ...                   try!(e.emit_seq_elt(i, |e| e.emit_str(&role.name)));
[INFO] [stdout]     |                       ^^^
[INFO] [stdout] 
[INFO] [stdout] 
[INFO] [stdout] warning: use of deprecated macro `try`: use the `?` operator instead
[INFO] [stdout]    --> src/runlist.rs:314:13
[INFO] [stdout]     |
[INFO] [stdout] 314 |             try!(e.emit_map_elt_key(0, |e| e.emit_str("role")));
[INFO] [stdout]     |             ^^^
[INFO] [stdout] 
[INFO] [stdout] 
[INFO] [stdout] warning: use of deprecated macro `try`: use the `?` operator instead
[INFO] [stdout]    --> src/runlist.rs:319:25
[INFO] [stdout]     |
[INFO] [stdout] 319 |                         try!(e.emit_map_elt_key(i, |e| e.emit_str(&role.name)));
[INFO] [stdout]     |                         ^^^
[INFO] [stdout] 
[INFO] [stdout] 
[INFO] [stdout] warning: use of deprecated macro `try`: use the `?` operator instead
[INFO] [stdout]    --> src/runlist.rs:320:25
[INFO] [stdout]     |
[INFO] [stdout] 320 |                         try!(e.emit_map_elt_val(0, |e| role.encode(e)));
[INFO] [stdout]     |                         ^^^
[INFO] [stdout] 
[INFO] [stdout] 
[INFO] [stdout] warning: use of deprecated macro `try`: use the `?` operator instead
[INFO] [stdout]    --> src/seedfile.rs:126:9
[INFO] [stdout]     |
[INFO] [stdout] 126 |         try!(v.write_u32::<BigEndian>(crc));
[INFO] [stdout]     |         ^^^
[INFO] [stdout] 
[INFO] [stdout] 
[INFO] [stdout] warning: use of deprecated macro `try`: use the `?` operator instead
[INFO] [stdout]   --> src/unpack.rs:14:5
[INFO] [stdout]    |
[INFO] [stdout] 14 |     try!(input.read_exact(&mut identifier_bytes));
[INFO] [stdout]    |     ^^^
[INFO] [stdout] 
[INFO] [stdout] 
[INFO] [stdout] warning: use of deprecated macro `try`: use the `?` operator instead
[INFO] [stdout]   --> src/unpack.rs:22:5
[INFO] [stdout]    |
[INFO] [stdout] 22 |     try!(input.read_exact(&mut signature_bytes_base64));
[INFO] [stdout]    |     ^^^
[INFO] [stdout] 
[INFO] [stdout] 
[INFO] [stdout] warning: use of deprecated macro `try`: use the `?` operator instead
[INFO] [stdout]   --> src/unpack.rs:38:5
[INFO] [stdout]    |
[INFO] [stdout] 38 |     try!(input.read_to_end(&mut tarball_bytes));
[INFO] [stdout]    |     ^^^
[INFO] [stdout] 
[INFO] [stdout] 
[INFO] [stdout] warning: trait objects without an explicit `dyn` are deprecated
[INFO] [stdout]   --> src/commands/keytool.rs:22:39
[INFO] [stdout]    |
[INFO] [stdout] 22 |         let (mut input, source): (Box<BufRead>, PathBuf) = if should_read_from_file {
[INFO] [stdout]    |                                       ^^^^^^^
[INFO] [stdout]    |
[INFO] [stdout]    = warning: this is accepted in the current edition (Rust 2015) but is a hard error in Rust 2021!
[INFO] [stdout]    = note: for more information, see <https://doc.rust-lang.org/nightly/edition-guide/rust-2021/warnings-promoted-to-error.html>
[INFO] [stdout]    = note: `#[warn(bare_trait_objects)]` on by default
[INFO] [stdout] help: use `dyn`
[INFO] [stdout]    |
[INFO] [stdout] 22 |         let (mut input, source): (Box<dyn BufRead>, PathBuf) = if should_read_from_file {
[INFO] [stdout]    |                                       +++
[INFO] [stdout] 
[INFO] [stdout] 
[INFO] [stdout] warning: trait objects without an explicit `dyn` are deprecated
[INFO] [stdout]   --> src/commands/keytool.rs:48:29
[INFO] [stdout]    |
[INFO] [stdout] 48 |         let mut output: Box<Write> = if output_string != "" {
[INFO] [stdout]    |                             ^^^^^
[INFO] [stdout]    |
[INFO] [stdout]    = warning: this is accepted in the current edition (Rust 2015) but is a hard error in Rust 2021!
[INFO] [stdout]    = note: for more information, see <https://doc.rust-lang.org/nightly/edition-guide/rust-2021/warnings-promoted-to-error.html>
[INFO] [stdout] help: use `dyn`
[INFO] [stdout]    |
[INFO] [stdout] 48 |         let mut output: Box<dyn Write> = if output_string != "" {
[INFO] [stdout]    |                             +++
[INFO] [stdout] 
[INFO] [stdout] 
[INFO] [stdout] warning: trait objects without an explicit `dyn` are deprecated
[INFO] [stdout]    --> src/commands/compile.rs:176:25
[INFO] [stdout]     |
[INFO] [stdout] 176 |     let mut output: Box<Write> = if output_string != "" {
[INFO] [stdout]     |                         ^^^^^
[INFO] [stdout]     |
[INFO] [stdout]     = warning: this is accepted in the current edition (Rust 2015) but is a hard error in Rust 2021!
[INFO] [stdout]     = note: for more information, see <https://doc.rust-lang.org/nightly/edition-guide/rust-2021/warnings-promoted-to-error.html>
[INFO] [stdout] help: use `dyn`
[INFO] [stdout]     |
[INFO] [stdout] 176 |     let mut output: Box<dyn Write> = if output_string != "" {
[INFO] [stdout]     |                         +++
[INFO] [stdout] 
[INFO] [stdout] 
[INFO] [stdout] warning: trait objects without an explicit `dyn` are deprecated
[INFO] [stdout]   --> src/commands/inspect.rs:12:24
[INFO] [stdout]    |
[INFO] [stdout] 12 |     let mut input: Box<Read> = if archive_string != "" {
[INFO] [stdout]    |                        ^^^^
[INFO] [stdout]    |
[INFO] [stdout]    = warning: this is accepted in the current edition (Rust 2015) but is a hard error in Rust 2021!
[INFO] [stdout]    = note: for more information, see <https://doc.rust-lang.org/nightly/edition-guide/rust-2021/warnings-promoted-to-error.html>
[INFO] [stdout] help: use `dyn`
[INFO] [stdout]    |
[INFO] [stdout] 12 |     let mut input: Box<dyn Read> = if archive_string != "" {
[INFO] [stdout]    |                        +++
[INFO] [stdout] 
[INFO] [stdout] 
[INFO] [stdout] warning: trait objects without an explicit `dyn` are deprecated
[INFO] [stdout]   --> src/commands/inspect.rs:44:25
[INFO] [stdout]    |
[INFO] [stdout] 44 |     let mut output: Box<Write> = if output_string != "" {
[INFO] [stdout]    |                         ^^^^^
[INFO] [stdout]    |
[INFO] [stdout]    = warning: this is accepted in the current edition (Rust 2015) but is a hard error in Rust 2021!
[INFO] [stdout]    = note: for more information, see <https://doc.rust-lang.org/nightly/edition-guide/rust-2021/warnings-promoted-to-error.html>
[INFO] [stdout] help: use `dyn`
[INFO] [stdout]    |
[INFO] [stdout] 44 |     let mut output: Box<dyn Write> = if output_string != "" {
[INFO] [stdout]    |                         +++
[INFO] [stdout] 
[INFO] [stdout] 
[INFO] [stdout] warning: trait objects without an explicit `dyn` are deprecated
[INFO] [stdout]   --> src/commands/run.rs:78:24
[INFO] [stdout]    |
[INFO] [stdout] 78 |     let mut input: Box<Read> = if archive_string != "" {
[INFO] [stdout]    |                        ^^^^
[INFO] [stdout]    |
[INFO] [stdout]    = warning: this is accepted in the current edition (Rust 2015) but is a hard error in Rust 2021!
[INFO] [stdout]    = note: for more information, see <https://doc.rust-lang.org/nightly/edition-guide/rust-2021/warnings-promoted-to-error.html>
[INFO] [stdout] help: use `dyn`
[INFO] [stdout]    |
[INFO] [stdout] 78 |     let mut input: Box<dyn Read> = if archive_string != "" {
[INFO] [stdout]    |                        +++
[INFO] [stdout] 
[INFO] [stdout] 
[INFO] [stderr]    Compiling turboshell v0.0.0-snapshot (/opt/rustwide/workdir)
[INFO] [stdout] warning: getting the inner pointer of a temporary `CString`
[INFO] [stdout]   --> src/runlist.rs:66:65
[INFO] [stdout]    |
[INFO] [stdout] 66 |     let result = unsafe { libc::access(CString::new(s).unwrap().as_ptr(), libc::F_OK | libc::X_OK) };
[INFO] [stdout]    |                                        ------------------------ ^^^^^^ this pointer will be invalid
[INFO] [stdout]    |                                        |
[INFO] [stdout]    |                                        this `CString` is deallocated at the end of the statement, bind it to a variable to extend its lifetime
[INFO] [stdout]    |
[INFO] [stdout]    = note: pointers do not have a lifetime; when calling `as_ptr` the `CString` will be deallocated at the end of the statement because nothing is referencing it as far as the type system is concerned
[INFO] [stdout]    = help: for more information, see https://doc.rust-lang.org/reference/destructors.html
[INFO] [stdout]    = note: `#[warn(temporary_cstring_as_ptr)]` on by default
[INFO] [stdout] 
[INFO] [stdout] 
[INFO] [stdout] warning: call to `.clone()` on a reference in this situation does nothing
[INFO] [stdout]   --> src/seedfile.rs:23:26
[INFO] [stdout]    |
[INFO] [stdout] 23 |         }), path.as_ref().clone())
[INFO] [stdout]    |                          ^^^^^^^^ help: remove this redundant call
[INFO] [stdout]    |
[INFO] [stdout]    = note: the type `Path` does not implement `Clone`, so calling `clone` on `&Path` copies the reference, which does not do anything and can be removed
[INFO] [stdout]    = note: `#[warn(noop_method_call)]` on by default
[INFO] [stdout] 
[INFO] [stdout] 
[INFO] [stdout] warning: 48 warnings emitted
[INFO] [stdout] 
[INFO] [stdout] 
[INFO] [stdout] warning: use of deprecated macro `RustcDecodable`: rustc-serialize is deprecated and no longer supported
[INFO] [stdout]   --> src/main.rs:29:16
[INFO] [stdout]    |
[INFO] [stdout] 29 | #[derive(Debug,RustcDecodable)]
[INFO] [stdout]    |                ^^^^^^^^^^^^^^
[INFO] [stdout]    |
[INFO] [stdout]    = note: `#[warn(deprecated)]` on by default
[INFO] [stdout] 
[INFO] [stdout] 
[INFO] [stdout] warning: 1 warning emitted
[INFO] [stdout] 
[INFO] [stdout] 
[INFO] [stdout] warning: use of deprecated macro `RustcDecodable`: rustc-serialize is deprecated and no longer supported
[INFO] [stdout]   --> src/main.rs:29:16
[INFO] [stdout]    |
[INFO] [stdout] 29 | #[derive(Debug,RustcDecodable)]
[INFO] [stdout]    |                ^^^^^^^^^^^^^^
[INFO] [stdout]    |
[INFO] [stdout]    = note: `#[warn(deprecated)]` on by default
[INFO] [stdout] 
[INFO] [stdout] 
[INFO] [stdout] warning: use of deprecated macro `try`: use the `?` operator instead
[INFO] [stdout]   --> src/commands/compile.rs:49:9
[INFO] [stdout]    |
[INFO] [stdout] 49 |         try!(header.set_path(entry_name + "/"));
[INFO] [stdout]    |         ^^^
[INFO] [stdout]    |
[INFO] [stdout]    = note: `#[warn(deprecated)]` on by default
[INFO] [stdout] 
[INFO] [stdout] 
[INFO] [stdout] warning: use of deprecated macro `try`: use the `?` operator instead
[INFO] [stdout]   --> src/commands/compile.rs:54:9
[INFO] [stdout]    |
[INFO] [stdout] 54 |         try!(builder.append(&header, io::empty()));
[INFO] [stdout]    |         ^^^
[INFO] [stdout] 
[INFO] [stdout] 
[INFO] [stdout] warning: use of deprecated macro `try`: use the `?` operator instead
[INFO] [stdout]   --> src/commands/compile.rs:51:25
[INFO] [stdout]    |
[INFO] [stdout] 51 |         header.set_mode(try!(entry_path.as_ref().metadata()).mode());
[INFO] [stdout]    |                         ^^^
[INFO] [stdout] 
[INFO] [stdout] 
[INFO] [stdout] warning: use of deprecated macro `try`: use the `?` operator instead
[INFO] [stdout]   --> src/commands/compile.rs:59:9
[INFO] [stdout]    |
[INFO] [stdout] 59 |         try!(header.set_path(entry_name));
[INFO] [stdout]    |         ^^^
[INFO] [stdout] 
[INFO] [stdout] 
[INFO] [stdout] warning: use of deprecated macro `try`: use the `?` operator instead
[INFO] [stdout]   --> src/commands/compile.rs:63:9
[INFO] [stdout]    |
[INFO] [stdout] 63 |         try!(builder.append(&header, try!(File::open(entry_path.as_ref()))));
[INFO] [stdout]    |         ^^^
[INFO] [stdout] 
[INFO] [stdout] 
[INFO] [stdout] warning: use of deprecated macro `try`: use the `?` operator instead
[INFO] [stdout]   --> src/commands/compile.rs:58:24
[INFO] [stdout]    |
[INFO] [stdout] 58 |         let metadata = try!(entry_path.as_ref().metadata());
[INFO] [stdout]    |                        ^^^
[INFO] [stdout] 
[INFO] [stdout] 
[INFO] [stdout] warning: use of deprecated macro `try`: use the `?` operator instead
[INFO] [stdout]   --> src/commands/compile.rs:63:38
[INFO] [stdout]    |
[INFO] [stdout] 63 |         try!(builder.append(&header, try!(File::open(entry_path.as_ref()))));
[INFO] [stdout]    |                                      ^^^
[INFO] [stdout] 
[INFO] [stdout] 
[INFO] [stdout] warning: use of deprecated macro `try`: use the `?` operator instead
[INFO] [stdout]   --> src/commands/compile.rs:82:9
[INFO] [stdout]    |
[INFO] [stdout] 82 |         try!(header.set_path("archive.toml"));
[INFO] [stdout]    |         ^^^
[INFO] [stdout] 
[INFO] [stdout] 
[INFO] [stdout] warning: use of deprecated macro `try`: use the `?` operator instead
[INFO] [stdout]   --> src/commands/compile.rs:86:9
[INFO] [stdout]    |
[INFO] [stdout] 86 |         try!(builder.append(&header, io::Cursor::new(archive_toml_contents.as_bytes())));
[INFO] [stdout]    |         ^^^
[INFO] [stdout] 
[INFO] [stdout] 
[INFO] [stdout] warning: use of deprecated macro `try`: use the `?` operator instead
[INFO] [stdout]   --> src/commands/compile.rs:89:9
[INFO] [stdout]    |
[INFO] [stdout] 89 |         try!(write_to_archive(&mut builder, &basedir_with_slash, PathBuf::from(&self.basedir).join("roles")));
[INFO] [stdout]    |         ^^^
[INFO] [stdout] 
[INFO] [stdout] 
[INFO] [stdout] warning: use of deprecated macro `try`: use the `?` operator instead
[INFO] [stdout]    --> src/commands/compile.rs:115:9
[INFO] [stdout]     |
[INFO] [stdout] 115 |         try!(builder.into_inner());
[INFO] [stdout]     |         ^^^
[INFO] [stdout] 
[INFO] [stdout] 
[INFO] [stdout] warning: use of deprecated macro `try`: use the `?` operator instead
[INFO] [stdout]   --> src/commands/compile.rs:94:13
[INFO] [stdout]    |
[INFO] [stdout] 94 |             try!(write_to_archive(&mut builder, &basedir_with_slash, &role.path));
[INFO] [stdout]    |             ^^^
[INFO] [stdout] 
[INFO] [stdout] 
[INFO] [stdout] warning: use of deprecated macro `try`: use the `?` operator instead
[INFO] [stdout]    --> src/commands/compile.rs:106:25
[INFO] [stdout]     |
[INFO] [stdout] 106 |                         try!(write_to_archive(&mut builder, &basedir_with_slash, entry_path));
[INFO] [stdout]     |                         ^^^
[INFO] [stdout] 
[INFO] [stdout] 
[INFO] [stdout] warning: use of deprecated macro `try`: use the `?` operator instead
[INFO] [stdout]    --> src/commands/compile.rs:103:37
[INFO] [stdout]     |
[INFO] [stdout] 103 |                         let entry = try!(entry);
[INFO] [stdout]     |                                     ^^^
[INFO] [stdout] 
[INFO] [stdout] 
[INFO] [stdout] warning: use of deprecated macro `try`: use the `?` operator instead
[INFO] [stdout]   --> src/commands/run.rs:23:21
[INFO] [stdout]    |
[INFO] [stdout] 23 |                     try!(package.run(out));
[INFO] [stdout]    |                     ^^^
[INFO] [stdout] 
[INFO] [stdout] 
[INFO] [stdout] warning: use of deprecated macro `try`: use the `?` operator instead
[INFO] [stdout]   --> src/commands/run.rs:53:33
[INFO] [stdout]    |
[INFO] [stdout] 53 |             writeln!(out, "{}", try!(line)).unwrap();
[INFO] [stdout]    |                                 ^^^
[INFO] [stdout] 
[INFO] [stdout] 
[INFO] [stdout] warning: use of deprecated macro `try`: use the `?` operator instead
[INFO] [stdout]   --> src/commands/run.rs:57:18
[INFO] [stdout]    |
[INFO] [stdout] 57 |     let status = try!(child.wait());
[INFO] [stdout]    |                  ^^^
[INFO] [stdout] 
[INFO] [stdout] 
[INFO] [stdout] warning: use of deprecated macro `try`: use the `?` operator instead
[INFO] [stdout]    --> src/resolve.rs:124:32
[INFO] [stdout]     |
[INFO] [stdout] 124 |                         v.push(try!(Package::from_file(&dir, dep_name)));
[INFO] [stdout]     |                                ^^^
[INFO] [stdout] 
[INFO] [stdout] 
[INFO] [stdout] warning: use of deprecated macro `try`: use the `?` operator instead
[INFO] [stdout]    --> src/resolve.rs:209:25
[INFO] [stdout]     |
[INFO] [stdout] 209 |                         try!(stack.outdent());
[INFO] [stdout]     |                         ^^^
[INFO] [stdout] 
[INFO] [stdout] 
[INFO] [stdout] warning: use of deprecated macro `try`: use the `?` operator instead
[INFO] [stdout]   --> src/runlist.rs:75:22
[INFO] [stdout]    |
[INFO] [stdout] 75 |         let config = try!(read_toml(&config_path));
[INFO] [stdout]    |                      ^^^
[INFO] [stdout] 
[INFO] [stdout] 
[INFO] [stdout] warning: use of deprecated macro `try`: use the `?` operator instead
[INFO] [stdout]    --> src/runlist.rs:177:22
[INFO] [stdout]     |
[INFO] [stdout] 177 |         let config = try!(read_toml(&role_path));
[INFO] [stdout]     |                      ^^^
[INFO] [stdout] 
[INFO] [stdout] 
[INFO] [stdout] warning: use of deprecated macro `try`: use the `?` operator instead
[INFO] [stdout]    --> src/runlist.rs:187:40
[INFO] [stdout]     |
[INFO] [stdout] 187 | ...                   v.push(try!(Package::from_file(basedir, val)));
[INFO] [stdout]     |                              ^^^
[INFO] [stdout] 
[INFO] [stdout] 
[INFO] [stdout] warning: use of deprecated macro `try`: use the `?` operator instead
[INFO] [stdout]    --> src/runlist.rs:239:17
[INFO] [stdout]     |
[INFO] [stdout] 239 |                 try!(e.emit_map_elt_key(i, |e| e.emit_str(&package.name)));
[INFO] [stdout]     |                 ^^^
[INFO] [stdout] 
[INFO] [stdout] 
[INFO] [stdout] warning: use of deprecated macro `try`: use the `?` operator instead
[INFO] [stdout]    --> src/runlist.rs:240:17
[INFO] [stdout]     |
[INFO] [stdout] 240 |                 try!(e.emit_map_elt_val(i, |e| e.emit_str(&package.version)));
[INFO] [stdout]     |                 ^^^
[INFO] [stdout] 
[INFO] [stdout] 
[INFO] [stdout] warning: use of deprecated macro `try`: use the `?` operator instead
[INFO] [stdout]    --> src/runlist.rs:253:20
[INFO] [stdout]     |
[INFO] [stdout] 253 |             v.push(try!(Role::from_file(basedir, role)));
[INFO] [stdout]     |                    ^^^
[INFO] [stdout] 
[INFO] [stdout] 
[INFO] [stdout] warning: use of deprecated macro `try`: use the `?` operator instead
[INFO] [stdout]    --> src/runlist.rs:256:27
[INFO] [stdout]     |
[INFO] [stdout] 256 |                     repo: try!(PackageRepository::from_basedir(basedir)),
[INFO] [stdout]     |                           ^^^
[INFO] [stdout] 
[INFO] [stdout] 
[INFO] [stdout] warning: use of deprecated macro `try`: use the `?` operator instead
[INFO] [stdout]    --> src/runlist.rs:262:23
[INFO] [stdout]     |
[INFO] [stdout] 262 |         let archive = try!(read_toml(&path));
[INFO] [stdout]     |                       ^^^
[INFO] [stdout] 
[INFO] [stdout] 
[INFO] [stdout] warning: use of deprecated macro `try`: use the `?` operator instead
[INFO] [stdout]    --> src/runlist.rs:292:9
[INFO] [stdout]     |
[INFO] [stdout] 292 |         try!(e.emit_map(1, |e| {
[INFO] [stdout]     |         ^^^
[INFO] [stdout] 
[INFO] [stdout] 
[INFO] [stdout] warning: use of deprecated macro `try`: use the `?` operator instead
[INFO] [stdout]    --> src/runlist.rs:313:9
[INFO] [stdout]     |
[INFO] [stdout] 313 |         try!(e.emit_map(1, |e| {
[INFO] [stdout]     |         ^^^
[INFO] [stdout] 
[INFO] [stdout] 
[INFO] [stdout] warning: use of deprecated macro `try`: use the `?` operator instead
[INFO] [stdout]    --> src/runlist.rs:293:13
[INFO] [stdout]     |
[INFO] [stdout] 293 |             try!(e.emit_map_elt_key(0, |e| e.emit_str("archive")));
[INFO] [stdout]     |             ^^^
[INFO] [stdout] 
[INFO] [stdout] 
[INFO] [stdout] warning: use of deprecated macro `try`: use the `?` operator instead
[INFO] [stdout]    --> src/runlist.rs:296:21
[INFO] [stdout]     |
[INFO] [stdout] 296 |                     try!(e.emit_map_elt_key(0, |e| e.emit_str("roles")));
[INFO] [stdout]     |                     ^^^
[INFO] [stdout] 
[INFO] [stdout] 
[INFO] [stdout] warning: use of deprecated macro `try`: use the `?` operator instead
[INFO] [stdout]    --> src/runlist.rs:297:21
[INFO] [stdout]     |
[INFO] [stdout] 297 |                     try!(e.emit_map_elt_val(0, |e| {
[INFO] [stdout]     |                     ^^^
[INFO] [stdout] 
[INFO] [stdout] 
[INFO] [stdout] warning: use of deprecated macro `try`: use the `?` operator instead
[INFO] [stdout]    --> src/runlist.rs:301:33
[INFO] [stdout]     |
[INFO] [stdout] 301 | ...                   try!(e.emit_seq_elt(i, |e| e.emit_str(&role.name)));
[INFO] [stdout]     |                       ^^^
[INFO] [stdout] 
[INFO] [stdout] 
[INFO] [stdout] warning: use of deprecated macro `try`: use the `?` operator instead
[INFO] [stdout]    --> src/runlist.rs:314:13
[INFO] [stdout]     |
[INFO] [stdout] 314 |             try!(e.emit_map_elt_key(0, |e| e.emit_str("role")));
[INFO] [stdout]     |             ^^^
[INFO] [stdout] 
[INFO] [stdout] 
[INFO] [stdout] warning: use of deprecated macro `try`: use the `?` operator instead
[INFO] [stdout]    --> src/runlist.rs:319:25
[INFO] [stdout]     |
[INFO] [stdout] 319 |                         try!(e.emit_map_elt_key(i, |e| e.emit_str(&role.name)));
[INFO] [stdout]     |                         ^^^
[INFO] [stdout] 
[INFO] [stdout] 
[INFO] [stdout] warning: use of deprecated macro `try`: use the `?` operator instead
[INFO] [stdout]    --> src/runlist.rs:320:25
[INFO] [stdout]     |
[INFO] [stdout] 320 |                         try!(e.emit_map_elt_val(0, |e| role.encode(e)));
[INFO] [stdout]     |                         ^^^
[INFO] [stdout] 
[INFO] [stdout] 
[INFO] [stdout] warning: use of deprecated macro `try`: use the `?` operator instead
[INFO] [stdout]    --> src/seedfile.rs:126:9
[INFO] [stdout]     |
[INFO] [stdout] 126 |         try!(v.write_u32::<BigEndian>(crc));
[INFO] [stdout]     |         ^^^
[INFO] [stdout] 
[INFO] [stdout] 
[INFO] [stdout] warning: use of deprecated macro `try`: use the `?` operator instead
[INFO] [stdout]   --> src/unpack.rs:14:5
[INFO] [stdout]    |
[INFO] [stdout] 14 |     try!(input.read_exact(&mut identifier_bytes));
[INFO] [stdout]    |     ^^^
[INFO] [stdout] 
[INFO] [stdout] 
[INFO] [stdout] warning: use of deprecated macro `try`: use the `?` operator instead
[INFO] [stdout]   --> src/unpack.rs:22:5
[INFO] [stdout]    |
[INFO] [stdout] 22 |     try!(input.read_exact(&mut signature_bytes_base64));
[INFO] [stdout]    |     ^^^
[INFO] [stdout] 
[INFO] [stdout] 
[INFO] [stdout] warning: use of deprecated macro `try`: use the `?` operator instead
[INFO] [stdout]   --> src/unpack.rs:38:5
[INFO] [stdout]    |
[INFO] [stdout] 38 |     try!(input.read_to_end(&mut tarball_bytes));
[INFO] [stdout]    |     ^^^
[INFO] [stdout] 
[INFO] [stdout] 
[INFO] [stdout] warning: trait objects without an explicit `dyn` are deprecated
[INFO] [stdout]   --> src/commands/keytool.rs:22:39
[INFO] [stdout]    |
[INFO] [stdout] 22 |         let (mut input, source): (Box<BufRead>, PathBuf) = if should_read_from_file {
[INFO] [stdout]    |                                       ^^^^^^^
[INFO] [stdout]    |
[INFO] [stdout]    = warning: this is accepted in the current edition (Rust 2015) but is a hard error in Rust 2021!
[INFO] [stdout]    = note: for more information, see <https://doc.rust-lang.org/nightly/edition-guide/rust-2021/warnings-promoted-to-error.html>
[INFO] [stdout]    = note: `#[warn(bare_trait_objects)]` on by default
[INFO] [stdout] help: use `dyn`
[INFO] [stdout]    |
[INFO] [stdout] 22 |         let (mut input, source): (Box<dyn BufRead>, PathBuf) = if should_read_from_file {
[INFO] [stdout]    |                                       +++
[INFO] [stdout] 
[INFO] [stdout] 
[INFO] [stdout] warning: trait objects without an explicit `dyn` are deprecated
[INFO] [stdout]   --> src/commands/keytool.rs:48:29
[INFO] [stdout]    |
[INFO] [stdout] 48 |         let mut output: Box<Write> = if output_string != "" {
[INFO] [stdout]    |                             ^^^^^
[INFO] [stdout]    |
[INFO] [stdout]    = warning: this is accepted in the current edition (Rust 2015) but is a hard error in Rust 2021!
[INFO] [stdout]    = note: for more information, see <https://doc.rust-lang.org/nightly/edition-guide/rust-2021/warnings-promoted-to-error.html>
[INFO] [stdout] help: use `dyn`
[INFO] [stdout]    |
[INFO] [stdout] 48 |         let mut output: Box<dyn Write> = if output_string != "" {
[INFO] [stdout]    |                             +++
[INFO] [stdout] 
[INFO] [stdout] 
[INFO] [stdout] warning: trait objects without an explicit `dyn` are deprecated
[INFO] [stdout]    --> src/commands/compile.rs:176:25
[INFO] [stdout]     |
[INFO] [stdout] 176 |     let mut output: Box<Write> = if output_string != "" {
[INFO] [stdout]     |                         ^^^^^
[INFO] [stdout]     |
[INFO] [stdout]     = warning: this is accepted in the current edition (Rust 2015) but is a hard error in Rust 2021!
[INFO] [stdout]     = note: for more information, see <https://doc.rust-lang.org/nightly/edition-guide/rust-2021/warnings-promoted-to-error.html>
[INFO] [stdout] help: use `dyn`
[INFO] [stdout]     |
[INFO] [stdout] 176 |     let mut output: Box<dyn Write> = if output_string != "" {
[INFO] [stdout]     |                         +++
[INFO] [stdout] 
[INFO] [stdout] 
[INFO] [stdout] warning: trait objects without an explicit `dyn` are deprecated
[INFO] [stdout]   --> src/commands/inspect.rs:12:24
[INFO] [stdout]    |
[INFO] [stdout] 12 |     let mut input: Box<Read> = if archive_string != "" {
[INFO] [stdout]    |                        ^^^^
[INFO] [stdout]    |
[INFO] [stdout]    = warning: this is accepted in the current edition (Rust 2015) but is a hard error in Rust 2021!
[INFO] [stdout]    = note: for more information, see <https://doc.rust-lang.org/nightly/edition-guide/rust-2021/warnings-promoted-to-error.html>
[INFO] [stdout] help: use `dyn`
[INFO] [stdout]    |
[INFO] [stdout] 12 |     let mut input: Box<dyn Read> = if archive_string != "" {
[INFO] [stdout]    |                        +++
[INFO] [stdout] 
[INFO] [stdout] 
[INFO] [stdout] warning: trait objects without an explicit `dyn` are deprecated
[INFO] [stdout]   --> src/commands/inspect.rs:44:25
[INFO] [stdout]    |
[INFO] [stdout] 44 |     let mut output: Box<Write> = if output_string != "" {
[INFO] [stdout]    |                         ^^^^^
[INFO] [stdout]    |
[INFO] [stdout]    = warning: this is accepted in the current edition (Rust 2015) but is a hard error in Rust 2021!
[INFO] [stdout]    = note: for more information, see <https://doc.rust-lang.org/nightly/edition-guide/rust-2021/warnings-promoted-to-error.html>
[INFO] [stdout] help: use `dyn`
[INFO] [stdout]    |
[INFO] [stdout] 44 |     let mut output: Box<dyn Write> = if output_string != "" {
[INFO] [stdout]    |                         +++
[INFO] [stdout] 
[INFO] [stdout] 
[INFO] [stdout] warning: trait objects without an explicit `dyn` are deprecated
[INFO] [stdout]   --> src/commands/run.rs:78:24
[INFO] [stdout]    |
[INFO] [stdout] 78 |     let mut input: Box<Read> = if archive_string != "" {
[INFO] [stdout]    |                        ^^^^
[INFO] [stdout]    |
[INFO] [stdout]    = warning: this is accepted in the current edition (Rust 2015) but is a hard error in Rust 2021!
[INFO] [stdout]    = note: for more information, see <https://doc.rust-lang.org/nightly/edition-guide/rust-2021/warnings-promoted-to-error.html>
[INFO] [stdout] help: use `dyn`
[INFO] [stdout]    |
[INFO] [stdout] 78 |     let mut input: Box<dyn Read> = if archive_string != "" {
[INFO] [stdout]    |                        +++
[INFO] [stdout] 
[INFO] [stdout] 
[INFO] [stdout] warning: 1 warning emitted
[INFO] [stdout] 
[INFO] [stdout] 
[INFO] [stdout] warning: getting the inner pointer of a temporary `CString`
[INFO] [stdout]   --> src/runlist.rs:66:65
[INFO] [stdout]    |
[INFO] [stdout] 66 |     let result = unsafe { libc::access(CString::new(s).unwrap().as_ptr(), libc::F_OK | libc::X_OK) };
[INFO] [stdout]    |                                        ------------------------ ^^^^^^ this pointer will be invalid
[INFO] [stdout]    |                                        |
[INFO] [stdout]    |                                        this `CString` is deallocated at the end of the statement, bind it to a variable to extend its lifetime
[INFO] [stdout]    |
[INFO] [stdout]    = note: pointers do not have a lifetime; when calling `as_ptr` the `CString` will be deallocated at the end of the statement because nothing is referencing it as far as the type system is concerned
[INFO] [stdout]    = help: for more information, see https://doc.rust-lang.org/reference/destructors.html
[INFO] [stdout]    = note: `#[warn(temporary_cstring_as_ptr)]` on by default
[INFO] [stdout] 
[INFO] [stdout] 
[INFO] [stdout] warning: call to `.clone()` on a reference in this situation does nothing
[INFO] [stdout]   --> src/seedfile.rs:23:26
[INFO] [stdout]    |
[INFO] [stdout] 23 |         }), path.as_ref().clone())
[INFO] [stdout]    |                          ^^^^^^^^ help: remove this redundant call
[INFO] [stdout]    |
[INFO] [stdout]    = note: the type `Path` does not implement `Clone`, so calling `clone` on `&Path` copies the reference, which does not do anything and can be removed
[INFO] [stdout]    = note: `#[warn(noop_method_call)]` on by default
[INFO] [stdout] 
[INFO] [stdout] 
[INFO] [stdout] warning: 48 warnings emitted
[INFO] [stdout] 
[INFO] [stdout] 
[INFO] [stderr]     Finished test [unoptimized + debuginfo] target(s) in 0.99s
[INFO] [stderr] warning: the following packages contain code that will be rejected by a future version of Rust: rustc-serialize v0.3.22
[INFO] [stderr] note: to see what the problems were, use the option `--future-incompat-report`, or run `cargo report future-incompatibilities --id 1`
[INFO] running `Command { std: "docker" "inspect" "10c4b9b1cddc70ace3ab8ea8eed0d01970e3b5a790221e89914a72a26d2354b0", kill_on_drop: false }`
[INFO] running `Command { std: "docker" "rm" "-f" "10c4b9b1cddc70ace3ab8ea8eed0d01970e3b5a790221e89914a72a26d2354b0", kill_on_drop: false }`
[INFO] [stdout] 10c4b9b1cddc70ace3ab8ea8eed0d01970e3b5a790221e89914a72a26d2354b0
[INFO] running `Command { std: "docker" "create" "-v" "/var/lib/crater-agent-workspace/builds/worker-4-tc1/target:/opt/rustwide/target:rw,Z" "-v" "/var/lib/crater-agent-workspace/builds/worker-4-tc1/source:/opt/rustwide/workdir:ro,Z" "-v" "/var/lib/crater-agent-workspace/cargo-home:/opt/rustwide/cargo-home:ro,Z" "-v" "/var/lib/crater-agent-workspace/rustup-home:/opt/rustwide/rustup-home:ro,Z" "-e" "SOURCE_DIR=/opt/rustwide/workdir" "-e" "CARGO_TARGET_DIR=/opt/rustwide/target" "-e" "CARGO_INCREMENTAL=0" "-e" "RUST_BACKTRACE=full" "-e" "RUSTFLAGS=--cap-lints=warn" "-e" "RUSTDOCFLAGS=--cap-lints=warn" "-e" "CARGO_HOME=/opt/rustwide/cargo-home" "-e" "RUSTUP_HOME=/opt/rustwide/rustup-home" "-w" "/opt/rustwide/workdir" "-m" "1610612736" "--user" "0:0" "--network" "none" "ghcr.io/rust-lang/crates-build-env/linux@sha256:2788e3201cd34a07e3172128adcd8b3090168a8e3bcc40d7c032b9dda1df7d1c" "/opt/rustwide/cargo-home/bin/cargo" "+1.75.0" "test" "--frozen", kill_on_drop: false }`
[INFO] [stdout] 82043f979d8c9afdc64f6895d93fbe1a1959db6a2cbb375b253dcd85bc044a5e
[INFO] running `Command { std: "docker" "start" "-a" "82043f979d8c9afdc64f6895d93fbe1a1959db6a2cbb375b253dcd85bc044a5e", kill_on_drop: false }`
[INFO] [stderr] warning: use of deprecated macro `try`: use the `?` operator instead
[INFO] [stderr]   --> src/commands/compile.rs:49:9
[INFO] [stderr]    |
[INFO] [stderr] 49 |         try!(header.set_path(entry_name + "/"));
[INFO] [stderr]    |         ^^^
[INFO] [stderr]    |
[INFO] [stderr]    = note: `#[warn(deprecated)]` on by default
[INFO] [stderr] 
[INFO] [stderr] warning: use of deprecated macro `try`: use the `?` operator instead
[INFO] [stderr]   --> src/commands/compile.rs:54:9
[INFO] [stderr]    |
[INFO] [stderr] 54 |         try!(builder.append(&header, io::empty()));
[INFO] [stderr]    |         ^^^
[INFO] [stderr] 
[INFO] [stderr] warning: use of deprecated macro `try`: use the `?` operator instead
[INFO] [stderr]   --> src/commands/compile.rs:51:25
[INFO] [stderr]    |
[INFO] [stderr] 51 |         header.set_mode(try!(entry_path.as_ref().metadata()).mode());
[INFO] [stderr]    |                         ^^^
[INFO] [stderr] 
[INFO] [stderr] warning: use of deprecated macro `try`: use the `?` operator instead
[INFO] [stderr]   --> src/commands/compile.rs:59:9
[INFO] [stderr]    |
[INFO] [stderr] 59 |         try!(header.set_path(entry_name));
[INFO] [stderr]    |         ^^^
[INFO] [stderr] 
[INFO] [stderr] warning: use of deprecated macro `try`: use the `?` operator instead
[INFO] [stderr]   --> src/commands/compile.rs:63:9
[INFO] [stderr]    |
[INFO] [stderr] 63 |         try!(builder.append(&header, try!(File::open(entry_path.as_ref()))));
[INFO] [stderr]    |         ^^^
[INFO] [stderr] 
[INFO] [stderr] warning: use of deprecated macro `try`: use the `?` operator instead
[INFO] [stderr]   --> src/commands/compile.rs:58:24
[INFO] [stderr]    |
[INFO] [stderr] 58 |         let metadata = try!(entry_path.as_ref().metadata());
[INFO] [stderr]    |                        ^^^
[INFO] [stderr] 
[INFO] [stderr] warning: use of deprecated macro `try`: use the `?` operator instead
[INFO] [stderr]   --> src/commands/compile.rs:63:38
[INFO] [stderr]    |
[INFO] [stderr] 63 |         try!(builder.append(&header, try!(File::open(entry_path.as_ref()))));
[INFO] [stderr]    |                                      ^^^
[INFO] [stderr] 
[INFO] [stderr] warning: use of deprecated macro `try`: use the `?` operator instead
[INFO] [stderr]   --> src/commands/compile.rs:82:9
[INFO] [stderr]    |
[INFO] [stderr] 82 |         try!(header.set_path("archive.toml"));
[INFO] [stderr]    |         ^^^
[INFO] [stderr] 
[INFO] [stderr] warning: use of deprecated macro `try`: use the `?` operator instead
[INFO] [stderr]   --> src/commands/compile.rs:86:9
[INFO] [stderr]    |
[INFO] [stderr] 86 |         try!(builder.append(&header, io::Cursor::new(archive_toml_contents.as_bytes())));
[INFO] [stderr]    |         ^^^
[INFO] [stderr] 
[INFO] [stderr] warning: use of deprecated macro `try`: use the `?` operator instead
[INFO] [stderr]   --> src/commands/compile.rs:89:9
[INFO] [stderr]    |
[INFO] [stderr] 89 |         try!(write_to_archive(&mut builder, &basedir_with_slash, PathBuf::from(&self.basedir).join("roles")));
[INFO] [stderr]    |         ^^^
[INFO] [stderr] 
[INFO] [stderr] warning: use of deprecated macro `try`: use the `?` operator instead
[INFO] [stderr]    --> src/commands/compile.rs:115:9
[INFO] [stderr]     |
[INFO] [stderr] 115 |         try!(builder.into_inner());
[INFO] [stderr]     |         ^^^
[INFO] [stderr] 
[INFO] [stderr] warning: use of deprecated macro `try`: use the `?` operator instead
[INFO] [stderr]   --> src/commands/compile.rs:94:13
[INFO] [stderr]    |
[INFO] [stderr] 94 |             try!(write_to_archive(&mut builder, &basedir_with_slash, &role.path));
[INFO] [stderr]    |             ^^^
[INFO] [stderr] 
[INFO] [stderr] warning: use of deprecated macro `try`: use the `?` operator instead
[INFO] [stderr]    --> src/commands/compile.rs:106:25
[INFO] [stderr]     |
[INFO] [stderr] 106 |                         try!(write_to_archive(&mut builder, &basedir_with_slash, entry_path));
[INFO] [stderr]     |                         ^^^
[INFO] [stderr] 
[INFO] [stderr] warning: use of deprecated macro `try`: use the `?` operator instead
[INFO] [stderr]    --> src/commands/compile.rs:103:37
[INFO] [stderr]     |
[INFO] [stderr] 103 |                         let entry = try!(entry);
[INFO] [stderr]     |                                     ^^^
[INFO] [stderr] 
[INFO] [stderr] warning: use of deprecated macro `try`: use the `?` operator instead
[INFO] [stderr]   --> src/commands/run.rs:23:21
[INFO] [stderr]    |
[INFO] [stderr] 23 |                     try!(package.run(out));
[INFO] [stderr]    |                     ^^^
[INFO] [stderr] 
[INFO] [stderr] warning: use of deprecated macro `try`: use the `?` operator instead
[INFO] [stderr]   --> src/commands/run.rs:53:33
[INFO] [stderr]    |
[INFO] [stderr] 53 |             writeln!(out, "{}", try!(line)).unwrap();
[INFO] [stderr]    |                                 ^^^
[INFO] [stderr] 
[INFO] [stderr] warning: use of deprecated macro `try`: use the `?` operator instead
[INFO] [stderr]   --> src/commands/run.rs:57:18
[INFO] [stderr]    |
[INFO] [stderr] 57 |     let status = try!(child.wait());
[INFO] [stderr]    |                  ^^^
[INFO] [stderr] 
[INFO] [stderr] warning: use of deprecated macro `try`: use the `?` operator instead
[INFO] [stderr]    --> src/resolve.rs:124:32
[INFO] [stderr]     |
[INFO] [stderr] 124 |                         v.push(try!(Package::from_file(&dir, dep_name)));
[INFO] [stderr]     |                                ^^^
[INFO] [stderr] 
[INFO] [stderr] warning: use of deprecated macro `try`: use the `?` operator instead
[INFO] [stderr]    --> src/resolve.rs:209:25
[INFO] [stderr]     |
[INFO] [stderr] 209 |                         try!(stack.outdent());
[INFO] [stderr]     |                         ^^^
[INFO] [stderr] 
[INFO] [stderr] warning: use of deprecated macro `try`: use the `?` operator instead
[INFO] [stderr]   --> src/runlist.rs:75:22
[INFO] [stderr]    |
[INFO] [stderr] 75 |         let config = try!(read_toml(&config_path));
[INFO] [stderr]    |                      ^^^
[INFO] [stderr] 
[INFO] [stderr] warning: use of deprecated macro `try`: use the `?` operator instead
[INFO] [stderr]    --> src/runlist.rs:177:22
[INFO] [stderr]     |
[INFO] [stderr] 177 |         let config = try!(read_toml(&role_path));
[INFO] [stderr]     |                      ^^^
[INFO] [stderr] 
[INFO] [stderr] warning: use of deprecated macro `try`: use the `?` operator instead
[INFO] [stderr]    --> src/runlist.rs:187:40
[INFO] [stderr]     |
[INFO] [stderr] 187 | ...                   v.push(try!(Package::from_file(basedir, val)));
[INFO] [stderr]     |                              ^^^
[INFO] [stderr] 
[INFO] [stderr] warning: use of deprecated macro `try`: use the `?` operator instead
[INFO] [stderr]    --> src/runlist.rs:239:17
[INFO] [stderr]     |
[INFO] [stderr] 239 |                 try!(e.emit_map_elt_key(i, |e| e.emit_str(&package.name)));
[INFO] [stderr]     |                 ^^^
[INFO] [stderr] 
[INFO] [stderr] warning: use of deprecated macro `try`: use the `?` operator instead
[INFO] [stderr]    --> src/runlist.rs:240:17
[INFO] [stderr]     |
[INFO] [stderr] 240 |                 try!(e.emit_map_elt_val(i, |e| e.emit_str(&package.version)));
[INFO] [stderr]     |                 ^^^
[INFO] [stderr] 
[INFO] [stderr] warning: use of deprecated macro `try`: use the `?` operator instead
[INFO] [stderr]    --> src/runlist.rs:253:20
[INFO] [stderr]     |
[INFO] [stderr] 253 |             v.push(try!(Role::from_file(basedir, role)));
[INFO] [stderr]     |                    ^^^
[INFO] [stderr] 
[INFO] [stderr] warning: use of deprecated macro `try`: use the `?` operator instead
[INFO] [stderr]    --> src/runlist.rs:256:27
[INFO] [stderr]     |
[INFO] [stderr] 256 |                     repo: try!(PackageRepository::from_basedir(basedir)),
[INFO] [stderr]     |                           ^^^
[INFO] [stderr] 
[INFO] [stderr] warning: use of deprecated macro `try`: use the `?` operator instead
[INFO] [stderr]    --> src/runlist.rs:262:23
[INFO] [stderr]     |
[INFO] [stderr] 262 |         let archive = try!(read_toml(&path));
[INFO] [stderr]     |                       ^^^
[INFO] [stderr] 
[INFO] [stderr] warning: use of deprecated macro `try`: use the `?` operator instead
[INFO] [stderr]    --> src/runlist.rs:292:9
[INFO] [stderr]     |
[INFO] [stderr] 292 |         try!(e.emit_map(1, |e| {
[INFO] [stderr]     |         ^^^
[INFO] [stderr] 
[INFO] [stderr] warning: use of deprecated macro `try`: use the `?` operator instead
[INFO] [stderr]    --> src/runlist.rs:313:9
[INFO] [stderr]     |
[INFO] [stderr] 313 |         try!(e.emit_map(1, |e| {
[INFO] [stderr]     |         ^^^
[INFO] [stderr] 
[INFO] [stderr] warning: use of deprecated macro `try`: use the `?` operator instead
[INFO] [stderr]    --> src/runlist.rs:293:13
[INFO] [stderr]     |
[INFO] [stderr] 293 |             try!(e.emit_map_elt_key(0, |e| e.emit_str("archive")));
[INFO] [stderr]     |             ^^^
[INFO] [stderr] 
[INFO] [stderr] warning: use of deprecated macro `try`: use the `?` operator instead
[INFO] [stderr]    --> src/runlist.rs:296:21
[INFO] [stderr]     |
[INFO] [stderr] 296 |                     try!(e.emit_map_elt_key(0, |e| e.emit_str("roles")));
[INFO] [stderr]     |                     ^^^
[INFO] [stderr] 
[INFO] [stderr] warning: use of deprecated macro `try`: use the `?` operator instead
[INFO] [stderr]    --> src/runlist.rs:297:21
[INFO] [stderr]     |
[INFO] [stderr] 297 |                     try!(e.emit_map_elt_val(0, |e| {
[INFO] [stderr]     |                     ^^^
[INFO] [stderr] 
[INFO] [stderr] warning: use of deprecated macro `try`: use the `?` operator instead
[INFO] [stderr]    --> src/runlist.rs:301:33
[INFO] [stderr]     |
[INFO] [stderr] 301 | ...                   try!(e.emit_seq_elt(i, |e| e.emit_str(&role.name)));
[INFO] [stderr]     |                       ^^^
[INFO] [stderr] 
[INFO] [stderr] warning: use of deprecated macro `try`: use the `?` operator instead
[INFO] [stderr]    --> src/runlist.rs:314:13
[INFO] [stderr]     |
[INFO] [stderr] 314 |             try!(e.emit_map_elt_key(0, |e| e.emit_str("role")));
[INFO] [stderr]     |             ^^^
[INFO] [stderr] 
[INFO] [stderr] warning: use of deprecated macro `try`: use the `?` operator instead
[INFO] [stderr]    --> src/runlist.rs:319:25
[INFO] [stderr]     |
[INFO] [stderr] 319 |                         try!(e.emit_map_elt_key(i, |e| e.emit_str(&role.name)));
[INFO] [stderr]     |                         ^^^
[INFO] [stderr] 
[INFO] [stderr] warning: use of deprecated macro `try`: use the `?` operator instead
[INFO] [stderr]    --> src/runlist.rs:320:25
[INFO] [stderr]     |
[INFO] [stderr] 320 |                         try!(e.emit_map_elt_val(0, |e| role.encode(e)));
[INFO] [stderr]     |                         ^^^
[INFO] [stderr] 
[INFO] [stderr] warning: use of deprecated macro `try`: use the `?` operator instead
[INFO] [stderr]    --> src/seedfile.rs:126:9
[INFO] [stderr]     |
[INFO] [stderr] 126 |         try!(v.write_u32::<BigEndian>(crc));
[INFO] [stderr]     |         ^^^
[INFO] [stderr] 
[INFO] [stderr] warning: use of deprecated macro `try`: use the `?` operator instead
[INFO] [stderr]   --> src/unpack.rs:14:5
[INFO] [stderr]    |
[INFO] [stderr] 14 |     try!(input.read_exact(&mut identifier_bytes));
[INFO] [stderr]    |     ^^^
[INFO] [stderr] 
[INFO] [stderr] warning: use of deprecated macro `try`: use the `?` operator instead
[INFO] [stderr]   --> src/unpack.rs:22:5
[INFO] [stderr]    |
[INFO] [stderr] 22 |     try!(input.read_exact(&mut signature_bytes_base64));
[INFO] [stderr]    |     ^^^
[INFO] [stderr] 
[INFO] [stderr] warning: use of deprecated macro `try`: use the `?` operator instead
[INFO] [stderr]   --> src/unpack.rs:38:5
[INFO] [stderr]    |
[INFO] [stderr] 38 |     try!(input.read_to_end(&mut tarball_bytes));
[INFO] [stderr]    |     ^^^
[INFO] [stderr] 
[INFO] [stderr] warning: trait objects without an explicit `dyn` are deprecated
[INFO] [stderr]   --> src/commands/keytool.rs:22:39
[INFO] [stderr]    |
[INFO] [stderr] 22 |         let (mut input, source): (Box<BufRead>, PathBuf) = if should_read_from_file {
[INFO] [stderr]    |                                       ^^^^^^^
[INFO] [stderr]    |
[INFO] [stderr]    = warning: this is accepted in the current edition (Rust 2015) but is a hard error in Rust 2021!
[INFO] [stderr]    = note: for more information, see <https://doc.rust-lang.org/nightly/edition-guide/rust-2021/warnings-promoted-to-error.html>
[INFO] [stderr]    = note: `#[warn(bare_trait_objects)]` on by default
[INFO] [stderr] help: use `dyn`
[INFO] [stderr]    |
[INFO] [stderr] 22 |         let (mut input, source): (Box<dyn BufRead>, PathBuf) = if should_read_from_file {
[INFO] [stderr]    |                                       +++
[INFO] [stderr] 
[INFO] [stderr] warning: trait objects without an explicit `dyn` are deprecated
[INFO] [stderr]   --> src/commands/keytool.rs:48:29
[INFO] [stderr]    |
[INFO] [stderr] 48 |         let mut output: Box<Write> = if output_string != "" {
[INFO] [stderr]    |                             ^^^^^
[INFO] [stderr]    |
[INFO] [stderr]    = warning: this is accepted in the current edition (Rust 2015) but is a hard error in Rust 2021!
[INFO] [stderr]    = note: for more information, see <https://doc.rust-lang.org/nightly/edition-guide/rust-2021/warnings-promoted-to-error.html>
[INFO] [stderr] help: use `dyn`
[INFO] [stderr]    |
[INFO] [stderr] 48 |         let mut output: Box<dyn Write> = if output_string != "" {
[INFO] [stderr]    |                             +++
[INFO] [stderr] 
[INFO] [stderr] warning: trait objects without an explicit `dyn` are deprecated
[INFO] [stderr]    --> src/commands/compile.rs:176:25
[INFO] [stderr]     |
[INFO] [stderr] 176 |     let mut output: Box<Write> = if output_string != "" {
[INFO] [stderr]     |                         ^^^^^
[INFO] [stderr]     |
[INFO] [stderr]     = warning: this is accepted in the current edition (Rust 2015) but is a hard error in Rust 2021!
[INFO] [stderr]     = note: for more information, see <https://doc.rust-lang.org/nightly/edition-guide/rust-2021/warnings-promoted-to-error.html>
[INFO] [stderr] help: use `dyn`
[INFO] [stderr]     |
[INFO] [stderr] 176 |     let mut output: Box<dyn Write> = if output_string != "" {
[INFO] [stderr]     |                         +++
[INFO] [stderr] 
[INFO] [stderr] warning: trait objects without an explicit `dyn` are deprecated
[INFO] [stderr]   --> src/commands/inspect.rs:12:24
[INFO] [stderr]    |
[INFO] [stderr] 12 |     let mut input: Box<Read> = if archive_string != "" {
[INFO] [stderr]    |                        ^^^^
[INFO] [stderr]    |
[INFO] [stderr]    = warning: this is accepted in the current edition (Rust 2015) but is a hard error in Rust 2021!
[INFO] [stderr]    = note: for more information, see <https://doc.rust-lang.org/nightly/edition-guide/rust-2021/warnings-promoted-to-error.html>
[INFO] [stderr] help: use `dyn`
[INFO] [stderr]    |
[INFO] [stderr] 12 |     let mut input: Box<dyn Read> = if archive_string != "" {
[INFO] [stderr]    |                        +++
[INFO] [stderr] 
[INFO] [stderr] warning: trait objects without an explicit `dyn` are deprecated
[INFO] [stderr]   --> src/commands/inspect.rs:44:25
[INFO] [stderr]    |
[INFO] [stderr] 44 |     let mut output: Box<Write> = if output_string != "" {
[INFO] [stderr]    |                         ^^^^^
[INFO] [stderr]    |
[INFO] [stderr]    = warning: this is accepted in the current edition (Rust 2015) but is a hard error in Rust 2021!
[INFO] [stderr]    = note: for more information, see <https://doc.rust-lang.org/nightly/edition-guide/rust-2021/warnings-promoted-to-error.html>
[INFO] [stderr] help: use `dyn`
[INFO] [stderr]    |
[INFO] [stderr] 44 |     let mut output: Box<dyn Write> = if output_string != "" {
[INFO] [stderr]    |                         +++
[INFO] [stderr] 
[INFO] [stderr] warning: trait objects without an explicit `dyn` are deprecated
[INFO] [stderr]   --> src/commands/run.rs:78:24
[INFO] [stderr]    |
[INFO] [stderr] 78 |     let mut input: Box<Read> = if archive_string != "" {
[INFO] [stderr]    |                        ^^^^
[INFO] [stderr]    |
[INFO] [stderr]    = warning: this is accepted in the current edition (Rust 2015) but is a hard error in Rust 2021!
[INFO] [stderr]    = note: for more information, see <https://doc.rust-lang.org/nightly/edition-guide/rust-2021/warnings-promoted-to-error.html>
[INFO] [stderr] help: use `dyn`
[INFO] [stderr]    |
[INFO] [stderr] 78 |     let mut input: Box<dyn Read> = if archive_string != "" {
[INFO] [stderr]    |                        +++
[INFO] [stderr] 
[INFO] [stderr] warning: getting the inner pointer of a temporary `CString`
[INFO] [stderr]   --> src/runlist.rs:66:65
[INFO] [stderr]    |
[INFO] [stderr] 66 |     let result = unsafe { libc::access(CString::new(s).unwrap().as_ptr(), libc::F_OK | libc::X_OK) };
[INFO] [stderr]    |                                        ------------------------ ^^^^^^ this pointer will be invalid
[INFO] [stderr]    |                                        |
[INFO] [stderr]    |                                        this `CString` is deallocated at the end of the statement, bind it to a variable to extend its lifetime
[INFO] [stderr]    |
[INFO] [stderr]    = note: pointers do not have a lifetime; when calling `as_ptr` the `CString` will be deallocated at the end of the statement because nothing is referencing it as far as the type system is concerned
[INFO] [stderr]    = help: for more information, see https://doc.rust-lang.org/reference/destructors.html
[INFO] [stderr]    = note: `#[warn(temporary_cstring_as_ptr)]` on by default
[INFO] [stderr] 
[INFO] [stderr] warning: call to `.clone()` on a reference in this situation does nothing
[INFO] [stderr]   --> src/seedfile.rs:23:26
[INFO] [stderr]    |
[INFO] [stderr] 23 |         }), path.as_ref().clone())
[INFO] [stderr]    |                          ^^^^^^^^ help: remove this redundant call
[INFO] [stderr]    |
[INFO] [stderr]    = note: the type `Path` does not implement `Clone`, so calling `clone` on `&Path` copies the reference, which does not do anything and can be removed
[INFO] [stderr]    = note: `#[warn(noop_method_call)]` on by default
[INFO] [stderr] 
[INFO] [stderr] warning: `turboshell` (lib) generated 48 warnings (run `cargo fix --lib -p turboshell` to apply 7 suggestions)
[INFO] [stderr] warning: `turboshell` (lib test) generated 48 warnings (48 duplicates)
[INFO] [stderr] warning: use of deprecated macro `RustcDecodable`: rustc-serialize is deprecated and no longer supported
[INFO] [stderr]   --> src/main.rs:29:16
[INFO] [stderr]    |
[INFO] [stderr] 29 | #[derive(Debug,RustcDecodable)]
[INFO] [stderr]    |                ^^^^^^^^^^^^^^
[INFO] [stderr]    |
[INFO] [stderr]    = note: `#[warn(deprecated)]` on by default
[INFO] [stderr] 
[INFO] [stderr] warning: `turboshell` (bin "turboshell") generated 1 warning
[INFO] [stderr] warning: `turboshell` (bin "turboshell" test) generated 1 warning (1 duplicate)
[INFO] [stderr]     Finished test [unoptimized + debuginfo] target(s) in 0.03s
[INFO] [stderr] warning: the following packages contain code that will be rejected by a future version of Rust: rustc-serialize v0.3.22
[INFO] [stderr] note: to see what the problems were, use the option `--future-incompat-report`, or run `cargo report future-incompatibilities --id 1`
[INFO] [stderr]      Running unittests src/lib.rs (/opt/rustwide/target/debug/deps/turboshell-36cd43de74dc438d)
[INFO] [stdout] 
[INFO] [stdout] running 28 tests
[INFO] [stdout] test resolve::tests::stack_tests ... ok
[INFO] [stdout] test runlist::tests::package_dependencies_isnt_an_array_of_strings ... ok
[INFO] [stdout] test runlist::tests::package_dependencies ... ok
[INFO] [stdout] test runlist::tests::package_directory_is_missing ... ok
[INFO] [stdout] test resolve::tests::env_test ... ok
[INFO] [stdout] test resolve::tests::cyclical_resolver_test ... ok
[INFO] [stdout] test runlist::tests::package_env_isnt_a_table ... ok
[INFO] [stdout] test runlist::tests::package_dependencies_isnt_an_array ... ok
[INFO] [stdout] test runlist::tests::package_env_values_arent_strings ... ok
[INFO] [stdout] test runlist::tests::package_has_broken_toml ... ok
[INFO] [stdout] test runlist::tests::package_env_vars ... ok
[INFO] [stdout] test resolve::tests::simple_resolver_test ... ok
[INFO] [stdout] test resolve::tests::more_complicated_resolver_test ... ok
[INFO] [stdout] test runlist::tests::package_main_doesnt_exist ... ok
[INFO] [stdout] test runlist::tests::package_main_isnt_a_string ... ok
[INFO] [stdout] test runlist::tests::package_main_isnt_executable ... ok
[INFO] [stdout] test runlist::tests::package_name_doesnt_match_directory ... ok
[INFO] [stdout] test runlist::tests::package_name_is_missing ... ok
[INFO] [stdout] test runlist::tests::package_name_isnt_a_string ... ok
[INFO] [stdout] test runlist::tests::package_version_is_missing ... ok
[INFO] [stdout] test runlist::tests::package_version_isnt_a_string ... ok
[INFO] [stdout] test runlist::tests::package_with_invalid_utf8 ... ok
[INFO] [stdout] test runlist::tests::package_with_main_specified ... ok
[INFO] [stdout] test runlist::tests::package_with_no_problems ... ok
[INFO] [stdout] test seedfile::tests::new_seedfile_each_time ... ok
[INFO] [stdout] test seedfile::tests::test_parsing ... ok
[INFO] [stdout] test seedfile::tests::roundtrip_seedfile ... ok
[INFO] [stdout] test runlist::tests::package_with_unreadable_package_toml ... FAILED
[INFO] [stdout] 
[INFO] [stdout] failures:
[INFO] [stdout] 
[INFO] [stdout] ---- runlist::tests::package_with_unreadable_package_toml stdout ----
[INFO] [stdout] thread 'runlist::tests::package_with_unreadable_package_toml' panicked at src/runlist.rs:440:84:
[INFO] [stdout] called `Result::unwrap()` on an `Err` value: Os { code: 30, kind: ReadOnlyFilesystem, message: "Read-only file system" }
[INFO] [stdout] stack backtrace:
[INFO] [stdout]    0:     0x55cd4d830e0c - std::backtrace_rs::backtrace::libunwind::trace::ha637c64ce894333a
[INFO] [stdout]                                at /rustc/82e1608dfa6e0b5569232559e3d385fea5a93112/library/std/src/../../backtrace/src/backtrace/libunwind.rs:104:5
[INFO] [stdout]    1:     0x55cd4d830e0c - std::backtrace_rs::backtrace::trace_unsynchronized::h47f62dea28e0c88d
[INFO] [stdout]                                at /rustc/82e1608dfa6e0b5569232559e3d385fea5a93112/library/std/src/../../backtrace/src/backtrace/mod.rs:66:5
[INFO] [stdout]    2:     0x55cd4d830e0c - std::sys_common::backtrace::_print_fmt::h9eef0abe20ede486
[INFO] [stdout]                                at /rustc/82e1608dfa6e0b5569232559e3d385fea5a93112/library/std/src/sys_common/backtrace.rs:67:5
[INFO] [stdout]    3:     0x55cd4d830e0c - <std::sys_common::backtrace::_print::DisplayBacktrace as core::fmt::Display>::fmt::hed7f999df88cc644
[INFO] [stdout]                                at /rustc/82e1608dfa6e0b5569232559e3d385fea5a93112/library/std/src/sys_common/backtrace.rs:44:22
[INFO] [stdout]    4:     0x55cd4d85c720 - core::fmt::rt::Argument::fmt::h1539a9308b8d058d
[INFO] [stdout]                                at /rustc/82e1608dfa6e0b5569232559e3d385fea5a93112/library/core/src/fmt/rt.rs:142:9
[INFO] [stdout]    5:     0x55cd4d85c720 - core::fmt::write::h3a39390d8560d9c9
[INFO] [stdout]                                at /rustc/82e1608dfa6e0b5569232559e3d385fea5a93112/library/core/src/fmt/mod.rs:1120:17
[INFO] [stdout]    6:     0x55cd4d82e5af - std::io::Write::write_fmt::h040b369f3a0f9cbc
[INFO] [stdout]                                at /rustc/82e1608dfa6e0b5569232559e3d385fea5a93112/library/std/src/io/mod.rs:1762:15
[INFO] [stdout]    7:     0x55cd4d830bf4 - std::sys_common::backtrace::_print::h894006fb5c6f3d45
[INFO] [stdout]                                at /rustc/82e1608dfa6e0b5569232559e3d385fea5a93112/library/std/src/sys_common/backtrace.rs:47:5
[INFO] [stdout]    8:     0x55cd4d830bf4 - std::sys_common::backtrace::print::h23a2d212c6fff936
[INFO] [stdout]                                at /rustc/82e1608dfa6e0b5569232559e3d385fea5a93112/library/std/src/sys_common/backtrace.rs:34:9
[INFO] [stdout]    9:     0x55cd4d8328b7 - std::panicking::default_hook::{{closure}}::h8a1d2ee00185001a
[INFO] [stdout]   10:     0x55cd4d8325a3 - std::panicking::default_hook::h6038f2eba384e475
[INFO] [stdout]                                at /rustc/82e1608dfa6e0b5569232559e3d385fea5a93112/library/std/src/panicking.rs:289:9
[INFO] [stdout]   11:     0x55cd4d7b89a7 - <alloc::boxed::Box<F,A> as core::ops::function::Fn<Args>>::call::h0ad024c9bdc6d768
[INFO] [stdout]                                at /rustc/82e1608dfa6e0b5569232559e3d385fea5a93112/library/alloc/src/boxed.rs:2021:9
[INFO] [stdout]   12:     0x55cd4d7b89a7 - test::test_main::{{closure}}::h7500b54257359db6
[INFO] [stdout]                                at /rustc/82e1608dfa6e0b5569232559e3d385fea5a93112/library/test/src/lib.rs:138:21
[INFO] [stdout]   13:     0x55cd4d832ec8 - <alloc::boxed::Box<F,A> as core::ops::function::Fn<Args>>::call::h1f8f335eaa9cfaee
[INFO] [stdout]                                at /rustc/82e1608dfa6e0b5569232559e3d385fea5a93112/library/alloc/src/boxed.rs:2021:9
[INFO] [stdout]   14:     0x55cd4d832ec8 - std::panicking::rust_panic_with_hook::h2b5517d590cab22e
[INFO] [stdout]                                at /rustc/82e1608dfa6e0b5569232559e3d385fea5a93112/library/std/src/panicking.rs:783:13
[INFO] [stdout]   15:     0x55cd4d832c1e - std::panicking::begin_panic_handler::{{closure}}::h233112c06e0ef43e
[INFO] [stdout]                                at /rustc/82e1608dfa6e0b5569232559e3d385fea5a93112/library/std/src/panicking.rs:657:13
[INFO] [stdout]   16:     0x55cd4d8312d6 - std::sys_common::backtrace::__rust_end_short_backtrace::h6e893f24d7ebbff8
[INFO] [stdout]                                at /rustc/82e1608dfa6e0b5569232559e3d385fea5a93112/library/std/src/sys_common/backtrace.rs:170:18
[INFO] [stdout]   17:     0x55cd4d832982 - rust_begin_unwind
[INFO] [stdout]                                at /rustc/82e1608dfa6e0b5569232559e3d385fea5a93112/library/std/src/panicking.rs:645:5
[INFO] [stdout]   18:     0x55cd4d740015 - core::panicking::panic_fmt::hbf0e066aabfa482c
[INFO] [stdout]                                at /rustc/82e1608dfa6e0b5569232559e3d385fea5a93112/library/core/src/panicking.rs:72:14
[INFO] [stdout]   19:     0x55cd4d7405e3 - core::result::unwrap_failed::hddb4fea594200c52
[INFO] [stdout]                                at /rustc/82e1608dfa6e0b5569232559e3d385fea5a93112/library/core/src/result.rs:1653:5
[INFO] [stdout]   20:     0x55cd4d7c345d - core::result::Result<T,E>::unwrap::hb5ab3b7d9bc9fb06
[INFO] [stdout]                                at /rustc/82e1608dfa6e0b5569232559e3d385fea5a93112/library/core/src/result.rs:1077:23
[INFO] [stdout]   21:     0x55cd4d77001f - turboshell::runlist::tests::package_with_unreadable_package_toml::h3a2c9041160b5b44
[INFO] [stdout]                                at /opt/rustwide/workdir/src/runlist.rs:440:9
[INFO] [stdout]   22:     0x55cd4d76fdc7 - turboshell::runlist::tests::package_with_unreadable_package_toml::{{closure}}::h5c6314837aa87604
[INFO] [stdout]                                at /opt/rustwide/workdir/src/runlist.rs:428:46
[INFO] [stdout]   23:     0x55cd4d756d56 - core::ops::function::FnOnce::call_once::ha90ceeb9c5e13276
[INFO] [stdout]                                at /rustc/82e1608dfa6e0b5569232559e3d385fea5a93112/library/core/src/ops/function.rs:250:5
[INFO] [stdout]   24:     0x55cd4d7bdfff - core::ops::function::FnOnce::call_once::h2b5d431d5046312d
[INFO] [stdout]                                at /rustc/82e1608dfa6e0b5569232559e3d385fea5a93112/library/core/src/ops/function.rs:250:5
[INFO] [stdout]   25:     0x55cd4d7bdfff - test::__rust_begin_short_backtrace::h7714669af176e207
[INFO] [stdout]                                at /rustc/82e1608dfa6e0b5569232559e3d385fea5a93112/library/test/src/lib.rs:628:18
[INFO] [stdout]   26:     0x55cd4d7bd015 - test::run_test_in_process::{{closure}}::h85218797dcbcec12
[INFO] [stdout]                                at /rustc/82e1608dfa6e0b5569232559e3d385fea5a93112/library/test/src/lib.rs:651:60
[INFO] [stdout]   27:     0x55cd4d7bd015 - <core::panic::unwind_safe::AssertUnwindSafe<F> as core::ops::function::FnOnce<()>>::call_once::h76c106ea31c14d7b
[INFO] [stdout]                                at /rustc/82e1608dfa6e0b5569232559e3d385fea5a93112/library/core/src/panic/unwind_safe.rs:272:9
[INFO] [stdout]   28:     0x55cd4d7bd015 - std::panicking::try::do_call::h3bd5d0f6620ee946
[INFO] [stdout]                                at /rustc/82e1608dfa6e0b5569232559e3d385fea5a93112/library/std/src/panicking.rs:552:40
[INFO] [stdout]   29:     0x55cd4d7bd015 - std::panicking::try::h232e535e4744fe31
[INFO] [stdout]                                at /rustc/82e1608dfa6e0b5569232559e3d385fea5a93112/library/std/src/panicking.rs:516:19
[INFO] [stdout]   30:     0x55cd4d7bd015 - std::panic::catch_unwind::h3ce3bd6ca8dbac68
[INFO] [stdout]                                at /rustc/82e1608dfa6e0b5569232559e3d385fea5a93112/library/std/src/panic.rs:142:14
[INFO] [stdout]   31:     0x55cd4d7bd015 - test::run_test_in_process::hc97b257c9621286a
[INFO] [stdout]                                at /rustc/82e1608dfa6e0b5569232559e3d385fea5a93112/library/test/src/lib.rs:651:27
[INFO] [stdout]   32:     0x55cd4d7bd015 - test::run_test::{{closure}}::h2aa798823a438d38
[INFO] [stdout]                                at /rustc/82e1608dfa6e0b5569232559e3d385fea5a93112/library/test/src/lib.rs:574:43
[INFO] [stdout]   33:     0x55cd4d7852d6 - test::run_test::{{closure}}::h87d231c78fb59832
[INFO] [stdout]                                at /rustc/82e1608dfa6e0b5569232559e3d385fea5a93112/library/test/src/lib.rs:602:41
[INFO] [stdout]   34:     0x55cd4d7852d6 - std::sys_common::backtrace::__rust_begin_short_backtrace::he6df152596625789
[INFO] [stdout]                                at /rustc/82e1608dfa6e0b5569232559e3d385fea5a93112/library/std/src/sys_common/backtrace.rs:154:18
[INFO] [stdout]   35:     0x55cd4d78a387 - std::thread::Builder::spawn_unchecked_::{{closure}}::{{closure}}::ha94be15d1e0acf36
[INFO] [stdout]                                at /rustc/82e1608dfa6e0b5569232559e3d385fea5a93112/library/std/src/thread/mod.rs:529:17
[INFO] [stdout]   36:     0x55cd4d78a387 - <core::panic::unwind_safe::AssertUnwindSafe<F> as core::ops::function::FnOnce<()>>::call_once::h9dc6bd6372f16606
[INFO] [stdout]                                at /rustc/82e1608dfa6e0b5569232559e3d385fea5a93112/library/core/src/panic/unwind_safe.rs:272:9
[INFO] [stdout]   37:     0x55cd4d78a387 - std::panicking::try::do_call::h9057517f80303cd4
[INFO] [stdout]                                at /rustc/82e1608dfa6e0b5569232559e3d385fea5a93112/library/std/src/panicking.rs:552:40
[INFO] [stdout]   38:     0x55cd4d78a387 - std::panicking::try::he3a30b11ee45340c
[INFO] [stdout]                                at /rustc/82e1608dfa6e0b5569232559e3d385fea5a93112/library/std/src/panicking.rs:516:19
[INFO] [stdout]   39:     0x55cd4d78a387 - std::panic::catch_unwind::h410458cfd3528b8b
[INFO] [stdout]                                at /rustc/82e1608dfa6e0b5569232559e3d385fea5a93112/library/std/src/panic.rs:142:14
[INFO] [stdout]   40:     0x55cd4d78a387 - std::thread::Builder::spawn_unchecked_::{{closure}}::h72ac3bdb567b737b
[INFO] [stdout]                                at /rustc/82e1608dfa6e0b5569232559e3d385fea5a93112/library/std/src/thread/mod.rs:528:30
[INFO] [stdout]   41:     0x55cd4d78a387 - core::ops::function::FnOnce::call_once{{vtable.shim}}::h38f34da3654a8344
[INFO] [stdout]                                at /rustc/82e1608dfa6e0b5569232559e3d385fea5a93112/library/core/src/ops/function.rs:250:5
[INFO] [stdout]   42:     0x55cd4d8381b5 - <alloc::boxed::Box<F,A> as core::ops::function::FnOnce<Args>>::call_once::hc7eafaff61e32df9
[INFO] [stdout]                                at /rustc/82e1608dfa6e0b5569232559e3d385fea5a93112/library/alloc/src/boxed.rs:2007:9
[INFO] [stdout]   43:     0x55cd4d8381b5 - <alloc::boxed::Box<F,A> as core::ops::function::FnOnce<Args>>::call_once::h6ba4a5de48dd2304
[INFO] [stdout]                                at /rustc/82e1608dfa6e0b5569232559e3d385fea5a93112/library/alloc/src/boxed.rs:2007:9
[INFO] [stdout]   44:     0x55cd4d8381b5 - std::sys::unix::thread::Thread::new::thread_start::he469335aef763e45
[INFO] [stdout]                                at /rustc/82e1608dfa6e0b5569232559e3d385fea5a93112/library/std/src/sys/unix/thread.rs:108:17
[INFO] [stdout]   45:     0x7f091bdd2ac3 - <unknown>
[INFO] [stdout]   46:     0x7f091be63bf4 - __clone
[INFO] [stdout]   47:                0x0 - <unknown>
[INFO] [stdout] 
[INFO] [stdout] 
[INFO] [stdout] failures:
[INFO] [stdout]     runlist::tests::package_with_unreadable_package_toml
[INFO] [stdout] 
[INFO] [stdout] test result: FAILED. 27 passed; 1 failed; 0 ignored; 0 measured; 0 filtered out; finished in 0.02s
[INFO] [stdout] 
[INFO] [stderr] error: test failed, to rerun pass `--lib`
[INFO] running `Command { std: "docker" "inspect" "82043f979d8c9afdc64f6895d93fbe1a1959db6a2cbb375b253dcd85bc044a5e", kill_on_drop: false }`
[INFO] running `Command { std: "docker" "rm" "-f" "82043f979d8c9afdc64f6895d93fbe1a1959db6a2cbb375b253dcd85bc044a5e", kill_on_drop: false }`
[INFO] [stdout] 82043f979d8c9afdc64f6895d93fbe1a1959db6a2cbb375b253dcd85bc044a5e
