[INFO] cloning repository https://github.com/TheLastBytebender/rust-workshop
[INFO] running `Command { std: "git" "-c" "credential.helper=" "-c" "credential.helper=/workspace/cargo-home/bin/git-credential-null" "clone" "--bare" "https://github.com/TheLastBytebender/rust-workshop" "/workspace/cache/git-repos/https%3A%2F%2Fgithub.com%2FTheLastBytebender%2Frust-workshop", kill_on_drop: false }`
[INFO] [stderr] Cloning into bare repository '/workspace/cache/git-repos/https%3A%2F%2Fgithub.com%2FTheLastBytebender%2Frust-workshop'...
[INFO] running `Command { std: "git" "rev-parse" "HEAD", kill_on_drop: false }`
[INFO] [stdout] 66bb073d11487d3ad4ffa9716676e4f03666afad
[INFO] testing TheLastBytebender/rust-workshop against 1.75.0 for beta-1.76-1
[INFO] running `Command { std: "git" "clone" "/workspace/cache/git-repos/https%3A%2F%2Fgithub.com%2FTheLastBytebender%2Frust-workshop" "/workspace/builds/worker-2-tc1/source", kill_on_drop: false }`
[INFO] [stderr] Cloning into '/workspace/builds/worker-2-tc1/source'...
[INFO] [stderr] done.
[INFO] validating manifest of git repo https://github.com/TheLastBytebender/rust-workshop on toolchain 1.75.0
[INFO] running `Command { std: CARGO_HOME="/workspace/cargo-home" RUSTUP_HOME="/workspace/rustup-home" "/workspace/cargo-home/bin/cargo" "+1.75.0" "metadata" "--manifest-path" "Cargo.toml" "--no-deps", kill_on_drop: false }`
[INFO] started tweaking git repo https://github.com/TheLastBytebender/rust-workshop
[INFO] finished tweaking git repo https://github.com/TheLastBytebender/rust-workshop
[INFO] tweaked toml for git repo https://github.com/TheLastBytebender/rust-workshop written to /workspace/builds/worker-2-tc1/source/Cargo.toml
[INFO] crate git repo https://github.com/TheLastBytebender/rust-workshop already has a lockfile, it will not be regenerated
[INFO] running `Command { std: CARGO_HOME="/workspace/cargo-home" RUSTUP_HOME="/workspace/rustup-home" "/workspace/cargo-home/bin/cargo" "+1.75.0" "fetch" "--manifest-path" "Cargo.toml", kill_on_drop: false }`
[INFO] [stderr] warning: unused manifest key: libs
[INFO] running `Command { std: "docker" "create" "-v" "/var/lib/crater-agent-workspace/builds/worker-2-tc1/target:/opt/rustwide/target:rw,Z" "-v" "/var/lib/crater-agent-workspace/builds/worker-2-tc1/source:/opt/rustwide/workdir:ro,Z" "-v" "/var/lib/crater-agent-workspace/cargo-home:/opt/rustwide/cargo-home:ro,Z" "-v" "/var/lib/crater-agent-workspace/rustup-home:/opt/rustwide/rustup-home:ro,Z" "-e" "SOURCE_DIR=/opt/rustwide/workdir" "-e" "CARGO_TARGET_DIR=/opt/rustwide/target" "-e" "CARGO_HOME=/opt/rustwide/cargo-home" "-e" "RUSTUP_HOME=/opt/rustwide/rustup-home" "-w" "/opt/rustwide/workdir" "-m" "1610612736" "--user" "0:0" "--network" "none" "ghcr.io/rust-lang/crates-build-env/linux@sha256:2788e3201cd34a07e3172128adcd8b3090168a8e3bcc40d7c032b9dda1df7d1c" "/opt/rustwide/cargo-home/bin/cargo" "+1.75.0" "metadata" "--no-deps" "--format-version=1", kill_on_drop: false }`
[INFO] [stdout] 9495fdc8604d5dc03bca820bc124a3fde8499df40c45b117d6fc4b653377fd1d
[INFO] running `Command { std: "docker" "start" "-a" "9495fdc8604d5dc03bca820bc124a3fde8499df40c45b117d6fc4b653377fd1d", kill_on_drop: false }`
[INFO] running `Command { std: "docker" "inspect" "9495fdc8604d5dc03bca820bc124a3fde8499df40c45b117d6fc4b653377fd1d", kill_on_drop: false }`
[INFO] running `Command { std: "docker" "rm" "-f" "9495fdc8604d5dc03bca820bc124a3fde8499df40c45b117d6fc4b653377fd1d", kill_on_drop: false }`
[INFO] [stdout] 9495fdc8604d5dc03bca820bc124a3fde8499df40c45b117d6fc4b653377fd1d
[INFO] running `Command { std: "docker" "create" "-v" "/var/lib/crater-agent-workspace/builds/worker-2-tc1/target:/opt/rustwide/target:rw,Z" "-v" "/var/lib/crater-agent-workspace/builds/worker-2-tc1/source:/opt/rustwide/workdir:ro,Z" "-v" "/var/lib/crater-agent-workspace/cargo-home:/opt/rustwide/cargo-home:ro,Z" "-v" "/var/lib/crater-agent-workspace/rustup-home:/opt/rustwide/rustup-home:ro,Z" "-e" "SOURCE_DIR=/opt/rustwide/workdir" "-e" "CARGO_TARGET_DIR=/opt/rustwide/target" "-e" "CARGO_INCREMENTAL=0" "-e" "RUST_BACKTRACE=full" "-e" "RUSTFLAGS=--cap-lints=warn" "-e" "RUSTDOCFLAGS=--cap-lints=warn" "-e" "CARGO_HOME=/opt/rustwide/cargo-home" "-e" "RUSTUP_HOME=/opt/rustwide/rustup-home" "-w" "/opt/rustwide/workdir" "-m" "1610612736" "--user" "0:0" "--network" "none" "ghcr.io/rust-lang/crates-build-env/linux@sha256:2788e3201cd34a07e3172128adcd8b3090168a8e3bcc40d7c032b9dda1df7d1c" "/opt/rustwide/cargo-home/bin/cargo" "+1.75.0" "build" "--frozen" "--message-format=json", kill_on_drop: false }`
[INFO] [stdout] dbda1f829140a006cd5d911151ab3b62ebab486d86a63301600ed6b342b8d28b
[INFO] running `Command { std: "docker" "start" "-a" "dbda1f829140a006cd5d911151ab3b62ebab486d86a63301600ed6b342b8d28b", kill_on_drop: false }`
[INFO] [stderr] warning: unused manifest key: libs
[INFO] [stderr]    Compiling libc v0.2.146
[INFO] [stderr]    Compiling proc-macro2 v1.0.63
[INFO] [stderr]    Compiling quote v1.0.28
[INFO] [stderr]    Compiling unicode-ident v1.0.9
[INFO] [stderr]    Compiling lock_api v0.4.10
[INFO] [stderr]    Compiling pkg-config v0.3.27
[INFO] [stderr]    Compiling parking_lot_core v0.9.8
[INFO] [stderr]    Compiling cc v1.0.79
[INFO] [stderr]    Compiling once_cell v1.18.0
[INFO] [stderr]    Compiling futures-core v0.3.28
[INFO] [stderr]    Compiling bytes v1.4.0
[INFO] [stderr]    Compiling smallvec v1.10.0
[INFO] [stderr]    Compiling tokio v1.28.2
[INFO] [stderr]    Compiling itoa v1.0.6
[INFO] [stderr]    Compiling futures-task v0.3.28
[INFO] [stderr]    Compiling indexmap v1.9.3
[INFO] [stderr]    Compiling slab v0.4.8
[INFO] [stderr]    Compiling futures-util v0.3.28
[INFO] [stderr]    Compiling tracing-core v0.1.31
[INFO] [stderr]    Compiling openssl v0.10.55
[INFO] [stderr]    Compiling futures-channel v0.3.28
[INFO] [stderr]    Compiling native-tls v0.2.11
[INFO] [stderr]    Compiling tinyvec_macros v0.1.1
[INFO] [stderr]    Compiling serde v1.0.164
[INFO] [stderr]    Compiling futures-sink v0.3.28
[INFO] [stderr]    Compiling tinyvec v1.6.0
[INFO] [stderr]    Compiling log v0.4.19
[INFO] [stderr]    Compiling http v0.2.9
[INFO] [stderr]    Compiling try-lock v0.2.4
[INFO] [stderr]    Compiling percent-encoding v2.3.0
[INFO] [stderr]    Compiling num-traits v0.2.15
[INFO] [stderr]    Compiling want v0.3.1
[INFO] [stderr]    Compiling unicode-bidi v0.3.13
[INFO] [stderr]    Compiling tracing v0.1.37
[INFO] [stderr]    Compiling form_urlencoded v1.2.0
[INFO] [stderr]    Compiling ryu v1.0.13
[INFO] [stderr]    Compiling serde_json v1.0.99
[INFO] [stderr]    Compiling ppv-lite86 v0.2.17
[INFO] [stderr]    Compiling encoding_rs v0.8.32
[INFO] [stderr]    Compiling mime v0.3.17
[INFO] [stderr]    Compiling base64 v0.21.2
[INFO] [stderr]    Compiling syn v2.0.22
[INFO] [stderr]    Compiling ipnet v2.7.2
[INFO] [stderr]    Compiling socket2 v0.4.9
[INFO] [stderr]    Compiling mio v0.8.8
[INFO] [stderr]    Compiling num_cpus v1.15.0
[INFO] [stderr]    Compiling signal-hook-registry v1.4.1
[INFO] [stderr]    Compiling unicode-normalization v0.1.22
[INFO] [stderr]    Compiling getrandom v0.2.10
[INFO] [stderr]    Compiling openssl-sys v0.9.90
[INFO] [stderr]    Compiling parking_lot v0.12.1
[INFO] [stderr]    Compiling http-body v0.4.5
[INFO] [stderr]    Compiling rand_core v0.6.4
[INFO] [stderr]    Compiling idna v0.4.0
[INFO] [stderr]    Compiling rand_chacha v0.3.1
[INFO] [stderr]    Compiling rand v0.8.5
[INFO] [stderr]    Compiling ordered-float v3.7.0
[INFO] [stderr]    Compiling url v2.4.0
[INFO] [stderr]    Compiling serde_urlencoded v0.7.1
[INFO] [stderr]    Compiling tokio-macros v2.1.0
[INFO] [stderr]    Compiling openssl-macros v0.1.1
[INFO] [stderr]    Compiling tokio-util v0.7.8
[INFO] [stderr]    Compiling tokio-native-tls v0.3.1
[INFO] [stderr]    Compiling h2 v0.3.19
[INFO] [stderr]    Compiling hyper v0.14.26
[INFO] [stderr]    Compiling hyper-tls v0.5.0
[INFO] [stderr]    Compiling reqwest v0.11.18
[INFO] [stderr]    Compiling rust-workshop v0.1.0 (/opt/rustwide/workdir)
[INFO] [stdout] warning: unused import: `std::collections::HashMap`
[INFO] [stdout]  --> src/main.rs:4:5
[INFO] [stdout]   |
[INFO] [stdout] 4 | use std::collections::HashMap;
[INFO] [stdout]   |     ^^^^^^^^^^^^^^^^^^^^^^^^^
[INFO] [stdout]   |
[INFO] [stdout]   = note: `#[warn(unused_imports)]` on by default
[INFO] [stdout] 
[INFO] [stdout] 
[INFO] [stdout] warning: fields `api_key`, `api_secret`, `https_endpoint`, and `https_alt_endpoint` are never read
[INFO] [stdout]   --> src/main.rs:17:5
[INFO] [stdout]    |
[INFO] [stdout] 16 | pub struct Executor {
[INFO] [stdout]    |            -------- fields in this struct
[INFO] [stdout] 17 |     api_key: String,
[INFO] [stdout]    |     ^^^^^^^
[INFO] [stdout] 18 |     api_secret: String,
[INFO] [stdout]    |     ^^^^^^^^^^
[INFO] [stdout] 19 |     https_endpoint: Url,
[INFO] [stdout]    |     ^^^^^^^^^^^^^^
[INFO] [stdout] 20 |     https_alt_endpoint: Url,
[INFO] [stdout]    |     ^^^^^^^^^^^^^^^^^^
[INFO] [stdout]    |
[INFO] [stdout]    = note: `#[warn(dead_code)]` on by default
[INFO] [stdout] 
[INFO] [stdout] 
[INFO] [stdout] warning: 2 warnings emitted
[INFO] [stdout] 
[INFO] [stdout] 
[INFO] [stderr]     Finished dev [unoptimized + debuginfo] target(s) in 16.39s
[INFO] running `Command { std: "docker" "inspect" "dbda1f829140a006cd5d911151ab3b62ebab486d86a63301600ed6b342b8d28b", kill_on_drop: false }`
[INFO] running `Command { std: "docker" "rm" "-f" "dbda1f829140a006cd5d911151ab3b62ebab486d86a63301600ed6b342b8d28b", kill_on_drop: false }`
[INFO] [stdout] dbda1f829140a006cd5d911151ab3b62ebab486d86a63301600ed6b342b8d28b
[INFO] running `Command { std: "docker" "create" "-v" "/var/lib/crater-agent-workspace/builds/worker-2-tc1/target:/opt/rustwide/target:rw,Z" "-v" "/var/lib/crater-agent-workspace/builds/worker-2-tc1/source:/opt/rustwide/workdir:ro,Z" "-v" "/var/lib/crater-agent-workspace/cargo-home:/opt/rustwide/cargo-home:ro,Z" "-v" "/var/lib/crater-agent-workspace/rustup-home:/opt/rustwide/rustup-home:ro,Z" "-e" "SOURCE_DIR=/opt/rustwide/workdir" "-e" "CARGO_TARGET_DIR=/opt/rustwide/target" "-e" "CARGO_INCREMENTAL=0" "-e" "RUST_BACKTRACE=full" "-e" "RUSTFLAGS=--cap-lints=warn" "-e" "RUSTDOCFLAGS=--cap-lints=warn" "-e" "CARGO_HOME=/opt/rustwide/cargo-home" "-e" "RUSTUP_HOME=/opt/rustwide/rustup-home" "-w" "/opt/rustwide/workdir" "-m" "1610612736" "--user" "0:0" "--network" "none" "ghcr.io/rust-lang/crates-build-env/linux@sha256:2788e3201cd34a07e3172128adcd8b3090168a8e3bcc40d7c032b9dda1df7d1c" "/opt/rustwide/cargo-home/bin/cargo" "+1.75.0" "test" "--frozen" "--no-run" "--message-format=json", kill_on_drop: false }`
[INFO] [stdout] 4d17341d7f8bab626162ca8d803f0be7ea2a4f1c80b888e15704bab4e4a27d7c
[INFO] running `Command { std: "docker" "start" "-a" "4d17341d7f8bab626162ca8d803f0be7ea2a4f1c80b888e15704bab4e4a27d7c", kill_on_drop: false }`
[INFO] [stderr] warning: unused manifest key: libs
[INFO] [stdout] warning: unused import: `std::collections::HashMap`
[INFO] [stdout]  --> src/main.rs:4:5
[INFO] [stdout]   |
[INFO] [stdout] 4 | use std::collections::HashMap;
[INFO] [stdout]   |     ^^^^^^^^^^^^^^^^^^^^^^^^^
[INFO] [stdout]   |
[INFO] [stdout]   = note: `#[warn(unused_imports)]` on by default
[INFO] [stdout] 
[INFO] [stdout] 
[INFO] [stdout] warning: fields `api_key`, `api_secret`, `https_endpoint`, and `https_alt_endpoint` are never read
[INFO] [stdout]   --> src/main.rs:17:5
[INFO] [stdout]    |
[INFO] [stdout] 16 | pub struct Executor {
[INFO] [stdout]    |            -------- fields in this struct
[INFO] [stdout] 17 |     api_key: String,
[INFO] [stdout]    |     ^^^^^^^
[INFO] [stdout] 18 |     api_secret: String,
[INFO] [stdout]    |     ^^^^^^^^^^
[INFO] [stdout] 19 |     https_endpoint: Url,
[INFO] [stdout]    |     ^^^^^^^^^^^^^^
[INFO] [stdout] 20 |     https_alt_endpoint: Url,
[INFO] [stdout]    |     ^^^^^^^^^^^^^^^^^^
[INFO] [stdout]    |
[INFO] [stdout]    = note: `#[warn(dead_code)]` on by default
[INFO] [stdout] 
[INFO] [stdout] 
[INFO] [stderr]    Compiling rust-workshop v0.1.0 (/opt/rustwide/workdir)
[INFO] [stdout] warning: 2 warnings emitted
[INFO] [stdout] 
[INFO] [stdout] 
[INFO] [stdout] warning: unused import: `std::collections::HashMap`
[INFO] [stdout]  --> src/main.rs:4:5
[INFO] [stdout]   |
[INFO] [stdout] 4 | use std::collections::HashMap;
[INFO] [stdout]   |     ^^^^^^^^^^^^^^^^^^^^^^^^^
[INFO] [stdout]   |
[INFO] [stdout]   = note: `#[warn(unused_imports)]` on by default
[INFO] [stdout] 
[INFO] [stdout] 
[INFO] [stdout] warning: unused import: `tokio::runtime::Runtime`
[INFO] [stdout]  --> tests/test_executor.rs:3:5
[INFO] [stdout]   |
[INFO] [stdout] 3 | use tokio::runtime::Runtime;
[INFO] [stdout]   |     ^^^^^^^^^^^^^^^^^^^^^^^
[INFO] [stdout]   |
[INFO] [stdout]   = note: `#[warn(unused_imports)]` on by default
[INFO] [stdout] 
[INFO] [stdout] 
[INFO] [stdout] warning: unused import: `std::collections::HashMap`
[INFO] [stdout]  --> tests/test_executor.rs:4:5
[INFO] [stdout]   |
[INFO] [stdout] 4 | use std::collections::HashMap;
[INFO] [stdout]   |     ^^^^^^^^^^^^^^^^^^^^^^^^^
[INFO] [stdout] 
[INFO] [stdout] 
[INFO] [stdout] warning: fields `api_key`, `api_secret`, `https_endpoint`, and `https_alt_endpoint` are never read
[INFO] [stdout]   --> tests/test_executor.rs:17:5
[INFO] [stdout]    |
[INFO] [stdout] 16 | pub struct Executor<'a> {
[INFO] [stdout]    |            -------- fields in this struct
[INFO] [stdout] 17 |     api_key: &'a str,
[INFO] [stdout]    |     ^^^^^^^
[INFO] [stdout] 18 |     api_secret: &'a str, 
[INFO] [stdout]    |     ^^^^^^^^^^
[INFO] [stdout] 19 |     https_endpoint: Url,
[INFO] [stdout]    |     ^^^^^^^^^^^^^^
[INFO] [stdout] 20 |     https_alt_endpoint: Url,
[INFO] [stdout]    |     ^^^^^^^^^^^^^^^^^^
[INFO] [stdout]    |
[INFO] [stdout]    = note: `#[warn(dead_code)]` on by default
[INFO] [stdout] 
[INFO] [stdout] 
[INFO] [stdout] warning: fields `api_key`, `api_secret`, `https_endpoint`, and `https_alt_endpoint` are never read
[INFO] [stdout]   --> src/main.rs:17:5
[INFO] [stdout]    |
[INFO] [stdout] 16 | pub struct Executor {
[INFO] [stdout]    |            -------- fields in this struct
[INFO] [stdout] 17 |     api_key: String,
[INFO] [stdout]    |     ^^^^^^^
[INFO] [stdout] 18 |     api_secret: String,
[INFO] [stdout]    |     ^^^^^^^^^^
[INFO] [stdout] 19 |     https_endpoint: Url,
[INFO] [stdout]    |     ^^^^^^^^^^^^^^
[INFO] [stdout] 20 |     https_alt_endpoint: Url,
[INFO] [stdout]    |     ^^^^^^^^^^^^^^^^^^
[INFO] [stdout]    |
[INFO] [stdout]    = note: `#[warn(dead_code)]` on by default
[INFO] [stdout] 
[INFO] [stdout] 
[INFO] [stdout] warning: method `safety_check_spread` is never used
[INFO] [stdout]    --> tests/test_orderbook.rs:232:8
[INFO] [stdout]     |
[INFO] [stdout] 32  | impl Orderbook {
[INFO] [stdout]     | -------------- method in this implementation
[INFO] [stdout] ...
[INFO] [stdout] 232 |     fn safety_check_spread(&self, max_spread: f64) -> bool {
[INFO] [stdout]     |        ^^^^^^^^^^^^^^^^^^^
[INFO] [stdout]     |
[INFO] [stdout]     = note: `#[warn(dead_code)]` on by default
[INFO] [stdout] 
[INFO] [stdout] 
[INFO] [stdout] warning: 2 warnings emitted
[INFO] [stdout] 
[INFO] [stdout] 
[INFO] [stdout] warning: 3 warnings emitted
[INFO] [stdout] 
[INFO] [stdout] 
[INFO] [stdout] warning: 1 warning emitted
[INFO] [stdout] 
[INFO] [stdout] 
[INFO] [stderr]     Finished test [unoptimized + debuginfo] target(s) in 0.66s
[INFO] running `Command { std: "docker" "inspect" "4d17341d7f8bab626162ca8d803f0be7ea2a4f1c80b888e15704bab4e4a27d7c", kill_on_drop: false }`
[INFO] running `Command { std: "docker" "rm" "-f" "4d17341d7f8bab626162ca8d803f0be7ea2a4f1c80b888e15704bab4e4a27d7c", kill_on_drop: false }`
[INFO] [stdout] 4d17341d7f8bab626162ca8d803f0be7ea2a4f1c80b888e15704bab4e4a27d7c
[INFO] running `Command { std: "docker" "create" "-v" "/var/lib/crater-agent-workspace/builds/worker-2-tc1/target:/opt/rustwide/target:rw,Z" "-v" "/var/lib/crater-agent-workspace/builds/worker-2-tc1/source:/opt/rustwide/workdir:ro,Z" "-v" "/var/lib/crater-agent-workspace/cargo-home:/opt/rustwide/cargo-home:ro,Z" "-v" "/var/lib/crater-agent-workspace/rustup-home:/opt/rustwide/rustup-home:ro,Z" "-e" "SOURCE_DIR=/opt/rustwide/workdir" "-e" "CARGO_TARGET_DIR=/opt/rustwide/target" "-e" "CARGO_INCREMENTAL=0" "-e" "RUST_BACKTRACE=full" "-e" "RUSTFLAGS=--cap-lints=warn" "-e" "RUSTDOCFLAGS=--cap-lints=warn" "-e" "CARGO_HOME=/opt/rustwide/cargo-home" "-e" "RUSTUP_HOME=/opt/rustwide/rustup-home" "-w" "/opt/rustwide/workdir" "-m" "1610612736" "--user" "0:0" "--network" "none" "ghcr.io/rust-lang/crates-build-env/linux@sha256:2788e3201cd34a07e3172128adcd8b3090168a8e3bcc40d7c032b9dda1df7d1c" "/opt/rustwide/cargo-home/bin/cargo" "+1.75.0" "test" "--frozen", kill_on_drop: false }`
[INFO] [stdout] 1f3fe56f13fcd9150459b5d849d7b5b42e416120703fee8c1aa8325721c3d25c
[INFO] running `Command { std: "docker" "start" "-a" "1f3fe56f13fcd9150459b5d849d7b5b42e416120703fee8c1aa8325721c3d25c", kill_on_drop: false }`
[INFO] [stderr] warning: unused manifest key: libs
[INFO] [stderr] warning: unused import: `std::collections::HashMap`
[INFO] [stderr]  --> src/main.rs:4:5
[INFO] [stderr]   |
[INFO] [stderr] 4 | use std::collections::HashMap;
[INFO] [stderr]   |     ^^^^^^^^^^^^^^^^^^^^^^^^^
[INFO] [stderr]   |
[INFO] [stderr]   = note: `#[warn(unused_imports)]` on by default
[INFO] [stderr] 
[INFO] [stderr] warning: fields `api_key`, `api_secret`, `https_endpoint`, and `https_alt_endpoint` are never read
[INFO] [stderr]   --> src/main.rs:17:5
[INFO] [stderr]    |
[INFO] [stderr] 16 | pub struct Executor {
[INFO] [stderr]    |            -------- fields in this struct
[INFO] [stderr] 17 |     api_key: String,
[INFO] [stderr]    |     ^^^^^^^
[INFO] [stderr] 18 |     api_secret: String,
[INFO] [stderr]    |     ^^^^^^^^^^
[INFO] [stderr] 19 |     https_endpoint: Url,
[INFO] [stderr]    |     ^^^^^^^^^^^^^^
[INFO] [stderr] 20 |     https_alt_endpoint: Url,
[INFO] [stderr]    |     ^^^^^^^^^^^^^^^^^^
[INFO] [stderr]    |
[INFO] [stderr]    = note: `#[warn(dead_code)]` on by default
[INFO] [stderr] 
[INFO] [stderr] warning: method `safety_check_spread` is never used
[INFO] [stderr]    --> tests/test_orderbook.rs:232:8
[INFO] [stderr]     |
[INFO] [stderr] 32  | impl Orderbook {
[INFO] [stderr]     | -------------- method in this implementation
[INFO] [stderr] ...
[INFO] [stderr] 232 |     fn safety_check_spread(&self, max_spread: f64) -> bool {
[INFO] [stderr]     |        ^^^^^^^^^^^^^^^^^^^
[INFO] [stderr]     |
[INFO] [stderr]     = note: `#[warn(dead_code)]` on by default
[INFO] [stderr] 
[INFO] [stderr] warning: unused import: `tokio::runtime::Runtime`
[INFO] [stderr]  --> tests/test_executor.rs:3:5
[INFO] [stderr]   |
[INFO] [stderr] 3 | use tokio::runtime::Runtime;
[INFO] [stderr]   |     ^^^^^^^^^^^^^^^^^^^^^^^
[INFO] [stderr]   |
[INFO] [stderr]   = note: `#[warn(unused_imports)]` on by default
[INFO] [stderr] 
[INFO] [stderr] warning: unused import: `std::collections::HashMap`
[INFO] [stderr]  --> tests/test_executor.rs:4:5
[INFO] [stderr]   |
[INFO] [stderr] 4 | use std::collections::HashMap;
[INFO] [stderr]   |     ^^^^^^^^^^^^^^^^^^^^^^^^^
[INFO] [stderr] 
[INFO] [stderr] warning: fields `api_key`, `api_secret`, `https_endpoint`, and `https_alt_endpoint` are never read
[INFO] [stderr]   --> tests/test_executor.rs:17:5
[INFO] [stderr]    |
[INFO] [stderr] 16 | pub struct Executor<'a> {
[INFO] [stderr]    |            -------- fields in this struct
[INFO] [stderr] 17 |     api_key: &'a str,
[INFO] [stderr]    |     ^^^^^^^
[INFO] [stderr] 18 |     api_secret: &'a str, 
[INFO] [stderr]    |     ^^^^^^^^^^
[INFO] [stderr] 19 |     https_endpoint: Url,
[INFO] [stderr]    |     ^^^^^^^^^^^^^^
[INFO] [stderr] 20 |     https_alt_endpoint: Url,
[INFO] [stderr]    |     ^^^^^^^^^^^^^^^^^^
[INFO] [stderr]    |
[INFO] [stderr]    = note: `#[warn(dead_code)]` on by default
[INFO] [stderr] 
[INFO] [stderr] warning: `rust-workshop` (bin "rust-workshop" test) generated 2 warnings (run `cargo fix --bin "rust-workshop" --tests` to apply 1 suggestion)
[INFO] [stderr] warning: `rust-workshop` (test "test_orderbook") generated 1 warning
[INFO] [stderr] warning: `rust-workshop` (bin "rust-workshop") generated 2 warnings (2 duplicates)
[INFO] [stderr] warning: `rust-workshop` (test "test_executor") generated 3 warnings (run `cargo fix --test "test_executor"` to apply 2 suggestions)
[INFO] [stderr]     Finished test [unoptimized + debuginfo] target(s) in 0.06s
[INFO] [stderr]      Running unittests src/main.rs (/opt/rustwide/target/debug/deps/rust_workshop-d0f71ce884abfad6)
[INFO] [stdout] 
[INFO] [stdout] running 0 tests
[INFO] [stdout] 
[INFO] [stdout] test result: ok. 0 passed; 0 failed; 0 ignored; 0 measured; 0 filtered out; finished in 0.00s
[INFO] [stdout] 
[INFO] [stderr]      Running tests/test_executor.rs (/opt/rustwide/target/debug/deps/test_executor-d73aa0ff2a0b21c0)
[INFO] [stdout] 
[INFO] [stdout] running 0 tests
[INFO] [stdout] 
[INFO] [stdout] test result: ok. 0 passed; 0 failed; 0 ignored; 0 measured; 0 filtered out; finished in 0.00s
[INFO] [stdout] 
[INFO] [stderr]      Running tests/test_logic.rs (/opt/rustwide/target/debug/deps/test_logic-4c49f4062f799635)
[INFO] [stdout] 
[INFO] [stdout] running 0 tests
[INFO] [stdout] 
[INFO] [stdout] test result: ok. 0 passed; 0 failed; 0 ignored; 0 measured; 0 filtered out; finished in 0.00s
[INFO] [stdout] 
[INFO] [stderr]      Running tests/test_oms.rs (/opt/rustwide/target/debug/deps/test_oms-092fd6395d43fb2d)
[INFO] [stdout] 
[INFO] [stdout] running 6 tests
[INFO] [stdout] test tests::test_get_order_oms ... ok
[INFO] [stdout] test tests::test_get_inventory_delta_oms ... ok
[INFO] [stdout] test tests::test_delete_order_oms ... ok
[INFO] [stdout] test tests::test_add_order_oms ... ok
[INFO] [stdout] test tests::test_get_size_to_target ... ok
[INFO] [stdout] test tests::test_new_oms ... ok
[INFO] [stdout] 
[INFO] [stdout] test result: ok. 6 passed; 0 failed; 0 ignored; 0 measured; 0 filtered out; finished in 0.00s
[INFO] [stdout] 
[INFO] [stderr]      Running tests/test_orderbook.rs (/opt/rustwide/target/debug/deps/test_orderbook-d1e467ffef748877)
[INFO] [stdout] 
[INFO] [stdout] running 11 tests
[INFO] [stdout] test tests::test_get_ask_orderbook ... ok
[INFO] [stdout] test tests::test_get_mid_price_orderbook ... ok
[INFO] [stdout] test tests::test_get_bid_orderbook ... ok
[INFO] [stdout] test tests::test_get_asks_orderbook ... ok
[INFO] [stdout] test tests::test_get_bids_orderbook ... ok
[INFO] [stdout] test tests::test_insert_order_orderbook ... ok
[INFO] [stdout] test tests::test_get_orderbook_spread_orderbook ... ok
[INFO] [stdout] test tests::test_new_orderbook ... ok
[INFO] [stdout] test tests::test_safety_check_size_orderbook ... ok
[INFO] [stdout] test tests::test_get_ordebook_skew_by_range_orderbook ... ok
[INFO] [stdout] test tests::test_get_ordebook_skew_orderbook ... ok
[INFO] [stdout] 
[INFO] [stdout] test result: ok. 11 passed; 0 failed; 0 ignored; 0 measured; 0 filtered out; finished in 0.00s
[INFO] [stdout] 
[INFO] running `Command { std: "docker" "inspect" "1f3fe56f13fcd9150459b5d849d7b5b42e416120703fee8c1aa8325721c3d25c", kill_on_drop: false }`
[INFO] running `Command { std: "docker" "rm" "-f" "1f3fe56f13fcd9150459b5d849d7b5b42e416120703fee8c1aa8325721c3d25c", kill_on_drop: false }`
[INFO] [stdout] 1f3fe56f13fcd9150459b5d849d7b5b42e416120703fee8c1aa8325721c3d25c
[INFO] testing TheLastBytebender/rust-workshop against beta-2023-12-22 for beta-1.76-1
[INFO] running `Command { std: "git" "clone" "/workspace/cache/git-repos/https%3A%2F%2Fgithub.com%2FTheLastBytebender%2Frust-workshop" "/workspace/builds/worker-2-tc2/source", kill_on_drop: false }`
[INFO] [stderr] Cloning into '/workspace/builds/worker-2-tc2/source'...
[INFO] [stderr] done.
[INFO] validating manifest of git repo https://github.com/TheLastBytebender/rust-workshop on toolchain beta-2023-12-22
[INFO] running `Command { std: CARGO_HOME="/workspace/cargo-home" RUSTUP_HOME="/workspace/rustup-home" "/workspace/cargo-home/bin/cargo" "+beta-2023-12-22" "metadata" "--manifest-path" "Cargo.toml" "--no-deps", kill_on_drop: false }`
[INFO] started tweaking git repo https://github.com/TheLastBytebender/rust-workshop
[INFO] finished tweaking git repo https://github.com/TheLastBytebender/rust-workshop
[INFO] tweaked toml for git repo https://github.com/TheLastBytebender/rust-workshop written to /workspace/builds/worker-2-tc2/source/Cargo.toml
[INFO] crate git repo https://github.com/TheLastBytebender/rust-workshop already has a lockfile, it will not be regenerated
[INFO] running `Command { std: CARGO_HOME="/workspace/cargo-home" RUSTUP_HOME="/workspace/rustup-home" "/workspace/cargo-home/bin/cargo" "+beta-2023-12-22" "fetch" "--manifest-path" "Cargo.toml", kill_on_drop: false }`
[INFO] [stderr] warning: unused manifest key: libs
[INFO] running `Command { std: "docker" "create" "-v" "/var/lib/crater-agent-workspace/builds/worker-2-tc2/target:/opt/rustwide/target:rw,Z" "-v" "/var/lib/crater-agent-workspace/builds/worker-2-tc2/source:/opt/rustwide/workdir:ro,Z" "-v" "/var/lib/crater-agent-workspace/cargo-home:/opt/rustwide/cargo-home:ro,Z" "-v" "/var/lib/crater-agent-workspace/rustup-home:/opt/rustwide/rustup-home:ro,Z" "-e" "SOURCE_DIR=/opt/rustwide/workdir" "-e" "CARGO_TARGET_DIR=/opt/rustwide/target" "-e" "CARGO_HOME=/opt/rustwide/cargo-home" "-e" "RUSTUP_HOME=/opt/rustwide/rustup-home" "-w" "/opt/rustwide/workdir" "-m" "1610612736" "--user" "0:0" "--network" "none" "ghcr.io/rust-lang/crates-build-env/linux@sha256:2788e3201cd34a07e3172128adcd8b3090168a8e3bcc40d7c032b9dda1df7d1c" "/opt/rustwide/cargo-home/bin/cargo" "+beta-2023-12-22" "metadata" "--no-deps" "--format-version=1", kill_on_drop: false }`
[INFO] [stdout] a32d250b0811d2ef88f980b01a26dd975084fe1e5897db934e7b4960fd7b176c
[INFO] running `Command { std: "docker" "start" "-a" "a32d250b0811d2ef88f980b01a26dd975084fe1e5897db934e7b4960fd7b176c", kill_on_drop: false }`
[INFO] running `Command { std: "docker" "inspect" "a32d250b0811d2ef88f980b01a26dd975084fe1e5897db934e7b4960fd7b176c", kill_on_drop: false }`
[INFO] running `Command { std: "docker" "rm" "-f" "a32d250b0811d2ef88f980b01a26dd975084fe1e5897db934e7b4960fd7b176c", kill_on_drop: false }`
[INFO] [stdout] a32d250b0811d2ef88f980b01a26dd975084fe1e5897db934e7b4960fd7b176c
[INFO] running `Command { std: "docker" "create" "-v" "/var/lib/crater-agent-workspace/builds/worker-2-tc2/target:/opt/rustwide/target:rw,Z" "-v" "/var/lib/crater-agent-workspace/builds/worker-2-tc2/source:/opt/rustwide/workdir:ro,Z" "-v" "/var/lib/crater-agent-workspace/cargo-home:/opt/rustwide/cargo-home:ro,Z" "-v" "/var/lib/crater-agent-workspace/rustup-home:/opt/rustwide/rustup-home:ro,Z" "-e" "SOURCE_DIR=/opt/rustwide/workdir" "-e" "CARGO_TARGET_DIR=/opt/rustwide/target" "-e" "CARGO_INCREMENTAL=0" "-e" "RUST_BACKTRACE=full" "-e" "RUSTFLAGS=--cap-lints=warn" "-e" "RUSTDOCFLAGS=--cap-lints=warn" "-e" "CARGO_HOME=/opt/rustwide/cargo-home" "-e" "RUSTUP_HOME=/opt/rustwide/rustup-home" "-w" "/opt/rustwide/workdir" "-m" "1610612736" "--user" "0:0" "--network" "none" "ghcr.io/rust-lang/crates-build-env/linux@sha256:2788e3201cd34a07e3172128adcd8b3090168a8e3bcc40d7c032b9dda1df7d1c" "/opt/rustwide/cargo-home/bin/cargo" "+beta-2023-12-22" "build" "--frozen" "--message-format=json", kill_on_drop: false }`
[INFO] [stdout] 242de7a332a49e44f4acb4682fe5ada0fa1144fa400360b20812c4fd6f389e5d
[INFO] running `Command { std: "docker" "start" "-a" "242de7a332a49e44f4acb4682fe5ada0fa1144fa400360b20812c4fd6f389e5d", kill_on_drop: false }`
[INFO] [stderr] warning: unused manifest key: libs
[INFO] [stderr]    Compiling libc v0.2.146
[INFO] [stderr]    Compiling proc-macro2 v1.0.63
[INFO] [stderr]    Compiling unicode-ident v1.0.9
[INFO] [stderr]    Compiling quote v1.0.28
[INFO] [stderr]    Compiling lock_api v0.4.10
[INFO] [stderr]    Compiling cc v1.0.79
[INFO] [stderr]    Compiling once_cell v1.18.0
[INFO] [stderr]    Compiling parking_lot_core v0.9.8
[INFO] [stderr]    Compiling pkg-config v0.3.27
[INFO] [stderr]    Compiling bytes v1.4.0
[INFO] [stderr]    Compiling futures-core v0.3.28
[INFO] [stderr]    Compiling smallvec v1.10.0
[INFO] [stderr]    Compiling tokio v1.28.2
[INFO] [stderr]    Compiling itoa v1.0.6
[INFO] [stderr]    Compiling futures-task v0.3.28
[INFO] [stderr]    Compiling slab v0.4.8
[INFO] [stderr]    Compiling indexmap v1.9.3
[INFO] [stderr]    Compiling openssl v0.10.55
[INFO] [stderr]    Compiling tracing-core v0.1.31
[INFO] [stderr]    Compiling futures-util v0.3.28
[INFO] [stderr]    Compiling futures-sink v0.3.28
[INFO] [stderr]    Compiling futures-channel v0.3.28
[INFO] [stderr]    Compiling native-tls v0.2.11
[INFO] [stderr]    Compiling tinyvec_macros v0.1.1
[INFO] [stderr]    Compiling serde v1.0.164
[INFO] [stderr]    Compiling tinyvec v1.6.0
[INFO] [stderr]    Compiling log v0.4.19
[INFO] [stderr]    Compiling try-lock v0.2.4
[INFO] [stderr]    Compiling http v0.2.9
[INFO] [stderr]    Compiling percent-encoding v2.3.0
[INFO] [stderr]    Compiling want v0.3.1
[INFO] [stderr]    Compiling num-traits v0.2.15
[INFO] [stderr]    Compiling serde_json v1.0.99
[INFO] [stderr]    Compiling tracing v0.1.37
[INFO] [stderr]    Compiling form_urlencoded v1.2.0
[INFO] [stderr]    Compiling unicode-bidi v0.3.13
[INFO] [stderr]    Compiling ryu v1.0.13
[INFO] [stderr]    Compiling ppv-lite86 v0.2.17
[INFO] [stderr]    Compiling encoding_rs v0.8.32
[INFO] [stderr]    Compiling ipnet v2.7.2
[INFO] [stderr]    Compiling mime v0.3.17
[INFO] [stderr]    Compiling syn v2.0.22
[INFO] [stderr]    Compiling socket2 v0.4.9
[INFO] [stderr]    Compiling mio v0.8.8
[INFO] [stderr]    Compiling signal-hook-registry v1.4.1
[INFO] [stderr]    Compiling num_cpus v1.15.0
[INFO] [stderr]    Compiling parking_lot v0.12.1
[INFO] [stderr]    Compiling unicode-normalization v0.1.22
[INFO] [stderr]    Compiling getrandom v0.2.10
[INFO] [stderr]    Compiling openssl-sys v0.9.90
[INFO] [stderr]    Compiling http-body v0.4.5
[INFO] [stderr]    Compiling rand_core v0.6.4
[INFO] [stderr]    Compiling rand_chacha v0.3.1
[INFO] [stderr]    Compiling base64 v0.21.2
[INFO] [stderr]    Compiling idna v0.4.0
[INFO] [stderr]    Compiling rand v0.8.5
[INFO] [stderr]    Compiling url v2.4.0
[INFO] [stderr]    Compiling ordered-float v3.7.0
[INFO] [stderr]    Compiling serde_urlencoded v0.7.1
[INFO] [stderr]    Compiling tokio-macros v2.1.0
[INFO] [stderr]    Compiling openssl-macros v0.1.1
[INFO] [stderr]    Compiling tokio-util v0.7.8
[INFO] [stderr]    Compiling tokio-native-tls v0.3.1
[INFO] [stderr]    Compiling h2 v0.3.19
[INFO] [stderr]    Compiling hyper v0.14.26
[INFO] [stderr]    Compiling hyper-tls v0.5.0
[INFO] [stderr]    Compiling reqwest v0.11.18
[INFO] [stderr]    Compiling rust-workshop v0.1.0 (/opt/rustwide/workdir)
[INFO] [stdout] warning: unused import: `std::collections::HashMap`
[INFO] [stdout]  --> src/main.rs:4:5
[INFO] [stdout]   |
[INFO] [stdout] 4 | use std::collections::HashMap;
[INFO] [stdout]   |     ^^^^^^^^^^^^^^^^^^^^^^^^^
[INFO] [stdout]   |
[INFO] [stdout]   = note: `#[warn(unused_imports)]` on by default
[INFO] [stdout] 
[INFO] [stdout] 
[INFO] [stdout] warning: fields `api_key`, `api_secret`, `https_endpoint`, and `https_alt_endpoint` are never read
[INFO] [stdout]   --> src/main.rs:17:5
[INFO] [stdout]    |
[INFO] [stdout] 16 | pub struct Executor {
[INFO] [stdout]    |            -------- fields in this struct
[INFO] [stdout] 17 |     api_key: String,
[INFO] [stdout]    |     ^^^^^^^
[INFO] [stdout] 18 |     api_secret: String,
[INFO] [stdout]    |     ^^^^^^^^^^
[INFO] [stdout] 19 |     https_endpoint: Url,
[INFO] [stdout]    |     ^^^^^^^^^^^^^^
[INFO] [stdout] 20 |     https_alt_endpoint: Url,
[INFO] [stdout]    |     ^^^^^^^^^^^^^^^^^^
[INFO] [stdout]    |
[INFO] [stdout]    = note: `#[warn(dead_code)]` on by default
[INFO] [stdout] 
[INFO] [stdout] 
[INFO] [stdout] warning: 2 warnings emitted
[INFO] [stdout] 
[INFO] [stdout] 
[INFO] [stderr]     Finished dev [unoptimized + debuginfo] target(s) in 16.15s
[INFO] running `Command { std: "docker" "inspect" "242de7a332a49e44f4acb4682fe5ada0fa1144fa400360b20812c4fd6f389e5d", kill_on_drop: false }`
[INFO] running `Command { std: "docker" "rm" "-f" "242de7a332a49e44f4acb4682fe5ada0fa1144fa400360b20812c4fd6f389e5d", kill_on_drop: false }`
[INFO] [stdout] 242de7a332a49e44f4acb4682fe5ada0fa1144fa400360b20812c4fd6f389e5d
[INFO] running `Command { std: "docker" "create" "-v" "/var/lib/crater-agent-workspace/builds/worker-2-tc2/target:/opt/rustwide/target:rw,Z" "-v" "/var/lib/crater-agent-workspace/builds/worker-2-tc2/source:/opt/rustwide/workdir:ro,Z" "-v" "/var/lib/crater-agent-workspace/cargo-home:/opt/rustwide/cargo-home:ro,Z" "-v" "/var/lib/crater-agent-workspace/rustup-home:/opt/rustwide/rustup-home:ro,Z" "-e" "SOURCE_DIR=/opt/rustwide/workdir" "-e" "CARGO_TARGET_DIR=/opt/rustwide/target" "-e" "CARGO_INCREMENTAL=0" "-e" "RUST_BACKTRACE=full" "-e" "RUSTFLAGS=--cap-lints=warn" "-e" "RUSTDOCFLAGS=--cap-lints=warn" "-e" "CARGO_HOME=/opt/rustwide/cargo-home" "-e" "RUSTUP_HOME=/opt/rustwide/rustup-home" "-w" "/opt/rustwide/workdir" "-m" "1610612736" "--user" "0:0" "--network" "none" "ghcr.io/rust-lang/crates-build-env/linux@sha256:2788e3201cd34a07e3172128adcd8b3090168a8e3bcc40d7c032b9dda1df7d1c" "/opt/rustwide/cargo-home/bin/cargo" "+beta-2023-12-22" "test" "--frozen" "--no-run" "--message-format=json", kill_on_drop: false }`
[INFO] [stdout] 7672916a0102a4c33e8b5967c29e01a95ae0f8c2d7c985672355b81016e44505
[INFO] running `Command { std: "docker" "start" "-a" "7672916a0102a4c33e8b5967c29e01a95ae0f8c2d7c985672355b81016e44505", kill_on_drop: false }`
[INFO] [stderr] warning: unused manifest key: libs
[INFO] [stderr]    Compiling rust-workshop v0.1.0 (/opt/rustwide/workdir)
[INFO] [stdout] warning: unused import: `std::collections::HashMap`
[INFO] [stdout]  --> src/main.rs:4:5
[INFO] [stdout]   |
[INFO] [stdout] 4 | use std::collections::HashMap;
[INFO] [stdout]   |     ^^^^^^^^^^^^^^^^^^^^^^^^^
[INFO] [stdout]   |
[INFO] [stdout]   = note: `#[warn(unused_imports)]` on by default
[INFO] [stdout] 
[INFO] [stdout] 
[INFO] [stdout] warning: fields `api_key`, `api_secret`, `https_endpoint`, and `https_alt_endpoint` are never read
[INFO] [stdout]   --> src/main.rs:17:5
[INFO] [stdout]    |
[INFO] [stdout] 16 | pub struct Executor {
[INFO] [stdout]    |            -------- fields in this struct
[INFO] [stdout] 17 |     api_key: String,
[INFO] [stdout]    |     ^^^^^^^
[INFO] [stdout] 18 |     api_secret: String,
[INFO] [stdout]    |     ^^^^^^^^^^
[INFO] [stdout] 19 |     https_endpoint: Url,
[INFO] [stdout]    |     ^^^^^^^^^^^^^^
[INFO] [stdout] 20 |     https_alt_endpoint: Url,
[INFO] [stdout]    |     ^^^^^^^^^^^^^^^^^^
[INFO] [stdout]    |
[INFO] [stdout]    = note: `#[warn(dead_code)]` on by default
[INFO] [stdout] 
[INFO] [stdout] 
[INFO] [stdout] warning: 2 warnings emitted
[INFO] [stdout] 
[INFO] [stdout] 
[INFO] [stdout] warning: unused import: `std::collections::HashMap`
[INFO] [stdout]  --> src/main.rs:4:5
[INFO] [stdout]   |
[INFO] [stdout] 4 | use std::collections::HashMap;
[INFO] [stdout]   |     ^^^^^^^^^^^^^^^^^^^^^^^^^
[INFO] [stdout]   |
[INFO] [stdout]   = note: `#[warn(unused_imports)]` on by default
[INFO] [stdout] 
[INFO] [stdout] 
[INFO] [stdout] warning: unused import: `tokio::runtime::Runtime`
[INFO] [stdout]  --> tests/test_executor.rs:3:5
[INFO] [stdout]   |
[INFO] [stdout] 3 | use tokio::runtime::Runtime;
[INFO] [stdout]   |     ^^^^^^^^^^^^^^^^^^^^^^^
[INFO] [stdout]   |
[INFO] [stdout]   = note: `#[warn(unused_imports)]` on by default
[INFO] [stdout] 
[INFO] [stdout] 
[INFO] [stdout] warning: unused import: `std::collections::HashMap`
[INFO] [stdout]  --> tests/test_executor.rs:4:5
[INFO] [stdout]   |
[INFO] [stdout] 4 | use std::collections::HashMap;
[INFO] [stdout]   |     ^^^^^^^^^^^^^^^^^^^^^^^^^
[INFO] [stdout] 
[INFO] [stdout] 
[INFO] [stdout] warning: method `safety_check_spread` is never used
[INFO] [stdout]    --> tests/test_orderbook.rs:232:8
[INFO] [stdout]     |
[INFO] [stdout] 32  | impl Orderbook {
[INFO] [stdout]     | -------------- method in this implementation
[INFO] [stdout] ...
[INFO] [stdout] 232 |     fn safety_check_spread(&self, max_spread: f64) -> bool {
[INFO] [stdout]     |        ^^^^^^^^^^^^^^^^^^^
[INFO] [stdout]     |
[INFO] [stdout]     = note: `#[warn(dead_code)]` on by default
[INFO] [stdout] 
[INFO] [stdout] 
[INFO] [stdout] warning: fields `api_key`, `api_secret`, `https_endpoint`, and `https_alt_endpoint` are never read
[INFO] [stdout]   --> tests/test_executor.rs:17:5
[INFO] [stdout]    |
[INFO] [stdout] 16 | pub struct Executor<'a> {
[INFO] [stdout]    |            -------- fields in this struct
[INFO] [stdout] 17 |     api_key: &'a str,
[INFO] [stdout]    |     ^^^^^^^
[INFO] [stdout] 18 |     api_secret: &'a str, 
[INFO] [stdout]    |     ^^^^^^^^^^
[INFO] [stdout] 19 |     https_endpoint: Url,
[INFO] [stdout]    |     ^^^^^^^^^^^^^^
[INFO] [stdout] 20 |     https_alt_endpoint: Url,
[INFO] [stdout]    |     ^^^^^^^^^^^^^^^^^^
[INFO] [stdout]    |
[INFO] [stdout]    = note: `#[warn(dead_code)]` on by default
[INFO] [stdout] 
[INFO] [stdout] 
[INFO] [stdout] warning: fields `api_key`, `api_secret`, `https_endpoint`, and `https_alt_endpoint` are never read
[INFO] [stdout]   --> src/main.rs:17:5
[INFO] [stdout]    |
[INFO] [stdout] 16 | pub struct Executor {
[INFO] [stdout]    |            -------- fields in this struct
[INFO] [stdout] 17 |     api_key: String,
[INFO] [stdout]    |     ^^^^^^^
[INFO] [stdout] 18 |     api_secret: String,
[INFO] [stdout]    |     ^^^^^^^^^^
[INFO] [stdout] 19 |     https_endpoint: Url,
[INFO] [stdout]    |     ^^^^^^^^^^^^^^
[INFO] [stdout] 20 |     https_alt_endpoint: Url,
[INFO] [stdout]    |     ^^^^^^^^^^^^^^^^^^
[INFO] [stdout]    |
[INFO] [stdout]    = note: `#[warn(dead_code)]` on by default
[INFO] [stdout] 
[INFO] [stdout] 
[INFO] [stdout] warning: 3 warnings emitted
[INFO] [stdout] 
[INFO] [stdout] 
[INFO] [stdout] warning: 2 warnings emitted
[INFO] [stdout] 
[INFO] [stdout] 
[INFO] [stdout] warning: 1 warning emitted
[INFO] [stdout] 
[INFO] [stdout] 
[INFO] [stderr]     Finished test [unoptimized + debuginfo] target(s) in 0.91s
[INFO] running `Command { std: "docker" "inspect" "7672916a0102a4c33e8b5967c29e01a95ae0f8c2d7c985672355b81016e44505", kill_on_drop: false }`
[INFO] running `Command { std: "docker" "rm" "-f" "7672916a0102a4c33e8b5967c29e01a95ae0f8c2d7c985672355b81016e44505", kill_on_drop: false }`
[INFO] [stdout] 7672916a0102a4c33e8b5967c29e01a95ae0f8c2d7c985672355b81016e44505
[INFO] running `Command { std: "docker" "create" "-v" "/var/lib/crater-agent-workspace/builds/worker-2-tc2/target:/opt/rustwide/target:rw,Z" "-v" "/var/lib/crater-agent-workspace/builds/worker-2-tc2/source:/opt/rustwide/workdir:ro,Z" "-v" "/var/lib/crater-agent-workspace/cargo-home:/opt/rustwide/cargo-home:ro,Z" "-v" "/var/lib/crater-agent-workspace/rustup-home:/opt/rustwide/rustup-home:ro,Z" "-e" "SOURCE_DIR=/opt/rustwide/workdir" "-e" "CARGO_TARGET_DIR=/opt/rustwide/target" "-e" "CARGO_INCREMENTAL=0" "-e" "RUST_BACKTRACE=full" "-e" "RUSTFLAGS=--cap-lints=warn" "-e" "RUSTDOCFLAGS=--cap-lints=warn" "-e" "CARGO_HOME=/opt/rustwide/cargo-home" "-e" "RUSTUP_HOME=/opt/rustwide/rustup-home" "-w" "/opt/rustwide/workdir" "-m" "1610612736" "--user" "0:0" "--network" "none" "ghcr.io/rust-lang/crates-build-env/linux@sha256:2788e3201cd34a07e3172128adcd8b3090168a8e3bcc40d7c032b9dda1df7d1c" "/opt/rustwide/cargo-home/bin/cargo" "+beta-2023-12-22" "test" "--frozen", kill_on_drop: false }`
[INFO] [stdout] b75a6d489a3887d0728f25f0063e70f8728bcba3036b18cc2256a32b0e6c5501
[INFO] running `Command { std: "docker" "start" "-a" "b75a6d489a3887d0728f25f0063e70f8728bcba3036b18cc2256a32b0e6c5501", kill_on_drop: false }`
[INFO] [stderr] warning: unused manifest key: libs
[INFO] [stderr] warning: method `safety_check_spread` is never used
[INFO] [stderr]    --> tests/test_orderbook.rs:232:8
[INFO] [stderr]     |
[INFO] [stderr] 32  | impl Orderbook {
[INFO] [stderr]     | -------------- method in this implementation
[INFO] [stderr] ...
[INFO] [stderr] 232 |     fn safety_check_spread(&self, max_spread: f64) -> bool {
[INFO] [stderr]     |        ^^^^^^^^^^^^^^^^^^^
[INFO] [stderr]     |
[INFO] [stderr]     = note: `#[warn(dead_code)]` on by default
[INFO] [stderr] 
[INFO] [stderr] warning: unused import: `std::collections::HashMap`
[INFO] [stderr]  --> src/main.rs:4:5
[INFO] [stderr]   |
[INFO] [stderr] 4 | use std::collections::HashMap;
[INFO] [stderr]   |     ^^^^^^^^^^^^^^^^^^^^^^^^^
[INFO] [stderr]   |
[INFO] [stderr]   = note: `#[warn(unused_imports)]` on by default
[INFO] [stderr] 
[INFO] [stderr] warning: fields `api_key`, `api_secret`, `https_endpoint`, and `https_alt_endpoint` are never read
[INFO] [stderr]   --> src/main.rs:17:5
[INFO] [stderr]    |
[INFO] [stderr] 16 | pub struct Executor {
[INFO] [stderr]    |            -------- fields in this struct
[INFO] [stderr] 17 |     api_key: String,
[INFO] [stderr]    |     ^^^^^^^
[INFO] [stderr] 18 |     api_secret: String,
[INFO] [stderr]    |     ^^^^^^^^^^
[INFO] [stderr] 19 |     https_endpoint: Url,
[INFO] [stderr]    |     ^^^^^^^^^^^^^^
[INFO] [stderr] 20 |     https_alt_endpoint: Url,
[INFO] [stderr]    |     ^^^^^^^^^^^^^^^^^^
[INFO] [stderr]    |
[INFO] [stderr]    = note: `#[warn(dead_code)]` on by default
[INFO] [stderr] 
[INFO] [stderr] warning: unused import: `tokio::runtime::Runtime`
[INFO] [stderr]  --> tests/test_executor.rs:3:5
[INFO] [stderr]   |
[INFO] [stderr] 3 | use tokio::runtime::Runtime;
[INFO] [stderr]   |     ^^^^^^^^^^^^^^^^^^^^^^^
[INFO] [stderr]   |
[INFO] [stderr]   = note: `#[warn(unused_imports)]` on by default
[INFO] [stderr] 
[INFO] [stderr] warning: unused import: `std::collections::HashMap`
[INFO] [stderr]  --> tests/test_executor.rs:4:5
[INFO] [stderr]   |
[INFO] [stderr] 4 | use std::collections::HashMap;
[INFO] [stderr]   |     ^^^^^^^^^^^^^^^^^^^^^^^^^
[INFO] [stderr] 
[INFO] [stderr] warning: fields `api_key`, `api_secret`, `https_endpoint`, and `https_alt_endpoint` are never read
[INFO] [stderr]   --> tests/test_executor.rs:17:5
[INFO] [stderr]    |
[INFO] [stderr] 16 | pub struct Executor<'a> {
[INFO] [stderr]    |            -------- fields in this struct
[INFO] [stderr] 17 |     api_key: &'a str,
[INFO] [stderr]    |     ^^^^^^^
[INFO] [stderr] 18 |     api_secret: &'a str, 
[INFO] [stderr]    |     ^^^^^^^^^^
[INFO] [stderr] 19 |     https_endpoint: Url,
[INFO] [stderr]    |     ^^^^^^^^^^^^^^
[INFO] [stderr] 20 |     https_alt_endpoint: Url,
[INFO] [stderr]    |     ^^^^^^^^^^^^^^^^^^
[INFO] [stderr]    |
[INFO] [stderr]    = note: `#[warn(dead_code)]` on by default
[INFO] [stderr] 
[INFO] [stderr] warning: `rust-workshop` (test "test_orderbook") generated 1 warning
[INFO] [stderr] warning: `rust-workshop` (bin "rust-workshop") generated 2 warnings (run `cargo fix --bin "rust-workshop"` to apply 1 suggestion)
[INFO] [stderr] warning: `rust-workshop` (bin "rust-workshop" test) generated 2 warnings (2 duplicates)
[INFO] [stderr] warning: `rust-workshop` (test "test_executor") generated 3 warnings (run `cargo fix --test "test_executor"` to apply 2 suggestions)
[INFO] [stderr]     Finished test [unoptimized + debuginfo] target(s) in 0.08s
[INFO] [stderr]      Running unittests src/main.rs (/opt/rustwide/target/debug/deps/rust_workshop-fcde235ab5488405)
[INFO] [stdout] 
[INFO] [stdout] running 0 tests
[INFO] [stdout] 
[INFO] [stdout] test result: ok. 0 passed; 0 failed; 0 ignored; 0 measured; 0 filtered out; finished in 0.00s
[INFO] [stdout] 
[INFO] [stderr]      Running tests/test_executor.rs (/opt/rustwide/target/debug/deps/test_executor-f36740553bd7b30b)
[INFO] [stdout] 
[INFO] [stdout] running 0 tests
[INFO] [stdout] 
[INFO] [stdout] test result: ok. 0 passed; 0 failed; 0 ignored; 0 measured; 0 filtered out; finished in 0.00s
[INFO] [stdout] 
[INFO] [stderr]      Running tests/test_logic.rs (/opt/rustwide/target/debug/deps/test_logic-227071e41fb0b3a6)
[INFO] [stdout] 
[INFO] [stdout] running 0 tests
[INFO] [stdout] 
[INFO] [stdout] test result: ok. 0 passed; 0 failed; 0 ignored; 0 measured; 0 filtered out; finished in 0.00s
[INFO] [stdout] 
[INFO] [stderr]      Running tests/test_oms.rs (/opt/rustwide/target/debug/deps/test_oms-415e0ee3f8eb62bb)
[INFO] [stdout] 
[INFO] [stdout] running 6 tests
[INFO] [stdout] test tests::test_delete_order_oms ... ok
[INFO] [stdout] test tests::test_add_order_oms ... ok
[INFO] [stdout] test tests::test_get_inventory_delta_oms ... ok
[INFO] [stdout] test tests::test_get_order_oms ... ok
[INFO] [stdout] test tests::test_new_oms ... ok
[INFO] [stdout] test tests::test_get_size_to_target ... ok
[INFO] [stdout] 
[INFO] [stdout] test result: ok. 6 passed; 0 failed; 0 ignored; 0 measured; 0 filtered out; finished in 0.00s
[INFO] [stdout] 
[INFO] [stderr]      Running tests/test_orderbook.rs (/opt/rustwide/target/debug/deps/test_orderbook-c4236a817ee00c5f)
[INFO] [stdout] 
[INFO] [stdout] running 11 tests
[INFO] [stdout] test tests::test_get_ask_orderbook ... ok
[INFO] [stdout] test tests::test_get_asks_orderbook ... ok
[INFO] [stdout] test tests::test_get_bid_orderbook ... ok
[INFO] [stdout] test tests::test_get_bids_orderbook ... ok
[INFO] [stdout] test tests::test_get_mid_price_orderbook ... ok
[INFO] [stdout] test tests::test_get_orderbook_spread_orderbook ... ok
[INFO] [stdout] test tests::test_insert_order_orderbook ... ok
[INFO] [stdout] test tests::test_new_orderbook ... ok
[INFO] [stdout] test tests::test_safety_check_size_orderbook ... ok
[INFO] [stdout] test tests::test_get_ordebook_skew_orderbook ... ok
[INFO] [stdout] test tests::test_get_ordebook_skew_by_range_orderbook ... FAILED
[INFO] [stdout] 
[INFO] [stdout] failures:
[INFO] [stdout] 
[INFO] [stdout] ---- tests::test_get_ordebook_skew_by_range_orderbook stdout ----
[INFO] [stdout] thread 'tests::test_get_ordebook_skew_by_range_orderbook' panicked at tests/test_orderbook.rs:645:9:
[INFO] [stdout] assertion `left == right` failed
[INFO] [stdout]   left: -0.174649582158113
[INFO] [stdout]  right: -0.17464958215811283
[INFO] [stdout] stack backtrace:
[INFO] [stdout]    0:     0x55e67b02bd06 - std::backtrace_rs::backtrace::libunwind::trace::h261606ad26a499c1
[INFO] [stdout]                                at /rustc/0e09125c6c3c2fd70d7de961bcf0e51575235fad/library/std/src/../../backtrace/src/backtrace/libunwind.rs:104:5
[INFO] [stdout]    1:     0x55e67b02bd06 - std::backtrace_rs::backtrace::trace_unsynchronized::hd183f0625477fb28
[INFO] [stdout]                                at /rustc/0e09125c6c3c2fd70d7de961bcf0e51575235fad/library/std/src/../../backtrace/src/backtrace/mod.rs:66:5
[INFO] [stdout]    2:     0x55e67b02bd06 - std::sys_common::backtrace::_print_fmt::hd7f8fef21b4eda67
[INFO] [stdout]                                at /rustc/0e09125c6c3c2fd70d7de961bcf0e51575235fad/library/std/src/sys_common/backtrace.rs:68:5
[INFO] [stdout]    3:     0x55e67b02bd06 - <std::sys_common::backtrace::_print::DisplayBacktrace as core::fmt::Display>::fmt::h623d9b51f2f453f1
[INFO] [stdout]                                at /rustc/0e09125c6c3c2fd70d7de961bcf0e51575235fad/library/std/src/sys_common/backtrace.rs:44:22
[INFO] [stdout]    4:     0x55e67b055310 - core::fmt::rt::Argument::fmt::h9f417ac76a86f368
[INFO] [stdout]                                at /rustc/0e09125c6c3c2fd70d7de961bcf0e51575235fad/library/core/src/fmt/rt.rs:142:9
[INFO] [stdout]    5:     0x55e67b055310 - core::fmt::write::hc9b6faf4ac2aeff7
[INFO] [stdout]                                at /rustc/0e09125c6c3c2fd70d7de961bcf0e51575235fad/library/core/src/fmt/mod.rs:1120:17
[INFO] [stdout]    6:     0x55e67b02976f - std::io::Write::write_fmt::he04625a3a989fec3
[INFO] [stdout]                                at /rustc/0e09125c6c3c2fd70d7de961bcf0e51575235fad/library/std/src/io/mod.rs:1810:15
[INFO] [stdout]    7:     0x55e67b02bae4 - std::sys_common::backtrace::_print::hd5d66399c7df88a2
[INFO] [stdout]                                at /rustc/0e09125c6c3c2fd70d7de961bcf0e51575235fad/library/std/src/sys_common/backtrace.rs:47:5
[INFO] [stdout]    8:     0x55e67b02bae4 - std::sys_common::backtrace::print::he81ed2da642d37e5
[INFO] [stdout]                                at /rustc/0e09125c6c3c2fd70d7de961bcf0e51575235fad/library/std/src/sys_common/backtrace.rs:34:9
[INFO] [stdout]    9:     0x55e67b02d857 - std::panicking::default_hook::{{closure}}::h85773f4fa117163d
[INFO] [stdout]   10:     0x55e67b02d53d - std::panicking::default_hook::h6a1694a91d09b278
[INFO] [stdout]                                at /rustc/0e09125c6c3c2fd70d7de961bcf0e51575235fad/library/std/src/panicking.rs:289:9
[INFO] [stdout]   11:     0x55e67afc2c07 - <alloc::boxed::Box<F,A> as core::ops::function::Fn<Args>>::call::h616ac37fa3cd6c8f
[INFO] [stdout]                                at /rustc/0e09125c6c3c2fd70d7de961bcf0e51575235fad/library/alloc/src/boxed.rs:2029:9
[INFO] [stdout]   12:     0x55e67afc2c07 - test::test_main::{{closure}}::h00d84697cefdcbb6
[INFO] [stdout]                                at /rustc/0e09125c6c3c2fd70d7de961bcf0e51575235fad/library/test/src/lib.rs:138:21
[INFO] [stdout]   13:     0x55e67b02de76 - <alloc::boxed::Box<F,A> as core::ops::function::Fn<Args>>::call::hcb3fe3b9bb537ba8
[INFO] [stdout]                                at /rustc/0e09125c6c3c2fd70d7de961bcf0e51575235fad/library/alloc/src/boxed.rs:2029:9
[INFO] [stdout]   14:     0x55e67b02de76 - std::panicking::rust_panic_with_hook::h0a7ad96e90f7145b
[INFO] [stdout]                                at /rustc/0e09125c6c3c2fd70d7de961bcf0e51575235fad/library/std/src/panicking.rs:783:13
[INFO] [stdout]   15:     0x55e67b02dbc2 - std::panicking::begin_panic_handler::{{closure}}::h7919090525c6485e
[INFO] [stdout]                                at /rustc/0e09125c6c3c2fd70d7de961bcf0e51575235fad/library/std/src/panicking.rs:657:13
[INFO] [stdout]   16:     0x55e67b02c206 - std::sys_common::backtrace::__rust_end_short_backtrace::hf3289479464f7dfe
[INFO] [stdout]                                at /rustc/0e09125c6c3c2fd70d7de961bcf0e51575235fad/library/std/src/sys_common/backtrace.rs:171:18
[INFO] [stdout]   17:     0x55e67b02d920 - rust_begin_unwind
[INFO] [stdout]                                at /rustc/0e09125c6c3c2fd70d7de961bcf0e51575235fad/library/std/src/panicking.rs:645:5
[INFO] [stdout]   18:     0x55e67af76195 - core::panicking::panic_fmt::hcc9f77c5c132af55
[INFO] [stdout]                                at /rustc/0e09125c6c3c2fd70d7de961bcf0e51575235fad/library/core/src/panicking.rs:72:14
[INFO] [stdout]   19:     0x55e67af765cb - core::panicking::assert_failed_inner::h9f13e27dd63c3a08
[INFO] [stdout]                                at /rustc/0e09125c6c3c2fd70d7de961bcf0e51575235fad/library/core/src/panicking.rs:342:17
[INFO] [stdout]   20:     0x55e67af89ffe - core::panicking::assert_failed::h336ff20f9968e106
[INFO] [stdout]                                at /rustc/0e09125c6c3c2fd70d7de961bcf0e51575235fad/library/core/src/panicking.rs:297:5
[INFO] [stdout]   21:     0x55e67af8812e - test_orderbook::tests::test_get_ordebook_skew_by_range_orderbook::h97a6d1df09c6ba10
[INFO] [stdout]                                at /opt/rustwide/workdir/tests/test_orderbook.rs:645:9
[INFO] [stdout]   22:     0x55e67af87707 - test_orderbook::tests::test_get_ordebook_skew_by_range_orderbook::{{closure}}::h5d3a16ddf723973b
[INFO] [stdout]                                at /opt/rustwide/workdir/tests/test_orderbook.rs:568:51
[INFO] [stdout]   23:     0x55e67af811f6 - core::ops::function::FnOnce::call_once::h007dd3a5ba904960
[INFO] [stdout]                                at /rustc/0e09125c6c3c2fd70d7de961bcf0e51575235fad/library/core/src/ops/function.rs:250:5
[INFO] [stdout]   24:     0x55e67afc84df - core::ops::function::FnOnce::call_once::hd64d26f405258157
[INFO] [stdout]                                at /rustc/0e09125c6c3c2fd70d7de961bcf0e51575235fad/library/core/src/ops/function.rs:250:5
[INFO] [stdout]   25:     0x55e67afc84df - test::__rust_begin_short_backtrace::he21b0b7a6d731bf9
[INFO] [stdout]                                at /rustc/0e09125c6c3c2fd70d7de961bcf0e51575235fad/library/test/src/lib.rs:627:18
[INFO] [stdout]   26:     0x55e67afc7261 - test::run_test_in_process::{{closure}}::hf5c73986d7bdfde2
[INFO] [stdout]                                at /rustc/0e09125c6c3c2fd70d7de961bcf0e51575235fad/library/test/src/lib.rs:650:60
[INFO] [stdout]   27:     0x55e67afc7261 - <core::panic::unwind_safe::AssertUnwindSafe<F> as core::ops::function::FnOnce<()>>::call_once::h330011ad032aadc0
[INFO] [stdout]                                at /rustc/0e09125c6c3c2fd70d7de961bcf0e51575235fad/library/core/src/panic/unwind_safe.rs:272:9
[INFO] [stdout]   28:     0x55e67afc7261 - std::panicking::try::do_call::he61b0a958b795a41
[INFO] [stdout]                                at /rustc/0e09125c6c3c2fd70d7de961bcf0e51575235fad/library/std/src/panicking.rs:552:40
[INFO] [stdout]   29:     0x55e67afc7261 - std::panicking::try::h7309da130f906eb7
[INFO] [stdout]                                at /rustc/0e09125c6c3c2fd70d7de961bcf0e51575235fad/library/std/src/panicking.rs:516:19
[INFO] [stdout]   30:     0x55e67afc7261 - std::panic::catch_unwind::hc5c3a06fdaf0a92a
[INFO] [stdout]                                at /rustc/0e09125c6c3c2fd70d7de961bcf0e51575235fad/library/std/src/panic.rs:142:14
[INFO] [stdout]   31:     0x55e67afc7261 - test::run_test_in_process::h7e7b7c71c3324e0f
[INFO] [stdout]                                at /rustc/0e09125c6c3c2fd70d7de961bcf0e51575235fad/library/test/src/lib.rs:650:27
[INFO] [stdout]   32:     0x55e67afc7261 - test::run_test::{{closure}}::h1f509f28f5cf20b1
[INFO] [stdout]                                at /rustc/0e09125c6c3c2fd70d7de961bcf0e51575235fad/library/test/src/lib.rs:573:43
[INFO] [stdout]   33:     0x55e67af8e596 - test::run_test::{{closure}}::h1754218abf443f6d
[INFO] [stdout]                                at /rustc/0e09125c6c3c2fd70d7de961bcf0e51575235fad/library/test/src/lib.rs:601:41
[INFO] [stdout]   34:     0x55e67af8e596 - std::sys_common::backtrace::__rust_begin_short_backtrace::h2ee174b9d5954948
[INFO] [stdout]                                at /rustc/0e09125c6c3c2fd70d7de961bcf0e51575235fad/library/std/src/sys_common/backtrace.rs:155:18
[INFO] [stdout]   35:     0x55e67af935f7 - std::thread::Builder::spawn_unchecked_::{{closure}}::{{closure}}::hf60bee9c1a17ef09
[INFO] [stdout]                                at /rustc/0e09125c6c3c2fd70d7de961bcf0e51575235fad/library/std/src/thread/mod.rs:529:17
[INFO] [stdout]   36:     0x55e67af935f7 - <core::panic::unwind_safe::AssertUnwindSafe<F> as core::ops::function::FnOnce<()>>::call_once::h33d0dddec5216160
[INFO] [stdout]                                at /rustc/0e09125c6c3c2fd70d7de961bcf0e51575235fad/library/core/src/panic/unwind_safe.rs:272:9
[INFO] [stdout]   37:     0x55e67af935f7 - std::panicking::try::do_call::h144b3048b546f835
[INFO] [stdout]                                at /rustc/0e09125c6c3c2fd70d7de961bcf0e51575235fad/library/std/src/panicking.rs:552:40
[INFO] [stdout]   38:     0x55e67af935f7 - std::panicking::try::h978244d04646189f
[INFO] [stdout]                                at /rustc/0e09125c6c3c2fd70d7de961bcf0e51575235fad/library/std/src/panicking.rs:516:19
[INFO] [stdout]   39:     0x55e67af935f7 - std::panic::catch_unwind::hdf436369d188fe86
[INFO] [stdout]                                at /rustc/0e09125c6c3c2fd70d7de961bcf0e51575235fad/library/std/src/panic.rs:142:14
[INFO] [stdout]   40:     0x55e67af935f7 - std::thread::Builder::spawn_unchecked_::{{closure}}::h87329cbdd33c79ec
[INFO] [stdout]                                at /rustc/0e09125c6c3c2fd70d7de961bcf0e51575235fad/library/std/src/thread/mod.rs:528:30
[INFO] [stdout]   41:     0x55e67af935f7 - core::ops::function::FnOnce::call_once{{vtable.shim}}::h401abbe67897d450
[INFO] [stdout]                                at /rustc/0e09125c6c3c2fd70d7de961bcf0e51575235fad/library/core/src/ops/function.rs:250:5
[INFO] [stdout]   42:     0x55e67b032925 - <alloc::boxed::Box<F,A> as core::ops::function::FnOnce<Args>>::call_once::h5d7c8f150ab9c84c
[INFO] [stdout]                                at /rustc/0e09125c6c3c2fd70d7de961bcf0e51575235fad/library/alloc/src/boxed.rs:2015:9
[INFO] [stdout]   43:     0x55e67b032925 - <alloc::boxed::Box<F,A> as core::ops::function::FnOnce<Args>>::call_once::h570d5b005c242c15
[INFO] [stdout]                                at /rustc/0e09125c6c3c2fd70d7de961bcf0e51575235fad/library/alloc/src/boxed.rs:2015:9
[INFO] [stdout]   44:     0x55e67b032925 - std::sys::unix::thread::Thread::new::thread_start::h36b0a20c0b2361ad
[INFO] [stdout]                                at /rustc/0e09125c6c3c2fd70d7de961bcf0e51575235fad/library/std/src/sys/unix/thread.rs:108:17
[INFO] [stdout]   45:     0x7f7c3f505ac3 - <unknown>
[INFO] [stdout]   46:     0x7f7c3f596bf4 - __clone
[INFO] [stdout]   47:                0x0 - <unknown>
[INFO] [stdout] 
[INFO] [stdout] 
[INFO] [stdout] failures:
[INFO] [stdout]     tests::test_get_ordebook_skew_by_range_orderbook
[INFO] [stdout] 
[INFO] [stdout] test result: FAILED. 10 passed; 1 failed; 0 ignored; 0 measured; 0 filtered out; finished in 0.02s
[INFO] [stdout] 
[INFO] [stderr] error: test failed, to rerun pass `--test test_orderbook`
[INFO] running `Command { std: "docker" "inspect" "b75a6d489a3887d0728f25f0063e70f8728bcba3036b18cc2256a32b0e6c5501", kill_on_drop: false }`
[INFO] running `Command { std: "docker" "rm" "-f" "b75a6d489a3887d0728f25f0063e70f8728bcba3036b18cc2256a32b0e6c5501", kill_on_drop: false }`
[INFO] [stdout] b75a6d489a3887d0728f25f0063e70f8728bcba3036b18cc2256a32b0e6c5501
