[INFO] cloning repository https://github.com/Rose1917/HDFS-PROXY-TUI
[INFO] running `Command { std: "git" "-c" "credential.helper=" "-c" "credential.helper=/workspace/cargo-home/bin/git-credential-null" "clone" "--bare" "https://github.com/Rose1917/HDFS-PROXY-TUI" "/workspace/cache/git-repos/https%3A%2F%2Fgithub.com%2FRose1917%2FHDFS-PROXY-TUI", kill_on_drop: false }`
[INFO] [stderr] Cloning into bare repository '/workspace/cache/git-repos/https%3A%2F%2Fgithub.com%2FRose1917%2FHDFS-PROXY-TUI'...
[INFO] running `Command { std: "git" "rev-parse" "HEAD", kill_on_drop: false }`
[INFO] [stdout] d88d82950f4534f3c584df4cb88234ecb50c3c45
[INFO] testing Rose1917/HDFS-PROXY-TUI against 1.75.0 for beta-1.76-1
[INFO] running `Command { std: "git" "clone" "/workspace/cache/git-repos/https%3A%2F%2Fgithub.com%2FRose1917%2FHDFS-PROXY-TUI" "/workspace/builds/worker-4-tc1/source", kill_on_drop: false }`
[INFO] [stderr] Cloning into '/workspace/builds/worker-4-tc1/source'...
[INFO] [stderr] done.
[INFO] validating manifest of git repo https://github.com/Rose1917/HDFS-PROXY-TUI on toolchain 1.75.0
[INFO] running `Command { std: CARGO_HOME="/workspace/cargo-home" RUSTUP_HOME="/workspace/rustup-home" "/workspace/cargo-home/bin/cargo" "+1.75.0" "metadata" "--manifest-path" "Cargo.toml" "--no-deps", kill_on_drop: false }`
[INFO] started tweaking git repo https://github.com/Rose1917/HDFS-PROXY-TUI
[INFO] finished tweaking git repo https://github.com/Rose1917/HDFS-PROXY-TUI
[INFO] tweaked toml for git repo https://github.com/Rose1917/HDFS-PROXY-TUI written to /workspace/builds/worker-4-tc1/source/Cargo.toml
[INFO] crate git repo https://github.com/Rose1917/HDFS-PROXY-TUI already has a lockfile, it will not be regenerated
[INFO] running `Command { std: CARGO_HOME="/workspace/cargo-home" RUSTUP_HOME="/workspace/rustup-home" "/workspace/cargo-home/bin/cargo" "+1.75.0" "fetch" "--manifest-path" "Cargo.toml", kill_on_drop: false }`
[INFO] [stderr]     Updating crates.io index
[INFO] [stderr]  Downloading crates ...
[INFO] [stderr]   Downloaded tokio v1.20.5
[INFO] [stderr]   Downloaded tui-logger v0.7.1
[INFO] running `Command { std: "docker" "create" "-v" "/var/lib/crater-agent-workspace/builds/worker-4-tc1/target:/opt/rustwide/target:rw,Z" "-v" "/var/lib/crater-agent-workspace/builds/worker-4-tc1/source:/opt/rustwide/workdir:ro,Z" "-v" "/var/lib/crater-agent-workspace/cargo-home:/opt/rustwide/cargo-home:ro,Z" "-v" "/var/lib/crater-agent-workspace/rustup-home:/opt/rustwide/rustup-home:ro,Z" "-e" "SOURCE_DIR=/opt/rustwide/workdir" "-e" "CARGO_TARGET_DIR=/opt/rustwide/target" "-e" "CARGO_HOME=/opt/rustwide/cargo-home" "-e" "RUSTUP_HOME=/opt/rustwide/rustup-home" "-w" "/opt/rustwide/workdir" "-m" "1610612736" "--user" "0:0" "--network" "none" "ghcr.io/rust-lang/crates-build-env/linux@sha256:2788e3201cd34a07e3172128adcd8b3090168a8e3bcc40d7c032b9dda1df7d1c" "/opt/rustwide/cargo-home/bin/cargo" "+1.75.0" "metadata" "--no-deps" "--format-version=1", kill_on_drop: false }`
[INFO] [stdout] 773ff55a5e99e82a5d5104a2c37ae34f737672deb7fe6e3073c6ca758625a43b
[INFO] running `Command { std: "docker" "start" "-a" "773ff55a5e99e82a5d5104a2c37ae34f737672deb7fe6e3073c6ca758625a43b", kill_on_drop: false }`
[INFO] running `Command { std: "docker" "inspect" "773ff55a5e99e82a5d5104a2c37ae34f737672deb7fe6e3073c6ca758625a43b", kill_on_drop: false }`
[INFO] running `Command { std: "docker" "rm" "-f" "773ff55a5e99e82a5d5104a2c37ae34f737672deb7fe6e3073c6ca758625a43b", kill_on_drop: false }`
[INFO] [stdout] 773ff55a5e99e82a5d5104a2c37ae34f737672deb7fe6e3073c6ca758625a43b
[INFO] running `Command { std: "docker" "create" "-v" "/var/lib/crater-agent-workspace/builds/worker-4-tc1/target:/opt/rustwide/target:rw,Z" "-v" "/var/lib/crater-agent-workspace/builds/worker-4-tc1/source:/opt/rustwide/workdir:ro,Z" "-v" "/var/lib/crater-agent-workspace/cargo-home:/opt/rustwide/cargo-home:ro,Z" "-v" "/var/lib/crater-agent-workspace/rustup-home:/opt/rustwide/rustup-home:ro,Z" "-e" "SOURCE_DIR=/opt/rustwide/workdir" "-e" "CARGO_TARGET_DIR=/opt/rustwide/target" "-e" "CARGO_INCREMENTAL=0" "-e" "RUST_BACKTRACE=full" "-e" "RUSTFLAGS=--cap-lints=warn" "-e" "RUSTDOCFLAGS=--cap-lints=warn" "-e" "CARGO_HOME=/opt/rustwide/cargo-home" "-e" "RUSTUP_HOME=/opt/rustwide/rustup-home" "-w" "/opt/rustwide/workdir" "-m" "1610612736" "--user" "0:0" "--network" "none" "ghcr.io/rust-lang/crates-build-env/linux@sha256:2788e3201cd34a07e3172128adcd8b3090168a8e3bcc40d7c032b9dda1df7d1c" "/opt/rustwide/cargo-home/bin/cargo" "+1.75.0" "build" "--frozen" "--message-format=json", kill_on_drop: false }`
[INFO] [stdout] 50ea7fb32145dccc5524ca2445cb5f9a25c04e98be3b15c431ab5b6b690e1238
[INFO] running `Command { std: "docker" "start" "-a" "50ea7fb32145dccc5524ca2445cb5f9a25c04e98be3b15c431ab5b6b690e1238", kill_on_drop: false }`
[INFO] [stderr]    Compiling libc v0.2.147
[INFO] [stderr]    Compiling autocfg v1.1.0
[INFO] [stderr]    Compiling cfg-if v1.0.0
[INFO] [stderr]    Compiling log v0.4.16
[INFO] [stderr]    Compiling proc-macro2 v1.0.66
[INFO] [stderr]    Compiling smallvec v1.8.0
[INFO] [stderr]    Compiling unicode-ident v1.0.11
[INFO] [stderr]    Compiling scopeguard v1.1.0
[INFO] [stderr]    Compiling parking_lot_core v0.9.2
[INFO] [stderr]    Compiling once_cell v1.18.0
[INFO] [stderr]    Compiling pin-project-lite v0.2.8
[INFO] [stderr]    Compiling pkg-config v0.3.27
[INFO] [stderr]    Compiling cc v1.0.79
[INFO] [stderr]    Compiling syn v1.0.91
[INFO] [stderr]    Compiling bitflags v1.3.2
[INFO] [stderr]    Compiling memchr v2.4.1
[INFO] [stderr]    Compiling unicode-xid v0.2.2
[INFO] [stderr]    Compiling futures-core v0.3.28
[INFO] [stderr]    Compiling bytes v1.1.0
[INFO] [stderr]    Compiling itoa v1.0.9
[INFO] [stderr]    Compiling signal-hook v0.3.13
[INFO] [stderr]    Compiling futures-task v0.3.28
[INFO] [stderr]    Compiling openssl v0.10.55
[INFO] [stderr]    Compiling foreign-types-shared v0.1.1
[INFO] [stderr]    Compiling tracing-core v0.1.31
[INFO] [stderr]    Compiling fnv v1.0.7
[INFO] [stderr]    Compiling parking_lot_core v0.8.5
[INFO] [stderr]    Compiling serde v1.0.178
[INFO] [stderr]    Compiling futures-util v0.3.28
[INFO] [stderr]    Compiling foreign-types v0.3.2
[INFO] [stderr]    Compiling instant v0.1.12
[INFO] [stderr]    Compiling lock_api v0.4.7
[INFO] [stderr]    Compiling tokio v1.20.5
[INFO] [stderr]    Compiling slab v0.4.8
[INFO] [stderr]    Compiling indexmap v1.9.3
[INFO] [stderr]    Compiling num-traits v0.2.14
[INFO] [stderr]    Compiling native-tls v0.2.11
[INFO] [stderr]    Compiling http v0.2.9
[INFO] [stderr]    Compiling futures-sink v0.3.28
[INFO] [stderr]    Compiling serde_derive v1.0.178
[INFO] [stderr]    Compiling httparse v1.8.0
[INFO] [stderr]    Compiling tinyvec_macros v0.1.1
[INFO] [stderr]    Compiling hashbrown v0.12.3
[INFO] [stderr]    Compiling tracing v0.1.35
[INFO] [stderr]    Compiling futures-channel v0.3.28
[INFO] [stderr]    Compiling quote v1.0.32
[INFO] [stderr]    Compiling pin-utils v0.1.0
[INFO] [stderr]    Compiling tinyvec v1.6.0
[INFO] [stderr]    Compiling syn v2.0.27
[INFO] [stderr]    Compiling signal-hook-registry v1.4.0
[INFO] [stderr]    Compiling mio v0.8.2
[INFO] [stderr]    Compiling num_cpus v1.13.1
[INFO] [stderr]    Compiling socket2 v0.4.9
[INFO] [stderr]    Compiling mio v0.7.14
[INFO] [stderr]    Compiling parking_lot v0.12.0
[INFO] [stderr]    Compiling openssl-sys v0.9.90
[INFO] [stderr]    Compiling signal-hook-mio v0.2.3
[INFO] [stderr]    Compiling num-integer v0.1.44
[INFO] [stderr]    Compiling openssl-probe v0.1.5
[INFO] [stderr]    Compiling try-lock v0.2.4
[INFO] [stderr]    Compiling percent-encoding v2.3.0
[INFO] [stderr]    Compiling want v0.3.1
[INFO] [stderr]    Compiling form_urlencoded v1.2.0
[INFO] [stderr]    Compiling unicode-normalization v0.1.22
[INFO] [stderr]    Compiling parking_lot v0.11.2
[INFO] [stderr]    Compiling http-body v0.4.5
[INFO] [stderr]    Compiling time v0.1.44
[INFO] [stderr]    Compiling slog v2.7.0
[INFO] [stderr]    Compiling unicode-bidi v0.3.13
[INFO] [stderr]    Compiling httpdate v1.0.2
[INFO] [stderr]    Compiling gcc v0.3.55
[INFO] [stderr]    Compiling ryu v1.0.15
[INFO] [stderr]    Compiling tower-service v0.3.2
[INFO] [stderr]    Compiling crossterm v0.22.1
[INFO] [stderr]    Compiling rand v0.4.6
[INFO] [stderr]    Compiling idna v0.4.0
[INFO] [stderr]    Compiling unicode-segmentation v1.9.0
[INFO] [stderr]    Compiling eyre v0.6.8
[INFO] [stderr]    Compiling serde_json v1.0.104
[INFO] [stderr]    Compiling byteorder v1.4.3
[INFO] [stderr]    Compiling cassowary v0.3.0
[INFO] [stderr]    Compiling unicode-width v0.1.9
[INFO] [stderr]    Compiling fxhash v0.2.1
[INFO] [stderr]    Compiling url v2.4.0
[INFO] [stderr]    Compiling tui v0.17.0
[INFO] [stderr]    Compiling encoding_rs v0.8.32
[INFO] [stderr]    Compiling rust-crypto v0.2.36
[INFO] [stderr]    Compiling rand v0.3.23
[INFO] [stderr]    Compiling chrono v0.4.19
[INFO] [stderr]    Compiling base64 v0.21.2
[INFO] [stderr]    Compiling ipnet v2.8.0
[INFO] [stderr]    Compiling lazy_static v1.4.0
[INFO] [stderr]    Compiling mime v0.3.17
[INFO] [stderr]    Compiling indenter v0.3.3
[INFO] [stderr]    Compiling rustc-serialize v0.3.24
[INFO] [stderr]    Compiling crossterm v0.23.2
[INFO] [stderr]    Compiling hex v0.4.3
[INFO] [stderr]    Compiling tui-logger v0.7.1
[INFO] [stderr]    Compiling serde_urlencoded v0.7.1
[INFO] [stderr]    Compiling toml v0.4.10
[INFO] [stderr]    Compiling openssl-macros v0.1.1
[INFO] [stderr]    Compiling tokio-macros v1.7.0
[INFO] [stderr]    Compiling tokio-util v0.7.3
[INFO] [stderr]    Compiling tokio-native-tls v0.3.1
[INFO] [stderr]    Compiling h2 v0.3.20
[INFO] [stderr]    Compiling hyper v0.14.27
[INFO] [stderr]    Compiling hyper-tls v0.5.0
[INFO] [stderr]    Compiling reqwest v0.11.18
[INFO] [stderr]    Compiling hdfs_proxy_tui v0.1.2 (/opt/rustwide/workdir)
[INFO] [stdout] warning: unused import: `std::time::Duration`
[INFO] [stdout]  --> src/app/ui.rs:1:5
[INFO] [stdout]   |
[INFO] [stdout] 1 | use std::time::Duration;
[INFO] [stdout]   |     ^^^^^^^^^^^^^^^^^^^
[INFO] [stdout]   |
[INFO] [stdout]   = note: `#[warn(unused_imports)]` on by default
[INFO] [stdout] 
[INFO] [stdout] 
[INFO] [stdout] warning: unused import: `symbols::line`
[INFO] [stdout]  --> src/app/ui.rs:3:5
[INFO] [stdout]   |
[INFO] [stdout] 3 | use symbols::line;
[INFO] [stdout]   |     ^^^^^^^^^^^^^
[INFO] [stdout] 
[INFO] [stdout] 
[INFO] [stdout] warning: unused import: `Modifier`
[INFO] [stdout]  --> src/app/ui.rs:6:25
[INFO] [stdout]   |
[INFO] [stdout] 6 | use tui::style::{Color, Modifier, Style};
[INFO] [stdout]   |                         ^^^^^^^^
[INFO] [stdout] 
[INFO] [stdout] 
[INFO] [stdout] warning: unused import: `LineGauge`
[INFO] [stdout]  --> src/app/ui.rs:8:54
[INFO] [stdout]   |
[INFO] [stdout] 8 | use tui::widgets::{Block, BorderType, Borders, Cell, LineGauge, Paragraph, Row, Table, Wrap};
[INFO] [stdout]   |                                                      ^^^^^^^^^
[INFO] [stdout] 
[INFO] [stdout] 
[INFO] [stdout] warning: unused import: `crate::app::state::Item`
[INFO] [stdout]   --> src/app/ui.rs:16:5
[INFO] [stdout]    |
[INFO] [stdout] 16 | use crate::app::state::Item;
[INFO] [stdout]    |     ^^^^^^^^^^^^^^^^^^^^^^^
[INFO] [stdout] 
[INFO] [stdout] 
[INFO] [stdout] warning: unused import: `lazy_static::lazy_static`
[INFO] [stdout]   --> src/app/ui.rs:19:5
[INFO] [stdout]    |
[INFO] [stdout] 19 | use lazy_static::lazy_static;
[INFO] [stdout]    |     ^^^^^^^^^^^^^^^^^^^^^^^^
[INFO] [stdout] 
[INFO] [stdout] 
[INFO] [stdout] warning: unused import: `error`
[INFO] [stdout]  --> src/request/mod.rs:6:11
[INFO] [stdout]   |
[INFO] [stdout] 6 | use log::{error, info, warn};
[INFO] [stdout]   |           ^^^^^
[INFO] [stdout] 
[INFO] [stdout] 
[INFO] [stdout] warning: unused import: `CONTENT_TYPE`
[INFO] [stdout]  --> src/request/mod.rs:7:59
[INFO] [stdout]   |
[INFO] [stdout] 7 | use reqwest::header::{HeaderMap, HeaderName, HeaderValue, CONTENT_TYPE};
[INFO] [stdout]   |                                                           ^^^^^^^^^^^^
[INFO] [stdout] 
[INFO] [stdout] 
[INFO] [stdout] warning: unused import: `std::collections::HashMap`
[INFO] [stdout]  --> src/request/mod.rs:9:5
[INFO] [stdout]   |
[INFO] [stdout] 9 | use std::collections::HashMap;
[INFO] [stdout]   |     ^^^^^^^^^^^^^^^^^^^^^^^^^
[INFO] [stdout] 
[INFO] [stdout] 
[INFO] [stdout] warning: unreachable pattern
[INFO] [stdout]   --> src/app/ui.rs:63:13
[INFO] [stdout]    |
[INFO] [stdout] 63 |             _ => {}
[INFO] [stdout]    |             ^
[INFO] [stdout]    |
[INFO] [stdout]    = note: `#[warn(unreachable_patterns)]` on by default
[INFO] [stdout] 
[INFO] [stdout] 
[INFO] [stdout] warning: unused variable: `loading`
[INFO] [stdout]    --> src/app/ui.rs:102:23
[INFO] [stdout]     |
[INFO] [stdout] 102 | fn draw_body_file<'a>(loading:bool, state:&mut AppState, height:u16) -> Paragraph<'a>{
[INFO] [stdout]     |                       ^^^^^^^ help: if this is intentional, prefix it with an underscore: `_loading`
[INFO] [stdout]     |
[INFO] [stdout]     = note: `#[warn(unused_variables)]` on by default
[INFO] [stdout] 
[INFO] [stdout] 
[INFO] [stdout] warning: unused variable: `if_initialized`
[INFO] [stdout]    --> src/app/ui.rs:133:9
[INFO] [stdout]     |
[INFO] [stdout] 133 |     let if_initialized = state.is_initialized();
[INFO] [stdout]     |         ^^^^^^^^^^^^^^ help: if this is intentional, prefix it with an underscore: `_if_initialized`
[INFO] [stdout] 
[INFO] [stdout] 
[INFO] [stdout] warning: unused variable: `tick_text`
[INFO] [stdout]    --> src/app/ui.rs:134:9
[INFO] [stdout]     |
[INFO] [stdout] 134 |     let tick_text = if let Some(ticks) = state.count_tick() {
[INFO] [stdout]     |         ^^^^^^^^^ help: if this is intentional, prefix it with an underscore: `_tick_text`
[INFO] [stdout] 
[INFO] [stdout] 
[INFO] [stdout] warning: unused variable: `loading`
[INFO] [stdout]    --> src/app/ui.rs:132:22
[INFO] [stdout]     |
[INFO] [stdout] 132 | fn draw_body_dir<'a>(loading: bool, state: &mut AppState, height:u16) -> Table<'a> {
[INFO] [stdout]     |                      ^^^^^^^ help: if this is intentional, prefix it with an underscore: `_loading`
[INFO] [stdout] 
[INFO] [stdout] 
[INFO] [stdout] warning: 14 warnings emitted
[INFO] [stdout] 
[INFO] [stdout] 
[INFO] [stderr]     Finished dev [unoptimized + debuginfo] target(s) in 21.82s
[INFO] [stderr] warning: the following packages contain code that will be rejected by a future version of Rust: rustc-serialize v0.3.24
[INFO] [stderr] note: to see what the problems were, use the option `--future-incompat-report`, or run `cargo report future-incompatibilities --id 1`
[INFO] running `Command { std: "docker" "inspect" "50ea7fb32145dccc5524ca2445cb5f9a25c04e98be3b15c431ab5b6b690e1238", kill_on_drop: false }`
[INFO] running `Command { std: "docker" "rm" "-f" "50ea7fb32145dccc5524ca2445cb5f9a25c04e98be3b15c431ab5b6b690e1238", kill_on_drop: false }`
[INFO] [stdout] 50ea7fb32145dccc5524ca2445cb5f9a25c04e98be3b15c431ab5b6b690e1238
[INFO] running `Command { std: "docker" "create" "-v" "/var/lib/crater-agent-workspace/builds/worker-4-tc1/target:/opt/rustwide/target:rw,Z" "-v" "/var/lib/crater-agent-workspace/builds/worker-4-tc1/source:/opt/rustwide/workdir:ro,Z" "-v" "/var/lib/crater-agent-workspace/cargo-home:/opt/rustwide/cargo-home:ro,Z" "-v" "/var/lib/crater-agent-workspace/rustup-home:/opt/rustwide/rustup-home:ro,Z" "-e" "SOURCE_DIR=/opt/rustwide/workdir" "-e" "CARGO_TARGET_DIR=/opt/rustwide/target" "-e" "CARGO_INCREMENTAL=0" "-e" "RUST_BACKTRACE=full" "-e" "RUSTFLAGS=--cap-lints=warn" "-e" "RUSTDOCFLAGS=--cap-lints=warn" "-e" "CARGO_HOME=/opt/rustwide/cargo-home" "-e" "RUSTUP_HOME=/opt/rustwide/rustup-home" "-w" "/opt/rustwide/workdir" "-m" "1610612736" "--user" "0:0" "--network" "none" "ghcr.io/rust-lang/crates-build-env/linux@sha256:2788e3201cd34a07e3172128adcd8b3090168a8e3bcc40d7c032b9dda1df7d1c" "/opt/rustwide/cargo-home/bin/cargo" "+1.75.0" "test" "--frozen" "--no-run" "--message-format=json", kill_on_drop: false }`
[INFO] [stdout] f01181a2ca7638b80cabb8a9bfd5f963c3507a2b622bf0a17f9f804f5fa275e7
[INFO] running `Command { std: "docker" "start" "-a" "f01181a2ca7638b80cabb8a9bfd5f963c3507a2b622bf0a17f9f804f5fa275e7", kill_on_drop: false }`
[INFO] [stdout] warning: unused import: `std::time::Duration`
[INFO] [stdout]  --> src/app/ui.rs:1:5
[INFO] [stdout]   |
[INFO] [stdout] 1 | use std::time::Duration;
[INFO] [stdout]   |     ^^^^^^^^^^^^^^^^^^^
[INFO] [stdout]   |
[INFO] [stdout]   = note: `#[warn(unused_imports)]` on by default
[INFO] [stdout] 
[INFO] [stdout] 
[INFO] [stdout] warning: unused import: `symbols::line`
[INFO] [stdout]  --> src/app/ui.rs:3:5
[INFO] [stdout]   |
[INFO] [stdout] 3 | use symbols::line;
[INFO] [stdout]   |     ^^^^^^^^^^^^^
[INFO] [stdout] 
[INFO] [stdout] 
[INFO] [stdout] warning: unused import: `Modifier`
[INFO] [stdout]  --> src/app/ui.rs:6:25
[INFO] [stdout]   |
[INFO] [stdout] 6 | use tui::style::{Color, Modifier, Style};
[INFO] [stdout]   |                         ^^^^^^^^
[INFO] [stdout] 
[INFO] [stdout] 
[INFO] [stdout] warning: unused import: `LineGauge`
[INFO] [stdout]  --> src/app/ui.rs:8:54
[INFO] [stdout]   |
[INFO] [stdout] 8 | use tui::widgets::{Block, BorderType, Borders, Cell, LineGauge, Paragraph, Row, Table, Wrap};
[INFO] [stdout]   |                                                      ^^^^^^^^^
[INFO] [stdout] 
[INFO] [stdout] 
[INFO] [stdout] warning: unused import: `crate::app::state::Item`
[INFO] [stdout]   --> src/app/ui.rs:16:5
[INFO] [stdout]    |
[INFO] [stdout] 16 | use crate::app::state::Item;
[INFO] [stdout]    |     ^^^^^^^^^^^^^^^^^^^^^^^
[INFO] [stdout] 
[INFO] [stdout] 
[INFO] [stdout] warning: unused import: `lazy_static::lazy_static`
[INFO] [stdout]   --> src/app/ui.rs:19:5
[INFO] [stdout]    |
[INFO] [stdout] 19 | use lazy_static::lazy_static;
[INFO] [stdout]    |     ^^^^^^^^^^^^^^^^^^^^^^^^
[INFO] [stdout] 
[INFO] [stdout] 
[INFO] [stdout] warning: unused import: `error`
[INFO] [stdout]  --> src/request/mod.rs:6:11
[INFO] [stdout]   |
[INFO] [stdout] 6 | use log::{error, info, warn};
[INFO] [stdout]   |           ^^^^^
[INFO] [stdout] 
[INFO] [stdout] 
[INFO] [stdout] warning: unused import: `CONTENT_TYPE`
[INFO] [stdout]  --> src/request/mod.rs:7:59
[INFO] [stdout]   |
[INFO] [stdout] 7 | use reqwest::header::{HeaderMap, HeaderName, HeaderValue, CONTENT_TYPE};
[INFO] [stdout]   |                                                           ^^^^^^^^^^^^
[INFO] [stdout] 
[INFO] [stdout] 
[INFO] [stdout] warning: unused import: `std::collections::HashMap`
[INFO] [stdout]  --> src/request/mod.rs:9:5
[INFO] [stdout]   |
[INFO] [stdout] 9 | use std::collections::HashMap;
[INFO] [stdout]   |     ^^^^^^^^^^^^^^^^^^^^^^^^^
[INFO] [stdout] 
[INFO] [stdout] 
[INFO] [stdout] warning: unreachable pattern
[INFO] [stdout]   --> src/app/ui.rs:63:13
[INFO] [stdout]    |
[INFO] [stdout] 63 |             _ => {}
[INFO] [stdout]    |             ^
[INFO] [stdout]    |
[INFO] [stdout]    = note: `#[warn(unreachable_patterns)]` on by default
[INFO] [stdout] 
[INFO] [stdout] 
[INFO] [stdout] warning: unused variable: `loading`
[INFO] [stdout]    --> src/app/ui.rs:102:23
[INFO] [stdout]     |
[INFO] [stdout] 102 | fn draw_body_file<'a>(loading:bool, state:&mut AppState, height:u16) -> Paragraph<'a>{
[INFO] [stdout]     |                       ^^^^^^^ help: if this is intentional, prefix it with an underscore: `_loading`
[INFO] [stdout]     |
[INFO] [stdout]     = note: `#[warn(unused_variables)]` on by default
[INFO] [stdout] 
[INFO] [stdout] 
[INFO] [stdout] warning: unused variable: `if_initialized`
[INFO] [stdout]    --> src/app/ui.rs:133:9
[INFO] [stdout]     |
[INFO] [stdout] 133 |     let if_initialized = state.is_initialized();
[INFO] [stdout]     |         ^^^^^^^^^^^^^^ help: if this is intentional, prefix it with an underscore: `_if_initialized`
[INFO] [stdout] 
[INFO] [stdout] 
[INFO] [stdout] warning: unused variable: `tick_text`
[INFO] [stdout]    --> src/app/ui.rs:134:9
[INFO] [stdout]     |
[INFO] [stdout] 134 |     let tick_text = if let Some(ticks) = state.count_tick() {
[INFO] [stdout]     |         ^^^^^^^^^ help: if this is intentional, prefix it with an underscore: `_tick_text`
[INFO] [stdout] 
[INFO] [stdout] 
[INFO] [stdout] warning: unused variable: `loading`
[INFO] [stdout]    --> src/app/ui.rs:132:22
[INFO] [stdout]     |
[INFO] [stdout] 132 | fn draw_body_dir<'a>(loading: bool, state: &mut AppState, height:u16) -> Table<'a> {
[INFO] [stdout]     |                      ^^^^^^^ help: if this is intentional, prefix it with an underscore: `_loading`
[INFO] [stdout] 
[INFO] [stdout] 
[INFO] [stdout] warning: 14 warnings emitted
[INFO] [stdout] 
[INFO] [stdout] 
[INFO] [stderr]    Compiling hdfs_proxy_tui v0.1.2 (/opt/rustwide/workdir)
[INFO] [stdout] warning: unused import: `std::time::Duration`
[INFO] [stdout]  --> src/app/ui.rs:1:5
[INFO] [stdout]   |
[INFO] [stdout] 1 | use std::time::Duration;
[INFO] [stdout]   |     ^^^^^^^^^^^^^^^^^^^
[INFO] [stdout]   |
[INFO] [stdout]   = note: `#[warn(unused_imports)]` on by default
[INFO] [stdout] 
[INFO] [stdout] 
[INFO] [stdout] warning: unused import: `symbols::line`
[INFO] [stdout]  --> src/app/ui.rs:3:5
[INFO] [stdout]   |
[INFO] [stdout] 3 | use symbols::line;
[INFO] [stdout]   |     ^^^^^^^^^^^^^
[INFO] [stdout] 
[INFO] [stdout] 
[INFO] [stdout] warning: unused import: `Modifier`
[INFO] [stdout]  --> src/app/ui.rs:6:25
[INFO] [stdout]   |
[INFO] [stdout] 6 | use tui::style::{Color, Modifier, Style};
[INFO] [stdout]   |                         ^^^^^^^^
[INFO] [stdout] 
[INFO] [stdout] 
[INFO] [stdout] warning: unused import: `LineGauge`
[INFO] [stdout]  --> src/app/ui.rs:8:54
[INFO] [stdout]   |
[INFO] [stdout] 8 | use tui::widgets::{Block, BorderType, Borders, Cell, LineGauge, Paragraph, Row, Table, Wrap};
[INFO] [stdout]   |                                                      ^^^^^^^^^
[INFO] [stdout] 
[INFO] [stdout] 
[INFO] [stdout] warning: unused import: `crate::app::state::Item`
[INFO] [stdout]   --> src/app/ui.rs:16:5
[INFO] [stdout]    |
[INFO] [stdout] 16 | use crate::app::state::Item;
[INFO] [stdout]    |     ^^^^^^^^^^^^^^^^^^^^^^^
[INFO] [stdout] 
[INFO] [stdout] 
[INFO] [stdout] warning: unused import: `lazy_static::lazy_static`
[INFO] [stdout]   --> src/app/ui.rs:19:5
[INFO] [stdout]    |
[INFO] [stdout] 19 | use lazy_static::lazy_static;
[INFO] [stdout]    |     ^^^^^^^^^^^^^^^^^^^^^^^^
[INFO] [stdout] 
[INFO] [stdout] 
[INFO] [stdout] warning: unused import: `error`
[INFO] [stdout]  --> src/request/mod.rs:6:11
[INFO] [stdout]   |
[INFO] [stdout] 6 | use log::{error, info, warn};
[INFO] [stdout]   |           ^^^^^
[INFO] [stdout] 
[INFO] [stdout] 
[INFO] [stdout] warning: unused import: `CONTENT_TYPE`
[INFO] [stdout]  --> src/request/mod.rs:7:59
[INFO] [stdout]   |
[INFO] [stdout] 7 | use reqwest::header::{HeaderMap, HeaderName, HeaderValue, CONTENT_TYPE};
[INFO] [stdout]   |                                                           ^^^^^^^^^^^^
[INFO] [stdout] 
[INFO] [stdout] 
[INFO] [stdout] warning: unused import: `std::collections::HashMap`
[INFO] [stdout]  --> src/request/mod.rs:9:5
[INFO] [stdout]   |
[INFO] [stdout] 9 | use std::collections::HashMap;
[INFO] [stdout]   |     ^^^^^^^^^^^^^^^^^^^^^^^^^
[INFO] [stdout] 
[INFO] [stdout] 
[INFO] [stdout] warning: unreachable pattern
[INFO] [stdout]   --> src/app/ui.rs:63:13
[INFO] [stdout]    |
[INFO] [stdout] 63 |             _ => {}
[INFO] [stdout]    |             ^
[INFO] [stdout]    |
[INFO] [stdout]    = note: `#[warn(unreachable_patterns)]` on by default
[INFO] [stdout] 
[INFO] [stdout] 
[INFO] [stdout] warning: unused variable: `loading`
[INFO] [stdout]    --> src/app/ui.rs:102:23
[INFO] [stdout]     |
[INFO] [stdout] 102 | fn draw_body_file<'a>(loading:bool, state:&mut AppState, height:u16) -> Paragraph<'a>{
[INFO] [stdout]     |                       ^^^^^^^ help: if this is intentional, prefix it with an underscore: `_loading`
[INFO] [stdout]     |
[INFO] [stdout]     = note: `#[warn(unused_variables)]` on by default
[INFO] [stdout] 
[INFO] [stdout] 
[INFO] [stdout] warning: unused variable: `if_initialized`
[INFO] [stdout]    --> src/app/ui.rs:133:9
[INFO] [stdout]     |
[INFO] [stdout] 133 |     let if_initialized = state.is_initialized();
[INFO] [stdout]     |         ^^^^^^^^^^^^^^ help: if this is intentional, prefix it with an underscore: `_if_initialized`
[INFO] [stdout] 
[INFO] [stdout] 
[INFO] [stdout] warning: unused variable: `tick_text`
[INFO] [stdout]    --> src/app/ui.rs:134:9
[INFO] [stdout]     |
[INFO] [stdout] 134 |     let tick_text = if let Some(ticks) = state.count_tick() {
[INFO] [stdout]     |         ^^^^^^^^^ help: if this is intentional, prefix it with an underscore: `_tick_text`
[INFO] [stdout] 
[INFO] [stdout] 
[INFO] [stdout] warning: unused variable: `loading`
[INFO] [stdout]    --> src/app/ui.rs:132:22
[INFO] [stdout]     |
[INFO] [stdout] 132 | fn draw_body_dir<'a>(loading: bool, state: &mut AppState, height:u16) -> Table<'a> {
[INFO] [stdout]     |                      ^^^^^^^ help: if this is intentional, prefix it with an underscore: `_loading`
[INFO] [stdout] 
[INFO] [stdout] 
[INFO] [stdout] warning: 14 warnings emitted
[INFO] [stdout] 
[INFO] [stdout] 
[INFO] [stderr]     Finished test [unoptimized + debuginfo] target(s) in 3.68s
[INFO] [stderr] warning: the following packages contain code that will be rejected by a future version of Rust: rustc-serialize v0.3.24
[INFO] [stderr] note: to see what the problems were, use the option `--future-incompat-report`, or run `cargo report future-incompatibilities --id 1`
[INFO] running `Command { std: "docker" "inspect" "f01181a2ca7638b80cabb8a9bfd5f963c3507a2b622bf0a17f9f804f5fa275e7", kill_on_drop: false }`
[INFO] running `Command { std: "docker" "rm" "-f" "f01181a2ca7638b80cabb8a9bfd5f963c3507a2b622bf0a17f9f804f5fa275e7", kill_on_drop: false }`
[INFO] [stdout] f01181a2ca7638b80cabb8a9bfd5f963c3507a2b622bf0a17f9f804f5fa275e7
[INFO] running `Command { std: "docker" "create" "-v" "/var/lib/crater-agent-workspace/builds/worker-4-tc1/target:/opt/rustwide/target:rw,Z" "-v" "/var/lib/crater-agent-workspace/builds/worker-4-tc1/source:/opt/rustwide/workdir:ro,Z" "-v" "/var/lib/crater-agent-workspace/cargo-home:/opt/rustwide/cargo-home:ro,Z" "-v" "/var/lib/crater-agent-workspace/rustup-home:/opt/rustwide/rustup-home:ro,Z" "-e" "SOURCE_DIR=/opt/rustwide/workdir" "-e" "CARGO_TARGET_DIR=/opt/rustwide/target" "-e" "CARGO_INCREMENTAL=0" "-e" "RUST_BACKTRACE=full" "-e" "RUSTFLAGS=--cap-lints=warn" "-e" "RUSTDOCFLAGS=--cap-lints=warn" "-e" "CARGO_HOME=/opt/rustwide/cargo-home" "-e" "RUSTUP_HOME=/opt/rustwide/rustup-home" "-w" "/opt/rustwide/workdir" "-m" "1610612736" "--user" "0:0" "--network" "none" "ghcr.io/rust-lang/crates-build-env/linux@sha256:2788e3201cd34a07e3172128adcd8b3090168a8e3bcc40d7c032b9dda1df7d1c" "/opt/rustwide/cargo-home/bin/cargo" "+1.75.0" "test" "--frozen", kill_on_drop: false }`
[INFO] [stdout] f4f3d7327f17dfb1eea8f1cb9664e04f2d4e536824606767f85d35f952f00deb
[INFO] running `Command { std: "docker" "start" "-a" "f4f3d7327f17dfb1eea8f1cb9664e04f2d4e536824606767f85d35f952f00deb", kill_on_drop: false }`
[INFO] [stderr] warning: unused import: `std::time::Duration`
[INFO] [stderr]  --> src/app/ui.rs:1:5
[INFO] [stderr]   |
[INFO] [stderr] 1 | use std::time::Duration;
[INFO] [stderr]   |     ^^^^^^^^^^^^^^^^^^^
[INFO] [stderr]   |
[INFO] [stderr]   = note: `#[warn(unused_imports)]` on by default
[INFO] [stderr] 
[INFO] [stderr] warning: unused import: `symbols::line`
[INFO] [stderr]  --> src/app/ui.rs:3:5
[INFO] [stderr]   |
[INFO] [stderr] 3 | use symbols::line;
[INFO] [stderr]   |     ^^^^^^^^^^^^^
[INFO] [stderr] 
[INFO] [stderr] warning: unused import: `Modifier`
[INFO] [stderr]  --> src/app/ui.rs:6:25
[INFO] [stderr]   |
[INFO] [stderr] 6 | use tui::style::{Color, Modifier, Style};
[INFO] [stderr]   |                         ^^^^^^^^
[INFO] [stderr] 
[INFO] [stderr] warning: unused import: `LineGauge`
[INFO] [stderr]  --> src/app/ui.rs:8:54
[INFO] [stderr]   |
[INFO] [stderr] 8 | use tui::widgets::{Block, BorderType, Borders, Cell, LineGauge, Paragraph, Row, Table, Wrap};
[INFO] [stderr]   |                                                      ^^^^^^^^^
[INFO] [stderr] 
[INFO] [stderr] warning: unused import: `crate::app::state::Item`
[INFO] [stderr]   --> src/app/ui.rs:16:5
[INFO] [stderr]    |
[INFO] [stderr] 16 | use crate::app::state::Item;
[INFO] [stderr]    |     ^^^^^^^^^^^^^^^^^^^^^^^
[INFO] [stderr] 
[INFO] [stderr] warning: unused import: `lazy_static::lazy_static`
[INFO] [stderr]   --> src/app/ui.rs:19:5
[INFO] [stderr]    |
[INFO] [stderr] 19 | use lazy_static::lazy_static;
[INFO] [stderr]    |     ^^^^^^^^^^^^^^^^^^^^^^^^
[INFO] [stderr] 
[INFO] [stderr] warning: unused import: `error`
[INFO] [stderr]  --> src/request/mod.rs:6:11
[INFO] [stderr]   |
[INFO] [stderr] 6 | use log::{error, info, warn};
[INFO] [stderr]   |           ^^^^^
[INFO] [stderr] 
[INFO] [stderr] warning: unused import: `CONTENT_TYPE`
[INFO] [stderr]  --> src/request/mod.rs:7:59
[INFO] [stderr]   |
[INFO] [stderr] 7 | use reqwest::header::{HeaderMap, HeaderName, HeaderValue, CONTENT_TYPE};
[INFO] [stderr]   |                                                           ^^^^^^^^^^^^
[INFO] [stderr] 
[INFO] [stderr] warning: unused import: `std::collections::HashMap`
[INFO] [stderr]  --> src/request/mod.rs:9:5
[INFO] [stderr]   |
[INFO] [stderr] 9 | use std::collections::HashMap;
[INFO] [stderr]   |     ^^^^^^^^^^^^^^^^^^^^^^^^^
[INFO] [stderr] 
[INFO] [stderr] warning: unreachable pattern
[INFO] [stderr]   --> src/app/ui.rs:63:13
[INFO] [stderr]    |
[INFO] [stderr] 63 |             _ => {}
[INFO] [stderr]    |             ^
[INFO] [stderr]    |
[INFO] [stderr]    = note: `#[warn(unreachable_patterns)]` on by default
[INFO] [stderr] 
[INFO] [stderr] warning: unused variable: `loading`
[INFO] [stderr]    --> src/app/ui.rs:102:23
[INFO] [stderr]     |
[INFO] [stderr] 102 | fn draw_body_file<'a>(loading:bool, state:&mut AppState, height:u16) -> Paragraph<'a>{
[INFO] [stderr]     |                       ^^^^^^^ help: if this is intentional, prefix it with an underscore: `_loading`
[INFO] [stderr]     |
[INFO] [stderr]     = note: `#[warn(unused_variables)]` on by default
[INFO] [stderr] 
[INFO] [stderr] warning: unused variable: `if_initialized`
[INFO] [stderr]    --> src/app/ui.rs:133:9
[INFO] [stderr]     |
[INFO] [stderr] 133 |     let if_initialized = state.is_initialized();
[INFO] [stderr]     |         ^^^^^^^^^^^^^^ help: if this is intentional, prefix it with an underscore: `_if_initialized`
[INFO] [stderr] 
[INFO] [stderr] warning: unused variable: `tick_text`
[INFO] [stderr]    --> src/app/ui.rs:134:9
[INFO] [stderr]     |
[INFO] [stderr] 134 |     let tick_text = if let Some(ticks) = state.count_tick() {
[INFO] [stderr]     |         ^^^^^^^^^ help: if this is intentional, prefix it with an underscore: `_tick_text`
[INFO] [stderr] 
[INFO] [stderr] warning: unused variable: `loading`
[INFO] [stderr]    --> src/app/ui.rs:132:22
[INFO] [stderr]     |
[INFO] [stderr] 132 | fn draw_body_dir<'a>(loading: bool, state: &mut AppState, height:u16) -> Table<'a> {
[INFO] [stderr]     |                      ^^^^^^^ help: if this is intentional, prefix it with an underscore: `_loading`
[INFO] [stderr] 
[INFO] [stderr] warning: `hdfs_proxy_tui` (lib) generated 14 warnings (run `cargo fix --lib -p hdfs_proxy_tui` to apply 13 suggestions)
[INFO] [stderr] warning: `hdfs_proxy_tui` (lib test) generated 14 warnings (14 duplicates)
[INFO] [stderr]     Finished test [unoptimized + debuginfo] target(s) in 0.19s
[INFO] [stderr] warning: the following packages contain code that will be rejected by a future version of Rust: rustc-serialize v0.3.24
[INFO] [stderr] note: to see what the problems were, use the option `--future-incompat-report`, or run `cargo report future-incompatibilities --id 1`
[INFO] [stderr]      Running unittests src/lib.rs (/opt/rustwide/target/debug/deps/hdfs_proxy_tui-6d0387ea2ceddae1)
[INFO] [stdout] 
[INFO] [stdout] running 5 tests
[INFO] [stdout] test app::actions::tests::should_find_action_by_key_not_found ... ok
[INFO] [stdout] test app::actions::tests::should_find_action_by_key ... ok
[INFO] [stdout] test app::actions::tests::should_create_actions_from_vec ... ok
[INFO] [stdout] test app::actions::tests::should_panic_when_create_actions_conflict_key - should panic ... ok
[INFO] [stdout] test request::tests::success_get_item_list ... FAILED
[INFO] [stdout] 
[INFO] [stdout] failures:
[INFO] [stdout] 
[INFO] [stdout] ---- request::tests::success_get_item_list stdout ----
[INFO] [stdout] thread 'request::tests::success_get_item_list' panicked at src/request/verify.rs:12:53:
[INFO] [stdout] Unable to read config file: Os { code: 2, kind: NotFound, message: "No such file or directory" }
[INFO] [stdout] stack backtrace:
[INFO] [stdout]    0:     0x55e96815c08c - std::backtrace_rs::backtrace::libunwind::trace::ha637c64ce894333a
[INFO] [stdout]                                at /rustc/82e1608dfa6e0b5569232559e3d385fea5a93112/library/std/src/../../backtrace/src/backtrace/libunwind.rs:104:5
[INFO] [stdout]    1:     0x55e96815c08c - std::backtrace_rs::backtrace::trace_unsynchronized::h47f62dea28e0c88d
[INFO] [stdout]                                at /rustc/82e1608dfa6e0b5569232559e3d385fea5a93112/library/std/src/../../backtrace/src/backtrace/mod.rs:66:5
[INFO] [stdout]    2:     0x55e96815c08c - std::sys_common::backtrace::_print_fmt::h9eef0abe20ede486
[INFO] [stdout]                                at /rustc/82e1608dfa6e0b5569232559e3d385fea5a93112/library/std/src/sys_common/backtrace.rs:67:5
[INFO] [stdout]    3:     0x55e96815c08c - <std::sys_common::backtrace::_print::DisplayBacktrace as core::fmt::Display>::fmt::hed7f999df88cc644
[INFO] [stdout]                                at /rustc/82e1608dfa6e0b5569232559e3d385fea5a93112/library/std/src/sys_common/backtrace.rs:44:22
[INFO] [stdout]    4:     0x55e968189d90 - core::fmt::rt::Argument::fmt::h1539a9308b8d058d
[INFO] [stdout]                                at /rustc/82e1608dfa6e0b5569232559e3d385fea5a93112/library/core/src/fmt/rt.rs:142:9
[INFO] [stdout]    5:     0x55e968189d90 - core::fmt::write::h3a39390d8560d9c9
[INFO] [stdout]                                at /rustc/82e1608dfa6e0b5569232559e3d385fea5a93112/library/core/src/fmt/mod.rs:1120:17
[INFO] [stdout]    6:     0x55e968158f7f - std::io::Write::write_fmt::h040b369f3a0f9cbc
[INFO] [stdout]                                at /rustc/82e1608dfa6e0b5569232559e3d385fea5a93112/library/std/src/io/mod.rs:1762:15
[INFO] [stdout]    7:     0x55e96815be74 - std::sys_common::backtrace::_print::h894006fb5c6f3d45
[INFO] [stdout]                                at /rustc/82e1608dfa6e0b5569232559e3d385fea5a93112/library/std/src/sys_common/backtrace.rs:47:5
[INFO] [stdout]    8:     0x55e96815be74 - std::sys_common::backtrace::print::h23a2d212c6fff936
[INFO] [stdout]                                at /rustc/82e1608dfa6e0b5569232559e3d385fea5a93112/library/std/src/sys_common/backtrace.rs:34:9
[INFO] [stdout]    9:     0x55e96815db37 - std::panicking::default_hook::{{closure}}::h8a1d2ee00185001a
[INFO] [stdout]   10:     0x55e96815d823 - std::panicking::default_hook::h6038f2eba384e475
[INFO] [stdout]                                at /rustc/82e1608dfa6e0b5569232559e3d385fea5a93112/library/std/src/panicking.rs:289:9
[INFO] [stdout]   11:     0x55e967cb0857 - <alloc::boxed::Box<F,A> as core::ops::function::Fn<Args>>::call::h0ad024c9bdc6d768
[INFO] [stdout]                                at /rustc/82e1608dfa6e0b5569232559e3d385fea5a93112/library/alloc/src/boxed.rs:2021:9
[INFO] [stdout]   12:     0x55e967cb0857 - test::test_main::{{closure}}::h7500b54257359db6
[INFO] [stdout]                                at /rustc/82e1608dfa6e0b5569232559e3d385fea5a93112/library/test/src/lib.rs:138:21
[INFO] [stdout]   13:     0x55e96815e148 - <alloc::boxed::Box<F,A> as core::ops::function::Fn<Args>>::call::h1f8f335eaa9cfaee
[INFO] [stdout]                                at /rustc/82e1608dfa6e0b5569232559e3d385fea5a93112/library/alloc/src/boxed.rs:2021:9
[INFO] [stdout]   14:     0x55e96815e148 - std::panicking::rust_panic_with_hook::h2b5517d590cab22e
[INFO] [stdout]                                at /rustc/82e1608dfa6e0b5569232559e3d385fea5a93112/library/std/src/panicking.rs:783:13
[INFO] [stdout]   15:     0x55e96815de9e - std::panicking::begin_panic_handler::{{closure}}::h233112c06e0ef43e
[INFO] [stdout]                                at /rustc/82e1608dfa6e0b5569232559e3d385fea5a93112/library/std/src/panicking.rs:657:13
[INFO] [stdout]   16:     0x55e96815c556 - std::sys_common::backtrace::__rust_end_short_backtrace::h6e893f24d7ebbff8
[INFO] [stdout]                                at /rustc/82e1608dfa6e0b5569232559e3d385fea5a93112/library/std/src/sys_common/backtrace.rs:170:18
[INFO] [stdout]   17:     0x55e96815dc02 - rust_begin_unwind
[INFO] [stdout]                                at /rustc/82e1608dfa6e0b5569232559e3d385fea5a93112/library/std/src/panicking.rs:645:5
[INFO] [stdout]   18:     0x55e967c44685 - core::panicking::panic_fmt::hbf0e066aabfa482c
[INFO] [stdout]                                at /rustc/82e1608dfa6e0b5569232559e3d385fea5a93112/library/core/src/panicking.rs:72:14
[INFO] [stdout]   19:     0x55e967c44c53 - core::result::unwrap_failed::hddb4fea594200c52
[INFO] [stdout]                                at /rustc/82e1608dfa6e0b5569232559e3d385fea5a93112/library/core/src/result.rs:1653:5
[INFO] [stdout]   20:     0x55e967c5ed7e - core::result::Result<T,E>::expect::hf81aeed1f727fbda
[INFO] [stdout]                                at /rustc/82e1608dfa6e0b5569232559e3d385fea5a93112/library/core/src/result.rs:1034:23
[INFO] [stdout]   21:     0x55e967c69667 - hdfs_proxy_tui::request::verify::AccessKey::new::h7ef9d1fd4fcc3e03
[INFO] [stdout]                                at /opt/rustwide/workdir/src/request/verify.rs:12:23
[INFO] [stdout]   22:     0x55e967c622ad - <hdfs_proxy_tui::request::USER_CONFIG as core::ops::deref::Deref>::deref::__static_ref_initialize::h96e5301765b5bf57
[INFO] [stdout]                                at /opt/rustwide/workdir/src/request/mod.rs:16:48
[INFO] [stdout]   23:     0x55e967c622ad - core::ops::function::FnOnce::call_once::h70682aac4b8d8e05
[INFO] [stdout]                                at /rustc/82e1608dfa6e0b5569232559e3d385fea5a93112/library/core/src/ops/function.rs:250:5
[INFO] [stdout]   24:     0x55e967c52dd0 - lazy_static::lazy::Lazy<T>::get::{{closure}}::he81a1100207c2e1f
[INFO] [stdout]                                at /opt/rustwide/cargo-home/registry/src/index.crates.io-6f17d22bba15001f/lazy_static-1.4.0/src/inline_lazy.rs:31:29
[INFO] [stdout]   25:     0x55e967c593b6 - std::sync::once::Once::call_once::{{closure}}::hdbeb3d63ab3ef0e5
[INFO] [stdout]                                at /rustc/82e1608dfa6e0b5569232559e3d385fea5a93112/library/std/src/sync/once.rs:149:41
[INFO] [stdout]   26:     0x55e967c5e17d - std::sys_common::once::futex::Once::call::haa8aea59adc9ca84
[INFO] [stdout]                                at /rustc/82e1608dfa6e0b5569232559e3d385fea5a93112/library/std/src/sys_common/once/futex.rs:124:21
[INFO] [stdout]   27:     0x55e967c5930b - std::sync::once::Once::call_once::h8a4365fdc0fc86ca
[INFO] [stdout]                                at /rustc/82e1608dfa6e0b5569232559e3d385fea5a93112/library/std/src/sync/once.rs:149:9
[INFO] [stdout]   28:     0x55e967c58d89 - lazy_static::lazy::Lazy<T>::get::h0202545b212265e0
[INFO] [stdout]                                at /opt/rustwide/cargo-home/registry/src/index.crates.io-6f17d22bba15001f/lazy_static-1.4.0/src/inline_lazy.rs:30:9
[INFO] [stdout]   29:     0x55e967c58d89 - <hdfs_proxy_tui::request::USER_CONFIG as core::ops::deref::Deref>::deref::__stability::hc3ef24ddd55b8974
[INFO] [stdout]                                at /opt/rustwide/cargo-home/registry/src/index.crates.io-6f17d22bba15001f/lazy_static-1.4.0/src/lib.rs:142:21
[INFO] [stdout]   30:     0x55e967c58d89 - <hdfs_proxy_tui::request::USER_CONFIG as core::ops::deref::Deref>::deref::h7ebaf05850db414e
[INFO] [stdout]                                at /opt/rustwide/cargo-home/registry/src/index.crates.io-6f17d22bba15001f/lazy_static-1.4.0/src/lib.rs:144:17
[INFO] [stdout]   31:     0x55e967c582f1 - hdfs_proxy_tui::request::get_item_list::{{closure}}::hf8d0b1110c31ee70
[INFO] [stdout]                                at /opt/rustwide/workdir/src/request/mod.rs:59:19
[INFO] [stdout]   32:     0x55e967c6a5b6 - hdfs_proxy_tui::request::tests::success_get_item_list::{{closure}}::h7fd01d1a56e744e5
[INFO] [stdout]                                at /opt/rustwide/workdir/src/request/mod.rs:113:74
[INFO] [stdout]   33:     0x55e967c4c20b - <core::pin::Pin<P> as core::future::future::Future>::poll::hb14bb282d67e35f5
[INFO] [stdout]                                at /rustc/82e1608dfa6e0b5569232559e3d385fea5a93112/library/core/src/future/future.rs:125:9
[INFO] [stdout]   34:     0x55e967c6ed94 - tokio::runtime::basic_scheduler::CoreGuard::block_on::{{closure}}::{{closure}}::{{closure}}::h198be840d6a2c171
[INFO] [stdout]                                at /opt/rustwide/cargo-home/registry/src/index.crates.io-6f17d22bba15001f/tokio-1.20.5/src/runtime/basic_scheduler.rs:543:48
[INFO] [stdout]   35:     0x55e967c5aca9 - tokio::coop::with_budget::{{closure}}::hbac453f59e7dd8cb
[INFO] [stdout]                                at /opt/rustwide/cargo-home/registry/src/index.crates.io-6f17d22bba15001f/tokio-1.20.5/src/coop.rs:102:9
[INFO] [stdout]   36:     0x55e967c598e0 - std::thread::local::LocalKey<T>::try_with::hb2cb442736568e64
[INFO] [stdout]                                at /rustc/82e1608dfa6e0b5569232559e3d385fea5a93112/library/std/src/thread/local.rs:270:16
[INFO] [stdout]   37:     0x55e967c5940a - std::thread::local::LocalKey<T>::with::h914026aec3650376
[INFO] [stdout]                                at /rustc/82e1608dfa6e0b5569232559e3d385fea5a93112/library/std/src/thread/local.rs:246:9
[INFO] [stdout]   38:     0x55e967c6ed33 - tokio::coop::with_budget::hfec16b022a8cff79
[INFO] [stdout]                                at /opt/rustwide/cargo-home/registry/src/index.crates.io-6f17d22bba15001f/tokio-1.20.5/src/coop.rs:95:5
[INFO] [stdout]   39:     0x55e967c6ed33 - tokio::coop::budget::h6b93f6f29f9b92d5
[INFO] [stdout]                                at /opt/rustwide/cargo-home/registry/src/index.crates.io-6f17d22bba15001f/tokio-1.20.5/src/coop.rs:72:5
[INFO] [stdout]   40:     0x55e967c6ed33 - tokio::runtime::basic_scheduler::CoreGuard::block_on::{{closure}}::{{closure}}::hcfd65b498f981e99
[INFO] [stdout]                                at /opt/rustwide/cargo-home/registry/src/index.crates.io-6f17d22bba15001f/tokio-1.20.5/src/runtime/basic_scheduler.rs:543:25
[INFO] [stdout]   41:     0x55e967c6d77a - tokio::runtime::basic_scheduler::Context::enter::h5fd49d1a06b3ab07
[INFO] [stdout]                                at /opt/rustwide/cargo-home/registry/src/index.crates.io-6f17d22bba15001f/tokio-1.20.5/src/runtime/basic_scheduler.rs:367:19
[INFO] [stdout]   42:     0x55e967c6e511 - tokio::runtime::basic_scheduler::CoreGuard::block_on::{{closure}}::hecc663074dabc26d
[INFO] [stdout]                                at /opt/rustwide/cargo-home/registry/src/index.crates.io-6f17d22bba15001f/tokio-1.20.5/src/runtime/basic_scheduler.rs:542:36
[INFO] [stdout]   43:     0x55e967c6e222 - tokio::runtime::basic_scheduler::CoreGuard::enter::{{closure}}::h28a706cb0489d170
[INFO] [stdout]                                at /opt/rustwide/cargo-home/registry/src/index.crates.io-6f17d22bba15001f/tokio-1.20.5/src/runtime/basic_scheduler.rs:613:57
[INFO] [stdout]   44:     0x55e967c4765c - tokio::macros::scoped_tls::ScopedKey<T>::set::h0943f767eaf9f723
[INFO] [stdout]                                at /opt/rustwide/cargo-home/registry/src/index.crates.io-6f17d22bba15001f/tokio-1.20.5/src/macros/scoped_tls.rs:61:9
[INFO] [stdout]   45:     0x55e967c6df84 - tokio::runtime::basic_scheduler::CoreGuard::enter::h1fc48647f372adcd
[INFO] [stdout]                                at /opt/rustwide/cargo-home/registry/src/index.crates.io-6f17d22bba15001f/tokio-1.20.5/src/runtime/basic_scheduler.rs:613:27
[INFO] [stdout]   46:     0x55e967c6e24d - tokio::runtime::basic_scheduler::CoreGuard::block_on::h179259e3e0ee2e02
[INFO] [stdout]                                at /opt/rustwide/cargo-home/registry/src/index.crates.io-6f17d22bba15001f/tokio-1.20.5/src/runtime/basic_scheduler.rs:533:19
[INFO] [stdout]   47:     0x55e967c6d0e2 - tokio::runtime::basic_scheduler::BasicScheduler::block_on::h58521bd7cc86acf1
[INFO] [stdout]                                at /opt/rustwide/cargo-home/registry/src/index.crates.io-6f17d22bba15001f/tokio-1.20.5/src/runtime/basic_scheduler.rs:179:24
[INFO] [stdout]   48:     0x55e967c6ee8a - tokio::runtime::Runtime::block_on::h7c0538af8df8b4d5
[INFO] [stdout]                                at /opt/rustwide/cargo-home/registry/src/index.crates.io-6f17d22bba15001f/tokio-1.20.5/src/runtime/mod.rs:482:46
[INFO] [stdout]   49:     0x55e967c6a388 - hdfs_proxy_tui::request::tests::success_get_item_list::h438ea4402eb558c7
[INFO] [stdout]                                at /opt/rustwide/workdir/src/request/mod.rs:115:9
[INFO] [stdout]   50:     0x55e967c6a277 - hdfs_proxy_tui::request::tests::success_get_item_list::{{closure}}::hc1280ee6ae9f4935
[INFO] [stdout]                                at /opt/rustwide/workdir/src/request/mod.rs:112:41
[INFO] [stdout]   51:     0x55e967c622d6 - core::ops::function::FnOnce::call_once::h74401479e2786c9f
[INFO] [stdout]                                at /rustc/82e1608dfa6e0b5569232559e3d385fea5a93112/library/core/src/ops/function.rs:250:5
[INFO] [stdout]   52:     0x55e967cb5eaf - core::ops::function::FnOnce::call_once::h2b5d431d5046312d
[INFO] [stdout]                                at /rustc/82e1608dfa6e0b5569232559e3d385fea5a93112/library/core/src/ops/function.rs:250:5
[INFO] [stdout]   53:     0x55e967cb5eaf - test::__rust_begin_short_backtrace::h7714669af176e207
[INFO] [stdout]                                at /rustc/82e1608dfa6e0b5569232559e3d385fea5a93112/library/test/src/lib.rs:628:18
[INFO] [stdout]   54:     0x55e967cb4ec5 - test::run_test_in_process::{{closure}}::h85218797dcbcec12
[INFO] [stdout]                                at /rustc/82e1608dfa6e0b5569232559e3d385fea5a93112/library/test/src/lib.rs:651:60
[INFO] [stdout]   55:     0x55e967cb4ec5 - <core::panic::unwind_safe::AssertUnwindSafe<F> as core::ops::function::FnOnce<()>>::call_once::h76c106ea31c14d7b
[INFO] [stdout]                                at /rustc/82e1608dfa6e0b5569232559e3d385fea5a93112/library/core/src/panic/unwind_safe.rs:272:9
[INFO] [stdout]   56:     0x55e967cb4ec5 - std::panicking::try::do_call::h3bd5d0f6620ee946
[INFO] [stdout]                                at /rustc/82e1608dfa6e0b5569232559e3d385fea5a93112/library/std/src/panicking.rs:552:40
[INFO] [stdout]   57:     0x55e967cb4ec5 - std::panicking::try::h232e535e4744fe31
[INFO] [stdout]                                at /rustc/82e1608dfa6e0b5569232559e3d385fea5a93112/library/std/src/panicking.rs:516:19
[INFO] [stdout]   58:     0x55e967cb4ec5 - std::panic::catch_unwind::h3ce3bd6ca8dbac68
[INFO] [stdout]                                at /rustc/82e1608dfa6e0b5569232559e3d385fea5a93112/library/std/src/panic.rs:142:14
[INFO] [stdout]   59:     0x55e967cb4ec5 - test::run_test_in_process::hc97b257c9621286a
[INFO] [stdout]                                at /rustc/82e1608dfa6e0b5569232559e3d385fea5a93112/library/test/src/lib.rs:651:27
[INFO] [stdout]   60:     0x55e967cb4ec5 - test::run_test::{{closure}}::h2aa798823a438d38
[INFO] [stdout]                                at /rustc/82e1608dfa6e0b5569232559e3d385fea5a93112/library/test/src/lib.rs:574:43
[INFO] [stdout]   61:     0x55e967c7d186 - test::run_test::{{closure}}::h87d231c78fb59832
[INFO] [stdout]                                at /rustc/82e1608dfa6e0b5569232559e3d385fea5a93112/library/test/src/lib.rs:602:41
[INFO] [stdout]   62:     0x55e967c7d186 - std::sys_common::backtrace::__rust_begin_short_backtrace::he6df152596625789
[INFO] [stdout]                                at /rustc/82e1608dfa6e0b5569232559e3d385fea5a93112/library/std/src/sys_common/backtrace.rs:154:18
[INFO] [stdout]   63:     0x55e967c82237 - std::thread::Builder::spawn_unchecked_::{{closure}}::{{closure}}::ha94be15d1e0acf36
[INFO] [stdout]                                at /rustc/82e1608dfa6e0b5569232559e3d385fea5a93112/library/std/src/thread/mod.rs:529:17
[INFO] [stdout]   64:     0x55e967c82237 - <core::panic::unwind_safe::AssertUnwindSafe<F> as core::ops::function::FnOnce<()>>::call_once::h9dc6bd6372f16606
[INFO] [stdout]                                at /rustc/82e1608dfa6e0b5569232559e3d385fea5a93112/library/core/src/panic/unwind_safe.rs:272:9
[INFO] [stdout]   65:     0x55e967c82237 - std::panicking::try::do_call::h9057517f80303cd4
[INFO] [stdout]                                at /rustc/82e1608dfa6e0b5569232559e3d385fea5a93112/library/std/src/panicking.rs:552:40
[INFO] [stdout]   66:     0x55e967c82237 - std::panicking::try::he3a30b11ee45340c
[INFO] [stdout]                                at /rustc/82e1608dfa6e0b5569232559e3d385fea5a93112/library/std/src/panicking.rs:516:19
[INFO] [stdout]   67:     0x55e967c82237 - std::panic::catch_unwind::h410458cfd3528b8b
[INFO] [stdout]                                at /rustc/82e1608dfa6e0b5569232559e3d385fea5a93112/library/std/src/panic.rs:142:14
[INFO] [stdout]   68:     0x55e967c82237 - std::thread::Builder::spawn_unchecked_::{{closure}}::h72ac3bdb567b737b
[INFO] [stdout]                                at /rustc/82e1608dfa6e0b5569232559e3d385fea5a93112/library/std/src/thread/mod.rs:528:30
[INFO] [stdout]   69:     0x55e967c82237 - core::ops::function::FnOnce::call_once{{vtable.shim}}::h38f34da3654a8344
[INFO] [stdout]                                at /rustc/82e1608dfa6e0b5569232559e3d385fea5a93112/library/core/src/ops/function.rs:250:5
[INFO] [stdout]   70:     0x55e968162e65 - <alloc::boxed::Box<F,A> as core::ops::function::FnOnce<Args>>::call_once::hc7eafaff61e32df9
[INFO] [stdout]                                at /rustc/82e1608dfa6e0b5569232559e3d385fea5a93112/library/alloc/src/boxed.rs:2007:9
[INFO] [stdout]   71:     0x55e968162e65 - <alloc::boxed::Box<F,A> as core::ops::function::FnOnce<Args>>::call_once::h6ba4a5de48dd2304
[INFO] [stdout]                                at /rustc/82e1608dfa6e0b5569232559e3d385fea5a93112/library/alloc/src/boxed.rs:2007:9
[INFO] [stdout]   72:     0x55e968162e65 - std::sys::unix::thread::Thread::new::thread_start::he469335aef763e45
[INFO] [stdout]                                at /rustc/82e1608dfa6e0b5569232559e3d385fea5a93112/library/std/src/sys/unix/thread.rs:108:17
[INFO] [stdout]   73:     0x7fb494741ac3 - <unknown>
[INFO] [stdout]   74:     0x7fb4947d2bf4 - __clone
[INFO] [stdout]   75:                0x0 - <unknown>
[INFO] [stdout] 
[INFO] [stdout] 
[INFO] [stdout] failures:
[INFO] [stdout]     request::tests::success_get_item_list
[INFO] [stdout] 
[INFO] [stdout] test result: FAILED. 4 passed; 1 failed; 0 ignored; 0 measured; 0 filtered out; finished in 0.07s
[INFO] [stdout] 
[INFO] [stderr] error: test failed, to rerun pass `--lib`
[INFO] running `Command { std: "docker" "inspect" "f4f3d7327f17dfb1eea8f1cb9664e04f2d4e536824606767f85d35f952f00deb", kill_on_drop: false }`
[INFO] running `Command { std: "docker" "rm" "-f" "f4f3d7327f17dfb1eea8f1cb9664e04f2d4e536824606767f85d35f952f00deb", kill_on_drop: false }`
[INFO] [stdout] f4f3d7327f17dfb1eea8f1cb9664e04f2d4e536824606767f85d35f952f00deb
[INFO] testing Rose1917/HDFS-PROXY-TUI against beta-2023-12-22 for beta-1.76-1
[INFO] running `Command { std: "git" "clone" "/workspace/cache/git-repos/https%3A%2F%2Fgithub.com%2FRose1917%2FHDFS-PROXY-TUI" "/workspace/builds/worker-4-tc2/source", kill_on_drop: false }`
[INFO] [stderr] Cloning into '/workspace/builds/worker-4-tc2/source'...
[INFO] [stderr] done.
[INFO] validating manifest of git repo https://github.com/Rose1917/HDFS-PROXY-TUI on toolchain beta-2023-12-22
[INFO] running `Command { std: CARGO_HOME="/workspace/cargo-home" RUSTUP_HOME="/workspace/rustup-home" "/workspace/cargo-home/bin/cargo" "+beta-2023-12-22" "metadata" "--manifest-path" "Cargo.toml" "--no-deps", kill_on_drop: false }`
[INFO] started tweaking git repo https://github.com/Rose1917/HDFS-PROXY-TUI
[INFO] finished tweaking git repo https://github.com/Rose1917/HDFS-PROXY-TUI
[INFO] tweaked toml for git repo https://github.com/Rose1917/HDFS-PROXY-TUI written to /workspace/builds/worker-4-tc2/source/Cargo.toml
[INFO] crate git repo https://github.com/Rose1917/HDFS-PROXY-TUI already has a lockfile, it will not be regenerated
[INFO] running `Command { std: CARGO_HOME="/workspace/cargo-home" RUSTUP_HOME="/workspace/rustup-home" "/workspace/cargo-home/bin/cargo" "+beta-2023-12-22" "fetch" "--manifest-path" "Cargo.toml", kill_on_drop: false }`
[INFO] running `Command { std: "docker" "create" "-v" "/var/lib/crater-agent-workspace/builds/worker-4-tc2/target:/opt/rustwide/target:rw,Z" "-v" "/var/lib/crater-agent-workspace/builds/worker-4-tc2/source:/opt/rustwide/workdir:ro,Z" "-v" "/var/lib/crater-agent-workspace/cargo-home:/opt/rustwide/cargo-home:ro,Z" "-v" "/var/lib/crater-agent-workspace/rustup-home:/opt/rustwide/rustup-home:ro,Z" "-e" "SOURCE_DIR=/opt/rustwide/workdir" "-e" "CARGO_TARGET_DIR=/opt/rustwide/target" "-e" "CARGO_HOME=/opt/rustwide/cargo-home" "-e" "RUSTUP_HOME=/opt/rustwide/rustup-home" "-w" "/opt/rustwide/workdir" "-m" "1610612736" "--user" "0:0" "--network" "none" "ghcr.io/rust-lang/crates-build-env/linux@sha256:2788e3201cd34a07e3172128adcd8b3090168a8e3bcc40d7c032b9dda1df7d1c" "/opt/rustwide/cargo-home/bin/cargo" "+beta-2023-12-22" "metadata" "--no-deps" "--format-version=1", kill_on_drop: false }`
[INFO] [stdout] 4b60534b0a3bbe754617cdb08c92b0990da86c31ae6bd97bfefe659d9f81aeed
[INFO] running `Command { std: "docker" "start" "-a" "4b60534b0a3bbe754617cdb08c92b0990da86c31ae6bd97bfefe659d9f81aeed", kill_on_drop: false }`
[INFO] running `Command { std: "docker" "inspect" "4b60534b0a3bbe754617cdb08c92b0990da86c31ae6bd97bfefe659d9f81aeed", kill_on_drop: false }`
[INFO] running `Command { std: "docker" "rm" "-f" "4b60534b0a3bbe754617cdb08c92b0990da86c31ae6bd97bfefe659d9f81aeed", kill_on_drop: false }`
[INFO] [stdout] 4b60534b0a3bbe754617cdb08c92b0990da86c31ae6bd97bfefe659d9f81aeed
[INFO] running `Command { std: "docker" "create" "-v" "/var/lib/crater-agent-workspace/builds/worker-4-tc2/target:/opt/rustwide/target:rw,Z" "-v" "/var/lib/crater-agent-workspace/builds/worker-4-tc2/source:/opt/rustwide/workdir:ro,Z" "-v" "/var/lib/crater-agent-workspace/cargo-home:/opt/rustwide/cargo-home:ro,Z" "-v" "/var/lib/crater-agent-workspace/rustup-home:/opt/rustwide/rustup-home:ro,Z" "-e" "SOURCE_DIR=/opt/rustwide/workdir" "-e" "CARGO_TARGET_DIR=/opt/rustwide/target" "-e" "CARGO_INCREMENTAL=0" "-e" "RUST_BACKTRACE=full" "-e" "RUSTFLAGS=--cap-lints=warn" "-e" "RUSTDOCFLAGS=--cap-lints=warn" "-e" "CARGO_HOME=/opt/rustwide/cargo-home" "-e" "RUSTUP_HOME=/opt/rustwide/rustup-home" "-w" "/opt/rustwide/workdir" "-m" "1610612736" "--user" "0:0" "--network" "none" "ghcr.io/rust-lang/crates-build-env/linux@sha256:2788e3201cd34a07e3172128adcd8b3090168a8e3bcc40d7c032b9dda1df7d1c" "/opt/rustwide/cargo-home/bin/cargo" "+beta-2023-12-22" "build" "--frozen" "--message-format=json", kill_on_drop: false }`
[INFO] [stdout] 3c9c7552b52e08470c644cbdd89d7a02a55844475cd7c90496e3d28f68f61959
[INFO] running `Command { std: "docker" "start" "-a" "3c9c7552b52e08470c644cbdd89d7a02a55844475cd7c90496e3d28f68f61959", kill_on_drop: false }`
[INFO] [stderr]    Compiling libc v0.2.147
[INFO] [stderr]    Compiling autocfg v1.1.0
[INFO] [stderr]    Compiling cfg-if v1.0.0
[INFO] [stderr]    Compiling log v0.4.16
[INFO] [stderr]    Compiling proc-macro2 v1.0.66
[INFO] [stderr]    Compiling unicode-ident v1.0.11
[INFO] [stderr]    Compiling smallvec v1.8.0
[INFO] [stderr]    Compiling scopeguard v1.1.0
[INFO] [stderr]    Compiling parking_lot_core v0.9.2
[INFO] [stderr]    Compiling once_cell v1.18.0
[INFO] [stderr]    Compiling syn v1.0.91
[INFO] [stderr]    Compiling pkg-config v0.3.27
[INFO] [stderr]    Compiling pin-project-lite v0.2.8
[INFO] [stderr]    Compiling cc v1.0.79
[INFO] [stderr]    Compiling bytes v1.1.0
[INFO] [stderr]    Compiling futures-core v0.3.28
[INFO] [stderr]    Compiling bitflags v1.3.2
[INFO] [stderr]    Compiling memchr v2.4.1
[INFO] [stderr]    Compiling unicode-xid v0.2.2
[INFO] [stderr]    Compiling itoa v1.0.9
[INFO] [stderr]    Compiling signal-hook v0.3.13
[INFO] [stderr]    Compiling futures-task v0.3.28
[INFO] [stderr]    Compiling tracing-core v0.1.31
[INFO] [stderr]    Compiling foreign-types-shared v0.1.1
[INFO] [stderr]    Compiling parking_lot_core v0.8.5
[INFO] [stderr]    Compiling futures-util v0.3.28
[INFO] [stderr]    Compiling openssl v0.10.55
[INFO] [stderr]    Compiling fnv v1.0.7
[INFO] [stderr]    Compiling serde v1.0.178
[INFO] [stderr]    Compiling lock_api v0.4.7
[INFO] [stderr]    Compiling tokio v1.20.5
[INFO] [stderr]    Compiling slab v0.4.8
[INFO] [stderr]    Compiling indexmap v1.9.3
[INFO] [stderr]    Compiling http v0.2.9
[INFO] [stderr]    Compiling tracing v0.1.35
[INFO] [stderr]    Compiling num-traits v0.2.14
[INFO] [stderr]    Compiling foreign-types v0.3.2
[INFO] [stderr]    Compiling instant v0.1.12
[INFO] [stderr]    Compiling serde_derive v1.0.178
[INFO] [stderr]    Compiling quote v1.0.32
[INFO] [stderr]    Compiling tinyvec_macros v0.1.1
[INFO] [stderr]    Compiling native-tls v0.2.11
[INFO] [stderr]    Compiling httparse v1.8.0
[INFO] [stderr]    Compiling hashbrown v0.12.3
[INFO] [stderr]    Compiling futures-sink v0.3.28
[INFO] [stderr]    Compiling futures-channel v0.3.28
[INFO] [stderr]    Compiling pin-utils v0.1.0
[INFO] [stderr]    Compiling tinyvec v1.6.0
[INFO] [stderr]    Compiling num-integer v0.1.44
[INFO] [stderr]    Compiling percent-encoding v2.3.0
[INFO] [stderr]    Compiling try-lock v0.2.4
[INFO] [stderr]    Compiling signal-hook-registry v1.4.0
[INFO] [stderr]    Compiling mio v0.8.2
[INFO] [stderr]    Compiling socket2 v0.4.9
[INFO] [stderr]    Compiling num_cpus v1.13.1
[INFO] [stderr]    Compiling syn v2.0.27
[INFO] [stderr]    Compiling mio v0.7.14
[INFO] [stderr]    Compiling openssl-probe v0.1.5
[INFO] [stderr]    Compiling openssl-sys v0.9.90
[INFO] [stderr]    Compiling parking_lot v0.12.0
[INFO] [stderr]    Compiling signal-hook-mio v0.2.3
[INFO] [stderr]    Compiling parking_lot v0.11.2
[INFO] [stderr]    Compiling unicode-normalization v0.1.22
[INFO] [stderr]    Compiling http-body v0.4.5
[INFO] [stderr]    Compiling want v0.3.1
[INFO] [stderr]    Compiling form_urlencoded v1.2.0
[INFO] [stderr]    Compiling time v0.1.44
[INFO] [stderr]    Compiling ryu v1.0.15
[INFO] [stderr]    Compiling unicode-bidi v0.3.13
[INFO] [stderr]    Compiling tower-service v0.3.2
[INFO] [stderr]    Compiling httpdate v1.0.2
[INFO] [stderr]    Compiling gcc v0.3.55
[INFO] [stderr]    Compiling slog v2.7.0
[INFO] [stderr]    Compiling crossterm v0.22.1
[INFO] [stderr]    Compiling rand v0.4.6
[INFO] [stderr]    Compiling eyre v0.6.8
[INFO] [stderr]    Compiling unicode-width v0.1.9
[INFO] [stderr]    Compiling idna v0.4.0
[INFO] [stderr]    Compiling unicode-segmentation v1.9.0
[INFO] [stderr]    Compiling byteorder v1.4.3
[INFO] [stderr]    Compiling cassowary v0.3.0
[INFO] [stderr]    Compiling serde_json v1.0.104
[INFO] [stderr]    Compiling fxhash v0.2.1
[INFO] [stderr]    Compiling encoding_rs v0.8.32
[INFO] [stderr]    Compiling base64 v0.21.2
[INFO] [stderr]    Compiling tui v0.17.0
[INFO] [stderr]    Compiling url v2.4.0
[INFO] [stderr]    Compiling rand v0.3.23
[INFO] [stderr]    Compiling rust-crypto v0.2.36
[INFO] [stderr]    Compiling ipnet v2.8.0
[INFO] [stderr]    Compiling indenter v0.3.3
[INFO] [stderr]    Compiling lazy_static v1.4.0
[INFO] [stderr]    Compiling chrono v0.4.19
[INFO] [stderr]    Compiling mime v0.3.17
[INFO] [stderr]    Compiling rustc-serialize v0.3.24
[INFO] [stderr]    Compiling crossterm v0.23.2
[INFO] [stderr]    Compiling hex v0.4.3
[INFO] [stdout] error[E0310]: the parameter type `T` may not live long enough
[INFO] [stdout]     --> /opt/rustwide/cargo-home/registry/src/index.crates.io-6f17d22bba15001f/rustc-serialize-0.3.24/src/serialize.rs:1155:5
[INFO] [stdout]      |
[INFO] [stdout] 1155 |     fn decode<D: Decoder>(d: &mut D) -> Result<Cow<'static, T>, D::Error> {
[INFO] [stdout]      |     ^^^^^^^^^^^^^^^^^^^^^^^^^^^^^^^^^^^^^^^^^^^^^^^^^^^^^^^^^^^^^^^^^^^^^
[INFO] [stdout]      |     |
[INFO] [stdout]      |     the parameter type `T` must be valid for the static lifetime...
[INFO] [stdout]      |     ...so that the type `T` will meet its required lifetime bounds...
[INFO] [stdout]      |
[INFO] [stdout] note: ...that is required by this bound
[INFO] [stdout]     --> /rustc/0e09125c6c3c2fd70d7de961bcf0e51575235fad/library/alloc/src/borrow.rs:180:30
[INFO] [stdout] help: consider adding an explicit lifetime bound
[INFO] [stdout]      |
[INFO] [stdout] 1151 | impl<'a, T: ?Sized + 'static> Decodable for Cow<'a, T>
[INFO] [stdout]      |                    +++++++++
[INFO] [stdout] 
[INFO] [stdout] 
[INFO] [stderr]    Compiling tui-logger v0.7.1
[INFO] [stdout] error: aborting due to 1 previous error
[INFO] [stdout] 
[INFO] [stdout] 
[INFO] [stdout] For more information about this error, try `rustc --explain E0310`.
[INFO] [stdout] 
[INFO] [stderr] error: could not compile `rustc-serialize` (lib) due to 2 previous errors
[INFO] [stderr] warning: build failed, waiting for other jobs to finish...
[INFO] running `Command { std: "docker" "inspect" "3c9c7552b52e08470c644cbdd89d7a02a55844475cd7c90496e3d28f68f61959", kill_on_drop: false }`
[INFO] running `Command { std: "docker" "rm" "-f" "3c9c7552b52e08470c644cbdd89d7a02a55844475cd7c90496e3d28f68f61959", kill_on_drop: false }`
[INFO] [stdout] 3c9c7552b52e08470c644cbdd89d7a02a55844475cd7c90496e3d28f68f61959
