[INFO] cloning repository https://github.com/MarkChuCarroll/schism
[INFO] running `Command { std: "git" "-c" "credential.helper=" "-c" "credential.helper=/workspace/cargo-home/bin/git-credential-null" "clone" "--bare" "https://github.com/MarkChuCarroll/schism" "/workspace/cache/git-repos/https%3A%2F%2Fgithub.com%2FMarkChuCarroll%2Fschism", kill_on_drop: false }`
[INFO] [stderr] Cloning into bare repository '/workspace/cache/git-repos/https%3A%2F%2Fgithub.com%2FMarkChuCarroll%2Fschism'...
[INFO] running `Command { std: "git" "rev-parse" "HEAD", kill_on_drop: false }`
[INFO] [stdout] 47c9a0303fe4f51cc066adc3c2585db2cf7f3ccb
[INFO] testing MarkChuCarroll/schism against 1.75.0 for beta-1.76-1
[INFO] running `Command { std: "git" "clone" "/workspace/cache/git-repos/https%3A%2F%2Fgithub.com%2FMarkChuCarroll%2Fschism" "/workspace/builds/worker-0-tc1/source", kill_on_drop: false }`
[INFO] [stderr] Cloning into '/workspace/builds/worker-0-tc1/source'...
[INFO] [stderr] done.
[INFO] validating manifest of git repo https://github.com/MarkChuCarroll/schism on toolchain 1.75.0
[INFO] running `Command { std: CARGO_HOME="/workspace/cargo-home" RUSTUP_HOME="/workspace/rustup-home" "/workspace/cargo-home/bin/cargo" "+1.75.0" "metadata" "--manifest-path" "Cargo.toml" "--no-deps", kill_on_drop: false }`
[INFO] started tweaking git repo https://github.com/MarkChuCarroll/schism
[INFO] finished tweaking git repo https://github.com/MarkChuCarroll/schism
[INFO] tweaked toml for git repo https://github.com/MarkChuCarroll/schism written to /workspace/builds/worker-0-tc1/source/Cargo.toml
[INFO] crate git repo https://github.com/MarkChuCarroll/schism already has a lockfile, it will not be regenerated
[INFO] running `Command { std: CARGO_HOME="/workspace/cargo-home" RUSTUP_HOME="/workspace/rustup-home" "/workspace/cargo-home/bin/cargo" "+1.75.0" "fetch" "--manifest-path" "Cargo.toml", kill_on_drop: false }`
[INFO] [stderr]     Updating crates.io index
[INFO] [stderr]  Downloading crates ...
[INFO] [stderr]   Downloaded queues v1.1.0
[INFO] [stderr]   Downloaded line-col v0.2.1
[INFO] running `Command { std: "docker" "create" "-v" "/var/lib/crater-agent-workspace/builds/worker-0-tc1/target:/opt/rustwide/target:rw,Z" "-v" "/var/lib/crater-agent-workspace/builds/worker-0-tc1/source:/opt/rustwide/workdir:ro,Z" "-v" "/var/lib/crater-agent-workspace/cargo-home:/opt/rustwide/cargo-home:ro,Z" "-v" "/var/lib/crater-agent-workspace/rustup-home:/opt/rustwide/rustup-home:ro,Z" "-e" "SOURCE_DIR=/opt/rustwide/workdir" "-e" "CARGO_TARGET_DIR=/opt/rustwide/target" "-e" "CARGO_HOME=/opt/rustwide/cargo-home" "-e" "RUSTUP_HOME=/opt/rustwide/rustup-home" "-w" "/opt/rustwide/workdir" "-m" "1610612736" "--user" "0:0" "--network" "none" "ghcr.io/rust-lang/crates-build-env/linux@sha256:2788e3201cd34a07e3172128adcd8b3090168a8e3bcc40d7c032b9dda1df7d1c" "/opt/rustwide/cargo-home/bin/cargo" "+1.75.0" "metadata" "--no-deps" "--format-version=1", kill_on_drop: false }`
[INFO] [stdout] 8841bb93aca04d0301b494f2077434c8ccb24ac6c95992332a3b9114c606c89c
[INFO] running `Command { std: "docker" "start" "-a" "8841bb93aca04d0301b494f2077434c8ccb24ac6c95992332a3b9114c606c89c", kill_on_drop: false }`
[INFO] running `Command { std: "docker" "inspect" "8841bb93aca04d0301b494f2077434c8ccb24ac6c95992332a3b9114c606c89c", kill_on_drop: false }`
[INFO] running `Command { std: "docker" "rm" "-f" "8841bb93aca04d0301b494f2077434c8ccb24ac6c95992332a3b9114c606c89c", kill_on_drop: false }`
[INFO] [stdout] 8841bb93aca04d0301b494f2077434c8ccb24ac6c95992332a3b9114c606c89c
[INFO] running `Command { std: "docker" "create" "-v" "/var/lib/crater-agent-workspace/builds/worker-0-tc1/target:/opt/rustwide/target:rw,Z" "-v" "/var/lib/crater-agent-workspace/builds/worker-0-tc1/source:/opt/rustwide/workdir:ro,Z" "-v" "/var/lib/crater-agent-workspace/cargo-home:/opt/rustwide/cargo-home:ro,Z" "-v" "/var/lib/crater-agent-workspace/rustup-home:/opt/rustwide/rustup-home:ro,Z" "-e" "SOURCE_DIR=/opt/rustwide/workdir" "-e" "CARGO_TARGET_DIR=/opt/rustwide/target" "-e" "CARGO_INCREMENTAL=0" "-e" "RUST_BACKTRACE=full" "-e" "RUSTFLAGS=--cap-lints=warn" "-e" "RUSTDOCFLAGS=--cap-lints=warn" "-e" "CARGO_HOME=/opt/rustwide/cargo-home" "-e" "RUSTUP_HOME=/opt/rustwide/rustup-home" "-w" "/opt/rustwide/workdir" "-m" "1610612736" "--user" "0:0" "--network" "none" "ghcr.io/rust-lang/crates-build-env/linux@sha256:2788e3201cd34a07e3172128adcd8b3090168a8e3bcc40d7c032b9dda1df7d1c" "/opt/rustwide/cargo-home/bin/cargo" "+1.75.0" "build" "--frozen" "--message-format=json", kill_on_drop: false }`
[INFO] [stdout] 58097ec718b0c79145f85ec8cf7221115f2ca459cbe5689b85fe915dbdad3643
[INFO] running `Command { std: "docker" "start" "-a" "58097ec718b0c79145f85ec8cf7221115f2ca459cbe5689b85fe915dbdad3643", kill_on_drop: false }`
[INFO] [stderr]    Compiling libc v0.2.144
[INFO] [stderr]    Compiling cfg-if v1.0.0
[INFO] [stderr]    Compiling lock_api v0.4.9
[INFO] [stderr]    Compiling io-lifetimes v1.0.11
[INFO] [stderr]    Compiling parking_lot_core v0.9.7
[INFO] [stderr]    Compiling indexmap v1.9.3
[INFO] [stderr]    Compiling smallvec v1.10.0
[INFO] [stderr]    Compiling crunchy v0.2.2
[INFO] [stderr]    Compiling log v0.4.18
[INFO] [stderr]    Compiling rustix v0.37.19
[INFO] [stderr]    Compiling scopeguard v1.1.0
[INFO] [stderr]    Compiling linux-raw-sys v0.3.8
[INFO] [stderr]    Compiling tiny-keccak v2.0.2
[INFO] [stderr]    Compiling hashbrown v0.12.3
[INFO] [stderr]    Compiling bitflags v1.3.2
[INFO] [stderr]    Compiling regex-syntax v0.7.2
[INFO] [stderr]    Compiling siphasher v0.3.10
[INFO] [stderr]    Compiling new_debug_unreachable v1.0.4
[INFO] [stderr]    Compiling bit-vec v0.6.3
[INFO] [stderr]    Compiling either v1.8.1
[INFO] [stderr]    Compiling phf_shared v0.10.0
[INFO] [stderr]    Compiling fixedbitset v0.4.2
[INFO] [stderr]    Compiling once_cell v1.17.1
[INFO] [stderr]    Compiling precomputed-hash v0.1.1
[INFO] [stderr]    Compiling itertools v0.10.5
[INFO] [stderr]    Compiling bit-set v0.5.3
[INFO] [stderr]    Compiling pico-args v0.5.0
[INFO] [stderr]    Compiling unicode-xid v0.2.4
[INFO] [stderr]    Compiling ena v0.14.2
[INFO] [stderr]    Compiling diff v0.1.13
[INFO] [stderr]    Compiling aho-corasick v1.0.1
[INFO] [stderr]    Compiling queues v1.1.0
[INFO] [stderr]    Compiling line-col v0.2.1
[INFO] [stderr]    Compiling lalrpop-util v0.20.0
[INFO] [stderr]    Compiling unicode_categories v0.1.1
[INFO] [stderr]    Compiling petgraph v0.6.3
[INFO] [stderr]    Compiling dirs-sys-next v0.1.2
[INFO] [stderr]    Compiling dirs-next v2.0.0
[INFO] [stderr]    Compiling term v0.7.0
[INFO] [stderr]    Compiling parking_lot v0.12.1
[INFO] [stderr]    Compiling regex v1.8.3
[INFO] [stderr]    Compiling string_cache v0.8.7
[INFO] [stderr]    Compiling ascii-canvas v3.0.0
[INFO] [stderr]    Compiling is-terminal v0.4.7
[INFO] [stderr]    Compiling lalrpop v0.20.0
[INFO] [stderr]    Compiling schism v0.1.0 (/opt/rustwide/workdir)
[INFO] [stdout] warning: unused import: `lalrpop_util::ParseError`
[INFO] [stdout]  --> /opt/rustwide/target/debug/build/schism-d56d93e214331d41/out/schism_parser.rs:6:5
[INFO] [stdout]   |
[INFO] [stdout] 6 | use lalrpop_util::ParseError;
[INFO] [stdout]   |     ^^^^^^^^^^^^^^^^^^^^^^^^
[INFO] [stdout]   |
[INFO] [stdout]   = note: `#[warn(unused_imports)]` on by default
[INFO] [stdout] 
[INFO] [stdout] 
[INFO] [stdout] warning: field `source_id` is never read
[INFO] [stdout]   --> src/lex.rs:86:5
[INFO] [stdout]    |
[INFO] [stdout] 85 | pub struct Scanner<'input> {
[INFO] [stdout]    |            ------- field in this struct
[INFO] [stdout] 86 |     source_id: String,
[INFO] [stdout]    |     ^^^^^^^^^
[INFO] [stdout]    |
[INFO] [stdout]    = note: `#[warn(dead_code)]` on by default
[INFO] [stdout] 
[INFO] [stdout] 
[INFO] [stdout] warning: associated function `new` is never used
[INFO] [stdout]   --> src/lex.rs:96:12
[INFO] [stdout]    |
[INFO] [stdout] 95 | impl<'input> Scanner<'input> {
[INFO] [stdout]    | ---------------------------- associated function in this implementation
[INFO] [stdout] 96 |     pub fn new(id: String, input: &'input str) -> Scanner<'input> {
[INFO] [stdout]    |            ^^^
[INFO] [stdout] 
[INFO] [stdout] 
[INFO] [stdout] warning: variants `ObjNode`, `ArrayNode`, `AttrNode`, and `ValueNode` are never constructed
[INFO] [stdout]   --> src/twist.rs:7:5
[INFO] [stdout]    |
[INFO] [stdout] 6  | pub enum Twist {
[INFO] [stdout]    |          ----- variants in this enum
[INFO] [stdout] 7  |     ObjNode(String, Vec<Twist>),
[INFO] [stdout]    |     ^^^^^^^
[INFO] [stdout] 8  |     ArrayNode(String, Vec<Twist>),
[INFO] [stdout]    |     ^^^^^^^^^
[INFO] [stdout] 9  |     AttrNode(String, String),
[INFO] [stdout]    |     ^^^^^^^^
[INFO] [stdout] 10 |     ValueNode(String, Option<Box<Twist>>),
[INFO] [stdout]    |     ^^^^^^^^^
[INFO] [stdout]    |
[INFO] [stdout]    = note: `Twist` has derived impls for the traits `Debug` and `Clone`, but these are intentionally ignored during dead code analysis
[INFO] [stdout] 
[INFO] [stdout] 
[INFO] [stdout] warning: multiple associated items are never used
[INFO] [stdout]   --> src/twist.rs:14:12
[INFO] [stdout]    |
[INFO] [stdout] 13 | impl Twist {
[INFO] [stdout]    | ---------- associated items in this implementation
[INFO] [stdout] 14 |     pub fn obj(name: &str, children: Vec<Twist>) -> Self {
[INFO] [stdout]    |            ^^^
[INFO] [stdout] ...
[INFO] [stdout] 18 |     pub fn arr(name: &str, children: Vec<Twist>) -> Self {
[INFO] [stdout]    |            ^^^
[INFO] [stdout] ...
[INFO] [stdout] 22 |     pub fn attr(name: &str, value: String) -> Self {
[INFO] [stdout]    |            ^^^^
[INFO] [stdout] ...
[INFO] [stdout] 26 |     pub fn opt_val(name: &str, value: Option<Twist>) -> Self {
[INFO] [stdout]    |            ^^^^^^^
[INFO] [stdout] ...
[INFO] [stdout] 33 |     pub fn val(name: &str, value: Twist) -> Self {
[INFO] [stdout]    |            ^^^
[INFO] [stdout] ...
[INFO] [stdout] 37 |     fn indent(s: &mut String, i: usize) {
[INFO] [stdout]    |        ^^^^^^
[INFO] [stdout] ...
[INFO] [stdout] 41 |     pub fn render(&self, rendered: &mut String, indent: usize) {
[INFO] [stdout]    |            ^^^^^^
[INFO] [stdout] ...
[INFO] [stdout] 82 |     pub fn to_string(&self) -> String {
[INFO] [stdout]    |            ^^^^^^^^^
[INFO] [stdout] ...
[INFO] [stdout] 88 |     pub fn code(&self, rendered: &mut String) {
[INFO] [stdout]    |            ^^^^
[INFO] [stdout] 
[INFO] [stdout] 
[INFO] [stdout] warning: 5 warnings emitted
[INFO] [stdout] 
[INFO] [stdout] 
[INFO] [stderr]     Finished dev [unoptimized + debuginfo] target(s) in 14.99s
[INFO] running `Command { std: "docker" "inspect" "58097ec718b0c79145f85ec8cf7221115f2ca459cbe5689b85fe915dbdad3643", kill_on_drop: false }`
[INFO] running `Command { std: "docker" "rm" "-f" "58097ec718b0c79145f85ec8cf7221115f2ca459cbe5689b85fe915dbdad3643", kill_on_drop: false }`
[INFO] [stdout] 58097ec718b0c79145f85ec8cf7221115f2ca459cbe5689b85fe915dbdad3643
[INFO] running `Command { std: "docker" "create" "-v" "/var/lib/crater-agent-workspace/builds/worker-0-tc1/target:/opt/rustwide/target:rw,Z" "-v" "/var/lib/crater-agent-workspace/builds/worker-0-tc1/source:/opt/rustwide/workdir:ro,Z" "-v" "/var/lib/crater-agent-workspace/cargo-home:/opt/rustwide/cargo-home:ro,Z" "-v" "/var/lib/crater-agent-workspace/rustup-home:/opt/rustwide/rustup-home:ro,Z" "-e" "SOURCE_DIR=/opt/rustwide/workdir" "-e" "CARGO_TARGET_DIR=/opt/rustwide/target" "-e" "CARGO_INCREMENTAL=0" "-e" "RUST_BACKTRACE=full" "-e" "RUSTFLAGS=--cap-lints=warn" "-e" "RUSTDOCFLAGS=--cap-lints=warn" "-e" "CARGO_HOME=/opt/rustwide/cargo-home" "-e" "RUSTUP_HOME=/opt/rustwide/rustup-home" "-w" "/opt/rustwide/workdir" "-m" "1610612736" "--user" "0:0" "--network" "none" "ghcr.io/rust-lang/crates-build-env/linux@sha256:2788e3201cd34a07e3172128adcd8b3090168a8e3bcc40d7c032b9dda1df7d1c" "/opt/rustwide/cargo-home/bin/cargo" "+1.75.0" "test" "--frozen" "--no-run" "--message-format=json", kill_on_drop: false }`
[INFO] [stdout] 37957ab9db2fb0db1eb1602089d5da35bffafe19e0e5d080c72f8c6ea2c27c19
[INFO] running `Command { std: "docker" "start" "-a" "37957ab9db2fb0db1eb1602089d5da35bffafe19e0e5d080c72f8c6ea2c27c19", kill_on_drop: false }`
[INFO] [stderr]    Compiling schism v0.1.0 (/opt/rustwide/workdir)
[INFO] [stdout] warning: unused import: `lalrpop_util::ParseError`
[INFO] [stdout]  --> /opt/rustwide/target/debug/build/schism-d56d93e214331d41/out/schism_parser.rs:6:5
[INFO] [stdout]   |
[INFO] [stdout] 6 | use lalrpop_util::ParseError;
[INFO] [stdout]   |     ^^^^^^^^^^^^^^^^^^^^^^^^
[INFO] [stdout]   |
[INFO] [stdout]   = note: `#[warn(unused_imports)]` on by default
[INFO] [stdout] 
[INFO] [stdout] 
[INFO] [stdout] warning: field `source_id` is never read
[INFO] [stdout]   --> src/lex.rs:86:5
[INFO] [stdout]    |
[INFO] [stdout] 85 | pub struct Scanner<'input> {
[INFO] [stdout]    |            ------- field in this struct
[INFO] [stdout] 86 |     source_id: String,
[INFO] [stdout]    |     ^^^^^^^^^
[INFO] [stdout]    |
[INFO] [stdout]    = note: `#[warn(dead_code)]` on by default
[INFO] [stdout] 
[INFO] [stdout] 
[INFO] [stdout] warning: variants `ObjNode`, `ArrayNode`, `AttrNode`, and `ValueNode` are never constructed
[INFO] [stdout]   --> src/twist.rs:7:5
[INFO] [stdout]    |
[INFO] [stdout] 6  | pub enum Twist {
[INFO] [stdout]    |          ----- variants in this enum
[INFO] [stdout] 7  |     ObjNode(String, Vec<Twist>),
[INFO] [stdout]    |     ^^^^^^^
[INFO] [stdout] 8  |     ArrayNode(String, Vec<Twist>),
[INFO] [stdout]    |     ^^^^^^^^^
[INFO] [stdout] 9  |     AttrNode(String, String),
[INFO] [stdout]    |     ^^^^^^^^
[INFO] [stdout] 10 |     ValueNode(String, Option<Box<Twist>>),
[INFO] [stdout]    |     ^^^^^^^^^
[INFO] [stdout]    |
[INFO] [stdout]    = note: `Twist` has derived impls for the traits `Debug` and `Clone`, but these are intentionally ignored during dead code analysis
[INFO] [stdout] 
[INFO] [stdout] 
[INFO] [stdout] warning: multiple associated items are never used
[INFO] [stdout]   --> src/twist.rs:14:12
[INFO] [stdout]    |
[INFO] [stdout] 13 | impl Twist {
[INFO] [stdout]    | ---------- associated items in this implementation
[INFO] [stdout] 14 |     pub fn obj(name: &str, children: Vec<Twist>) -> Self {
[INFO] [stdout]    |            ^^^
[INFO] [stdout] ...
[INFO] [stdout] 18 |     pub fn arr(name: &str, children: Vec<Twist>) -> Self {
[INFO] [stdout]    |            ^^^
[INFO] [stdout] ...
[INFO] [stdout] 22 |     pub fn attr(name: &str, value: String) -> Self {
[INFO] [stdout]    |            ^^^^
[INFO] [stdout] ...
[INFO] [stdout] 26 |     pub fn opt_val(name: &str, value: Option<Twist>) -> Self {
[INFO] [stdout]    |            ^^^^^^^
[INFO] [stdout] ...
[INFO] [stdout] 33 |     pub fn val(name: &str, value: Twist) -> Self {
[INFO] [stdout]    |            ^^^
[INFO] [stdout] ...
[INFO] [stdout] 37 |     fn indent(s: &mut String, i: usize) {
[INFO] [stdout]    |        ^^^^^^
[INFO] [stdout] ...
[INFO] [stdout] 41 |     pub fn render(&self, rendered: &mut String, indent: usize) {
[INFO] [stdout]    |            ^^^^^^
[INFO] [stdout] ...
[INFO] [stdout] 82 |     pub fn to_string(&self) -> String {
[INFO] [stdout]    |            ^^^^^^^^^
[INFO] [stdout] ...
[INFO] [stdout] 88 |     pub fn code(&self, rendered: &mut String) {
[INFO] [stdout]    |            ^^^^
[INFO] [stdout] 
[INFO] [stdout] 
[INFO] [stdout] warning: 4 warnings emitted
[INFO] [stdout] 
[INFO] [stdout] 
[INFO] [stderr]     Finished test [unoptimized + debuginfo] target(s) in 5.82s
[INFO] running `Command { std: "docker" "inspect" "37957ab9db2fb0db1eb1602089d5da35bffafe19e0e5d080c72f8c6ea2c27c19", kill_on_drop: false }`
[INFO] running `Command { std: "docker" "rm" "-f" "37957ab9db2fb0db1eb1602089d5da35bffafe19e0e5d080c72f8c6ea2c27c19", kill_on_drop: false }`
[INFO] [stdout] 37957ab9db2fb0db1eb1602089d5da35bffafe19e0e5d080c72f8c6ea2c27c19
[INFO] running `Command { std: "docker" "create" "-v" "/var/lib/crater-agent-workspace/builds/worker-0-tc1/target:/opt/rustwide/target:rw,Z" "-v" "/var/lib/crater-agent-workspace/builds/worker-0-tc1/source:/opt/rustwide/workdir:ro,Z" "-v" "/var/lib/crater-agent-workspace/cargo-home:/opt/rustwide/cargo-home:ro,Z" "-v" "/var/lib/crater-agent-workspace/rustup-home:/opt/rustwide/rustup-home:ro,Z" "-e" "SOURCE_DIR=/opt/rustwide/workdir" "-e" "CARGO_TARGET_DIR=/opt/rustwide/target" "-e" "CARGO_INCREMENTAL=0" "-e" "RUST_BACKTRACE=full" "-e" "RUSTFLAGS=--cap-lints=warn" "-e" "RUSTDOCFLAGS=--cap-lints=warn" "-e" "CARGO_HOME=/opt/rustwide/cargo-home" "-e" "RUSTUP_HOME=/opt/rustwide/rustup-home" "-w" "/opt/rustwide/workdir" "-m" "1610612736" "--user" "0:0" "--network" "none" "ghcr.io/rust-lang/crates-build-env/linux@sha256:2788e3201cd34a07e3172128adcd8b3090168a8e3bcc40d7c032b9dda1df7d1c" "/opt/rustwide/cargo-home/bin/cargo" "+1.75.0" "test" "--frozen", kill_on_drop: false }`
[INFO] [stdout] f2338488303902d70dfdfbd369cd59dac77cfe3d672daf056c846459403d2e5a
[INFO] running `Command { std: "docker" "start" "-a" "f2338488303902d70dfdfbd369cd59dac77cfe3d672daf056c846459403d2e5a", kill_on_drop: false }`
[INFO] [stderr] warning: unused import: `lalrpop_util::ParseError`
[INFO] [stderr]  --> /opt/rustwide/target/debug/build/schism-d56d93e214331d41/out/schism_parser.rs:6:5
[INFO] [stderr]   |
[INFO] [stderr] 6 | use lalrpop_util::ParseError;
[INFO] [stderr]   |     ^^^^^^^^^^^^^^^^^^^^^^^^
[INFO] [stderr]   |
[INFO] [stderr]   = note: `#[warn(unused_imports)]` on by default
[INFO] [stderr] 
[INFO] [stderr] warning: field `source_id` is never read
[INFO] [stderr]   --> src/lex.rs:86:5
[INFO] [stderr]    |
[INFO] [stderr] 85 | pub struct Scanner<'input> {
[INFO] [stderr]    |            ------- field in this struct
[INFO] [stderr] 86 |     source_id: String,
[INFO] [stderr]    |     ^^^^^^^^^
[INFO] [stderr]    |
[INFO] [stderr]    = note: `#[warn(dead_code)]` on by default
[INFO] [stderr] 
[INFO] [stderr] warning: variants `ObjNode`, `ArrayNode`, `AttrNode`, and `ValueNode` are never constructed
[INFO] [stderr]   --> src/twist.rs:7:5
[INFO] [stderr]    |
[INFO] [stderr] 6  | pub enum Twist {
[INFO] [stderr]    |          ----- variants in this enum
[INFO] [stderr] 7  |     ObjNode(String, Vec<Twist>),
[INFO] [stderr]    |     ^^^^^^^
[INFO] [stderr] 8  |     ArrayNode(String, Vec<Twist>),
[INFO] [stderr]    |     ^^^^^^^^^
[INFO] [stderr] 9  |     AttrNode(String, String),
[INFO] [stderr]    |     ^^^^^^^^
[INFO] [stderr] 10 |     ValueNode(String, Option<Box<Twist>>),
[INFO] [stderr]    |     ^^^^^^^^^
[INFO] [stderr]    |
[INFO] [stderr]    = note: `Twist` has derived impls for the traits `Debug` and `Clone`, but these are intentionally ignored during dead code analysis
[INFO] [stderr] 
[INFO] [stderr] warning: multiple associated items are never used
[INFO] [stderr]   --> src/twist.rs:14:12
[INFO] [stderr]    |
[INFO] [stderr] 13 | impl Twist {
[INFO] [stderr]    | ---------- associated items in this implementation
[INFO] [stderr] 14 |     pub fn obj(name: &str, children: Vec<Twist>) -> Self {
[INFO] [stderr]    |            ^^^
[INFO] [stderr] ...
[INFO] [stderr] 18 |     pub fn arr(name: &str, children: Vec<Twist>) -> Self {
[INFO] [stderr]    |            ^^^
[INFO] [stderr] ...
[INFO] [stderr] 22 |     pub fn attr(name: &str, value: String) -> Self {
[INFO] [stderr]    |            ^^^^
[INFO] [stderr] ...
[INFO] [stderr] 26 |     pub fn opt_val(name: &str, value: Option<Twist>) -> Self {
[INFO] [stderr]    |            ^^^^^^^
[INFO] [stderr] ...
[INFO] [stderr] 33 |     pub fn val(name: &str, value: Twist) -> Self {
[INFO] [stderr]    |            ^^^
[INFO] [stderr] ...
[INFO] [stderr] 37 |     fn indent(s: &mut String, i: usize) {
[INFO] [stderr]    |        ^^^^^^
[INFO] [stderr] ...
[INFO] [stderr] 41 |     pub fn render(&self, rendered: &mut String, indent: usize) {
[INFO] [stderr]    |            ^^^^^^
[INFO] [stderr] ...
[INFO] [stderr] 82 |     pub fn to_string(&self) -> String {
[INFO] [stderr]    |            ^^^^^^^^^
[INFO] [stderr] ...
[INFO] [stderr] 88 |     pub fn code(&self, rendered: &mut String) {
[INFO] [stderr]    |            ^^^^
[INFO] [stderr] 
[INFO] [stderr] warning: `schism` (bin "schism" test) generated 4 warnings (run `cargo fix --bin "schism" --tests` to apply 1 suggestion)
[INFO] [stderr]     Finished test [unoptimized + debuginfo] target(s) in 0.06s
[INFO] [stderr]      Running unittests src/main.rs (/opt/rustwide/target/debug/deps/schism-c28f997c760b2947)
[INFO] [stdout] 
[INFO] [stdout] running 7 tests
[INFO] [stdout] test tests::test_parse_lots_of_stuff ... ok
[INFO] [stdout] test tests::test_parse_harder_fun ... ok
[INFO] [stdout] test tests::test_scan_symbols_and_idents ... ok
[INFO] [stdout] test tests::test_scan_literals ... ok
[INFO] [stdout] test tests::test_parse_fun ... ok
[INFO] [stdout] test tests::parse_struct ... ok
[INFO] [stdout] test tests::test_scan_syntax ... ok
[INFO] [stdout] 
[INFO] [stdout] test result: ok. 7 passed; 0 failed; 0 ignored; 0 measured; 0 filtered out; finished in 0.00s
[INFO] [stdout] 
[INFO] running `Command { std: "docker" "inspect" "f2338488303902d70dfdfbd369cd59dac77cfe3d672daf056c846459403d2e5a", kill_on_drop: false }`
[INFO] running `Command { std: "docker" "rm" "-f" "f2338488303902d70dfdfbd369cd59dac77cfe3d672daf056c846459403d2e5a", kill_on_drop: false }`
[INFO] [stdout] f2338488303902d70dfdfbd369cd59dac77cfe3d672daf056c846459403d2e5a
[INFO] testing MarkChuCarroll/schism against beta-2023-12-22 for beta-1.76-1
[INFO] running `Command { std: "git" "clone" "/workspace/cache/git-repos/https%3A%2F%2Fgithub.com%2FMarkChuCarroll%2Fschism" "/workspace/builds/worker-0-tc2/source", kill_on_drop: false }`
[INFO] [stderr] Cloning into '/workspace/builds/worker-0-tc2/source'...
[INFO] [stderr] done.
[INFO] validating manifest of git repo https://github.com/MarkChuCarroll/schism on toolchain beta-2023-12-22
[INFO] running `Command { std: CARGO_HOME="/workspace/cargo-home" RUSTUP_HOME="/workspace/rustup-home" "/workspace/cargo-home/bin/cargo" "+beta-2023-12-22" "metadata" "--manifest-path" "Cargo.toml" "--no-deps", kill_on_drop: false }`
[INFO] started tweaking git repo https://github.com/MarkChuCarroll/schism
[INFO] finished tweaking git repo https://github.com/MarkChuCarroll/schism
[INFO] tweaked toml for git repo https://github.com/MarkChuCarroll/schism written to /workspace/builds/worker-0-tc2/source/Cargo.toml
[INFO] crate git repo https://github.com/MarkChuCarroll/schism already has a lockfile, it will not be regenerated
[INFO] running `Command { std: CARGO_HOME="/workspace/cargo-home" RUSTUP_HOME="/workspace/rustup-home" "/workspace/cargo-home/bin/cargo" "+beta-2023-12-22" "fetch" "--manifest-path" "Cargo.toml", kill_on_drop: false }`
[INFO] running `Command { std: "docker" "create" "-v" "/var/lib/crater-agent-workspace/builds/worker-0-tc2/target:/opt/rustwide/target:rw,Z" "-v" "/var/lib/crater-agent-workspace/builds/worker-0-tc2/source:/opt/rustwide/workdir:ro,Z" "-v" "/var/lib/crater-agent-workspace/cargo-home:/opt/rustwide/cargo-home:ro,Z" "-v" "/var/lib/crater-agent-workspace/rustup-home:/opt/rustwide/rustup-home:ro,Z" "-e" "SOURCE_DIR=/opt/rustwide/workdir" "-e" "CARGO_TARGET_DIR=/opt/rustwide/target" "-e" "CARGO_HOME=/opt/rustwide/cargo-home" "-e" "RUSTUP_HOME=/opt/rustwide/rustup-home" "-w" "/opt/rustwide/workdir" "-m" "1610612736" "--user" "0:0" "--network" "none" "ghcr.io/rust-lang/crates-build-env/linux@sha256:2788e3201cd34a07e3172128adcd8b3090168a8e3bcc40d7c032b9dda1df7d1c" "/opt/rustwide/cargo-home/bin/cargo" "+beta-2023-12-22" "metadata" "--no-deps" "--format-version=1", kill_on_drop: false }`
[INFO] [stdout] 535386f4a2e6a311cdc7f49ff1d3e820ffcd90656437a6eb7440bc9ae3b4d4a3
[INFO] running `Command { std: "docker" "start" "-a" "535386f4a2e6a311cdc7f49ff1d3e820ffcd90656437a6eb7440bc9ae3b4d4a3", kill_on_drop: false }`
[INFO] running `Command { std: "docker" "inspect" "535386f4a2e6a311cdc7f49ff1d3e820ffcd90656437a6eb7440bc9ae3b4d4a3", kill_on_drop: false }`
[INFO] running `Command { std: "docker" "rm" "-f" "535386f4a2e6a311cdc7f49ff1d3e820ffcd90656437a6eb7440bc9ae3b4d4a3", kill_on_drop: false }`
[INFO] [stdout] 535386f4a2e6a311cdc7f49ff1d3e820ffcd90656437a6eb7440bc9ae3b4d4a3
[INFO] running `Command { std: "docker" "create" "-v" "/var/lib/crater-agent-workspace/builds/worker-0-tc2/target:/opt/rustwide/target:rw,Z" "-v" "/var/lib/crater-agent-workspace/builds/worker-0-tc2/source:/opt/rustwide/workdir:ro,Z" "-v" "/var/lib/crater-agent-workspace/cargo-home:/opt/rustwide/cargo-home:ro,Z" "-v" "/var/lib/crater-agent-workspace/rustup-home:/opt/rustwide/rustup-home:ro,Z" "-e" "SOURCE_DIR=/opt/rustwide/workdir" "-e" "CARGO_TARGET_DIR=/opt/rustwide/target" "-e" "CARGO_INCREMENTAL=0" "-e" "RUST_BACKTRACE=full" "-e" "RUSTFLAGS=--cap-lints=warn" "-e" "RUSTDOCFLAGS=--cap-lints=warn" "-e" "CARGO_HOME=/opt/rustwide/cargo-home" "-e" "RUSTUP_HOME=/opt/rustwide/rustup-home" "-w" "/opt/rustwide/workdir" "-m" "1610612736" "--user" "0:0" "--network" "none" "ghcr.io/rust-lang/crates-build-env/linux@sha256:2788e3201cd34a07e3172128adcd8b3090168a8e3bcc40d7c032b9dda1df7d1c" "/opt/rustwide/cargo-home/bin/cargo" "+beta-2023-12-22" "build" "--frozen" "--message-format=json", kill_on_drop: false }`
[INFO] [stdout] dd50cfdc9ffcdb653deff39ce85b5a675e38fe6255f22d6365b2209aad0330ce
[INFO] running `Command { std: "docker" "start" "-a" "dd50cfdc9ffcdb653deff39ce85b5a675e38fe6255f22d6365b2209aad0330ce", kill_on_drop: false }`
[INFO] [stderr]    Compiling libc v0.2.144
[INFO] [stderr]    Compiling cfg-if v1.0.0
[INFO] [stderr]    Compiling io-lifetimes v1.0.11
[INFO] [stderr]    Compiling parking_lot_core v0.9.7
[INFO] [stderr]    Compiling smallvec v1.10.0
[INFO] [stderr]    Compiling scopeguard v1.1.0
[INFO] [stderr]    Compiling rustix v0.37.19
[INFO] [stderr]    Compiling crunchy v0.2.2
[INFO] [stderr]    Compiling log v0.4.18
[INFO] [stderr]    Compiling hashbrown v0.12.3
[INFO] [stderr]    Compiling linux-raw-sys v0.3.8
[INFO] [stderr]    Compiling bitflags v1.3.2
[INFO] [stderr]    Compiling siphasher v0.3.10
[INFO] [stderr]    Compiling regex-syntax v0.7.2
[INFO] [stderr]    Compiling tiny-keccak v2.0.2
[INFO] [stderr]    Compiling lock_api v0.4.9
[INFO] [stderr]    Compiling indexmap v1.9.3
[INFO] [stderr]    Compiling either v1.8.1
[INFO] [stderr]    Compiling bit-vec v0.6.3
[INFO] [stderr]    Compiling phf_shared v0.10.0
[INFO] [stderr]    Compiling new_debug_unreachable v1.0.4
[INFO] [stderr]    Compiling fixedbitset v0.4.2
[INFO] [stderr]    Compiling once_cell v1.17.1
[INFO] [stderr]    Compiling precomputed-hash v0.1.1
[INFO] [stderr]    Compiling bit-set v0.5.3
[INFO] [stderr]    Compiling itertools v0.10.5
[INFO] [stderr]    Compiling unicode-xid v0.2.4
[INFO] [stderr]    Compiling diff v0.1.13
[INFO] [stderr]    Compiling pico-args v0.5.0
[INFO] [stderr]    Compiling ena v0.14.2
[INFO] [stderr]    Compiling aho-corasick v1.0.1
[INFO] [stderr]    Compiling queues v1.1.0
[INFO] [stderr]    Compiling line-col v0.2.1
[INFO] [stderr]    Compiling unicode_categories v0.1.1
[INFO] [stderr]    Compiling lalrpop-util v0.20.0
[INFO] [stderr]    Compiling petgraph v0.6.3
[INFO] [stderr]    Compiling dirs-sys-next v0.1.2
[INFO] [stderr]    Compiling dirs-next v2.0.0
[INFO] [stderr]    Compiling parking_lot v0.12.1
[INFO] [stderr]    Compiling term v0.7.0
[INFO] [stderr]    Compiling string_cache v0.8.7
[INFO] [stderr]    Compiling ascii-canvas v3.0.0
[INFO] [stderr]    Compiling regex v1.8.3
[INFO] [stderr]    Compiling is-terminal v0.4.7
[INFO] [stderr]    Compiling lalrpop v0.20.0
[INFO] [stderr]    Compiling schism v0.1.0 (/opt/rustwide/workdir)
[INFO] [stdout] warning: unused import: `lalrpop_util::ParseError`
[INFO] [stdout]  --> /opt/rustwide/target/debug/build/schism-1428e64dcfdf0139/out/schism_parser.rs:6:5
[INFO] [stdout]   |
[INFO] [stdout] 6 | use lalrpop_util::ParseError;
[INFO] [stdout]   |     ^^^^^^^^^^^^^^^^^^^^^^^^
[INFO] [stdout]   |
[INFO] [stdout]   = note: `#[warn(unused_imports)]` on by default
[INFO] [stdout] 
[INFO] [stdout] 
[INFO] [stdout] warning: field `source_id` is never read
[INFO] [stdout]   --> src/lex.rs:86:5
[INFO] [stdout]    |
[INFO] [stdout] 85 | pub struct Scanner<'input> {
[INFO] [stdout]    |            ------- field in this struct
[INFO] [stdout] 86 |     source_id: String,
[INFO] [stdout]    |     ^^^^^^^^^
[INFO] [stdout]    |
[INFO] [stdout]    = note: `#[warn(dead_code)]` on by default
[INFO] [stdout] 
[INFO] [stdout] 
[INFO] [stdout] warning: associated function `new` is never used
[INFO] [stdout]   --> src/lex.rs:96:12
[INFO] [stdout]    |
[INFO] [stdout] 95 | impl<'input> Scanner<'input> {
[INFO] [stdout]    | ---------------------------- associated function in this implementation
[INFO] [stdout] 96 |     pub fn new(id: String, input: &'input str) -> Scanner<'input> {
[INFO] [stdout]    |            ^^^
[INFO] [stdout] 
[INFO] [stdout] 
[INFO] [stdout] warning: variants `ObjNode`, `ArrayNode`, `AttrNode`, and `ValueNode` are never constructed
[INFO] [stdout]   --> src/twist.rs:7:5
[INFO] [stdout]    |
[INFO] [stdout] 6  | pub enum Twist {
[INFO] [stdout]    |          ----- variants in this enum
[INFO] [stdout] 7  |     ObjNode(String, Vec<Twist>),
[INFO] [stdout]    |     ^^^^^^^
[INFO] [stdout] 8  |     ArrayNode(String, Vec<Twist>),
[INFO] [stdout]    |     ^^^^^^^^^
[INFO] [stdout] 9  |     AttrNode(String, String),
[INFO] [stdout]    |     ^^^^^^^^
[INFO] [stdout] 10 |     ValueNode(String, Option<Box<Twist>>),
[INFO] [stdout]    |     ^^^^^^^^^
[INFO] [stdout]    |
[INFO] [stdout]    = note: `Twist` has derived impls for the traits `Debug` and `Clone`, but these are intentionally ignored during dead code analysis
[INFO] [stdout] 
[INFO] [stdout] 
[INFO] [stdout] warning: multiple associated items are never used
[INFO] [stdout]   --> src/twist.rs:14:12
[INFO] [stdout]    |
[INFO] [stdout] 13 | impl Twist {
[INFO] [stdout]    | ---------- associated items in this implementation
[INFO] [stdout] 14 |     pub fn obj(name: &str, children: Vec<Twist>) -> Self {
[INFO] [stdout]    |            ^^^
[INFO] [stdout] ...
[INFO] [stdout] 18 |     pub fn arr(name: &str, children: Vec<Twist>) -> Self {
[INFO] [stdout]    |            ^^^
[INFO] [stdout] ...
[INFO] [stdout] 22 |     pub fn attr(name: &str, value: String) -> Self {
[INFO] [stdout]    |            ^^^^
[INFO] [stdout] ...
[INFO] [stdout] 26 |     pub fn opt_val(name: &str, value: Option<Twist>) -> Self {
[INFO] [stdout]    |            ^^^^^^^
[INFO] [stdout] ...
[INFO] [stdout] 33 |     pub fn val(name: &str, value: Twist) -> Self {
[INFO] [stdout]    |            ^^^
[INFO] [stdout] ...
[INFO] [stdout] 37 |     fn indent(s: &mut String, i: usize) {
[INFO] [stdout]    |        ^^^^^^
[INFO] [stdout] ...
[INFO] [stdout] 41 |     pub fn render(&self, rendered: &mut String, indent: usize) {
[INFO] [stdout]    |            ^^^^^^
[INFO] [stdout] ...
[INFO] [stdout] 82 |     pub fn to_string(&self) -> String {
[INFO] [stdout]    |            ^^^^^^^^^
[INFO] [stdout] ...
[INFO] [stdout] 88 |     pub fn code(&self, rendered: &mut String) {
[INFO] [stdout]    |            ^^^^
[INFO] [stdout] 
[INFO] [stdout] 
[INFO] [stdout] warning: 5 warnings emitted
[INFO] [stdout] 
[INFO] [stdout] 
[INFO] [stderr]     Finished dev [unoptimized + debuginfo] target(s) in 16.75s
[INFO] running `Command { std: "docker" "inspect" "dd50cfdc9ffcdb653deff39ce85b5a675e38fe6255f22d6365b2209aad0330ce", kill_on_drop: false }`
[INFO] running `Command { std: "docker" "rm" "-f" "dd50cfdc9ffcdb653deff39ce85b5a675e38fe6255f22d6365b2209aad0330ce", kill_on_drop: false }`
[INFO] [stdout] dd50cfdc9ffcdb653deff39ce85b5a675e38fe6255f22d6365b2209aad0330ce
[INFO] running `Command { std: "docker" "create" "-v" "/var/lib/crater-agent-workspace/builds/worker-0-tc2/target:/opt/rustwide/target:rw,Z" "-v" "/var/lib/crater-agent-workspace/builds/worker-0-tc2/source:/opt/rustwide/workdir:ro,Z" "-v" "/var/lib/crater-agent-workspace/cargo-home:/opt/rustwide/cargo-home:ro,Z" "-v" "/var/lib/crater-agent-workspace/rustup-home:/opt/rustwide/rustup-home:ro,Z" "-e" "SOURCE_DIR=/opt/rustwide/workdir" "-e" "CARGO_TARGET_DIR=/opt/rustwide/target" "-e" "CARGO_INCREMENTAL=0" "-e" "RUST_BACKTRACE=full" "-e" "RUSTFLAGS=--cap-lints=warn" "-e" "RUSTDOCFLAGS=--cap-lints=warn" "-e" "CARGO_HOME=/opt/rustwide/cargo-home" "-e" "RUSTUP_HOME=/opt/rustwide/rustup-home" "-w" "/opt/rustwide/workdir" "-m" "1610612736" "--user" "0:0" "--network" "none" "ghcr.io/rust-lang/crates-build-env/linux@sha256:2788e3201cd34a07e3172128adcd8b3090168a8e3bcc40d7c032b9dda1df7d1c" "/opt/rustwide/cargo-home/bin/cargo" "+beta-2023-12-22" "test" "--frozen" "--no-run" "--message-format=json", kill_on_drop: false }`
[INFO] [stdout] 2c4d33b575eba1059661f01b0052dcf226c0ba15039cdb19f0a12ca530212bad
[INFO] running `Command { std: "docker" "start" "-a" "2c4d33b575eba1059661f01b0052dcf226c0ba15039cdb19f0a12ca530212bad", kill_on_drop: false }`
[INFO] [stderr]    Compiling schism v0.1.0 (/opt/rustwide/workdir)
[INFO] [stdout] warning: unused import: `lalrpop_util::ParseError`
[INFO] [stdout]  --> /opt/rustwide/target/debug/build/schism-1428e64dcfdf0139/out/schism_parser.rs:6:5
[INFO] [stdout]   |
[INFO] [stdout] 6 | use lalrpop_util::ParseError;
[INFO] [stdout]   |     ^^^^^^^^^^^^^^^^^^^^^^^^
[INFO] [stdout]   |
[INFO] [stdout]   = note: `#[warn(unused_imports)]` on by default
[INFO] [stdout] 
[INFO] [stdout] 
[INFO] [stdout] warning: field `source_id` is never read
[INFO] [stdout]   --> src/lex.rs:86:5
[INFO] [stdout]    |
[INFO] [stdout] 85 | pub struct Scanner<'input> {
[INFO] [stdout]    |            ------- field in this struct
[INFO] [stdout] 86 |     source_id: String,
[INFO] [stdout]    |     ^^^^^^^^^
[INFO] [stdout]    |
[INFO] [stdout]    = note: `#[warn(dead_code)]` on by default
[INFO] [stdout] 
[INFO] [stdout] 
[INFO] [stdout] warning: variants `ObjNode`, `ArrayNode`, `AttrNode`, and `ValueNode` are never constructed
[INFO] [stdout]   --> src/twist.rs:7:5
[INFO] [stdout]    |
[INFO] [stdout] 6  | pub enum Twist {
[INFO] [stdout]    |          ----- variants in this enum
[INFO] [stdout] 7  |     ObjNode(String, Vec<Twist>),
[INFO] [stdout]    |     ^^^^^^^
[INFO] [stdout] 8  |     ArrayNode(String, Vec<Twist>),
[INFO] [stdout]    |     ^^^^^^^^^
[INFO] [stdout] 9  |     AttrNode(String, String),
[INFO] [stdout]    |     ^^^^^^^^
[INFO] [stdout] 10 |     ValueNode(String, Option<Box<Twist>>),
[INFO] [stdout]    |     ^^^^^^^^^
[INFO] [stdout]    |
[INFO] [stdout]    = note: `Twist` has derived impls for the traits `Debug` and `Clone`, but these are intentionally ignored during dead code analysis
[INFO] [stdout] 
[INFO] [stdout] 
[INFO] [stdout] warning: multiple associated items are never used
[INFO] [stdout]   --> src/twist.rs:14:12
[INFO] [stdout]    |
[INFO] [stdout] 13 | impl Twist {
[INFO] [stdout]    | ---------- associated items in this implementation
[INFO] [stdout] 14 |     pub fn obj(name: &str, children: Vec<Twist>) -> Self {
[INFO] [stdout]    |            ^^^
[INFO] [stdout] ...
[INFO] [stdout] 18 |     pub fn arr(name: &str, children: Vec<Twist>) -> Self {
[INFO] [stdout]    |            ^^^
[INFO] [stdout] ...
[INFO] [stdout] 22 |     pub fn attr(name: &str, value: String) -> Self {
[INFO] [stdout]    |            ^^^^
[INFO] [stdout] ...
[INFO] [stdout] 26 |     pub fn opt_val(name: &str, value: Option<Twist>) -> Self {
[INFO] [stdout]    |            ^^^^^^^
[INFO] [stdout] ...
[INFO] [stdout] 33 |     pub fn val(name: &str, value: Twist) -> Self {
[INFO] [stdout]    |            ^^^
[INFO] [stdout] ...
[INFO] [stdout] 37 |     fn indent(s: &mut String, i: usize) {
[INFO] [stdout]    |        ^^^^^^
[INFO] [stdout] ...
[INFO] [stdout] 41 |     pub fn render(&self, rendered: &mut String, indent: usize) {
[INFO] [stdout]    |            ^^^^^^
[INFO] [stdout] ...
[INFO] [stdout] 82 |     pub fn to_string(&self) -> String {
[INFO] [stdout]    |            ^^^^^^^^^
[INFO] [stdout] ...
[INFO] [stdout] 88 |     pub fn code(&self, rendered: &mut String) {
[INFO] [stdout]    |            ^^^^
[INFO] [stdout] 
[INFO] [stdout] 
[INFO] [stdout] warning: 4 warnings emitted
[INFO] [stdout] 
[INFO] [stdout] 
[INFO] [stderr]     Finished test [unoptimized + debuginfo] target(s) in 5.50s
[INFO] running `Command { std: "docker" "inspect" "2c4d33b575eba1059661f01b0052dcf226c0ba15039cdb19f0a12ca530212bad", kill_on_drop: false }`
[INFO] running `Command { std: "docker" "rm" "-f" "2c4d33b575eba1059661f01b0052dcf226c0ba15039cdb19f0a12ca530212bad", kill_on_drop: false }`
[INFO] [stdout] 2c4d33b575eba1059661f01b0052dcf226c0ba15039cdb19f0a12ca530212bad
[INFO] running `Command { std: "docker" "create" "-v" "/var/lib/crater-agent-workspace/builds/worker-0-tc2/target:/opt/rustwide/target:rw,Z" "-v" "/var/lib/crater-agent-workspace/builds/worker-0-tc2/source:/opt/rustwide/workdir:ro,Z" "-v" "/var/lib/crater-agent-workspace/cargo-home:/opt/rustwide/cargo-home:ro,Z" "-v" "/var/lib/crater-agent-workspace/rustup-home:/opt/rustwide/rustup-home:ro,Z" "-e" "SOURCE_DIR=/opt/rustwide/workdir" "-e" "CARGO_TARGET_DIR=/opt/rustwide/target" "-e" "CARGO_INCREMENTAL=0" "-e" "RUST_BACKTRACE=full" "-e" "RUSTFLAGS=--cap-lints=warn" "-e" "RUSTDOCFLAGS=--cap-lints=warn" "-e" "CARGO_HOME=/opt/rustwide/cargo-home" "-e" "RUSTUP_HOME=/opt/rustwide/rustup-home" "-w" "/opt/rustwide/workdir" "-m" "1610612736" "--user" "0:0" "--network" "none" "ghcr.io/rust-lang/crates-build-env/linux@sha256:2788e3201cd34a07e3172128adcd8b3090168a8e3bcc40d7c032b9dda1df7d1c" "/opt/rustwide/cargo-home/bin/cargo" "+beta-2023-12-22" "test" "--frozen", kill_on_drop: false }`
[INFO] [stdout] cfce47a79af8677a90479520c1d4d0174eec30223d2415059814c1c5a52d80cf
[INFO] running `Command { std: "docker" "start" "-a" "cfce47a79af8677a90479520c1d4d0174eec30223d2415059814c1c5a52d80cf", kill_on_drop: false }`
[INFO] [stderr] warning: unused import: `lalrpop_util::ParseError`
[INFO] [stderr]  --> /opt/rustwide/target/debug/build/schism-1428e64dcfdf0139/out/schism_parser.rs:6:5
[INFO] [stderr]   |
[INFO] [stderr] 6 | use lalrpop_util::ParseError;
[INFO] [stderr]   |     ^^^^^^^^^^^^^^^^^^^^^^^^
[INFO] [stderr]   |
[INFO] [stderr]   = note: `#[warn(unused_imports)]` on by default
[INFO] [stderr] 
[INFO] [stderr] warning: field `source_id` is never read
[INFO] [stderr]   --> src/lex.rs:86:5
[INFO] [stderr]    |
[INFO] [stderr] 85 | pub struct Scanner<'input> {
[INFO] [stderr]    |            ------- field in this struct
[INFO] [stderr] 86 |     source_id: String,
[INFO] [stderr]    |     ^^^^^^^^^
[INFO] [stderr]    |
[INFO] [stderr]    = note: `#[warn(dead_code)]` on by default
[INFO] [stderr] 
[INFO] [stderr] warning: variants `ObjNode`, `ArrayNode`, `AttrNode`, and `ValueNode` are never constructed
[INFO] [stderr]   --> src/twist.rs:7:5
[INFO] [stderr]    |
[INFO] [stderr] 6  | pub enum Twist {
[INFO] [stderr]    |          ----- variants in this enum
[INFO] [stderr] 7  |     ObjNode(String, Vec<Twist>),
[INFO] [stderr]    |     ^^^^^^^
[INFO] [stderr] 8  |     ArrayNode(String, Vec<Twist>),
[INFO] [stderr]    |     ^^^^^^^^^
[INFO] [stderr] 9  |     AttrNode(String, String),
[INFO] [stderr]    |     ^^^^^^^^
[INFO] [stderr] 10 |     ValueNode(String, Option<Box<Twist>>),
[INFO] [stderr]    |     ^^^^^^^^^
[INFO] [stderr]    |
[INFO] [stderr]    = note: `Twist` has derived impls for the traits `Debug` and `Clone`, but these are intentionally ignored during dead code analysis
[INFO] [stderr] 
[INFO] [stderr] warning: multiple associated items are never used
[INFO] [stderr]   --> src/twist.rs:14:12
[INFO] [stderr]    |
[INFO] [stderr] 13 | impl Twist {
[INFO] [stderr]    | ---------- associated items in this implementation
[INFO] [stderr] 14 |     pub fn obj(name: &str, children: Vec<Twist>) -> Self {
[INFO] [stderr]    |            ^^^
[INFO] [stderr] ...
[INFO] [stderr] 18 |     pub fn arr(name: &str, children: Vec<Twist>) -> Self {
[INFO] [stderr]    |            ^^^
[INFO] [stderr] ...
[INFO] [stderr] 22 |     pub fn attr(name: &str, value: String) -> Self {
[INFO] [stderr]    |            ^^^^
[INFO] [stderr] ...
[INFO] [stderr] 26 |     pub fn opt_val(name: &str, value: Option<Twist>) -> Self {
[INFO] [stderr]    |            ^^^^^^^
[INFO] [stderr] ...
[INFO] [stderr] 33 |     pub fn val(name: &str, value: Twist) -> Self {
[INFO] [stderr]    |            ^^^
[INFO] [stderr] ...
[INFO] [stderr] 37 |     fn indent(s: &mut String, i: usize) {
[INFO] [stderr]    |        ^^^^^^
[INFO] [stderr] ...
[INFO] [stderr] 41 |     pub fn render(&self, rendered: &mut String, indent: usize) {
[INFO] [stderr]    |            ^^^^^^
[INFO] [stderr] ...
[INFO] [stderr] 82 |     pub fn to_string(&self) -> String {
[INFO] [stderr]    |            ^^^^^^^^^
[INFO] [stderr] ...
[INFO] [stderr] 88 |     pub fn code(&self, rendered: &mut String) {
[INFO] [stderr]    |            ^^^^
[INFO] [stderr] 
[INFO] [stderr] warning: `schism` (bin "schism" test) generated 4 warnings (run `cargo fix --bin "schism" --tests` to apply 1 suggestion)
[INFO] [stderr]     Finished test [unoptimized + debuginfo] target(s) in 0.03s
[INFO] [stderr]      Running unittests src/main.rs (/opt/rustwide/target/debug/deps/schism-90b35b15cb131ce2)
[INFO] [stdout] 
[INFO] [stdout] running 7 tests
[INFO] [stdout] test tests::test_parse_harder_fun ... ok
[INFO] [stdout] test tests::test_parse_fun ... ok
[INFO] [stdout] test tests::test_scan_syntax ... ok
[INFO] [stdout] test tests::test_scan_symbols_and_idents ... ok
[INFO] [stdout] test tests::test_scan_literals ... ok
[INFO] [stdout] test tests::parse_struct ... FAILED
[INFO] [stdout] test tests::test_parse_lots_of_stuff ... FAILED
[INFO] [stdout] 
[INFO] [stdout] failures:
[INFO] [stdout] 
[INFO] [stdout] ---- tests::parse_struct stdout ----
[INFO] [stdout] thread 'tests::parse_struct' panicked at src/tests.rs:271:5:
[INFO] [stdout] assertion `left == right` failed
[INFO] [stdout]   left: "   sect\n      use thatsect::overthere::yeahthatone{a, b, c}\n      struct [`a]Consish\n         slot s1: Int\n         slot s2: str\n         meth print_n_times (@_0 str int -- @_0 ) do\n            [[\n               (@B str -- @B str)\n               dup\n               print\n            ]]\n            f::doNtimes\n         end\n         meth initialize (@A int str -- @A ) do\n            set-s2!\n            set-s1!\n         end\n      end\n   end\n"
[INFO] [stdout]  right: "   sect\n      use thatsect::overthere::yeahthatone{a, b, c}\n      struct [`a]Consish\n         slot s1: Int\n         slot s2: str\n         meth print_n_times (@_1 str int -- @_1 ) do\n            [[\n               (@B str -- @B str)\n               dup\n               print\n            ]]\n            f::doNtimes\n         end\n         meth initialize (@A int str -- @A ) do\n            set-s2!\n            set-s1!\n         end\n      end\n   end\n"
[INFO] [stdout] stack backtrace:
[INFO] [stdout]    0:     0x56440be23a76 - std::backtrace_rs::backtrace::libunwind::trace::h261606ad26a499c1
[INFO] [stdout]                                at /rustc/0e09125c6c3c2fd70d7de961bcf0e51575235fad/library/std/src/../../backtrace/src/backtrace/libunwind.rs:104:5
[INFO] [stdout]    1:     0x56440be23a76 - std::backtrace_rs::backtrace::trace_unsynchronized::hd183f0625477fb28
[INFO] [stdout]                                at /rustc/0e09125c6c3c2fd70d7de961bcf0e51575235fad/library/std/src/../../backtrace/src/backtrace/mod.rs:66:5
[INFO] [stdout]    2:     0x56440be23a76 - std::sys_common::backtrace::_print_fmt::hd7f8fef21b4eda67
[INFO] [stdout]                                at /rustc/0e09125c6c3c2fd70d7de961bcf0e51575235fad/library/std/src/sys_common/backtrace.rs:68:5
[INFO] [stdout]    3:     0x56440be23a76 - <std::sys_common::backtrace::_print::DisplayBacktrace as core::fmt::Display>::fmt::h623d9b51f2f453f1
[INFO] [stdout]                                at /rustc/0e09125c6c3c2fd70d7de961bcf0e51575235fad/library/std/src/sys_common/backtrace.rs:44:22
[INFO] [stdout]    4:     0x56440be4de20 - core::fmt::rt::Argument::fmt::h9f417ac76a86f368
[INFO] [stdout]                                at /rustc/0e09125c6c3c2fd70d7de961bcf0e51575235fad/library/core/src/fmt/rt.rs:142:9
[INFO] [stdout]    5:     0x56440be4de20 - core::fmt::write::hc9b6faf4ac2aeff7
[INFO] [stdout]                                at /rustc/0e09125c6c3c2fd70d7de961bcf0e51575235fad/library/core/src/fmt/mod.rs:1120:17
[INFO] [stdout]    6:     0x56440be214df - std::io::Write::write_fmt::he04625a3a989fec3
[INFO] [stdout]                                at /rustc/0e09125c6c3c2fd70d7de961bcf0e51575235fad/library/std/src/io/mod.rs:1810:15
[INFO] [stdout]    7:     0x56440be23854 - std::sys_common::backtrace::_print::hd5d66399c7df88a2
[INFO] [stdout]                                at /rustc/0e09125c6c3c2fd70d7de961bcf0e51575235fad/library/std/src/sys_common/backtrace.rs:47:5
[INFO] [stdout]    8:     0x56440be23854 - std::sys_common::backtrace::print::he81ed2da642d37e5
[INFO] [stdout]                                at /rustc/0e09125c6c3c2fd70d7de961bcf0e51575235fad/library/std/src/sys_common/backtrace.rs:34:9
[INFO] [stdout]    9:     0x56440be255c7 - std::panicking::default_hook::{{closure}}::h85773f4fa117163d
[INFO] [stdout]   10:     0x56440be252ad - std::panicking::default_hook::h6a1694a91d09b278
[INFO] [stdout]                                at /rustc/0e09125c6c3c2fd70d7de961bcf0e51575235fad/library/std/src/panicking.rs:289:9
[INFO] [stdout]   11:     0x56440bdf0287 - <alloc::boxed::Box<F,A> as core::ops::function::Fn<Args>>::call::h616ac37fa3cd6c8f
[INFO] [stdout]                                at /rustc/0e09125c6c3c2fd70d7de961bcf0e51575235fad/library/alloc/src/boxed.rs:2029:9
[INFO] [stdout]   12:     0x56440bdf0287 - test::test_main::{{closure}}::h00d84697cefdcbb6
[INFO] [stdout]                                at /rustc/0e09125c6c3c2fd70d7de961bcf0e51575235fad/library/test/src/lib.rs:138:21
[INFO] [stdout]   13:     0x56440be25be6 - <alloc::boxed::Box<F,A> as core::ops::function::Fn<Args>>::call::hcb3fe3b9bb537ba8
[INFO] [stdout]                                at /rustc/0e09125c6c3c2fd70d7de961bcf0e51575235fad/library/alloc/src/boxed.rs:2029:9
[INFO] [stdout]   14:     0x56440be25be6 - std::panicking::rust_panic_with_hook::h0a7ad96e90f7145b
[INFO] [stdout]                                at /rustc/0e09125c6c3c2fd70d7de961bcf0e51575235fad/library/std/src/panicking.rs:783:13
[INFO] [stdout]   15:     0x56440be25932 - std::panicking::begin_panic_handler::{{closure}}::h7919090525c6485e
[INFO] [stdout]                                at /rustc/0e09125c6c3c2fd70d7de961bcf0e51575235fad/library/std/src/panicking.rs:657:13
[INFO] [stdout]   16:     0x56440be23f76 - std::sys_common::backtrace::__rust_end_short_backtrace::hf3289479464f7dfe
[INFO] [stdout]                                at /rustc/0e09125c6c3c2fd70d7de961bcf0e51575235fad/library/std/src/sys_common/backtrace.rs:171:18
[INFO] [stdout]   17:     0x56440be25690 - rust_begin_unwind
[INFO] [stdout]                                at /rustc/0e09125c6c3c2fd70d7de961bcf0e51575235fad/library/std/src/panicking.rs:645:5
[INFO] [stdout]   18:     0x56440bd33d35 - core::panicking::panic_fmt::hcc9f77c5c132af55
[INFO] [stdout]                                at /rustc/0e09125c6c3c2fd70d7de961bcf0e51575235fad/library/core/src/panicking.rs:72:14
[INFO] [stdout]   19:     0x56440bd3416b - core::panicking::assert_failed_inner::h9f13e27dd63c3a08
[INFO] [stdout]                                at /rustc/0e09125c6c3c2fd70d7de961bcf0e51575235fad/library/core/src/panicking.rs:342:17
[INFO] [stdout]   20:     0x56440bd97a1e - core::panicking::assert_failed::h50712ec4cf19cfe3
[INFO] [stdout]                                at /rustc/0e09125c6c3c2fd70d7de961bcf0e51575235fad/library/core/src/panicking.rs:297:5
[INFO] [stdout]   21:     0x56440bdb1ebd - schism::tests::parse_struct::h260562015b937d51
[INFO] [stdout]                                at /opt/rustwide/workdir/src/tests.rs:271:5
[INFO] [stdout]   22:     0x56440bdaee87 - schism::tests::parse_struct::{{closure}}::h96e64591e4a377d4
[INFO] [stdout]                                at /opt/rustwide/workdir/src/tests.rs:123:22
[INFO] [stdout]   23:     0x56440bdb3fa6 - core::ops::function::FnOnce::call_once::h4e7ab52301e2b18a
[INFO] [stdout]                                at /rustc/0e09125c6c3c2fd70d7de961bcf0e51575235fad/library/core/src/ops/function.rs:250:5
[INFO] [stdout]   24:     0x56440bdf5b5f - core::ops::function::FnOnce::call_once::hd64d26f405258157
[INFO] [stdout]                                at /rustc/0e09125c6c3c2fd70d7de961bcf0e51575235fad/library/core/src/ops/function.rs:250:5
[INFO] [stdout]   25:     0x56440bdf5b5f - test::__rust_begin_short_backtrace::he21b0b7a6d731bf9
[INFO] [stdout]                                at /rustc/0e09125c6c3c2fd70d7de961bcf0e51575235fad/library/test/src/lib.rs:627:18
[INFO] [stdout]   26:     0x56440bdf48e1 - test::run_test_in_process::{{closure}}::hf5c73986d7bdfde2
[INFO] [stdout]                                at /rustc/0e09125c6c3c2fd70d7de961bcf0e51575235fad/library/test/src/lib.rs:650:60
[INFO] [stdout]   27:     0x56440bdf48e1 - <core::panic::unwind_safe::AssertUnwindSafe<F> as core::ops::function::FnOnce<()>>::call_once::h330011ad032aadc0
[INFO] [stdout]                                at /rustc/0e09125c6c3c2fd70d7de961bcf0e51575235fad/library/core/src/panic/unwind_safe.rs:272:9
[INFO] [stdout]   28:     0x56440bdf48e1 - std::panicking::try::do_call::he61b0a958b795a41
[INFO] [stdout]                                at /rustc/0e09125c6c3c2fd70d7de961bcf0e51575235fad/library/std/src/panicking.rs:552:40
[INFO] [stdout]   29:     0x56440bdf48e1 - std::panicking::try::h7309da130f906eb7
[INFO] [stdout]                                at /rustc/0e09125c6c3c2fd70d7de961bcf0e51575235fad/library/std/src/panicking.rs:516:19
[INFO] [stdout]   30:     0x56440bdf48e1 - std::panic::catch_unwind::hc5c3a06fdaf0a92a
[INFO] [stdout]                                at /rustc/0e09125c6c3c2fd70d7de961bcf0e51575235fad/library/std/src/panic.rs:142:14
[INFO] [stdout]   31:     0x56440bdf48e1 - test::run_test_in_process::h7e7b7c71c3324e0f
[INFO] [stdout]                                at /rustc/0e09125c6c3c2fd70d7de961bcf0e51575235fad/library/test/src/lib.rs:650:27
[INFO] [stdout]   32:     0x56440bdf48e1 - test::run_test::{{closure}}::h1f509f28f5cf20b1
[INFO] [stdout]                                at /rustc/0e09125c6c3c2fd70d7de961bcf0e51575235fad/library/test/src/lib.rs:573:43
[INFO] [stdout]   33:     0x56440bdbbc16 - test::run_test::{{closure}}::h1754218abf443f6d
[INFO] [stdout]                                at /rustc/0e09125c6c3c2fd70d7de961bcf0e51575235fad/library/test/src/lib.rs:601:41
[INFO] [stdout]   34:     0x56440bdbbc16 - std::sys_common::backtrace::__rust_begin_short_backtrace::h2ee174b9d5954948
[INFO] [stdout]                                at /rustc/0e09125c6c3c2fd70d7de961bcf0e51575235fad/library/std/src/sys_common/backtrace.rs:155:18
[INFO] [stdout]   35:     0x56440bdc0c77 - std::thread::Builder::spawn_unchecked_::{{closure}}::{{closure}}::hf60bee9c1a17ef09
[INFO] [stdout]                                at /rustc/0e09125c6c3c2fd70d7de961bcf0e51575235fad/library/std/src/thread/mod.rs:529:17
[INFO] [stdout]   36:     0x56440bdc0c77 - <core::panic::unwind_safe::AssertUnwindSafe<F> as core::ops::function::FnOnce<()>>::call_once::h33d0dddec5216160
[INFO] [stdout]                                at /rustc/0e09125c6c3c2fd70d7de961bcf0e51575235fad/library/core/src/panic/unwind_safe.rs:272:9
[INFO] [stdout]   37:     0x56440bdc0c77 - std::panicking::try::do_call::h144b3048b546f835
[INFO] [stdout]                                at /rustc/0e09125c6c3c2fd70d7de961bcf0e51575235fad/library/std/src/panicking.rs:552:40
[INFO] [stdout]   38:     0x56440bdc0c77 - std::panicking::try::h978244d04646189f
[INFO] [stdout]                                at /rustc/0e09125c6c3c2fd70d7de961bcf0e51575235fad/library/std/src/panicking.rs:516:19
[INFO] [stdout]   39:     0x56440bdc0c77 - std::panic::catch_unwind::hdf436369d188fe86
[INFO] [stdout]                                at /rustc/0e09125c6c3c2fd70d7de961bcf0e51575235fad/library/std/src/panic.rs:142:14
[INFO] [stdout]   40:     0x56440bdc0c77 - std::thread::Builder::spawn_unchecked_::{{closure}}::h87329cbdd33c79ec
[INFO] [stdout]                                at /rustc/0e09125c6c3c2fd70d7de961bcf0e51575235fad/library/std/src/thread/mod.rs:528:30
[INFO] [stdout]   41:     0x56440bdc0c77 - core::ops::function::FnOnce::call_once{{vtable.shim}}::h401abbe67897d450
[INFO] [stdout]                                at /rustc/0e09125c6c3c2fd70d7de961bcf0e51575235fad/library/core/src/ops/function.rs:250:5
[INFO] [stdout]   42:     0x56440be2a695 - <alloc::boxed::Box<F,A> as core::ops::function::FnOnce<Args>>::call_once::h5d7c8f150ab9c84c
[INFO] [stdout]                                at /rustc/0e09125c6c3c2fd70d7de961bcf0e51575235fad/library/alloc/src/boxed.rs:2015:9
[INFO] [stdout]   43:     0x56440be2a695 - <alloc::boxed::Box<F,A> as core::ops::function::FnOnce<Args>>::call_once::h570d5b005c242c15
[INFO] [stdout]                                at /rustc/0e09125c6c3c2fd70d7de961bcf0e51575235fad/library/alloc/src/boxed.rs:2015:9
[INFO] [stdout]   44:     0x56440be2a695 - std::sys::unix::thread::Thread::new::thread_start::h36b0a20c0b2361ad
[INFO] [stdout]                                at /rustc/0e09125c6c3c2fd70d7de961bcf0e51575235fad/library/std/src/sys/unix/thread.rs:108:17
[INFO] [stdout]   45:     0x7f877ce90ac3 - <unknown>
[INFO] [stdout]   46:     0x7f877cf21bf4 - __clone
[INFO] [stdout]   47:                0x0 - <unknown>
[INFO] [stdout] 
[INFO] [stdout] ---- tests::test_parse_lots_of_stuff stdout ----
[INFO] [stdout] thread 'tests::test_parse_lots_of_stuff' panicked at src/tests.rs:411:5:
[INFO] [stdout] assertion `left == right` failed
[INFO] [stdout]   left: "   sect\n      use lib::blob{that, +, ^squid^}\n      use squirt::squat::squit\n      struct [`a, `b]Squortle\n         supers that\n         slot foo: [int, `a]List\n         meth m (@_0 int -- @_0 str) do\n            +\n            -\n            /\n            if\n               aoeuaoeu\n            else\n               [[\n                  (@_1  -- @_1 )\n                  \"abc\"\n                  print\n               ]]\n            end\n         end\n      end\n      var q: [int, str]Squortle{\n         31\n         ua\n         set!\n      }\n      fun meta(@A int (@A int -- @B ) -- @B ) is\n         [int]twiddle\n         swap\n         apply\n      end\n   end\n"
[INFO] [stdout]  right: "   sect\n      use lib::blob{that, +, ^squid^}\n      use squirt::squat::squit\n      struct [`a, `b]Squortle\n         supers that\n         slot foo: [int, `a]List\n         meth m (@_2 int -- @_2 str) do\n            +\n            -\n            /\n            if\n               aoeuaoeu\n            else\n               [[\n                  (@_3  -- @_3 )\n                  \"abc\"\n                  print\n               ]]\n            end\n         end\n      end\n      var q: [int, str]Squortle{\n         31\n         ua\n         set!\n      }\n      fun meta(@A int (@A int -- @B ) -- @B ) is\n         [int]twiddle\n         swap\n         apply\n      end\n   end\n"
[INFO] [stdout] stack backtrace:
[INFO] [stdout]    0:     0x56440be23a76 - std::backtrace_rs::backtrace::libunwind::trace::h261606ad26a499c1
[INFO] [stdout]                                at /rustc/0e09125c6c3c2fd70d7de961bcf0e51575235fad/library/std/src/../../backtrace/src/backtrace/libunwind.rs:104:5
[INFO] [stdout]    1:     0x56440be23a76 - std::backtrace_rs::backtrace::trace_unsynchronized::hd183f0625477fb28
[INFO] [stdout]                                at /rustc/0e09125c6c3c2fd70d7de961bcf0e51575235fad/library/std/src/../../backtrace/src/backtrace/mod.rs:66:5
[INFO] [stdout]    2:     0x56440be23a76 - std::sys_common::backtrace::_print_fmt::hd7f8fef21b4eda67
[INFO] [stdout]                                at /rustc/0e09125c6c3c2fd70d7de961bcf0e51575235fad/library/std/src/sys_common/backtrace.rs:68:5
[INFO] [stdout]    3:     0x56440be23a76 - <std::sys_common::backtrace::_print::DisplayBacktrace as core::fmt::Display>::fmt::h623d9b51f2f453f1
[INFO] [stdout]                                at /rustc/0e09125c6c3c2fd70d7de961bcf0e51575235fad/library/std/src/sys_common/backtrace.rs:44:22
[INFO] [stdout]    4:     0x56440be4de20 - core::fmt::rt::Argument::fmt::h9f417ac76a86f368
[INFO] [stdout]                                at /rustc/0e09125c6c3c2fd70d7de961bcf0e51575235fad/library/core/src/fmt/rt.rs:142:9
[INFO] [stdout]    5:     0x56440be4de20 - core::fmt::write::hc9b6faf4ac2aeff7
[INFO] [stdout]                                at /rustc/0e09125c6c3c2fd70d7de961bcf0e51575235fad/library/core/src/fmt/mod.rs:1120:17
[INFO] [stdout]    6:     0x56440be214df - std::io::Write::write_fmt::he04625a3a989fec3
[INFO] [stdout]                                at /rustc/0e09125c6c3c2fd70d7de961bcf0e51575235fad/library/std/src/io/mod.rs:1810:15
[INFO] [stdout]    7:     0x56440be23854 - std::sys_common::backtrace::_print::hd5d66399c7df88a2
[INFO] [stdout]                                at /rustc/0e09125c6c3c2fd70d7de961bcf0e51575235fad/library/std/src/sys_common/backtrace.rs:47:5
[INFO] [stdout]    8:     0x56440be23854 - std::sys_common::backtrace::print::he81ed2da642d37e5
[INFO] [stdout]                                at /rustc/0e09125c6c3c2fd70d7de961bcf0e51575235fad/library/std/src/sys_common/backtrace.rs:34:9
[INFO] [stdout]    9:     0x56440be255c7 - std::panicking::default_hook::{{closure}}::h85773f4fa117163d
[INFO] [stdout]   10:     0x56440be252ad - std::panicking::default_hook::h6a1694a91d09b278
[INFO] [stdout]                                at /rustc/0e09125c6c3c2fd70d7de961bcf0e51575235fad/library/std/src/panicking.rs:289:9
[INFO] [stdout]   11:     0x56440bdf0287 - <alloc::boxed::Box<F,A> as core::ops::function::Fn<Args>>::call::h616ac37fa3cd6c8f
[INFO] [stdout]                                at /rustc/0e09125c6c3c2fd70d7de961bcf0e51575235fad/library/alloc/src/boxed.rs:2029:9
[INFO] [stdout]   12:     0x56440bdf0287 - test::test_main::{{closure}}::h00d84697cefdcbb6
[INFO] [stdout]                                at /rustc/0e09125c6c3c2fd70d7de961bcf0e51575235fad/library/test/src/lib.rs:138:21
[INFO] [stdout]   13:     0x56440be25be6 - <alloc::boxed::Box<F,A> as core::ops::function::Fn<Args>>::call::hcb3fe3b9bb537ba8
[INFO] [stdout]                                at /rustc/0e09125c6c3c2fd70d7de961bcf0e51575235fad/library/alloc/src/boxed.rs:2029:9
[INFO] [stdout]   14:     0x56440be25be6 - std::panicking::rust_panic_with_hook::h0a7ad96e90f7145b
[INFO] [stdout]                                at /rustc/0e09125c6c3c2fd70d7de961bcf0e51575235fad/library/std/src/panicking.rs:783:13
[INFO] [stdout]   15:     0x56440be25932 - std::panicking::begin_panic_handler::{{closure}}::h7919090525c6485e
[INFO] [stdout]                                at /rustc/0e09125c6c3c2fd70d7de961bcf0e51575235fad/library/std/src/panicking.rs:657:13
[INFO] [stdout]   16:     0x56440be23f76 - std::sys_common::backtrace::__rust_end_short_backtrace::hf3289479464f7dfe
[INFO] [stdout]                                at /rustc/0e09125c6c3c2fd70d7de961bcf0e51575235fad/library/std/src/sys_common/backtrace.rs:171:18
[INFO] [stdout]   17:     0x56440be25690 - rust_begin_unwind
[INFO] [stdout]                                at /rustc/0e09125c6c3c2fd70d7de961bcf0e51575235fad/library/std/src/panicking.rs:645:5
[INFO] [stdout]   18:     0x56440bd33d35 - core::panicking::panic_fmt::hcc9f77c5c132af55
[INFO] [stdout]                                at /rustc/0e09125c6c3c2fd70d7de961bcf0e51575235fad/library/core/src/panicking.rs:72:14
[INFO] [stdout]   19:     0x56440bd3416b - core::panicking::assert_failed_inner::h9f13e27dd63c3a08
[INFO] [stdout]                                at /rustc/0e09125c6c3c2fd70d7de961bcf0e51575235fad/library/core/src/panicking.rs:342:17
[INFO] [stdout]   20:     0x56440bd97aa2 - core::panicking::assert_failed::ha4ce240207e40928
[INFO] [stdout]                                at /rustc/0e09125c6c3c2fd70d7de961bcf0e51575235fad/library/core/src/panicking.rs:297:5
[INFO] [stdout]   21:     0x56440bdb368d - schism::tests::test_parse_lots_of_stuff::h76ee4159a7472e52
[INFO] [stdout]                                at /opt/rustwide/workdir/src/tests.rs:411:5
[INFO] [stdout]   22:     0x56440bdb3497 - schism::tests::test_parse_lots_of_stuff::{{closure}}::hcacdd480169b2ecd
[INFO] [stdout]                                at /opt/rustwide/workdir/src/tests.rs:345:34
[INFO] [stdout]   23:     0x56440bdb4246 - core::ops::function::FnOnce::call_once::hf21a29d6fa8615b5
[INFO] [stdout]                                at /rustc/0e09125c6c3c2fd70d7de961bcf0e51575235fad/library/core/src/ops/function.rs:250:5
[INFO] [stdout]   24:     0x56440bdf5b5f - core::ops::function::FnOnce::call_once::hd64d26f405258157
[INFO] [stdout]                                at /rustc/0e09125c6c3c2fd70d7de961bcf0e51575235fad/library/core/src/ops/function.rs:250:5
[INFO] [stdout]   25:     0x56440bdf5b5f - test::__rust_begin_short_backtrace::he21b0b7a6d731bf9
[INFO] [stdout]                                at /rustc/0e09125c6c3c2fd70d7de961bcf0e51575235fad/library/test/src/lib.rs:627:18
[INFO] [stdout]   26:     0x56440bdf48e1 - test::run_test_in_process::{{closure}}::hf5c73986d7bdfde2
[INFO] [stdout]                                at /rustc/0e09125c6c3c2fd70d7de961bcf0e51575235fad/library/test/src/lib.rs:650:60
[INFO] [stdout]   27:     0x56440bdf48e1 - <core::panic::unwind_safe::AssertUnwindSafe<F> as core::ops::function::FnOnce<()>>::call_once::h330011ad032aadc0
[INFO] [stdout]                                at /rustc/0e09125c6c3c2fd70d7de961bcf0e51575235fad/library/core/src/panic/unwind_safe.rs:272:9
[INFO] [stdout]   28:     0x56440bdf48e1 - std::panicking::try::do_call::he61b0a958b795a41
[INFO] [stdout]                                at /rustc/0e09125c6c3c2fd70d7de961bcf0e51575235fad/library/std/src/panicking.rs:552:40
[INFO] [stdout]   29:     0x56440bdf48e1 - std::panicking::try::h7309da130f906eb7
[INFO] [stdout]                                at /rustc/0e09125c6c3c2fd70d7de961bcf0e51575235fad/library/std/src/panicking.rs:516:19
[INFO] [stdout]   30:     0x56440bdf48e1 - std::panic::catch_unwind::hc5c3a06fdaf0a92a
[INFO] [stdout]                                at /rustc/0e09125c6c3c2fd70d7de961bcf0e51575235fad/library/std/src/panic.rs:142:14
[INFO] [stdout]   31:     0x56440bdf48e1 - test::run_test_in_process::h7e7b7c71c3324e0f
[INFO] [stdout]                                at /rustc/0e09125c6c3c2fd70d7de961bcf0e51575235fad/library/test/src/lib.rs:650:27
[INFO] [stdout]   32:     0x56440bdf48e1 - test::run_test::{{closure}}::h1f509f28f5cf20b1
[INFO] [stdout]                                at /rustc/0e09125c6c3c2fd70d7de961bcf0e51575235fad/library/test/src/lib.rs:573:43
[INFO] [stdout]   33:     0x56440bdbbc16 - test::run_test::{{closure}}::h1754218abf443f6d
[INFO] [stdout]                                at /rustc/0e09125c6c3c2fd70d7de961bcf0e51575235fad/library/test/src/lib.rs:601:41
[INFO] [stdout]   34:     0x56440bdbbc16 - std::sys_common::backtrace::__rust_begin_short_backtrace::h2ee174b9d5954948
[INFO] [stdout]                                at /rustc/0e09125c6c3c2fd70d7de961bcf0e51575235fad/library/std/src/sys_common/backtrace.rs:155:18
[INFO] [stdout]   35:     0x56440bdc0c77 - std::thread::Builder::spawn_unchecked_::{{closure}}::{{closure}}::hf60bee9c1a17ef09
[INFO] [stdout]                                at /rustc/0e09125c6c3c2fd70d7de961bcf0e51575235fad/library/std/src/thread/mod.rs:529:17
[INFO] [stdout]   36:     0x56440bdc0c77 - <core::panic::unwind_safe::AssertUnwindSafe<F> as core::ops::function::FnOnce<()>>::call_once::h33d0dddec5216160
[INFO] [stdout]                                at /rustc/0e09125c6c3c2fd70d7de961bcf0e51575235fad/library/core/src/panic/unwind_safe.rs:272:9
[INFO] [stdout]   37:     0x56440bdc0c77 - std::panicking::try::do_call::h144b3048b546f835
[INFO] [stdout]                                at /rustc/0e09125c6c3c2fd70d7de961bcf0e51575235fad/library/std/src/panicking.rs:552:40
[INFO] [stdout]   38:     0x56440bdc0c77 - std::panicking::try::h978244d04646189f
[INFO] [stdout]                                at /rustc/0e09125c6c3c2fd70d7de961bcf0e51575235fad/library/std/src/panicking.rs:516:19
[INFO] [stdout]   39:     0x56440bdc0c77 - std::panic::catch_unwind::hdf436369d188fe86
[INFO] [stdout]                                at /rustc/0e09125c6c3c2fd70d7de961bcf0e51575235fad/library/std/src/panic.rs:142:14
[INFO] [stdout]   40:     0x56440bdc0c77 - std::thread::Builder::spawn_unchecked_::{{closure}}::h87329cbdd33c79ec
[INFO] [stdout]                                at /rustc/0e09125c6c3c2fd70d7de961bcf0e51575235fad/library/std/src/thread/mod.rs:528:30
[INFO] [stdout]   41:     0x56440bdc0c77 - core::ops::function::FnOnce::call_once{{vtable.shim}}::h401abbe67897d450
[INFO] [stdout]                                at /rustc/0e09125c6c3c2fd70d7de961bcf0e51575235fad/library/core/src/ops/function.rs:250:5
[INFO] [stdout]   42:     0x56440be2a695 - <alloc::boxed::Box<F,A> as core::ops::function::FnOnce<Args>>::call_once::h5d7c8f150ab9c84c
[INFO] [stdout]                                at /rustc/0e09125c6c3c2fd70d7de961bcf0e51575235fad/library/alloc/src/boxed.rs:2015:9
[INFO] [stdout]   43:     0x56440be2a695 - <alloc::boxed::Box<F,A> as core::ops::function::FnOnce<Args>>::call_once::h570d5b005c242c15
[INFO] [stdout]                                at /rustc/0e09125c6c3c2fd70d7de961bcf0e51575235fad/library/alloc/src/boxed.rs:2015:9
[INFO] [stdout]   44:     0x56440be2a695 - std::sys::unix::thread::Thread::new::thread_start::h36b0a20c0b2361ad
[INFO] [stdout]                                at /rustc/0e09125c6c3c2fd70d7de961bcf0e51575235fad/library/std/src/sys/unix/thread.rs:108:17
[INFO] [stdout]   45:     0x7f877ce90ac3 - <unknown>
[INFO] [stdout]   46:     0x7f877cf21bf4 - __clone
[INFO] [stdout]   47:                0x0 - <unknown>
[INFO] [stdout] 
[INFO] [stdout] 
[INFO] [stdout] failures:
[INFO] [stdout]     tests::parse_struct
[INFO] [stdout]     tests::test_parse_lots_of_stuff
[INFO] [stdout] 
[INFO] [stdout] test result: FAILED. 5 passed; 2 failed; 0 ignored; 0 measured; 0 filtered out; finished in 0.01s
[INFO] [stdout] 
[INFO] [stderr] error: test failed, to rerun pass `--bin schism`
[INFO] running `Command { std: "docker" "inspect" "cfce47a79af8677a90479520c1d4d0174eec30223d2415059814c1c5a52d80cf", kill_on_drop: false }`
[INFO] running `Command { std: "docker" "rm" "-f" "cfce47a79af8677a90479520c1d4d0174eec30223d2415059814c1c5a52d80cf", kill_on_drop: false }`
[INFO] [stdout] cfce47a79af8677a90479520c1d4d0174eec30223d2415059814c1c5a52d80cf
