[INFO] fetching crate stretto 0.8.2...
[INFO] testing stretto-0.8.2 against 1.75.0 for beta-1.76-1
[INFO] extracting crate stretto 0.8.2 into /workspace/builds/worker-3-tc1/source
[INFO] validating manifest of crates.io crate stretto 0.8.2 on toolchain 1.75.0
[INFO] running `Command { std: CARGO_HOME="/workspace/cargo-home" RUSTUP_HOME="/workspace/rustup-home" "/workspace/cargo-home/bin/cargo" "+1.75.0" "metadata" "--manifest-path" "Cargo.toml" "--no-deps", kill_on_drop: false }`
[INFO] started tweaking crates.io crate stretto 0.8.2
[INFO] removed 0 missing examples
[INFO] finished tweaking crates.io crate stretto 0.8.2
[INFO] tweaked toml for crates.io crate stretto 0.8.2 written to /workspace/builds/worker-3-tc1/source/Cargo.toml
[INFO] crate crates.io crate stretto 0.8.2 already has a lockfile, it will not be regenerated
[INFO] running `Command { std: CARGO_HOME="/workspace/cargo-home" RUSTUP_HOME="/workspace/rustup-home" "/workspace/cargo-home/bin/cargo" "+1.75.0" "fetch" "--manifest-path" "Cargo.toml", kill_on_drop: false }`
[INFO] [stderr]     Updating crates.io index
[INFO] [stderr]  Downloading crates ...
[INFO] [stderr]   Downloaded wg v0.4.2
[INFO] [stderr]   Downloaded xxhash-rust v0.8.6
[INFO] running `Command { std: "docker" "create" "-v" "/var/lib/crater-agent-workspace/builds/worker-3-tc1/target:/opt/rustwide/target:rw,Z" "-v" "/var/lib/crater-agent-workspace/builds/worker-3-tc1/source:/opt/rustwide/workdir:ro,Z" "-v" "/var/lib/crater-agent-workspace/cargo-home:/opt/rustwide/cargo-home:ro,Z" "-v" "/var/lib/crater-agent-workspace/rustup-home:/opt/rustwide/rustup-home:ro,Z" "-e" "SOURCE_DIR=/opt/rustwide/workdir" "-e" "CARGO_TARGET_DIR=/opt/rustwide/target" "-e" "CARGO_HOME=/opt/rustwide/cargo-home" "-e" "RUSTUP_HOME=/opt/rustwide/rustup-home" "-w" "/opt/rustwide/workdir" "-m" "1610612736" "--user" "0:0" "--network" "none" "ghcr.io/rust-lang/crates-build-env/linux@sha256:2788e3201cd34a07e3172128adcd8b3090168a8e3bcc40d7c032b9dda1df7d1c" "/opt/rustwide/cargo-home/bin/cargo" "+1.75.0" "metadata" "--no-deps" "--format-version=1", kill_on_drop: false }`
[INFO] [stdout] facfb127bc5baa9cd0f3e679dd3389aa9a8a45e1ff0fab0d905528964a610ac7
[INFO] running `Command { std: "docker" "start" "-a" "facfb127bc5baa9cd0f3e679dd3389aa9a8a45e1ff0fab0d905528964a610ac7", kill_on_drop: false }`
[INFO] running `Command { std: "docker" "inspect" "facfb127bc5baa9cd0f3e679dd3389aa9a8a45e1ff0fab0d905528964a610ac7", kill_on_drop: false }`
[INFO] running `Command { std: "docker" "rm" "-f" "facfb127bc5baa9cd0f3e679dd3389aa9a8a45e1ff0fab0d905528964a610ac7", kill_on_drop: false }`
[INFO] [stdout] facfb127bc5baa9cd0f3e679dd3389aa9a8a45e1ff0fab0d905528964a610ac7
[INFO] running `Command { std: "docker" "create" "-v" "/var/lib/crater-agent-workspace/builds/worker-3-tc1/target:/opt/rustwide/target:rw,Z" "-v" "/var/lib/crater-agent-workspace/builds/worker-3-tc1/source:/opt/rustwide/workdir:ro,Z" "-v" "/var/lib/crater-agent-workspace/cargo-home:/opt/rustwide/cargo-home:ro,Z" "-v" "/var/lib/crater-agent-workspace/rustup-home:/opt/rustwide/rustup-home:ro,Z" "-e" "SOURCE_DIR=/opt/rustwide/workdir" "-e" "CARGO_TARGET_DIR=/opt/rustwide/target" "-e" "CARGO_INCREMENTAL=0" "-e" "RUST_BACKTRACE=full" "-e" "RUSTFLAGS=--cap-lints=warn" "-e" "RUSTDOCFLAGS=--cap-lints=warn" "-e" "CARGO_HOME=/opt/rustwide/cargo-home" "-e" "RUSTUP_HOME=/opt/rustwide/rustup-home" "-w" "/opt/rustwide/workdir" "-m" "1610612736" "--user" "0:0" "--network" "none" "ghcr.io/rust-lang/crates-build-env/linux@sha256:2788e3201cd34a07e3172128adcd8b3090168a8e3bcc40d7c032b9dda1df7d1c" "/opt/rustwide/cargo-home/bin/cargo" "+1.75.0" "build" "--frozen" "--message-format=json", kill_on_drop: false }`
[INFO] [stdout] 341f3d3155998a659d7f7d6a3f718a56d4f93e1b0dcff69ec6e7ae2caff15548
[INFO] running `Command { std: "docker" "start" "-a" "341f3d3155998a659d7f7d6a3f718a56d4f93e1b0dcff69ec6e7ae2caff15548", kill_on_drop: false }`
[INFO] [stderr]    Compiling proc-macro2 v1.0.56
[INFO] [stderr]    Compiling libc v0.2.141
[INFO] [stderr]    Compiling quote v1.0.26
[INFO] [stderr]    Compiling unicode-ident v1.0.8
[INFO] [stderr]    Compiling syn v1.0.109
[INFO] [stderr]    Compiling parking_lot_core v0.9.7
[INFO] [stderr]    Compiling lock_api v0.4.9
[INFO] [stderr]    Compiling crossbeam-utils v0.8.15
[INFO] [stderr]    Compiling ppv-lite86 v0.2.17
[INFO] [stderr]    Compiling thiserror v1.0.40
[INFO] [stderr]    Compiling once_cell v1.17.1
[INFO] [stderr]    Compiling smallvec v1.10.0
[INFO] [stderr]    Compiling tracing-core v0.1.30
[INFO] [stderr]    Compiling bytemuck v1.14.0
[INFO] [stderr]    Compiling xxhash-rust v0.8.6
[INFO] [stderr]    Compiling crossbeam-channel v0.5.8
[INFO] [stderr]    Compiling atomic v0.6.0
[INFO] [stderr]    Compiling wg v0.4.2
[INFO] [stderr]    Compiling seahash v4.1.0
[INFO] [stderr]    Compiling syn v2.0.15
[INFO] [stderr]    Compiling getrandom v0.2.9
[INFO] [stderr]    Compiling parking_lot v0.12.1
[INFO] [stderr]    Compiling rand_core v0.6.4
[INFO] [stderr]    Compiling rand_chacha v0.3.1
[INFO] [stderr]    Compiling rand v0.8.5
[INFO] [stderr]    Compiling thiserror-impl v1.0.40
[INFO] [stderr]    Compiling tracing-attributes v0.1.23
[INFO] [stderr]    Compiling tracing v0.1.37
[INFO] [stderr]    Compiling stretto v0.8.2 (/opt/rustwide/workdir)
[INFO] [stderr]     Finished dev [unoptimized + debuginfo] target(s) in 9.94s
[INFO] running `Command { std: "docker" "inspect" "341f3d3155998a659d7f7d6a3f718a56d4f93e1b0dcff69ec6e7ae2caff15548", kill_on_drop: false }`
[INFO] running `Command { std: "docker" "rm" "-f" "341f3d3155998a659d7f7d6a3f718a56d4f93e1b0dcff69ec6e7ae2caff15548", kill_on_drop: false }`
[INFO] [stdout] 341f3d3155998a659d7f7d6a3f718a56d4f93e1b0dcff69ec6e7ae2caff15548
[INFO] running `Command { std: "docker" "create" "-v" "/var/lib/crater-agent-workspace/builds/worker-3-tc1/target:/opt/rustwide/target:rw,Z" "-v" "/var/lib/crater-agent-workspace/builds/worker-3-tc1/source:/opt/rustwide/workdir:ro,Z" "-v" "/var/lib/crater-agent-workspace/cargo-home:/opt/rustwide/cargo-home:ro,Z" "-v" "/var/lib/crater-agent-workspace/rustup-home:/opt/rustwide/rustup-home:ro,Z" "-e" "SOURCE_DIR=/opt/rustwide/workdir" "-e" "CARGO_TARGET_DIR=/opt/rustwide/target" "-e" "CARGO_INCREMENTAL=0" "-e" "RUST_BACKTRACE=full" "-e" "RUSTFLAGS=--cap-lints=warn" "-e" "RUSTDOCFLAGS=--cap-lints=warn" "-e" "CARGO_HOME=/opt/rustwide/cargo-home" "-e" "RUSTUP_HOME=/opt/rustwide/rustup-home" "-w" "/opt/rustwide/workdir" "-m" "1610612736" "--user" "0:0" "--network" "none" "ghcr.io/rust-lang/crates-build-env/linux@sha256:2788e3201cd34a07e3172128adcd8b3090168a8e3bcc40d7c032b9dda1df7d1c" "/opt/rustwide/cargo-home/bin/cargo" "+1.75.0" "test" "--frozen" "--no-run" "--message-format=json", kill_on_drop: false }`
[INFO] [stdout] bba223595e103d9a0d56bc572fa657dedabe8d761f4173d87bbf8601bc7c0e5b
[INFO] running `Command { std: "docker" "start" "-a" "bba223595e103d9a0d56bc572fa657dedabe8d761f4173d87bbf8601bc7c0e5b", kill_on_drop: false }`
[INFO] [stderr]    Compiling value-bag v1.0.0-alpha.9
[INFO] [stderr]    Compiling crossbeam-utils v0.8.15
[INFO] [stderr]    Compiling log v0.4.17
[INFO] [stderr]    Compiling futures-core v0.3.28
[INFO] [stderr]    Compiling syn v2.0.15
[INFO] [stderr]    Compiling event-listener v2.5.3
[INFO] [stderr]    Compiling ctor v0.1.26
[INFO] [stderr]    Compiling slab v0.4.8
[INFO] [stderr]    Compiling io-lifetimes v1.0.10
[INFO] [stderr]    Compiling futures-io v0.3.28
[INFO] [stderr]    Compiling fastrand v1.9.0
[INFO] [stderr]    Compiling parking v2.1.0
[INFO] [stderr]    Compiling async-lock v2.7.0
[INFO] [stderr]    Compiling futures-lite v1.13.0
[INFO] [stderr]    Compiling polling v2.7.0
[INFO] [stderr]    Compiling rustix v0.37.11
[INFO] [stderr]    Compiling concurrent-queue v2.2.0
[INFO] [stderr]    Compiling socket2 v0.4.9
[INFO] [stderr]    Compiling async-io v1.13.0
[INFO] [stderr]    Compiling serde_derive v1.0.160
[INFO] [stderr]    Compiling async-task v4.4.0
[INFO] [stderr]    Compiling linux-raw-sys v0.3.1
[INFO] [stderr]    Compiling async-channel v1.8.0
[INFO] [stderr]    Compiling atomic-waker v1.1.1
[INFO] [stderr]    Compiling serde v1.0.160
[INFO] [stderr]    Compiling async-executor v1.5.1
[INFO] [stderr]    Compiling tokio v1.27.0
[INFO] [stderr]    Compiling blocking v1.3.1
[INFO] [stderr]    Compiling serde_json v1.0.96
[INFO] [stderr]    Compiling kv-log-macro v1.0.7
[INFO] [stderr]    Compiling mio v0.8.6
[INFO] [stderr]    Compiling crossbeam-channel v0.5.8
[INFO] [stderr]    Compiling num_cpus v1.15.0
[INFO] [stderr]    Compiling signal-hook-registry v1.4.1
[INFO] [stderr]    Compiling ryu v1.0.13
[INFO] [stderr]    Compiling itoa v1.0.6
[INFO] [stderr]    Compiling bytes v1.4.0
[INFO] [stderr]    Compiling thiserror-impl v1.0.40
[INFO] [stderr]    Compiling tokio-macros v2.0.0
[INFO] [stderr]    Compiling async-global-executor v2.3.1
[INFO] [stderr]    Compiling async-std v1.12.0
[INFO] [stderr]    Compiling thiserror v1.0.40
[INFO] [stderr]    Compiling stretto v0.8.2 (/opt/rustwide/workdir)
[INFO] [stderr]     Finished test [unoptimized + debuginfo] target(s) in 21.68s
[INFO] running `Command { std: "docker" "inspect" "bba223595e103d9a0d56bc572fa657dedabe8d761f4173d87bbf8601bc7c0e5b", kill_on_drop: false }`
[INFO] running `Command { std: "docker" "rm" "-f" "bba223595e103d9a0d56bc572fa657dedabe8d761f4173d87bbf8601bc7c0e5b", kill_on_drop: false }`
[INFO] [stdout] bba223595e103d9a0d56bc572fa657dedabe8d761f4173d87bbf8601bc7c0e5b
[INFO] running `Command { std: "docker" "create" "-v" "/var/lib/crater-agent-workspace/builds/worker-3-tc1/target:/opt/rustwide/target:rw,Z" "-v" "/var/lib/crater-agent-workspace/builds/worker-3-tc1/source:/opt/rustwide/workdir:ro,Z" "-v" "/var/lib/crater-agent-workspace/cargo-home:/opt/rustwide/cargo-home:ro,Z" "-v" "/var/lib/crater-agent-workspace/rustup-home:/opt/rustwide/rustup-home:ro,Z" "-e" "SOURCE_DIR=/opt/rustwide/workdir" "-e" "CARGO_TARGET_DIR=/opt/rustwide/target" "-e" "CARGO_INCREMENTAL=0" "-e" "RUST_BACKTRACE=full" "-e" "RUSTFLAGS=--cap-lints=warn" "-e" "RUSTDOCFLAGS=--cap-lints=warn" "-e" "CARGO_HOME=/opt/rustwide/cargo-home" "-e" "RUSTUP_HOME=/opt/rustwide/rustup-home" "-w" "/opt/rustwide/workdir" "-m" "1610612736" "--user" "0:0" "--network" "none" "ghcr.io/rust-lang/crates-build-env/linux@sha256:2788e3201cd34a07e3172128adcd8b3090168a8e3bcc40d7c032b9dda1df7d1c" "/opt/rustwide/cargo-home/bin/cargo" "+1.75.0" "test" "--frozen", kill_on_drop: false }`
[INFO] [stdout] 4b8756c0a87a3408fc0415246fdd7b93b6e9d12a3158e3a45d1e82659c2b0821
[INFO] running `Command { std: "docker" "start" "-a" "4b8756c0a87a3408fc0415246fdd7b93b6e9d12a3158e3a45d1e82659c2b0821", kill_on_drop: false }`
[INFO] [stderr]     Finished test [unoptimized + debuginfo] target(s) in 0.12s
[INFO] [stderr]      Running unittests src/lib.rs (/opt/rustwide/target/debug/deps/stretto-632f17a025a5fd68)
[INFO] [stdout] 
[INFO] [stdout] running 75 tests
[INFO] [stdout] test bbloom::test::test_total_size ... ok
[INFO] [stdout] test bbloom::test::test_size_exp ... ok
[INFO] [stdout] test bbloom::test::test_size ... ok
[INFO] [stdout] test cache::test::sync_test::test_cache_builder ... ok
[INFO] [stdout] test cache::test::sync_test::test_cache_blockon_clear ... ok
[INFO] [stdout] test cache::test::sync_test::test_cache_get_after_close ... ok
[INFO] [stdout] test cache::test::sync_test::test_cache_insert_after_close ... ok
[INFO] [stdout] test cache::test::sync_test::test_cache_key_to_hash ... FAILED
[INFO] [stdout] test cache::test::sync_test::test_cache_clear_after_close ... ok
[INFO] [stdout] test cache::test::sync_test::test_cache_clear ... ok
[INFO] [stdout] test cache::test::sync_test::test_cache_multiple_close ... ok
[INFO] [stdout] test cache::test::sync_test::test_cache_internal_cost ... ok
[INFO] [stdout] test cache::test::sync_test::test_cache_remove ... ok
[INFO] [stdout] test cache::test::sync_test::test_cache_metrics_clear ... ok
[INFO] [stdout] test cache::test::sync_test::test_cache_remove_after_close ... ok
[INFO] [stdout] test cache::test::sync_test::test_cache_set ... ok
[INFO] [stdout] test cache::test::sync_test::test_cache_get ... ok
[INFO] [stdout] test cache::test::sync_test::test_cache_get_ttl ... ok
[INFO] [stdout] test cache::test::sync_test::test_cache_remove_with_ttl ... ok
[INFO] [stdout] test cache::test::sync_test::test_cache_update_max_cost ... ok
[INFO] [stdout] test cache::test::sync_test::test_valueref_ttl ... ok
[INFO] [stdout] test histogram::test::test_fmt ... ok
[INFO] [stdout] test histogram::test::test_mean ... ok
[INFO] [stdout] test bbloom::test::test_number_of_wrongs ... ok
[INFO] [stdout] test metrics::test::test_display ... ok
[INFO] [stdout] test metrics::test::test_metrics ... ok
[INFO] [stdout] test policy::test::sync_test::test_policy ... ok
[INFO] [stdout] test policy::test::sync_test::test_policy_add ... ok
[INFO] [stdout] test policy::test::sync_test::test_policy_add_after_close ... ok
[INFO] [stdout] test policy::test::sync_test::test_policy_cap ... ok
[INFO] [stdout] test policy::test::sync_test::test_policy_clear ... ok
[INFO] [stdout] test policy::test::sync_test::test_policy_close ... ok
[INFO] [stdout] test policy::test::sync_test::test_policy_cost ... ok
[INFO] [stdout] test policy::test::sync_test::test_policy_del ... ok
[INFO] [stdout] test policy::test::sync_test::test_policy_has ... ok
[INFO] [stdout] test policy::test::sync_test::test_policy_metrics ... ok
[INFO] [stdout] test cache::test::sync_test::test_cache_max_cost ... ok
[INFO] [stdout] test policy::test::sync_test::test_policy_push ... ok
[INFO] [stdout] test policy::test::sync_test::test_policy_push_after_close ... ok
[INFO] [stdout] test policy::test::sync_test::test_policy_update ... ok
[INFO] [stdout] test policy::test::test_sampled_lfu_clear ... ok
[INFO] [stdout] test policy::test::test_sampled_lfu_constructor ... ok
[INFO] [stdout] test policy::test::test_sampled_lfu_fill_sample ... ok
[INFO] [stdout] test policy::test::test_sampled_lfu_remove ... ok
[INFO] [stdout] test policy::test::test_sampled_lfu_room ... ok
[INFO] [stdout] test policy::test::test_sampled_lfu_update ... ok
[INFO] [stdout] test policy::test::test_tinylfu_clear ... ok
[INFO] [stdout] test policy::test::test_tinylfu_estimate ... ok
[INFO] [stdout] test policy::test::test_tinylfu_increment ... ok
[INFO] [stdout] test policy::test::test_tinylfu_increments ... ok
[INFO] [stdout] test sketch::test::test_count_min_row ... ok
[INFO] [stdout] test sketch::test::test_count_min_sketch ... ok
[INFO] [stdout] test sketch::test::test_count_min_sketch_clear ... ok
[INFO] [stdout] test sketch::test::test_count_min_sketch_estimate ... ok
[INFO] [stdout] test sketch::test::test_count_min_sketch_increment ... ok
[INFO] [stdout] test sketch::test::test_count_min_sketch_reset ... ok
[INFO] [stdout] test store::test::test_concurrent_get_insert ... ok
[INFO] [stdout] test store::test::test_concurrent_get_mut_insert ... ok
[INFO] [stdout] test store::test::test_store ... ok
[INFO] [stdout] test store::test::test_store_collision ... ok
[INFO] [stdout] test store::test::test_store_expiration ... ok
[INFO] [stdout] test store::test::test_store_item_debug ... ok
[INFO] [stdout] test store::test::test_store_remove ... ok
[INFO] [stdout] test store::test::test_store_set_get ... ok
[INFO] [stdout] test store::test::test_store_update ... ok
[INFO] [stdout] test utils::test::test_shared_value ... ok
[INFO] [stdout] test utils::test::test_value_ref ... ok
[INFO] [stdout] test utils::test::test_value_ref_mut ... ok
[INFO] [stdout] test policy::test::sync_test::test_policy_process_items ... ok
[INFO] [stdout] test cache::test::sync_test::test_cache_process_items ... ok
[INFO] [stdout] test cache::test::sync_test::test_cache_drop_updates ... ok
[INFO] [stdout] test histogram::test::test_percentile ... ok
[INFO] [stdout] test cache::test::sync_test::test_recache_with_ttl ... ok
[INFO] [stdout] test cache::test::sync_test::test_cache_set_with_ttl ... ok
[INFO] [stdout] test cache::test::sync_test::test_cache_with_ttl ... ok
[INFO] [stderr] error: test failed, to rerun pass `--lib`
[INFO] [stdout] 
[INFO] [stdout] failures:
[INFO] [stdout] 
[INFO] [stdout] ---- cache::test::sync_test::test_cache_key_to_hash stdout ----
[INFO] [stdout] thread 'cache::test::sync_test::test_cache_key_to_hash' panicked at src/cache/test.rs:193:21:
[INFO] [stdout] assertion `left == right` failed
[INFO] [stdout]   left: 3
[INFO] [stdout]  right: 7552
[INFO] [stdout] stack backtrace:
[INFO] [stdout]    0:     0x55ae9924e45c - std::backtrace_rs::backtrace::libunwind::trace::ha637c64ce894333a
[INFO] [stdout]                                at /rustc/82e1608dfa6e0b5569232559e3d385fea5a93112/library/std/src/../../backtrace/src/backtrace/libunwind.rs:104:5
[INFO] [stdout]    1:     0x55ae9924e45c - std::backtrace_rs::backtrace::trace_unsynchronized::h47f62dea28e0c88d
[INFO] [stdout]                                at /rustc/82e1608dfa6e0b5569232559e3d385fea5a93112/library/std/src/../../backtrace/src/backtrace/mod.rs:66:5
[INFO] [stdout]    2:     0x55ae9924e45c - std::sys_common::backtrace::_print_fmt::h9eef0abe20ede486
[INFO] [stdout]                                at /rustc/82e1608dfa6e0b5569232559e3d385fea5a93112/library/std/src/sys_common/backtrace.rs:67:5
[INFO] [stdout]    3:     0x55ae9924e45c - <std::sys_common::backtrace::_print::DisplayBacktrace as core::fmt::Display>::fmt::hed7f999df88cc644
[INFO] [stdout]                                at /rustc/82e1608dfa6e0b5569232559e3d385fea5a93112/library/std/src/sys_common/backtrace.rs:44:22
[INFO] [stdout]    4:     0x55ae992788b0 - core::fmt::rt::Argument::fmt::h1539a9308b8d058d
[INFO] [stdout]                                at /rustc/82e1608dfa6e0b5569232559e3d385fea5a93112/library/core/src/fmt/rt.rs:142:9
[INFO] [stdout]    5:     0x55ae992788b0 - core::fmt::write::h3a39390d8560d9c9
[INFO] [stdout]                                at /rustc/82e1608dfa6e0b5569232559e3d385fea5a93112/library/core/src/fmt/mod.rs:1120:17
[INFO] [stdout]    6:     0x55ae9924bd0f - std::io::Write::write_fmt::h040b369f3a0f9cbc
[INFO] [stdout]                                at /rustc/82e1608dfa6e0b5569232559e3d385fea5a93112/library/std/src/io/mod.rs:1762:15
[INFO] [stdout]    7:     0x55ae9924e244 - std::sys_common::backtrace::_print::h894006fb5c6f3d45
[INFO] [stdout]                                at /rustc/82e1608dfa6e0b5569232559e3d385fea5a93112/library/std/src/sys_common/backtrace.rs:47:5
[INFO] [stdout]    8:     0x55ae9924e244 - std::sys_common::backtrace::print::h23a2d212c6fff936
[INFO] [stdout]                                at /rustc/82e1608dfa6e0b5569232559e3d385fea5a93112/library/std/src/sys_common/backtrace.rs:34:9
[INFO] [stdout]    9:     0x55ae9924ff07 - std::panicking::default_hook::{{closure}}::h8a1d2ee00185001a
[INFO] [stdout]   10:     0x55ae9924fbf3 - std::panicking::default_hook::h6038f2eba384e475
[INFO] [stdout]                                at /rustc/82e1608dfa6e0b5569232559e3d385fea5a93112/library/std/src/panicking.rs:289:9
[INFO] [stdout]   11:     0x55ae991bd677 - <alloc::boxed::Box<F,A> as core::ops::function::Fn<Args>>::call::h0ad024c9bdc6d768
[INFO] [stdout]                                at /rustc/82e1608dfa6e0b5569232559e3d385fea5a93112/library/alloc/src/boxed.rs:2021:9
[INFO] [stdout]   12:     0x55ae991bd677 - test::test_main::{{closure}}::h7500b54257359db6
[INFO] [stdout]                                at /rustc/82e1608dfa6e0b5569232559e3d385fea5a93112/library/test/src/lib.rs:138:21
[INFO] [stdout]   13:     0x55ae99250518 - <alloc::boxed::Box<F,A> as core::ops::function::Fn<Args>>::call::h1f8f335eaa9cfaee
[INFO] [stdout]                                at /rustc/82e1608dfa6e0b5569232559e3d385fea5a93112/library/alloc/src/boxed.rs:2021:9
[INFO] [stdout]   14:     0x55ae99250518 - std::panicking::rust_panic_with_hook::h2b5517d590cab22e
[INFO] [stdout]                                at /rustc/82e1608dfa6e0b5569232559e3d385fea5a93112/library/std/src/panicking.rs:783:13
[INFO] [stdout]   15:     0x55ae9925026e - std::panicking::begin_panic_handler::{{closure}}::h233112c06e0ef43e
[INFO] [stdout]                                at /rustc/82e1608dfa6e0b5569232559e3d385fea5a93112/library/std/src/panicking.rs:657:13
[INFO] [stdout]   16:     0x55ae9924e926 - std::sys_common::backtrace::__rust_end_short_backtrace::h6e893f24d7ebbff8
[INFO] [stdout]                                at /rustc/82e1608dfa6e0b5569232559e3d385fea5a93112/library/std/src/sys_common/backtrace.rs:170:18
[INFO] [stdout]   17:     0x55ae9924ffd2 - rust_begin_unwind
[INFO] [stdout]                                at /rustc/82e1608dfa6e0b5569232559e3d385fea5a93112/library/std/src/panicking.rs:645:5
[INFO] [stdout]   18:     0x55ae9903a155 - core::panicking::panic_fmt::hbf0e066aabfa482c
[INFO] [stdout]                                at /rustc/82e1608dfa6e0b5569232559e3d385fea5a93112/library/core/src/panicking.rs:72:14
[INFO] [stdout]   19:     0x55ae9903a56b - core::panicking::assert_failed_inner::h0bba8b7c26ee4492
[INFO] [stdout]   20:     0x55ae990c88ee - core::panicking::assert_failed::h480c0ef9237e705b
[INFO] [stdout]                                at /rustc/82e1608dfa6e0b5569232559e3d385fea5a93112/library/core/src/panicking.rs:279:5
[INFO] [stdout]   21:     0x55ae9912e420 - stretto::cache::test::sync_test::test_cache_key_to_hash::h9d55dd0869d65623
[INFO] [stdout]                                at /opt/rustwide/workdir/src/cache/test.rs:193:21
[INFO] [stdout]   22:     0x55ae9912e0c7 - stretto::cache::test::sync_test::test_cache_key_to_hash::{{closure}}::hca34481e71746000
[INFO] [stdout]                                at /opt/rustwide/workdir/src/cache/test.rs:178:32
[INFO] [stdout]   23:     0x55ae99108eb6 - core::ops::function::FnOnce::call_once::h19e4843c8a78c540
[INFO] [stdout]                                at /rustc/82e1608dfa6e0b5569232559e3d385fea5a93112/library/core/src/ops/function.rs:250:5
[INFO] [stdout]   24:     0x55ae991c2ccf - core::ops::function::FnOnce::call_once::h2b5d431d5046312d
[INFO] [stdout]                                at /rustc/82e1608dfa6e0b5569232559e3d385fea5a93112/library/core/src/ops/function.rs:250:5
[INFO] [stdout]   25:     0x55ae991c2ccf - test::__rust_begin_short_backtrace::h7714669af176e207
[INFO] [stdout]                                at /rustc/82e1608dfa6e0b5569232559e3d385fea5a93112/library/test/src/lib.rs:628:18
[INFO] [stdout]   26:     0x55ae991c1ce5 - test::run_test_in_process::{{closure}}::h85218797dcbcec12
[INFO] [stdout]                                at /rustc/82e1608dfa6e0b5569232559e3d385fea5a93112/library/test/src/lib.rs:651:60
[INFO] [stdout]   27:     0x55ae991c1ce5 - <core::panic::unwind_safe::AssertUnwindSafe<F> as core::ops::function::FnOnce<()>>::call_once::h76c106ea31c14d7b
[INFO] [stdout]                                at /rustc/82e1608dfa6e0b5569232559e3d385fea5a93112/library/core/src/panic/unwind_safe.rs:272:9
[INFO] [stdout]   28:     0x55ae991c1ce5 - std::panicking::try::do_call::h3bd5d0f6620ee946
[INFO] [stdout]                                at /rustc/82e1608dfa6e0b5569232559e3d385fea5a93112/library/std/src/panicking.rs:552:40
[INFO] [stdout]   29:     0x55ae991c1ce5 - std::panicking::try::h232e535e4744fe31
[INFO] [stdout]                                at /rustc/82e1608dfa6e0b5569232559e3d385fea5a93112/library/std/src/panicking.rs:516:19
[INFO] [stdout]   30:     0x55ae991c1ce5 - std::panic::catch_unwind::h3ce3bd6ca8dbac68
[INFO] [stdout]                                at /rustc/82e1608dfa6e0b5569232559e3d385fea5a93112/library/std/src/panic.rs:142:14
[INFO] [stdout]   31:     0x55ae991c1ce5 - test::run_test_in_process::hc97b257c9621286a
[INFO] [stdout]                                at /rustc/82e1608dfa6e0b5569232559e3d385fea5a93112/library/test/src/lib.rs:651:27
[INFO] [stdout]   32:     0x55ae991c1ce5 - test::run_test::{{closure}}::h2aa798823a438d38
[INFO] [stdout]                                at /rustc/82e1608dfa6e0b5569232559e3d385fea5a93112/library/test/src/lib.rs:574:43
[INFO] [stdout]   33:     0x55ae99189fa6 - test::run_test::{{closure}}::h87d231c78fb59832
[INFO] [stdout]                                at /rustc/82e1608dfa6e0b5569232559e3d385fea5a93112/library/test/src/lib.rs:602:41
[INFO] [stdout]   34:     0x55ae99189fa6 - std::sys_common::backtrace::__rust_begin_short_backtrace::he6df152596625789
[INFO] [stdout]                                at /rustc/82e1608dfa6e0b5569232559e3d385fea5a93112/library/std/src/sys_common/backtrace.rs:154:18
[INFO] [stdout]   35:     0x55ae9918f057 - std::thread::Builder::spawn_unchecked_::{{closure}}::{{closure}}::ha94be15d1e0acf36
[INFO] [stdout]                                at /rustc/82e1608dfa6e0b5569232559e3d385fea5a93112/library/std/src/thread/mod.rs:529:17
[INFO] [stdout]   36:     0x55ae9918f057 - <core::panic::unwind_safe::AssertUnwindSafe<F> as core::ops::function::FnOnce<()>>::call_once::h9dc6bd6372f16606
[INFO] [stdout]                                at /rustc/82e1608dfa6e0b5569232559e3d385fea5a93112/library/core/src/panic/unwind_safe.rs:272:9
[INFO] [stdout]   37:     0x55ae9918f057 - std::panicking::try::do_call::h9057517f80303cd4
[INFO] [stdout]                                at /rustc/82e1608dfa6e0b5569232559e3d385fea5a93112/library/std/src/panicking.rs:552:40
[INFO] [stdout]   38:     0x55ae9918f057 - std::panicking::try::he3a30b11ee45340c
[INFO] [stdout]                                at /rustc/82e1608dfa6e0b5569232559e3d385fea5a93112/library/std/src/panicking.rs:516:19
[INFO] [stdout]   39:     0x55ae9918f057 - std::panic::catch_unwind::h410458cfd3528b8b
[INFO] [stdout]                                at /rustc/82e1608dfa6e0b5569232559e3d385fea5a93112/library/std/src/panic.rs:142:14
[INFO] [stdout]   40:     0x55ae9918f057 - std::thread::Builder::spawn_unchecked_::{{closure}}::h72ac3bdb567b737b
[INFO] [stdout]                                at /rustc/82e1608dfa6e0b5569232559e3d385fea5a93112/library/std/src/thread/mod.rs:528:30
[INFO] [stdout]   41:     0x55ae9918f057 - core::ops::function::FnOnce::call_once{{vtable.shim}}::h38f34da3654a8344
[INFO] [stdout]                                at /rustc/82e1608dfa6e0b5569232559e3d385fea5a93112/library/core/src/ops/function.rs:250:5
[INFO] [stdout]   42:     0x55ae99254fa5 - <alloc::boxed::Box<F,A> as core::ops::function::FnOnce<Args>>::call_once::hc7eafaff61e32df9
[INFO] [stdout]                                at /rustc/82e1608dfa6e0b5569232559e3d385fea5a93112/library/alloc/src/boxed.rs:2007:9
[INFO] [stdout]   43:     0x55ae99254fa5 - <alloc::boxed::Box<F,A> as core::ops::function::FnOnce<Args>>::call_once::h6ba4a5de48dd2304
[INFO] [stdout]                                at /rustc/82e1608dfa6e0b5569232559e3d385fea5a93112/library/alloc/src/boxed.rs:2007:9
[INFO] [stdout]   44:     0x55ae99254fa5 - std::sys::unix::thread::Thread::new::thread_start::he469335aef763e45
[INFO] [stdout]                                at /rustc/82e1608dfa6e0b5569232559e3d385fea5a93112/library/std/src/sys/unix/thread.rs:108:17
[INFO] [stdout]   45:     0x7f8c8ace4ac3 - <unknown>
[INFO] [stdout]   46:     0x7f8c8ad75bf4 - __clone
[INFO] [stdout]   47:                0x0 - <unknown>
[INFO] [stdout] 
[INFO] [stdout] 
[INFO] [stdout] failures:
[INFO] [stdout]     cache::test::sync_test::test_cache_key_to_hash
[INFO] [stdout] 
[INFO] [stdout] test result: FAILED. 74 passed; 1 failed; 0 ignored; 0 measured; 0 filtered out; finished in 14.43s
[INFO] [stdout] 
[INFO] running `Command { std: "docker" "inspect" "4b8756c0a87a3408fc0415246fdd7b93b6e9d12a3158e3a45d1e82659c2b0821", kill_on_drop: false }`
[INFO] running `Command { std: "docker" "rm" "-f" "4b8756c0a87a3408fc0415246fdd7b93b6e9d12a3158e3a45d1e82659c2b0821", kill_on_drop: false }`
[INFO] [stdout] 4b8756c0a87a3408fc0415246fdd7b93b6e9d12a3158e3a45d1e82659c2b0821
