[INFO] fetching crate sdl2 0.36.0...
[INFO] testing sdl2-0.36.0 against 1.75.0 for beta-1.76-1
[INFO] extracting crate sdl2 0.36.0 into /workspace/builds/worker-6-tc1/source
[INFO] validating manifest of crates.io crate sdl2 0.36.0 on toolchain 1.75.0
[INFO] running `Command { std: CARGO_HOME="/workspace/cargo-home" RUSTUP_HOME="/workspace/rustup-home" "/workspace/cargo-home/bin/cargo" "+1.75.0" "metadata" "--manifest-path" "Cargo.toml" "--no-deps", kill_on_drop: false }`
[INFO] started tweaking crates.io crate sdl2 0.36.0
[INFO] removed 1 missing examples
[INFO] finished tweaking crates.io crate sdl2 0.36.0
[INFO] tweaked toml for crates.io crate sdl2 0.36.0 written to /workspace/builds/worker-6-tc1/source/Cargo.toml
[INFO] crate crates.io crate sdl2 0.36.0 already has a lockfile, it will not be regenerated
[INFO] running `Command { std: CARGO_HOME="/workspace/cargo-home" RUSTUP_HOME="/workspace/rustup-home" "/workspace/cargo-home/bin/cargo" "+1.75.0" "fetch" "--manifest-path" "Cargo.toml", kill_on_drop: false }`
[INFO] [stderr] warning: An explicit [[example]] section is specified in Cargo.toml which currently
[INFO] [stderr] disables Cargo from automatically inferring other example targets.
[INFO] [stderr] This inference behavior will change in the Rust 2018 edition and the following
[INFO] [stderr] files will be included as a example target:
[INFO] [stderr] 
[INFO] [stderr] * /workspace/builds/worker-6-tc1/source/examples/raw-window-handle-with-wgpu/main.rs
[INFO] [stderr] 
[INFO] [stderr] This is likely to break cargo build or cargo test as these files may not be
[INFO] [stderr] ready to be compiled as a example target today. You can future-proof yourself
[INFO] [stderr] and disable this warning by adding `autoexamples = false` to your [package]
[INFO] [stderr] section. You may also move the files to a location where Cargo would not
[INFO] [stderr] automatically infer them to be a target, such as in subfolders.
[INFO] [stderr] 
[INFO] [stderr] For more information on this warning you can consult
[INFO] [stderr] https://github.com/rust-lang/cargo/issues/5330
[INFO] [stderr]  Downloading crates ...
[INFO] [stderr]   Downloaded vcpkg v0.2.12
[INFO] [stderr]   Downloaded libloading v0.7.1
[INFO] [stderr]   Downloaded gpu-alloc v0.5.2
[INFO] [stderr]   Downloaded naga v0.11.1
[INFO] [stderr]   Downloaded gpu-descriptor v0.2.1
[INFO] [stderr]   Downloaded pollster v0.2.4
[INFO] [stderr]   Downloaded profiling v1.0.3
[INFO] [stderr]   Downloaded sdl2-sys v0.36.0
[INFO] running `Command { std: "docker" "create" "-v" "/var/lib/crater-agent-workspace/builds/worker-6-tc1/target:/opt/rustwide/target:rw,Z" "-v" "/var/lib/crater-agent-workspace/builds/worker-6-tc1/source:/opt/rustwide/workdir:ro,Z" "-v" "/var/lib/crater-agent-workspace/cargo-home:/opt/rustwide/cargo-home:ro,Z" "-v" "/var/lib/crater-agent-workspace/rustup-home:/opt/rustwide/rustup-home:ro,Z" "-e" "SOURCE_DIR=/opt/rustwide/workdir" "-e" "CARGO_TARGET_DIR=/opt/rustwide/target" "-e" "CARGO_HOME=/opt/rustwide/cargo-home" "-e" "RUSTUP_HOME=/opt/rustwide/rustup-home" "-w" "/opt/rustwide/workdir" "-m" "1610612736" "--user" "0:0" "--network" "none" "ghcr.io/rust-lang/crates-build-env/linux@sha256:2788e3201cd34a07e3172128adcd8b3090168a8e3bcc40d7c032b9dda1df7d1c" "/opt/rustwide/cargo-home/bin/cargo" "+1.75.0" "metadata" "--no-deps" "--format-version=1", kill_on_drop: false }`
[INFO] [stdout] 91c2d6c8a7773fd142c8cb2dff6ce500bb7016dd8e3df9dd6c933332dfd1a023
[INFO] running `Command { std: "docker" "start" "-a" "91c2d6c8a7773fd142c8cb2dff6ce500bb7016dd8e3df9dd6c933332dfd1a023", kill_on_drop: false }`
[INFO] running `Command { std: "docker" "inspect" "91c2d6c8a7773fd142c8cb2dff6ce500bb7016dd8e3df9dd6c933332dfd1a023", kill_on_drop: false }`
[INFO] running `Command { std: "docker" "rm" "-f" "91c2d6c8a7773fd142c8cb2dff6ce500bb7016dd8e3df9dd6c933332dfd1a023", kill_on_drop: false }`
[INFO] [stdout] 91c2d6c8a7773fd142c8cb2dff6ce500bb7016dd8e3df9dd6c933332dfd1a023
[INFO] running `Command { std: "docker" "create" "-v" "/var/lib/crater-agent-workspace/builds/worker-6-tc1/target:/opt/rustwide/target:rw,Z" "-v" "/var/lib/crater-agent-workspace/builds/worker-6-tc1/source:/opt/rustwide/workdir:ro,Z" "-v" "/var/lib/crater-agent-workspace/cargo-home:/opt/rustwide/cargo-home:ro,Z" "-v" "/var/lib/crater-agent-workspace/rustup-home:/opt/rustwide/rustup-home:ro,Z" "-e" "SOURCE_DIR=/opt/rustwide/workdir" "-e" "CARGO_TARGET_DIR=/opt/rustwide/target" "-e" "CARGO_INCREMENTAL=0" "-e" "RUST_BACKTRACE=full" "-e" "RUSTFLAGS=--cap-lints=warn" "-e" "RUSTDOCFLAGS=--cap-lints=warn" "-e" "CARGO_HOME=/opt/rustwide/cargo-home" "-e" "RUSTUP_HOME=/opt/rustwide/rustup-home" "-w" "/opt/rustwide/workdir" "-m" "1610612736" "--user" "0:0" "--network" "none" "ghcr.io/rust-lang/crates-build-env/linux@sha256:2788e3201cd34a07e3172128adcd8b3090168a8e3bcc40d7c032b9dda1df7d1c" "/opt/rustwide/cargo-home/bin/cargo" "+1.75.0" "build" "--frozen" "--message-format=json", kill_on_drop: false }`
[INFO] [stdout] 71785ad04aacdbd962aa72c19be180290c1175dfcbc0182354814bf68bed2cd1
[INFO] running `Command { std: "docker" "start" "-a" "71785ad04aacdbd962aa72c19be180290c1175dfcbc0182354814bf68bed2cd1", kill_on_drop: false }`
[INFO] [stderr] warning: An explicit [[example]] section is specified in Cargo.toml which currently
[INFO] [stderr] disables Cargo from automatically inferring other example targets.
[INFO] [stderr] This inference behavior will change in the Rust 2018 edition and the following
[INFO] [stderr] files will be included as a example target:
[INFO] [stderr] 
[INFO] [stderr] * /opt/rustwide/workdir/examples/raw-window-handle-with-wgpu/main.rs
[INFO] [stderr] 
[INFO] [stderr] This is likely to break cargo build or cargo test as these files may not be
[INFO] [stderr] ready to be compiled as a example target today. You can future-proof yourself
[INFO] [stderr] and disable this warning by adding `autoexamples = false` to your [package]
[INFO] [stderr] section. You may also move the files to a location where Cargo would not
[INFO] [stderr] automatically infer them to be a target, such as in subfolders.
[INFO] [stderr] 
[INFO] [stderr] For more information on this warning you can consult
[INFO] [stderr] https://github.com/rust-lang/cargo/issues/5330
[INFO] [stderr]    Compiling version-compare v0.1.0
[INFO] [stderr]    Compiling cfg-if v1.0.0
[INFO] [stderr]    Compiling libc v0.2.147
[INFO] [stderr]    Compiling bitflags v1.2.1
[INFO] [stderr]    Compiling sdl2 v0.36.0 (/opt/rustwide/workdir)
[INFO] [stderr]    Compiling lazy_static v1.4.0
[INFO] [stderr]    Compiling sdl2-sys v0.36.0
[INFO] [stderr]     Finished dev [unoptimized + debuginfo] target(s) in 2.88s
[INFO] running `Command { std: "docker" "inspect" "71785ad04aacdbd962aa72c19be180290c1175dfcbc0182354814bf68bed2cd1", kill_on_drop: false }`
[INFO] running `Command { std: "docker" "rm" "-f" "71785ad04aacdbd962aa72c19be180290c1175dfcbc0182354814bf68bed2cd1", kill_on_drop: false }`
[INFO] [stdout] 71785ad04aacdbd962aa72c19be180290c1175dfcbc0182354814bf68bed2cd1
[INFO] running `Command { std: "docker" "create" "-v" "/var/lib/crater-agent-workspace/builds/worker-6-tc1/target:/opt/rustwide/target:rw,Z" "-v" "/var/lib/crater-agent-workspace/builds/worker-6-tc1/source:/opt/rustwide/workdir:ro,Z" "-v" "/var/lib/crater-agent-workspace/cargo-home:/opt/rustwide/cargo-home:ro,Z" "-v" "/var/lib/crater-agent-workspace/rustup-home:/opt/rustwide/rustup-home:ro,Z" "-e" "SOURCE_DIR=/opt/rustwide/workdir" "-e" "CARGO_TARGET_DIR=/opt/rustwide/target" "-e" "CARGO_INCREMENTAL=0" "-e" "RUST_BACKTRACE=full" "-e" "RUSTFLAGS=--cap-lints=warn" "-e" "RUSTDOCFLAGS=--cap-lints=warn" "-e" "CARGO_HOME=/opt/rustwide/cargo-home" "-e" "RUSTUP_HOME=/opt/rustwide/rustup-home" "-w" "/opt/rustwide/workdir" "-m" "1610612736" "--user" "0:0" "--network" "none" "ghcr.io/rust-lang/crates-build-env/linux@sha256:2788e3201cd34a07e3172128adcd8b3090168a8e3bcc40d7c032b9dda1df7d1c" "/opt/rustwide/cargo-home/bin/cargo" "+1.75.0" "test" "--frozen" "--no-run" "--message-format=json", kill_on_drop: false }`
[INFO] [stdout] 7bbc48242a92a2644a6c1ecd330120021d1cadd93bc4ca1970e53f7aee83bffe
[INFO] running `Command { std: "docker" "start" "-a" "7bbc48242a92a2644a6c1ecd330120021d1cadd93bc4ca1970e53f7aee83bffe", kill_on_drop: false }`
[INFO] [stderr] warning: An explicit [[example]] section is specified in Cargo.toml which currently
[INFO] [stderr] disables Cargo from automatically inferring other example targets.
[INFO] [stderr] This inference behavior will change in the Rust 2018 edition and the following
[INFO] [stderr] files will be included as a example target:
[INFO] [stderr] 
[INFO] [stderr] * /opt/rustwide/workdir/examples/raw-window-handle-with-wgpu/main.rs
[INFO] [stderr] 
[INFO] [stderr] This is likely to break cargo build or cargo test as these files may not be
[INFO] [stderr] ready to be compiled as a example target today. You can future-proof yourself
[INFO] [stderr] and disable this warning by adding `autoexamples = false` to your [package]
[INFO] [stderr] section. You may also move the files to a location where Cargo would not
[INFO] [stderr] automatically infer them to be a target, such as in subfolders.
[INFO] [stderr] 
[INFO] [stderr] For more information on this warning you can consult
[INFO] [stderr] https://github.com/rust-lang/cargo/issues/5330
[INFO] [stderr]    Compiling cfg-if v1.0.0
[INFO] [stderr]    Compiling autocfg v1.0.1
[INFO] [stderr]    Compiling proc-macro2 v1.0.66
[INFO] [stderr]    Compiling unicode-ident v1.0.11
[INFO] [stderr]    Compiling syn v1.0.80
[INFO] [stderr]    Compiling log v0.4.14
[INFO] [stderr]    Compiling unicode-xid v0.2.4
[INFO] [stderr]    Compiling hashbrown v0.11.2
[INFO] [stderr]    Compiling termcolor v1.1.2
[INFO] [stderr]    Compiling memchr v2.3.4
[INFO] [stderr]    Compiling smallvec v1.6.1
[INFO] [stderr]    Compiling ahash v0.4.7
[INFO] [stderr]    Compiling khronos-egl v4.1.0
[INFO] [stderr]    Compiling getrandom v0.1.16
[INFO] [stderr]    Compiling unicode-width v0.1.8
[INFO] [stderr]    Compiling bit-vec v0.6.3
[INFO] [stderr]    Compiling libloading v0.7.1
[INFO] [stderr]    Compiling instant v0.1.9
[INFO] [stderr]    Compiling fixedbitset v0.4.0
[INFO] [stderr]    Compiling scopeguard v1.1.0
[INFO] [stderr]    Compiling ash v0.37.3+1.3.251
[INFO] [stderr]    Compiling parking_lot_core v0.8.3
[INFO] [stderr]    Compiling hashbrown v0.9.1
[INFO] [stderr]    Compiling codespan-reporting v0.11.1
[INFO] [stderr]    Compiling bit-set v0.5.2
[INFO] [stderr]    Compiling lock_api v0.4.2
[INFO] [stderr]    Compiling sdl2-sys v0.36.0
[INFO] [stderr]    Compiling gpu-descriptor-types v0.1.1
[INFO] [stderr]    Compiling gpu-alloc-types v0.2.0
[INFO] [stderr]    Compiling hexf-parse v0.2.1
[INFO] [stderr]    Compiling indexmap v1.7.0
[INFO] [stderr]    Compiling num-traits v0.2.14
[INFO] [stderr]    Compiling byteorder v1.4.3
[INFO] [stderr]    Compiling rustc-hash v1.1.0
[INFO] [stderr]    Compiling parking_lot v0.11.1
[INFO] [stderr]    Compiling gpu-alloc v0.5.2
[INFO] [stderr]    Compiling wgpu-types v0.15.2
[INFO] [stderr]    Compiling raw-window-handle v0.5.2
[INFO] [stderr]    Compiling glow v0.12.3
[INFO] [stderr]    Compiling arrayvec v0.7.1
[INFO] [stderr]    Compiling fxhash v0.2.1
[INFO] [stderr]    Compiling gpu-descriptor v0.2.1
[INFO] [stderr]    Compiling renderdoc-sys v0.7.1
[INFO] [stderr]    Compiling profiling v1.0.3
[INFO] [stderr]    Compiling aho-corasick v0.7.15
[INFO] [stderr]    Compiling quote v1.0.32
[INFO] [stderr]    Compiling rand_core v0.5.1
[INFO] [stderr]    Compiling regex-syntax v0.6.23
[INFO] [stderr]    Compiling ppv-lite86 v0.2.10
[INFO] [stderr]    Compiling sdl2 v0.36.0 (/opt/rustwide/workdir)
[INFO] [stderr]    Compiling atty v0.2.14
[INFO] [stderr]    Compiling static_assertions v1.1.0
[INFO] [stderr]    Compiling humantime v2.1.0
[INFO] [stderr]    Compiling pollster v0.2.4
[INFO] [stderr]    Compiling petgraph v0.6.0
[INFO] [stderr]    Compiling rand_chacha v0.2.2
[INFO] [stderr]    Compiling rand v0.7.3
[INFO] [stderr]    Compiling spirv v0.2.0+1.5.4
[INFO] [stderr]    Compiling regex v1.4.5
[INFO] [stderr]    Compiling env_logger v0.9.0
[INFO] [stderr]    Compiling thiserror-impl v1.0.30
[INFO] [stderr]    Compiling thiserror v1.0.30
[INFO] [stderr]    Compiling naga v0.11.1
[INFO] [stderr]    Compiling wgpu-hal v0.15.4
[INFO] [stderr]    Compiling wgpu-core v0.15.1
[INFO] [stderr]    Compiling wgpu v0.15.1
[INFO] [stderr]     Finished test [unoptimized + debuginfo] target(s) in 24.19s
[INFO] running `Command { std: "docker" "inspect" "7bbc48242a92a2644a6c1ecd330120021d1cadd93bc4ca1970e53f7aee83bffe", kill_on_drop: false }`
[INFO] running `Command { std: "docker" "rm" "-f" "7bbc48242a92a2644a6c1ecd330120021d1cadd93bc4ca1970e53f7aee83bffe", kill_on_drop: false }`
[INFO] [stdout] 7bbc48242a92a2644a6c1ecd330120021d1cadd93bc4ca1970e53f7aee83bffe
[INFO] running `Command { std: "docker" "create" "-v" "/var/lib/crater-agent-workspace/builds/worker-6-tc1/target:/opt/rustwide/target:rw,Z" "-v" "/var/lib/crater-agent-workspace/builds/worker-6-tc1/source:/opt/rustwide/workdir:ro,Z" "-v" "/var/lib/crater-agent-workspace/cargo-home:/opt/rustwide/cargo-home:ro,Z" "-v" "/var/lib/crater-agent-workspace/rustup-home:/opt/rustwide/rustup-home:ro,Z" "-e" "SOURCE_DIR=/opt/rustwide/workdir" "-e" "CARGO_TARGET_DIR=/opt/rustwide/target" "-e" "CARGO_INCREMENTAL=0" "-e" "RUST_BACKTRACE=full" "-e" "RUSTFLAGS=--cap-lints=warn" "-e" "RUSTDOCFLAGS=--cap-lints=warn" "-e" "CARGO_HOME=/opt/rustwide/cargo-home" "-e" "RUSTUP_HOME=/opt/rustwide/rustup-home" "-w" "/opt/rustwide/workdir" "-m" "1610612736" "--user" "0:0" "--network" "none" "ghcr.io/rust-lang/crates-build-env/linux@sha256:2788e3201cd34a07e3172128adcd8b3090168a8e3bcc40d7c032b9dda1df7d1c" "/opt/rustwide/cargo-home/bin/cargo" "+1.75.0" "test" "--frozen", kill_on_drop: false }`
[INFO] [stdout] 720c4f59eeec4d22bea821558e02545156dd564b7cbbadf80d7d54507baeb461
[INFO] running `Command { std: "docker" "start" "-a" "720c4f59eeec4d22bea821558e02545156dd564b7cbbadf80d7d54507baeb461", kill_on_drop: false }`
[INFO] [stderr] warning: An explicit [[example]] section is specified in Cargo.toml which currently
[INFO] [stderr] disables Cargo from automatically inferring other example targets.
[INFO] [stderr] This inference behavior will change in the Rust 2018 edition and the following
[INFO] [stderr] files will be included as a example target:
[INFO] [stderr] 
[INFO] [stderr] * /opt/rustwide/workdir/examples/raw-window-handle-with-wgpu/main.rs
[INFO] [stderr] 
[INFO] [stderr] This is likely to break cargo build or cargo test as these files may not be
[INFO] [stderr] ready to be compiled as a example target today. You can future-proof yourself
[INFO] [stderr] and disable this warning by adding `autoexamples = false` to your [package]
[INFO] [stderr] section. You may also move the files to a location where Cargo would not
[INFO] [stderr] automatically infer them to be a target, such as in subfolders.
[INFO] [stderr] 
[INFO] [stderr] For more information on this warning you can consult
[INFO] [stderr] https://github.com/rust-lang/cargo/issues/5330
[INFO] [stderr]     Finished test [unoptimized + debuginfo] target(s) in 0.08s
[INFO] [stderr]      Running unittests src/sdl2/lib.rs (/opt/rustwide/target/debug/deps/sdl2-29f74a850b4dba2b)
[INFO] [stdout] 
[INFO] [stdout] running 37 tests
[INFO] [stdout] test event::test::test_from_ll_keymod_keydown_unknown_bits ... ok
[INFO] [stdout] test event::test::test_from_ll_keymod_keyup_unknown_bits ... ok
[INFO] [stdout] test event::test::test_to_from_ll ... ok
[INFO] [stdout] test rect::test::centered ... ok
[INFO] [stdout] test rect::test::clamp_i32_max ... ok
[INFO] [stdout] test rect::test::clamp_position_max ... ok
[INFO] [stdout] test rect::test::clamp_position_min ... ok
[INFO] [stdout] test rect::test::clamp_size_max ... ok
[INFO] [stdout] test rect::test::clamp_size_zero ... ok
[INFO] [stdout] test rect::test::point_add ... ok
[INFO] [stdout] test rect::test::point_add_assign ... ok
[INFO] [stdout] test rect::test::point_div ... ok
[INFO] [stdout] test audio::test::test_audio_cvt ... ok
[INFO] [stdout] test rect::test::point_div_assign ... ok
[INFO] [stdout] test rect::test::enclose_points_max_values ... ok
[INFO] [stdout] test pixels::create_palette ... ok
[INFO] [stdout] test rect::test::has_intersection ... ok
[INFO] [stdout] test rect::test::point_from ... ok
[INFO] [stdout] test rect::test::point_into ... ok
[INFO] [stdout] test rect::test::enclose_points_outside_clip_rect ... ok
[INFO] [stdout] test rect::test::intersection ... ok
[INFO] [stdout] test rect::test::intersect_line ... ok
[INFO] [stdout] test rect::test::point_mul ... ok
[INFO] [stdout] test rect::test::enclose_points_valid ... ok
[INFO] [stdout] test rect::test::point_mul_clamp ... ok
[INFO] [stdout] test rect::test::point_sub ... ok
[INFO] [stdout] test rect::test::point_mul_assign_clamp ... ok
[INFO] [stdout] test rect::test::point_sum ... ok
[INFO] [stdout] test rect::test::point_mul_assign ... ok
[INFO] [stdout] test rect::test::rect_into ... ok
[INFO] [stdout] test rect::test::point_sub_assign ... ok
[INFO] [stdout] test rect::test::rect_from ... ok
[INFO] [stdout] test rect::test::shifted ... ok
[INFO] [stdout] test rect::test::union ... ok
[INFO] [stdout] test surface::test_surface_ref_size ... ok
[INFO] [stdout] test pixels::test_pixel_format_enum ... ok
[INFO] [stdout] test timer::test::test_timer ... FAILED
[INFO] [stdout] 
[INFO] [stdout] failures:
[INFO] [stdout] 
[INFO] [stdout] ---- timer::test::test_timer stdout ----
[INFO] [stdout] thread 'timer::test::test_timer' panicked at src/sdl2/timer.rs:146:46:
[INFO] [stdout] called `Result::unwrap()` on an `Err` value: "Cannot initialize `Sdl` from more than one thread."
[INFO] [stdout] stack backtrace:
[INFO] [stdout]    0:     0x55ea6c9b4bec - std::backtrace_rs::backtrace::libunwind::trace::ha637c64ce894333a
[INFO] [stdout]                                at /rustc/82e1608dfa6e0b5569232559e3d385fea5a93112/library/std/src/../../backtrace/src/backtrace/libunwind.rs:104:5
[INFO] [stdout]    1:     0x55ea6c9b4bec - std::backtrace_rs::backtrace::trace_unsynchronized::h47f62dea28e0c88d
[INFO] [stdout]                                at /rustc/82e1608dfa6e0b5569232559e3d385fea5a93112/library/std/src/../../backtrace/src/backtrace/mod.rs:66:5
[INFO] [stdout]    2:     0x55ea6c9b4bec - std::sys_common::backtrace::_print_fmt::h9eef0abe20ede486
[INFO] [stdout]                                at /rustc/82e1608dfa6e0b5569232559e3d385fea5a93112/library/std/src/sys_common/backtrace.rs:67:5
[INFO] [stdout]    3:     0x55ea6c9b4bec - <std::sys_common::backtrace::_print::DisplayBacktrace as core::fmt::Display>::fmt::hed7f999df88cc644
[INFO] [stdout]                                at /rustc/82e1608dfa6e0b5569232559e3d385fea5a93112/library/std/src/sys_common/backtrace.rs:44:22
[INFO] [stdout]    4:     0x55ea6c9df140 - core::fmt::rt::Argument::fmt::h1539a9308b8d058d
[INFO] [stdout]                                at /rustc/82e1608dfa6e0b5569232559e3d385fea5a93112/library/core/src/fmt/rt.rs:142:9
[INFO] [stdout]    5:     0x55ea6c9df140 - core::fmt::write::h3a39390d8560d9c9
[INFO] [stdout]                                at /rustc/82e1608dfa6e0b5569232559e3d385fea5a93112/library/core/src/fmt/mod.rs:1120:17
[INFO] [stdout]    6:     0x55ea6c9b259f - std::io::Write::write_fmt::h040b369f3a0f9cbc
[INFO] [stdout]                                at /rustc/82e1608dfa6e0b5569232559e3d385fea5a93112/library/std/src/io/mod.rs:1762:15
[INFO] [stdout]    7:     0x55ea6c9b49d4 - std::sys_common::backtrace::_print::h894006fb5c6f3d45
[INFO] [stdout]                                at /rustc/82e1608dfa6e0b5569232559e3d385fea5a93112/library/std/src/sys_common/backtrace.rs:47:5
[INFO] [stdout]    8:     0x55ea6c9b49d4 - std::sys_common::backtrace::print::h23a2d212c6fff936
[INFO] [stdout]                                at /rustc/82e1608dfa6e0b5569232559e3d385fea5a93112/library/std/src/sys_common/backtrace.rs:34:9
[INFO] [stdout]    9:     0x55ea6c9b6697 - std::panicking::default_hook::{{closure}}::h8a1d2ee00185001a
[INFO] [stdout]   10:     0x55ea6c9b6383 - std::panicking::default_hook::h6038f2eba384e475
[INFO] [stdout]                                at /rustc/82e1608dfa6e0b5569232559e3d385fea5a93112/library/std/src/panicking.rs:289:9
[INFO] [stdout]   11:     0x55ea6c986cc7 - <alloc::boxed::Box<F,A> as core::ops::function::Fn<Args>>::call::h0ad024c9bdc6d768
[INFO] [stdout]                                at /rustc/82e1608dfa6e0b5569232559e3d385fea5a93112/library/alloc/src/boxed.rs:2021:9
[INFO] [stdout]   12:     0x55ea6c986cc7 - test::test_main::{{closure}}::h7500b54257359db6
[INFO] [stdout]                                at /rustc/82e1608dfa6e0b5569232559e3d385fea5a93112/library/test/src/lib.rs:138:21
[INFO] [stdout]   13:     0x55ea6c9b6ca8 - <alloc::boxed::Box<F,A> as core::ops::function::Fn<Args>>::call::h1f8f335eaa9cfaee
[INFO] [stdout]                                at /rustc/82e1608dfa6e0b5569232559e3d385fea5a93112/library/alloc/src/boxed.rs:2021:9
[INFO] [stdout]   14:     0x55ea6c9b6ca8 - std::panicking::rust_panic_with_hook::h2b5517d590cab22e
[INFO] [stdout]                                at /rustc/82e1608dfa6e0b5569232559e3d385fea5a93112/library/std/src/panicking.rs:783:13
[INFO] [stdout]   15:     0x55ea6c9b69fe - std::panicking::begin_panic_handler::{{closure}}::h233112c06e0ef43e
[INFO] [stdout]                                at /rustc/82e1608dfa6e0b5569232559e3d385fea5a93112/library/std/src/panicking.rs:657:13
[INFO] [stdout]   16:     0x55ea6c9b50b6 - std::sys_common::backtrace::__rust_end_short_backtrace::h6e893f24d7ebbff8
[INFO] [stdout]                                at /rustc/82e1608dfa6e0b5569232559e3d385fea5a93112/library/std/src/sys_common/backtrace.rs:170:18
[INFO] [stdout]   17:     0x55ea6c9b6762 - rust_begin_unwind
[INFO] [stdout]                                at /rustc/82e1608dfa6e0b5569232559e3d385fea5a93112/library/std/src/panicking.rs:645:5
[INFO] [stdout]   18:     0x55ea6c91ccf5 - core::panicking::panic_fmt::hbf0e066aabfa482c
[INFO] [stdout]                                at /rustc/82e1608dfa6e0b5569232559e3d385fea5a93112/library/core/src/panicking.rs:72:14
[INFO] [stdout]   19:     0x55ea6c91d2c3 - core::result::unwrap_failed::hddb4fea594200c52
[INFO] [stdout]                                at /rustc/82e1608dfa6e0b5569232559e3d385fea5a93112/library/core/src/result.rs:1653:5
[INFO] [stdout]   20:     0x55ea6c93e1e2 - core::result::Result<T,E>::unwrap::h44db1e15ce8de709
[INFO] [stdout]                                at /rustc/82e1608dfa6e0b5569232559e3d385fea5a93112/library/core/src/result.rs:1077:23
[INFO] [stdout]   21:     0x55ea6c933ec0 - sdl2::timer::test::test_timer_runs_multiple_times::h1645446e2576021d
[INFO] [stdout]                                at /opt/rustwide/workdir/src/sdl2/timer.rs:146:27
[INFO] [stdout]   22:     0x55ea6c9358c6 - sdl2::timer::test::test_timer::h82d8210a4a815211
[INFO] [stdout]                                at /opt/rustwide/workdir/src/sdl2/timer.rs:140:9
[INFO] [stdout]   23:     0x55ea6c9358a7 - sdl2::timer::test::test_timer::{{closure}}::h15393bfea44e5c72
[INFO] [stdout]                                at /opt/rustwide/workdir/src/sdl2/timer.rs:139:20
[INFO] [stdout]   24:     0x55ea6c943ac6 - core::ops::function::FnOnce::call_once::hefb15756fc6ee885
[INFO] [stdout]                                at /rustc/82e1608dfa6e0b5569232559e3d385fea5a93112/library/core/src/ops/function.rs:250:5
[INFO] [stdout]   25:     0x55ea6c98c31f - core::ops::function::FnOnce::call_once::h2b5d431d5046312d
[INFO] [stdout]                                at /rustc/82e1608dfa6e0b5569232559e3d385fea5a93112/library/core/src/ops/function.rs:250:5
[INFO] [stdout]   26:     0x55ea6c98c31f - test::__rust_begin_short_backtrace::h7714669af176e207
[INFO] [stdout]                                at /rustc/82e1608dfa6e0b5569232559e3d385fea5a93112/library/test/src/lib.rs:628:18
[INFO] [stdout]   27:     0x55ea6c98b335 - test::run_test_in_process::{{closure}}::h85218797dcbcec12
[INFO] [stdout]                                at /rustc/82e1608dfa6e0b5569232559e3d385fea5a93112/library/test/src/lib.rs:651:60
[INFO] [stdout]   28:     0x55ea6c98b335 - <core::panic::unwind_safe::AssertUnwindSafe<F> as core::ops::function::FnOnce<()>>::call_once::h76c106ea31c14d7b
[INFO] [stdout]                                at /rustc/82e1608dfa6e0b5569232559e3d385fea5a93112/library/core/src/panic/unwind_safe.rs:272:9
[INFO] [stdout]   29:     0x55ea6c98b335 - std::panicking::try::do_call::h3bd5d0f6620ee946
[INFO] [stdout]                                at /rustc/82e1608dfa6e0b5569232559e3d385fea5a93112/library/std/src/panicking.rs:552:40
[INFO] [stdout]   30:     0x55ea6c98b335 - std::panicking::try::h232e535e4744fe31
[INFO] [stdout]                                at /rustc/82e1608dfa6e0b5569232559e3d385fea5a93112/library/std/src/panicking.rs:516:19
[INFO] [stdout]   31:     0x55ea6c98b335 - std::panic::catch_unwind::h3ce3bd6ca8dbac68
[INFO] [stdout]                                at /rustc/82e1608dfa6e0b5569232559e3d385fea5a93112/library/std/src/panic.rs:142:14
[INFO] [stdout]   32:     0x55ea6c98b335 - test::run_test_in_process::hc97b257c9621286a
[INFO] [stdout]                                at /rustc/82e1608dfa6e0b5569232559e3d385fea5a93112/library/test/src/lib.rs:651:27
[INFO] [stdout]   33:     0x55ea6c98b335 - test::run_test::{{closure}}::h2aa798823a438d38
[INFO] [stdout]                                at /rustc/82e1608dfa6e0b5569232559e3d385fea5a93112/library/test/src/lib.rs:574:43
[INFO] [stdout]   34:     0x55ea6c9535f6 - test::run_test::{{closure}}::h87d231c78fb59832
[INFO] [stdout]                                at /rustc/82e1608dfa6e0b5569232559e3d385fea5a93112/library/test/src/lib.rs:602:41
[INFO] [stdout]   35:     0x55ea6c9535f6 - std::sys_common::backtrace::__rust_begin_short_backtrace::he6df152596625789
[INFO] [stdout]                                at /rustc/82e1608dfa6e0b5569232559e3d385fea5a93112/library/std/src/sys_common/backtrace.rs:154:18
[INFO] [stdout]   36:     0x55ea6c9586a7 - std::thread::Builder::spawn_unchecked_::{{closure}}::{{closure}}::ha94be15d1e0acf36
[INFO] [stdout]                                at /rustc/82e1608dfa6e0b5569232559e3d385fea5a93112/library/std/src/thread/mod.rs:529:17
[INFO] [stdout]   37:     0x55ea6c9586a7 - <core::panic::unwind_safe::AssertUnwindSafe<F> as core::ops::function::FnOnce<()>>::call_once::h9dc6bd6372f16606
[INFO] [stdout]                                at /rustc/82e1608dfa6e0b5569232559e3d385fea5a93112/library/core/src/panic/unwind_safe.rs:272:9
[INFO] [stdout]   38:     0x55ea6c9586a7 - std::panicking::try::do_call::h9057517f80303cd4
[INFO] [stdout]                                at /rustc/82e1608dfa6e0b5569232559e3d385fea5a93112/library/std/src/panicking.rs:552:40
[INFO] [stdout]   39:     0x55ea6c9586a7 - std::panicking::try::he3a30b11ee45340c
[INFO] [stdout]                                at /rustc/82e1608dfa6e0b5569232559e3d385fea5a93112/library/std/src/panicking.rs:516:19
[INFO] [stdout]   40:     0x55ea6c9586a7 - std::panic::catch_unwind::h410458cfd3528b8b
[INFO] [stdout]                                at /rustc/82e1608dfa6e0b5569232559e3d385fea5a93112/library/std/src/panic.rs:142:14
[INFO] [stdout]   41:     0x55ea6c9586a7 - std::thread::Builder::spawn_unchecked_::{{closure}}::h72ac3bdb567b737b
[INFO] [stdout]                                at /rustc/82e1608dfa6e0b5569232559e3d385fea5a93112/library/std/src/thread/mod.rs:528:30
[INFO] [stdout]   42:     0x55ea6c9586a7 - core::ops::function::FnOnce::call_once{{vtable.shim}}::h38f34da3654a8344
[INFO] [stdout]                                at /rustc/82e1608dfa6e0b5569232559e3d385fea5a93112/library/core/src/ops/function.rs:250:5
[INFO] [stdout]   43:     0x55ea6c9bb735 - <alloc::boxed::Box<F,A> as core::ops::function::FnOnce<Args>>::call_once::hc7eafaff61e32df9
[INFO] [stdout]                                at /rustc/82e1608dfa6e0b5569232559e3d385fea5a93112/library/alloc/src/boxed.rs:2007:9
[INFO] [stdout]   44:     0x55ea6c9bb735 - <alloc::boxed::Box<F,A> as core::ops::function::FnOnce<Args>>::call_once::h6ba4a5de48dd2304
[INFO] [stdout]                                at /rustc/82e1608dfa6e0b5569232559e3d385fea5a93112/library/alloc/src/boxed.rs:2007:9
[INFO] [stdout]   45:     0x55ea6c9bb735 - std::sys::unix::thread::Thread::new::thread_start::he469335aef763e45
[INFO] [stdout]                                at /rustc/82e1608dfa6e0b5569232559e3d385fea5a93112/library/std/src/sys/unix/thread.rs:108:17
[INFO] [stdout]   46:     0x7fd2c628fac3 - <unknown>
[INFO] [stdout]   47:     0x7fd2c6320bf4 - __clone
[INFO] [stdout]   48:                0x0 - <unknown>
[INFO] [stdout] 
[INFO] [stdout] 
[INFO] [stdout] failures:
[INFO] [stdout]     timer::test::test_timer
[INFO] [stdout] 
[INFO] [stdout] test result: FAILED. 36 passed; 1 failed; 0 ignored; 0 measured; 0 filtered out; finished in 0.02s
[INFO] [stdout] 
[INFO] [stderr] error: test failed, to rerun pass `--lib`
[INFO] running `Command { std: "docker" "inspect" "720c4f59eeec4d22bea821558e02545156dd564b7cbbadf80d7d54507baeb461", kill_on_drop: false }`
[INFO] running `Command { std: "docker" "rm" "-f" "720c4f59eeec4d22bea821558e02545156dd564b7cbbadf80d7d54507baeb461", kill_on_drop: false }`
[INFO] [stdout] 720c4f59eeec4d22bea821558e02545156dd564b7cbbadf80d7d54507baeb461
[INFO] testing sdl2-0.36.0 against beta-2023-12-22 for beta-1.76-1
[INFO] extracting crate sdl2 0.36.0 into /workspace/builds/worker-6-tc2/source
[INFO] validating manifest of crates.io crate sdl2 0.36.0 on toolchain beta-2023-12-22
[INFO] running `Command { std: CARGO_HOME="/workspace/cargo-home" RUSTUP_HOME="/workspace/rustup-home" "/workspace/cargo-home/bin/cargo" "+beta-2023-12-22" "metadata" "--manifest-path" "Cargo.toml" "--no-deps", kill_on_drop: false }`
[INFO] started tweaking crates.io crate sdl2 0.36.0
[INFO] removed 1 missing examples
[INFO] finished tweaking crates.io crate sdl2 0.36.0
[INFO] tweaked toml for crates.io crate sdl2 0.36.0 written to /workspace/builds/worker-6-tc2/source/Cargo.toml
[INFO] crate crates.io crate sdl2 0.36.0 already has a lockfile, it will not be regenerated
[INFO] running `Command { std: CARGO_HOME="/workspace/cargo-home" RUSTUP_HOME="/workspace/rustup-home" "/workspace/cargo-home/bin/cargo" "+beta-2023-12-22" "fetch" "--manifest-path" "Cargo.toml", kill_on_drop: false }`
[INFO] [stderr] warning: An explicit [[example]] section is specified in Cargo.toml which currently
[INFO] [stderr] disables Cargo from automatically inferring other example targets.
[INFO] [stderr] This inference behavior will change in the Rust 2018 edition and the following
[INFO] [stderr] files will be included as a example target:
[INFO] [stderr] 
[INFO] [stderr] * /workspace/builds/worker-6-tc2/source/examples/raw-window-handle-with-wgpu/main.rs
[INFO] [stderr] 
[INFO] [stderr] This is likely to break cargo build or cargo test as these files may not be
[INFO] [stderr] ready to be compiled as a example target today. You can future-proof yourself
[INFO] [stderr] and disable this warning by adding `autoexamples = false` to your [package]
[INFO] [stderr] section. You may also move the files to a location where Cargo would not
[INFO] [stderr] automatically infer them to be a target, such as in subfolders.
[INFO] [stderr] 
[INFO] [stderr] For more information on this warning you can consult
[INFO] [stderr] https://github.com/rust-lang/cargo/issues/5330
[INFO] running `Command { std: "docker" "create" "-v" "/var/lib/crater-agent-workspace/builds/worker-6-tc2/target:/opt/rustwide/target:rw,Z" "-v" "/var/lib/crater-agent-workspace/builds/worker-6-tc2/source:/opt/rustwide/workdir:ro,Z" "-v" "/var/lib/crater-agent-workspace/cargo-home:/opt/rustwide/cargo-home:ro,Z" "-v" "/var/lib/crater-agent-workspace/rustup-home:/opt/rustwide/rustup-home:ro,Z" "-e" "SOURCE_DIR=/opt/rustwide/workdir" "-e" "CARGO_TARGET_DIR=/opt/rustwide/target" "-e" "CARGO_HOME=/opt/rustwide/cargo-home" "-e" "RUSTUP_HOME=/opt/rustwide/rustup-home" "-w" "/opt/rustwide/workdir" "-m" "1610612736" "--user" "0:0" "--network" "none" "ghcr.io/rust-lang/crates-build-env/linux@sha256:2788e3201cd34a07e3172128adcd8b3090168a8e3bcc40d7c032b9dda1df7d1c" "/opt/rustwide/cargo-home/bin/cargo" "+beta-2023-12-22" "metadata" "--no-deps" "--format-version=1", kill_on_drop: false }`
[INFO] [stdout] 460f144b837d88797b1f65f4e3bda2003250471052240013bee6ae5aece7af75
[INFO] running `Command { std: "docker" "start" "-a" "460f144b837d88797b1f65f4e3bda2003250471052240013bee6ae5aece7af75", kill_on_drop: false }`
[INFO] running `Command { std: "docker" "inspect" "460f144b837d88797b1f65f4e3bda2003250471052240013bee6ae5aece7af75", kill_on_drop: false }`
[INFO] running `Command { std: "docker" "rm" "-f" "460f144b837d88797b1f65f4e3bda2003250471052240013bee6ae5aece7af75", kill_on_drop: false }`
[INFO] [stdout] 460f144b837d88797b1f65f4e3bda2003250471052240013bee6ae5aece7af75
[INFO] running `Command { std: "docker" "create" "-v" "/var/lib/crater-agent-workspace/builds/worker-6-tc2/target:/opt/rustwide/target:rw,Z" "-v" "/var/lib/crater-agent-workspace/builds/worker-6-tc2/source:/opt/rustwide/workdir:ro,Z" "-v" "/var/lib/crater-agent-workspace/cargo-home:/opt/rustwide/cargo-home:ro,Z" "-v" "/var/lib/crater-agent-workspace/rustup-home:/opt/rustwide/rustup-home:ro,Z" "-e" "SOURCE_DIR=/opt/rustwide/workdir" "-e" "CARGO_TARGET_DIR=/opt/rustwide/target" "-e" "CARGO_INCREMENTAL=0" "-e" "RUST_BACKTRACE=full" "-e" "RUSTFLAGS=--cap-lints=warn" "-e" "RUSTDOCFLAGS=--cap-lints=warn" "-e" "CARGO_HOME=/opt/rustwide/cargo-home" "-e" "RUSTUP_HOME=/opt/rustwide/rustup-home" "-w" "/opt/rustwide/workdir" "-m" "1610612736" "--user" "0:0" "--network" "none" "ghcr.io/rust-lang/crates-build-env/linux@sha256:2788e3201cd34a07e3172128adcd8b3090168a8e3bcc40d7c032b9dda1df7d1c" "/opt/rustwide/cargo-home/bin/cargo" "+beta-2023-12-22" "build" "--frozen" "--message-format=json", kill_on_drop: false }`
[INFO] [stdout] 02129ff2d1dde8fa5ccce132d4bfaceb3f90052e0ef8e3a38617f1be10d531f0
[INFO] running `Command { std: "docker" "start" "-a" "02129ff2d1dde8fa5ccce132d4bfaceb3f90052e0ef8e3a38617f1be10d531f0", kill_on_drop: false }`
[INFO] [stderr] warning: An explicit [[example]] section is specified in Cargo.toml which currently
[INFO] [stderr] disables Cargo from automatically inferring other example targets.
[INFO] [stderr] This inference behavior will change in the Rust 2018 edition and the following
[INFO] [stderr] files will be included as a example target:
[INFO] [stderr] 
[INFO] [stderr] * /opt/rustwide/workdir/examples/raw-window-handle-with-wgpu/main.rs
[INFO] [stderr] 
[INFO] [stderr] This is likely to break cargo build or cargo test as these files may not be
[INFO] [stderr] ready to be compiled as a example target today. You can future-proof yourself
[INFO] [stderr] and disable this warning by adding `autoexamples = false` to your [package]
[INFO] [stderr] section. You may also move the files to a location where Cargo would not
[INFO] [stderr] automatically infer them to be a target, such as in subfolders.
[INFO] [stderr] 
[INFO] [stderr] For more information on this warning you can consult
[INFO] [stderr] https://github.com/rust-lang/cargo/issues/5330
[INFO] [stderr]    Compiling version-compare v0.1.0
[INFO] [stderr]    Compiling cfg-if v1.0.0
[INFO] [stderr]    Compiling libc v0.2.147
[INFO] [stderr]    Compiling bitflags v1.2.1
[INFO] [stderr]    Compiling sdl2 v0.36.0 (/opt/rustwide/workdir)
[INFO] [stderr]    Compiling lazy_static v1.4.0
[INFO] [stderr]    Compiling sdl2-sys v0.36.0
[INFO] [stderr]     Finished dev [unoptimized + debuginfo] target(s) in 3.44s
[INFO] running `Command { std: "docker" "inspect" "02129ff2d1dde8fa5ccce132d4bfaceb3f90052e0ef8e3a38617f1be10d531f0", kill_on_drop: false }`
[INFO] running `Command { std: "docker" "rm" "-f" "02129ff2d1dde8fa5ccce132d4bfaceb3f90052e0ef8e3a38617f1be10d531f0", kill_on_drop: false }`
[INFO] [stdout] 02129ff2d1dde8fa5ccce132d4bfaceb3f90052e0ef8e3a38617f1be10d531f0
[INFO] running `Command { std: "docker" "create" "-v" "/var/lib/crater-agent-workspace/builds/worker-6-tc2/target:/opt/rustwide/target:rw,Z" "-v" "/var/lib/crater-agent-workspace/builds/worker-6-tc2/source:/opt/rustwide/workdir:ro,Z" "-v" "/var/lib/crater-agent-workspace/cargo-home:/opt/rustwide/cargo-home:ro,Z" "-v" "/var/lib/crater-agent-workspace/rustup-home:/opt/rustwide/rustup-home:ro,Z" "-e" "SOURCE_DIR=/opt/rustwide/workdir" "-e" "CARGO_TARGET_DIR=/opt/rustwide/target" "-e" "CARGO_INCREMENTAL=0" "-e" "RUST_BACKTRACE=full" "-e" "RUSTFLAGS=--cap-lints=warn" "-e" "RUSTDOCFLAGS=--cap-lints=warn" "-e" "CARGO_HOME=/opt/rustwide/cargo-home" "-e" "RUSTUP_HOME=/opt/rustwide/rustup-home" "-w" "/opt/rustwide/workdir" "-m" "1610612736" "--user" "0:0" "--network" "none" "ghcr.io/rust-lang/crates-build-env/linux@sha256:2788e3201cd34a07e3172128adcd8b3090168a8e3bcc40d7c032b9dda1df7d1c" "/opt/rustwide/cargo-home/bin/cargo" "+beta-2023-12-22" "test" "--frozen" "--no-run" "--message-format=json", kill_on_drop: false }`
[INFO] [stdout] dbf40bfe59cf1c54963330e402967f4125506a7923916937e9f82af346e071dc
[INFO] running `Command { std: "docker" "start" "-a" "dbf40bfe59cf1c54963330e402967f4125506a7923916937e9f82af346e071dc", kill_on_drop: false }`
[INFO] [stderr] warning: An explicit [[example]] section is specified in Cargo.toml which currently
[INFO] [stderr] disables Cargo from automatically inferring other example targets.
[INFO] [stderr] This inference behavior will change in the Rust 2018 edition and the following
[INFO] [stderr] files will be included as a example target:
[INFO] [stderr] 
[INFO] [stderr] * /opt/rustwide/workdir/examples/raw-window-handle-with-wgpu/main.rs
[INFO] [stderr] 
[INFO] [stderr] This is likely to break cargo build or cargo test as these files may not be
[INFO] [stderr] ready to be compiled as a example target today. You can future-proof yourself
[INFO] [stderr] and disable this warning by adding `autoexamples = false` to your [package]
[INFO] [stderr] section. You may also move the files to a location where Cargo would not
[INFO] [stderr] automatically infer them to be a target, such as in subfolders.
[INFO] [stderr] 
[INFO] [stderr] For more information on this warning you can consult
[INFO] [stderr] https://github.com/rust-lang/cargo/issues/5330
[INFO] [stderr]    Compiling cfg-if v1.0.0
[INFO] [stderr]    Compiling autocfg v1.0.1
[INFO] [stderr]    Compiling proc-macro2 v1.0.66
[INFO] [stderr]    Compiling unicode-ident v1.0.11
[INFO] [stderr]    Compiling syn v1.0.80
[INFO] [stderr]    Compiling unicode-xid v0.2.4
[INFO] [stderr]    Compiling log v0.4.14
[INFO] [stderr]    Compiling hashbrown v0.11.2
[INFO] [stderr]    Compiling termcolor v1.1.2
[INFO] [stderr]    Compiling getrandom v0.1.16
[INFO] [stderr]    Compiling bit-vec v0.6.3
[INFO] [stderr]    Compiling smallvec v1.6.1
[INFO] [stderr]    Compiling fixedbitset v0.4.0
[INFO] [stderr]    Compiling khronos-egl v4.1.0
[INFO] [stderr]    Compiling memchr v2.3.4
[INFO] [stderr]    Compiling unicode-width v0.1.8
[INFO] [stderr]    Compiling instant v0.1.9
[INFO] [stderr]    Compiling libloading v0.7.1
[INFO] [stderr]    Compiling ahash v0.4.7
[INFO] [stderr]    Compiling ash v0.37.3+1.3.251
[INFO] [stderr]    Compiling scopeguard v1.1.0
[INFO] [stderr]    Compiling codespan-reporting v0.11.1
[INFO] [stderr]    Compiling lock_api v0.4.2
[INFO] [stderr]    Compiling bit-set v0.5.2
[INFO] [stderr]    Compiling parking_lot_core v0.8.3
[INFO] [stderr]    Compiling hashbrown v0.9.1
[INFO] [stderr]    Compiling sdl2-sys v0.36.0
[INFO] [stderr]    Compiling gpu-alloc-types v0.2.0
[INFO] [stderr]    Compiling indexmap v1.7.0
[INFO] [stderr]    Compiling num-traits v0.2.14
[INFO] [stderr]    Compiling gpu-descriptor-types v0.1.1
[INFO] [stderr]    Compiling hexf-parse v0.2.1
[INFO] [stderr]    Compiling byteorder v1.4.3
[INFO] [stderr]    Compiling rustc-hash v1.1.0
[INFO] [stderr]    Compiling gpu-alloc v0.5.2
[INFO] [stderr]    Compiling parking_lot v0.11.1
[INFO] [stderr]    Compiling wgpu-types v0.15.2
[INFO] [stderr]    Compiling glow v0.12.3
[INFO] [stderr]    Compiling gpu-descriptor v0.2.1
[INFO] [stderr]    Compiling profiling v1.0.3
[INFO] [stderr]    Compiling raw-window-handle v0.5.2
[INFO] [stderr]    Compiling fxhash v0.2.1
[INFO] [stderr]    Compiling arrayvec v0.7.1
[INFO] [stderr]    Compiling renderdoc-sys v0.7.1
[INFO] [stderr]    Compiling rand_core v0.5.1
[INFO] [stderr]    Compiling regex-syntax v0.6.23
[INFO] [stderr]    Compiling ppv-lite86 v0.2.10
[INFO] [stderr]    Compiling aho-corasick v0.7.15
[INFO] [stderr]    Compiling sdl2 v0.36.0 (/opt/rustwide/workdir)
[INFO] [stderr]    Compiling atty v0.2.14
[INFO] [stderr]    Compiling humantime v2.1.0
[INFO] [stderr]    Compiling quote v1.0.32
[INFO] [stderr]    Compiling petgraph v0.6.0
[INFO] [stderr]    Compiling static_assertions v1.1.0
[INFO] [stderr]    Compiling pollster v0.2.4
[INFO] [stderr]    Compiling rand_chacha v0.2.2
[INFO] [stderr]    Compiling rand v0.7.3
[INFO] [stderr]    Compiling spirv v0.2.0+1.5.4
[INFO] [stderr]    Compiling regex v1.4.5
[INFO] [stderr]    Compiling env_logger v0.9.0
[INFO] [stderr]    Compiling thiserror-impl v1.0.30
[INFO] [stderr]    Compiling thiserror v1.0.30
[INFO] [stderr]    Compiling naga v0.11.1
[INFO] [stderr]    Compiling wgpu-hal v0.15.4
[INFO] [stderr]    Compiling wgpu-core v0.15.1
[INFO] [stderr]    Compiling wgpu v0.15.1
[INFO] [stderr]     Finished test [unoptimized + debuginfo] target(s) in 25.93s
[INFO] running `Command { std: "docker" "inspect" "dbf40bfe59cf1c54963330e402967f4125506a7923916937e9f82af346e071dc", kill_on_drop: false }`
[INFO] running `Command { std: "docker" "rm" "-f" "dbf40bfe59cf1c54963330e402967f4125506a7923916937e9f82af346e071dc", kill_on_drop: false }`
[INFO] [stdout] dbf40bfe59cf1c54963330e402967f4125506a7923916937e9f82af346e071dc
[INFO] running `Command { std: "docker" "create" "-v" "/var/lib/crater-agent-workspace/builds/worker-6-tc2/target:/opt/rustwide/target:rw,Z" "-v" "/var/lib/crater-agent-workspace/builds/worker-6-tc2/source:/opt/rustwide/workdir:ro,Z" "-v" "/var/lib/crater-agent-workspace/cargo-home:/opt/rustwide/cargo-home:ro,Z" "-v" "/var/lib/crater-agent-workspace/rustup-home:/opt/rustwide/rustup-home:ro,Z" "-e" "SOURCE_DIR=/opt/rustwide/workdir" "-e" "CARGO_TARGET_DIR=/opt/rustwide/target" "-e" "CARGO_INCREMENTAL=0" "-e" "RUST_BACKTRACE=full" "-e" "RUSTFLAGS=--cap-lints=warn" "-e" "RUSTDOCFLAGS=--cap-lints=warn" "-e" "CARGO_HOME=/opt/rustwide/cargo-home" "-e" "RUSTUP_HOME=/opt/rustwide/rustup-home" "-w" "/opt/rustwide/workdir" "-m" "1610612736" "--user" "0:0" "--network" "none" "ghcr.io/rust-lang/crates-build-env/linux@sha256:2788e3201cd34a07e3172128adcd8b3090168a8e3bcc40d7c032b9dda1df7d1c" "/opt/rustwide/cargo-home/bin/cargo" "+beta-2023-12-22" "test" "--frozen", kill_on_drop: false }`
[INFO] [stdout] 3e8c932230ac24be3c9fd938b34fb82d8f83b275e68a74b15eceeb3f68312920
[INFO] running `Command { std: "docker" "start" "-a" "3e8c932230ac24be3c9fd938b34fb82d8f83b275e68a74b15eceeb3f68312920", kill_on_drop: false }`
[INFO] [stderr] warning: An explicit [[example]] section is specified in Cargo.toml which currently
[INFO] [stderr] disables Cargo from automatically inferring other example targets.
[INFO] [stderr] This inference behavior will change in the Rust 2018 edition and the following
[INFO] [stderr] files will be included as a example target:
[INFO] [stderr] 
[INFO] [stderr] * /opt/rustwide/workdir/examples/raw-window-handle-with-wgpu/main.rs
[INFO] [stderr] 
[INFO] [stderr] This is likely to break cargo build or cargo test as these files may not be
[INFO] [stderr] ready to be compiled as a example target today. You can future-proof yourself
[INFO] [stderr] and disable this warning by adding `autoexamples = false` to your [package]
[INFO] [stderr] section. You may also move the files to a location where Cargo would not
[INFO] [stderr] automatically infer them to be a target, such as in subfolders.
[INFO] [stderr] 
[INFO] [stderr] For more information on this warning you can consult
[INFO] [stderr] https://github.com/rust-lang/cargo/issues/5330
[INFO] [stderr]     Finished test [unoptimized + debuginfo] target(s) in 0.13s
[INFO] [stderr]      Running unittests src/sdl2/lib.rs (/opt/rustwide/target/debug/deps/sdl2-d9b922caef3c57c1)
[INFO] [stdout] 
[INFO] [stdout] running 37 tests
[INFO] [stdout] test event::test::test_from_ll_keymod_keydown_unknown_bits ... ok
[INFO] [stdout] test audio::test::test_audio_cvt ... ok
[INFO] [stdout] test event::test::test_from_ll_keymod_keyup_unknown_bits ... ok
[INFO] [stdout] test event::test::test_to_from_ll ... ok
[INFO] [stdout] test pixels::create_palette ... ok
[INFO] [stdout] test rect::test::clamp_i32_max ... ok
[INFO] [stdout] test rect::test::centered ... ok
[INFO] [stdout] test pixels::test_pixel_format_enum ... ok
[INFO] [stdout] test rect::test::clamp_position_max ... ok
[INFO] [stdout] test rect::test::clamp_position_min ... ok
[INFO] [stdout] test rect::test::clamp_size_max ... ok
[INFO] [stdout] test rect::test::clamp_size_zero ... ok
[INFO] [stdout] test rect::test::enclose_points_max_values ... ok
[INFO] [stdout] test rect::test::enclose_points_outside_clip_rect ... ok
[INFO] [stdout] test rect::test::enclose_points_valid ... ok
[INFO] [stdout] test rect::test::has_intersection ... ok
[INFO] [stdout] test rect::test::intersect_line ... ok
[INFO] [stdout] test rect::test::intersection ... ok
[INFO] [stdout] test rect::test::point_add ... ok
[INFO] [stdout] test rect::test::point_add_assign ... ok
[INFO] [stdout] test rect::test::point_div ... ok
[INFO] [stdout] test rect::test::point_div_assign ... ok
[INFO] [stdout] test rect::test::point_from ... ok
[INFO] [stdout] test rect::test::point_into ... ok
[INFO] [stdout] test rect::test::point_mul ... ok
[INFO] [stdout] test rect::test::point_mul_assign_clamp ... ok
[INFO] [stdout] test rect::test::point_mul_clamp ... ok
[INFO] [stdout] test rect::test::point_mul_assign ... ok
[INFO] [stdout] test rect::test::rect_from ... ok
[INFO] [stdout] test rect::test::point_sub ... ok
[INFO] [stdout] test rect::test::point_sum ... ok
[INFO] [stdout] test rect::test::point_sub_assign ... ok
[INFO] [stdout] test rect::test::rect_into ... ok
[INFO] [stdout] test surface::test_surface_ref_size ... ok
[INFO] [stdout] test rect::test::shifted ... ok
[INFO] [stdout] test rect::test::union ... ok
[INFO] [stdout] test timer::test::test_timer ... ok
[INFO] [stdout] 
[INFO] [stdout] test result: ok. 37 passed; 0 failed; 0 ignored; 0 measured; 0 filtered out; finished in 0.41s
[INFO] [stdout] 
[INFO] [stderr]      Running tests/audio.rs (/opt/rustwide/target/debug/deps/audio-1cd4f3740143a018)
[INFO] [stdout] 
[INFO] [stdout] running 1 test
[INFO] [stdout] test audio_spec_wav ... ok
[INFO] [stdout] 
[INFO] [stdout] test result: ok. 1 passed; 0 failed; 0 ignored; 0 measured; 0 filtered out; finished in 0.00s
[INFO] [stdout] 
[INFO] [stderr]      Running tests/events.rs (/opt/rustwide/target/debug/deps/events-b2a81e3ee7358f5e)
[INFO] [stdout] 
[INFO] [stdout] running 2 tests
[INFO] [stdout] test test_event_sender_no_subsystem ... ok
[INFO] [stdout] test test_events ... ok
[INFO] [stdout] 
[INFO] [stdout] test result: ok. 2 passed; 0 failed; 0 ignored; 0 measured; 0 filtered out; finished in 0.00s
[INFO] [stdout] 
[INFO] [stderr]      Running tests/raw_window_handle.rs (/opt/rustwide/target/debug/deps/raw_window_handle-b44028452461ea1e)
[INFO] [stdout] 
[INFO] [stdout] running 0 tests
[INFO] [stdout] 
[INFO] [stdout] test result: ok. 0 passed; 0 failed; 0 ignored; 0 measured; 0 filtered out; finished in 0.00s
[INFO] [stdout] 
[INFO] [stderr]      Running tests/video.rs (/opt/rustwide/target/debug/deps/video-b7cd77ca8c3cf93d)
[INFO] [stdout] 
[INFO] [stdout] running 1 test
[INFO] [stderr] error: XDG_RUNTIME_DIR not set in the environment.
[INFO] [stdout] test display_name_no_segfault ... ok
[INFO] [stdout] 
[INFO] [stdout] test result: ok. 1 passed; 0 failed; 0 ignored; 0 measured; 0 filtered out; finished in 0.00s
[INFO] [stdout] 
[INFO] [stderr]    Doc-tests sdl2
[INFO] [stdout] 
[INFO] [stdout] running 74 tests
[INFO] [stdout] test src/sdl2/clipboard.rs - clipboard::ClipboardUtil (line 12) - compile ... ok
[INFO] [stdout] test src/sdl2/audio.rs - audio (line 4) - compile ... ok
[INFO] [stdout] test src/sdl2/audio.rs - audio::AudioFormatNum::SILENCE (line 528) ... ok
[INFO] [stdout] test src/sdl2/event.rs - event::Event::is_text (line 2321) ... ok
[INFO] [stdout] test src/sdl2/event.rs - event::Event::is_joy (line 2412) ... ok
[INFO] [stdout] test src/sdl2/event.rs - event::Event::is_finger (line 2444) ... ok
[INFO] [stdout] test src/sdl2/event.rs - event::Event::is_keyboard (line 2291) ... ok
[INFO] [stdout] test src/sdl2/event.rs - event::Event::is_audio (line 2533) ... ok
[INFO] [stdout] test src/sdl2/event.rs - event::Event::is_controller (line 2382) ... ok
[INFO] [stdout] test src/sdl2/event.rs - event::Event::get_window_id (line 2213) ... ok
[INFO] [stdout] test src/sdl2/event.rs - event::crate::EventPump::poll_iter (line 2703) - compile ... ok
[INFO] [stdout] test src/sdl2/event.rs - event::Event::is_render (line 2559) ... ok
[INFO] [stdout] test src/sdl2/event.rs - event::Event::is_mouse (line 2347) ... ok
[INFO] [stdout] test src/sdl2/event.rs - event::Event::is_dollar (line 2475) ... ok
[INFO] [stdout] test src/sdl2/event.rs - event::Event::is_drop (line 2505) ... ok
[INFO] [stdout] test src/sdl2/event.rs - event::Event::get_timestamp (line 2142) ... ok
[INFO] [stdout] test src/sdl2/event.rs - event::crate::EventSubsystem::peek_events (line 73) - compile ... ok
[INFO] [stdout] test src/sdl2/hint.rs - hint::set_video_minimize_on_focus_loss (line 22) - compile ... ok
[INFO] [stdout] test src/sdl2/hint.rs - hint::get_video_minimize_on_focus_loss (line 64) - compile ... ok
[INFO] [stdout] test src/sdl2/event.rs - event::Event::is_same_kind_as (line 2066) ... ok
[INFO] [stdout] test src/sdl2/event.rs - event::Event::is_unknown (line 2612) ... ok
[INFO] [stdout] test src/sdl2/keyboard/mod.rs - keyboard::KeyboardState<'a>::is_scancode_pressed (line 59) - compile ... ok
[INFO] [stdout] test src/sdl2/mouse/mod.rs - mouse::MouseState::mouse_buttons (line 275) - compile ... ok
[INFO] [stdout] test src/sdl2/hint.rs - hint::set_video_minimize_on_focus_loss_with_priority (line 38) - compile ... ok
[INFO] [stdout] test src/sdl2/mouse/mod.rs - mouse::MouseState::is_mouse_button_pressed (line 260) - compile ... ok
[INFO] [stdout] test src/sdl2/lib.rs - (line 3) - compile ... ok
[INFO] [stdout] test src/sdl2/keyboard/mod.rs - keyboard::KeyboardState<'a>::pressed_scancodes (line 81) - compile ... ok
[INFO] [stdout] test src/sdl2/mouse/mod.rs - mouse::MouseState::left (line 216) - compile ... ok
[INFO] [stdout] test src/sdl2/keyboard/mod.rs - keyboard::TextInputUtil (line 211) - compile ... ok
[INFO] [stdout] test src/sdl2/mouse/mod.rs - mouse::MouseState::pressed_mouse_buttons (line 301) - compile ... ok
[INFO] [stdout] test src/sdl2/keyboard/mod.rs - keyboard::KeyboardUtil (line 172) - compile ... ok
[INFO] [stdout] test src/sdl2/mouse/relative.rs - mouse::relative::RelativeMouseState::left (line 49) - compile ... ok
[INFO] [stdout] test src/sdl2/event.rs - event::Event::is_window (line 2253) ... ok
[INFO] [stdout] test src/sdl2/mouse/relative.rs - mouse::relative::RelativeMouseState::is_mouse_button_pressed (line 93) - compile ... ok
[INFO] [stdout] test src/sdl2/mouse/mod.rs - mouse::MouseUtil (line 370) - compile ... ok
[INFO] [stdout] test src/sdl2/mouse/relative.rs - mouse::relative::RelativeMouseState::mouse_buttons (line 108) - compile ... ok
[INFO] [stdout] test src/sdl2/mouse/relative.rs - mouse::relative::RelativeMouseState::pressed_mouse_buttons (line 134) - compile ... ok
[INFO] [stdout] test src/sdl2/event.rs - event::Event::is_user (line 2583) ... ok
[INFO] [stdout] test src/sdl2/event.rs - event::crate::EventSubsystem::push_custom_event (line 204) ... ok
[INFO] [stdout] test src/sdl2/rect.rs - rect::Rect::has_intersection (line 547) ... ok
[INFO] [stdout] test src/sdl2/event.rs - event::EventSender::push_custom_event (line 3128) ... ok
[INFO] [stdout] test src/sdl2/rect.rs - rect::Rect::contains_point (line 436) ... ok
[INFO] [stdout] test src/sdl2/event.rs - event::crate::EventSubsystem::add_event_watch (line 245) ... ok
[INFO] [stdout] test src/sdl2/rect.rs - rect::Rect::deref_mut (line 666) ... ok
[INFO] [stdout] test src/sdl2/event.rs - event::crate::EventSubsystem::register_event (line 136) ... ok
[INFO] [stdout] test src/sdl2/rect.rs - rect::Rect::contains_rect (line 461) ... ok
[INFO] [stdout] test src/sdl2/render.rs - render::Canvas (line 307) - compile ... ok
[INFO] [stdout] test src/sdl2/rect.rs - rect::Rect::bottom_right (line 341) ... ok
[INFO] [stdout] test src/sdl2/rect.rs - rect::Point::deref (line 762) ... ok
[INFO] [stdout] test src/sdl2/rect.rs - rect::Rect::intersection (line 569) ... ok
[INFO] [stdout] test src/sdl2/render.rs - render::Canvas<T>::with_texture_canvas (line 508) - compile ... ok
[INFO] [stdout] test src/sdl2/render.rs - render::Canvas<T>::with_multiple_texture_canvas (line 566) - compile ... ok
[INFO] [stdout] test src/sdl2/rect.rs - rect::Rect::center (line 287) ... ok
[INFO] [stdout] test src/sdl2/rect.rs - rect::Rect::bottom_left (line 328) ... ok
[INFO] [stdout] test src/sdl2/rect.rs - rect::Point::deref_mut (line 775) ... ok
[INFO] [stdout] test src/sdl2/sdl.rs - sdl::init (line 374) - compile ... ok
[INFO] [stdout] test src/sdl2/render.rs - render::TextureCreator<T>::create_texture_from_surface (line 921) - compile ... ok
[INFO] [stdout] test src/sdl2/rect.rs - rect::Rect::deref (line 653) ... ok
[INFO] [stdout] test src/sdl2/render.rs - render::Texture<'r>::from_surface (line 2357) - compile ... ok
[INFO] [stdout] test src/sdl2/surface.rs - surface::Surface<'a>::as_texture (line 221) - compile ... ok
[INFO] [stdout] test src/sdl2/surface.rs - surface::Surface<'a>::from_pixelmasks (line 134) - compile ... ok
[INFO] [stdout] test src/sdl2/video.rs - video::gl_attr::GLAttr<'a>::context_flags (line 428) - compile ... ok
[INFO] [stdout] test src/sdl2/url.rs - url::open_url (line 51) - compile ... ok
[INFO] [stdout] test src/sdl2/rect.rs - rect::Rect::bottom_shifted (line 271) ... ok
[INFO] [stdout] test src/sdl2/rect.rs - rect::Rect::top_right (line 315) ... ok
[INFO] [stdout] test src/sdl2/video.rs - video::gl_attr::GLAttr<'a>::set_context_flags (line 410) - compile ... ok
[INFO] [stdout] test src/sdl2/surface.rs - surface::Surface<'a>::new (line 116) - compile ... ok
[INFO] [stdout] test src/sdl2/video.rs - video::gl_attr (line 175) - compile ... ok
[INFO] [stdout] test src/sdl2/rect.rs - rect::Rect::left_shifted (line 232) ... ok
[INFO] [stdout] test src/sdl2/video.rs - video::Window::set_icon (line 1592) - compile fail ... ok
[INFO] [stdout] test src/sdl2/rect.rs - rect::Rect::union (line 601) ... ok
[INFO] [stdout] test src/sdl2/rect.rs - rect::Rect::top_shifted (line 258) ... ok
[INFO] [stdout] test src/sdl2/rect.rs - rect::Rect::top_left (line 302) ... ok
[INFO] [stdout] test src/sdl2/rect.rs - rect::Rect::right_shifted (line 245) ... ok
[INFO] [stdout] 
[INFO] [stdout] test result: ok. 74 passed; 0 failed; 0 ignored; 0 measured; 0 filtered out; finished in 1.95s
[INFO] [stdout] 
[INFO] running `Command { std: "docker" "inspect" "3e8c932230ac24be3c9fd938b34fb82d8f83b275e68a74b15eceeb3f68312920", kill_on_drop: false }`
[INFO] running `Command { std: "docker" "rm" "-f" "3e8c932230ac24be3c9fd938b34fb82d8f83b275e68a74b15eceeb3f68312920", kill_on_drop: false }`
[INFO] [stdout] 3e8c932230ac24be3c9fd938b34fb82d8f83b275e68a74b15eceeb3f68312920
