[INFO] fetching crate rustpool 0.0.1-beta...
[INFO] testing rustpool-0.0.1-beta against 1.75.0 for beta-1.76-1
[INFO] extracting crate rustpool 0.0.1-beta into /workspace/builds/worker-1-tc1/source
[INFO] validating manifest of crates.io crate rustpool 0.0.1-beta on toolchain 1.75.0
[INFO] running `Command { std: CARGO_HOME="/workspace/cargo-home" RUSTUP_HOME="/workspace/rustup-home" "/workspace/cargo-home/bin/cargo" "+1.75.0" "metadata" "--manifest-path" "Cargo.toml" "--no-deps", kill_on_drop: false }`
[INFO] started tweaking crates.io crate rustpool 0.0.1-beta
[INFO] removed 0 missing examples
[INFO] finished tweaking crates.io crate rustpool 0.0.1-beta
[INFO] tweaked toml for crates.io crate rustpool 0.0.1-beta written to /workspace/builds/worker-1-tc1/source/Cargo.toml
[INFO] crate crates.io crate rustpool 0.0.1-beta already has a lockfile, it will not be regenerated
[INFO] running `Command { std: CARGO_HOME="/workspace/cargo-home" RUSTUP_HOME="/workspace/rustup-home" "/workspace/cargo-home/bin/cargo" "+1.75.0" "fetch" "--manifest-path" "Cargo.toml", kill_on_drop: false }`
[INFO] running `Command { std: "docker" "create" "-v" "/var/lib/crater-agent-workspace/builds/worker-1-tc1/target:/opt/rustwide/target:rw,Z" "-v" "/var/lib/crater-agent-workspace/builds/worker-1-tc1/source:/opt/rustwide/workdir:ro,Z" "-v" "/var/lib/crater-agent-workspace/cargo-home:/opt/rustwide/cargo-home:ro,Z" "-v" "/var/lib/crater-agent-workspace/rustup-home:/opt/rustwide/rustup-home:ro,Z" "-e" "SOURCE_DIR=/opt/rustwide/workdir" "-e" "CARGO_TARGET_DIR=/opt/rustwide/target" "-e" "CARGO_HOME=/opt/rustwide/cargo-home" "-e" "RUSTUP_HOME=/opt/rustwide/rustup-home" "-w" "/opt/rustwide/workdir" "-m" "1610612736" "--user" "0:0" "--network" "none" "ghcr.io/rust-lang/crates-build-env/linux@sha256:2788e3201cd34a07e3172128adcd8b3090168a8e3bcc40d7c032b9dda1df7d1c" "/opt/rustwide/cargo-home/bin/cargo" "+1.75.0" "metadata" "--no-deps" "--format-version=1", kill_on_drop: false }`
[INFO] [stdout] ec3deed3784018309f5b1fc5754796d8420b3559bba74e27fdfbb9742fc1f131
[INFO] running `Command { std: "docker" "start" "-a" "ec3deed3784018309f5b1fc5754796d8420b3559bba74e27fdfbb9742fc1f131", kill_on_drop: false }`
[INFO] running `Command { std: "docker" "inspect" "ec3deed3784018309f5b1fc5754796d8420b3559bba74e27fdfbb9742fc1f131", kill_on_drop: false }`
[INFO] running `Command { std: "docker" "rm" "-f" "ec3deed3784018309f5b1fc5754796d8420b3559bba74e27fdfbb9742fc1f131", kill_on_drop: false }`
[INFO] [stdout] ec3deed3784018309f5b1fc5754796d8420b3559bba74e27fdfbb9742fc1f131
[INFO] running `Command { std: "docker" "create" "-v" "/var/lib/crater-agent-workspace/builds/worker-1-tc1/target:/opt/rustwide/target:rw,Z" "-v" "/var/lib/crater-agent-workspace/builds/worker-1-tc1/source:/opt/rustwide/workdir:ro,Z" "-v" "/var/lib/crater-agent-workspace/cargo-home:/opt/rustwide/cargo-home:ro,Z" "-v" "/var/lib/crater-agent-workspace/rustup-home:/opt/rustwide/rustup-home:ro,Z" "-e" "SOURCE_DIR=/opt/rustwide/workdir" "-e" "CARGO_TARGET_DIR=/opt/rustwide/target" "-e" "CARGO_INCREMENTAL=0" "-e" "RUST_BACKTRACE=full" "-e" "RUSTFLAGS=--cap-lints=warn" "-e" "RUSTDOCFLAGS=--cap-lints=warn" "-e" "CARGO_HOME=/opt/rustwide/cargo-home" "-e" "RUSTUP_HOME=/opt/rustwide/rustup-home" "-w" "/opt/rustwide/workdir" "-m" "1610612736" "--user" "0:0" "--network" "none" "ghcr.io/rust-lang/crates-build-env/linux@sha256:2788e3201cd34a07e3172128adcd8b3090168a8e3bcc40d7c032b9dda1df7d1c" "/opt/rustwide/cargo-home/bin/cargo" "+1.75.0" "build" "--frozen" "--message-format=json", kill_on_drop: false }`
[INFO] [stdout] 3646e3e961c427d7ce3ba11aa890960ebb53ab35346e227004a0f813d39bd9a7
[INFO] running `Command { std: "docker" "start" "-a" "3646e3e961c427d7ce3ba11aa890960ebb53ab35346e227004a0f813d39bd9a7", kill_on_drop: false }`
[INFO] [stderr]    Compiling libc v0.2.97
[INFO] [stderr]    Compiling rustpool v0.0.1-beta (/opt/rustwide/workdir)
[INFO] [stdout] warning: unused return value of `Box::<T>::from_raw` that must be used
[INFO] [stdout]   --> src/atomic_circular_buffer.rs:45:17
[INFO] [stdout]    |
[INFO] [stdout] 45 |                 Box::from_raw(ptr as *mut T);
[INFO] [stdout]    |                 ^^^^^^^^^^^^^^^^^^^^^^^^^^^^
[INFO] [stdout]    |
[INFO] [stdout]    = note: call `drop(Box::from_raw(ptr))` if you intend to drop the `Box`
[INFO] [stdout]    = note: `#[warn(unused_must_use)]` on by default
[INFO] [stdout] help: use `let _ = ...` to ignore the resulting value
[INFO] [stdout]    |
[INFO] [stdout] 45 |                 let _ = Box::from_raw(ptr as *mut T);
[INFO] [stdout]    |                 +++++++
[INFO] [stdout] 
[INFO] [stdout] 
[INFO] [stdout] warning: unused return value of `Box::<T>::from_raw` that must be used
[INFO] [stdout]    --> src/blocking_queue.rs:153:13
[INFO] [stdout]     |
[INFO] [stdout] 153 |             Box::from_raw(self.buffer);
[INFO] [stdout]     |             ^^^^^^^^^^^^^^^^^^^^^^^^^^
[INFO] [stdout]     |
[INFO] [stdout]     = note: call `drop(Box::from_raw(ptr))` if you intend to drop the `Box`
[INFO] [stdout] help: use `let _ = ...` to ignore the resulting value
[INFO] [stdout]     |
[INFO] [stdout] 153 |             let _ = Box::from_raw(self.buffer);
[INFO] [stdout]     |             +++++++
[INFO] [stdout] 
[INFO] [stdout] 
[INFO] [stdout] warning: unused return value of `Box::<T>::from_raw` that must be used
[INFO] [stdout]    --> src/circular_buffer.rs:116:17
[INFO] [stdout]     |
[INFO] [stdout] 116 |                 Box::from_raw(ptr);
[INFO] [stdout]     |                 ^^^^^^^^^^^^^^^^^^
[INFO] [stdout]     |
[INFO] [stdout]     = note: call `drop(Box::from_raw(ptr))` if you intend to drop the `Box`
[INFO] [stdout] help: use `let _ = ...` to ignore the resulting value
[INFO] [stdout]     |
[INFO] [stdout] 116 |                 let _ = Box::from_raw(ptr);
[INFO] [stdout]     |                 +++++++
[INFO] [stdout] 
[INFO] [stdout] 
[INFO] [stdout] warning: 3 warnings emitted
[INFO] [stdout] 
[INFO] [stdout] 
[INFO] [stderr]     Finished dev [unoptimized + debuginfo] target(s) in 0.75s
[INFO] running `Command { std: "docker" "inspect" "3646e3e961c427d7ce3ba11aa890960ebb53ab35346e227004a0f813d39bd9a7", kill_on_drop: false }`
[INFO] running `Command { std: "docker" "rm" "-f" "3646e3e961c427d7ce3ba11aa890960ebb53ab35346e227004a0f813d39bd9a7", kill_on_drop: false }`
[INFO] [stdout] 3646e3e961c427d7ce3ba11aa890960ebb53ab35346e227004a0f813d39bd9a7
[INFO] running `Command { std: "docker" "create" "-v" "/var/lib/crater-agent-workspace/builds/worker-1-tc1/target:/opt/rustwide/target:rw,Z" "-v" "/var/lib/crater-agent-workspace/builds/worker-1-tc1/source:/opt/rustwide/workdir:ro,Z" "-v" "/var/lib/crater-agent-workspace/cargo-home:/opt/rustwide/cargo-home:ro,Z" "-v" "/var/lib/crater-agent-workspace/rustup-home:/opt/rustwide/rustup-home:ro,Z" "-e" "SOURCE_DIR=/opt/rustwide/workdir" "-e" "CARGO_TARGET_DIR=/opt/rustwide/target" "-e" "CARGO_INCREMENTAL=0" "-e" "RUST_BACKTRACE=full" "-e" "RUSTFLAGS=--cap-lints=warn" "-e" "RUSTDOCFLAGS=--cap-lints=warn" "-e" "CARGO_HOME=/opt/rustwide/cargo-home" "-e" "RUSTUP_HOME=/opt/rustwide/rustup-home" "-w" "/opt/rustwide/workdir" "-m" "1610612736" "--user" "0:0" "--network" "none" "ghcr.io/rust-lang/crates-build-env/linux@sha256:2788e3201cd34a07e3172128adcd8b3090168a8e3bcc40d7c032b9dda1df7d1c" "/opt/rustwide/cargo-home/bin/cargo" "+1.75.0" "test" "--frozen" "--no-run" "--message-format=json", kill_on_drop: false }`
[INFO] [stdout] 6029ba3a439cd8740d6dd7160e1b422c56db2e82f6a64d06d3cc6b1cbb018e23
[INFO] running `Command { std: "docker" "start" "-a" "6029ba3a439cd8740d6dd7160e1b422c56db2e82f6a64d06d3cc6b1cbb018e23", kill_on_drop: false }`
[INFO] [stdout] warning: unused return value of `Box::<T>::from_raw` that must be used
[INFO] [stdout]   --> src/atomic_circular_buffer.rs:45:17
[INFO] [stdout]    |
[INFO] [stdout] 45 |                 Box::from_raw(ptr as *mut T);
[INFO] [stdout]    |                 ^^^^^^^^^^^^^^^^^^^^^^^^^^^^
[INFO] [stdout]    |
[INFO] [stdout]    = note: call `drop(Box::from_raw(ptr))` if you intend to drop the `Box`
[INFO] [stdout]    = note: `#[warn(unused_must_use)]` on by default
[INFO] [stdout] help: use `let _ = ...` to ignore the resulting value
[INFO] [stdout]    |
[INFO] [stdout] 45 |                 let _ = Box::from_raw(ptr as *mut T);
[INFO] [stdout]    |                 +++++++
[INFO] [stdout] 
[INFO] [stdout] 
[INFO] [stdout] warning: unused return value of `Box::<T>::from_raw` that must be used
[INFO] [stdout]    --> src/blocking_queue.rs:153:13
[INFO] [stdout]     |
[INFO] [stdout] 153 |             Box::from_raw(self.buffer);
[INFO] [stdout]     |             ^^^^^^^^^^^^^^^^^^^^^^^^^^
[INFO] [stdout]     |
[INFO] [stdout]     = note: call `drop(Box::from_raw(ptr))` if you intend to drop the `Box`
[INFO] [stdout] help: use `let _ = ...` to ignore the resulting value
[INFO] [stdout]     |
[INFO] [stdout] 153 |             let _ = Box::from_raw(self.buffer);
[INFO] [stdout]     |             +++++++
[INFO] [stdout] 
[INFO] [stdout] 
[INFO] [stdout] warning: unused return value of `Box::<T>::from_raw` that must be used
[INFO] [stdout]    --> src/circular_buffer.rs:116:17
[INFO] [stdout]     |
[INFO] [stdout] 116 |                 Box::from_raw(ptr);
[INFO] [stdout]     |                 ^^^^^^^^^^^^^^^^^^
[INFO] [stdout]     |
[INFO] [stdout]     = note: call `drop(Box::from_raw(ptr))` if you intend to drop the `Box`
[INFO] [stdout] help: use `let _ = ...` to ignore the resulting value
[INFO] [stdout]     |
[INFO] [stdout] 116 |                 let _ = Box::from_raw(ptr);
[INFO] [stdout]     |                 +++++++
[INFO] [stdout] 
[INFO] [stdout] 
[INFO] [stdout] warning: 3 warnings emitted
[INFO] [stdout] 
[INFO] [stdout] 
[INFO] [stderr]    Compiling rustpool v0.0.1-beta (/opt/rustwide/workdir)
[INFO] [stdout] warning: unused return value of `Box::<T>::from_raw` that must be used
[INFO] [stdout]   --> src/atomic_circular_buffer.rs:45:17
[INFO] [stdout]    |
[INFO] [stdout] 45 |                 Box::from_raw(ptr as *mut T);
[INFO] [stdout]    |                 ^^^^^^^^^^^^^^^^^^^^^^^^^^^^
[INFO] [stdout]    |
[INFO] [stdout]    = note: call `drop(Box::from_raw(ptr))` if you intend to drop the `Box`
[INFO] [stdout]    = note: `#[warn(unused_must_use)]` on by default
[INFO] [stdout] help: use `let _ = ...` to ignore the resulting value
[INFO] [stdout]    |
[INFO] [stdout] 45 |                 let _ = Box::from_raw(ptr as *mut T);
[INFO] [stdout]    |                 +++++++
[INFO] [stdout] 
[INFO] [stdout] 
[INFO] [stdout] warning: unused return value of `Box::<T>::from_raw` that must be used
[INFO] [stdout]    --> src/blocking_queue.rs:153:13
[INFO] [stdout]     |
[INFO] [stdout] 153 |             Box::from_raw(self.buffer);
[INFO] [stdout]     |             ^^^^^^^^^^^^^^^^^^^^^^^^^^
[INFO] [stdout]     |
[INFO] [stdout]     = note: call `drop(Box::from_raw(ptr))` if you intend to drop the `Box`
[INFO] [stdout] help: use `let _ = ...` to ignore the resulting value
[INFO] [stdout]     |
[INFO] [stdout] 153 |             let _ = Box::from_raw(self.buffer);
[INFO] [stdout]     |             +++++++
[INFO] [stdout] 
[INFO] [stdout] 
[INFO] [stdout] warning: unused return value of `Box::<T>::from_raw` that must be used
[INFO] [stdout]    --> src/circular_buffer.rs:116:17
[INFO] [stdout]     |
[INFO] [stdout] 116 |                 Box::from_raw(ptr);
[INFO] [stdout]     |                 ^^^^^^^^^^^^^^^^^^
[INFO] [stdout]     |
[INFO] [stdout]     = note: call `drop(Box::from_raw(ptr))` if you intend to drop the `Box`
[INFO] [stdout] help: use `let _ = ...` to ignore the resulting value
[INFO] [stdout]     |
[INFO] [stdout] 116 |                 let _ = Box::from_raw(ptr);
[INFO] [stdout]     |                 +++++++
[INFO] [stdout] 
[INFO] [stdout] 
[INFO] [stdout] warning: 3 warnings emitted
[INFO] [stdout] 
[INFO] [stdout] 
[INFO] [stderr]     Finished test [unoptimized + debuginfo] target(s) in 0.78s
[INFO] running `Command { std: "docker" "inspect" "6029ba3a439cd8740d6dd7160e1b422c56db2e82f6a64d06d3cc6b1cbb018e23", kill_on_drop: false }`
[INFO] running `Command { std: "docker" "rm" "-f" "6029ba3a439cd8740d6dd7160e1b422c56db2e82f6a64d06d3cc6b1cbb018e23", kill_on_drop: false }`
[INFO] [stdout] 6029ba3a439cd8740d6dd7160e1b422c56db2e82f6a64d06d3cc6b1cbb018e23
[INFO] running `Command { std: "docker" "create" "-v" "/var/lib/crater-agent-workspace/builds/worker-1-tc1/target:/opt/rustwide/target:rw,Z" "-v" "/var/lib/crater-agent-workspace/builds/worker-1-tc1/source:/opt/rustwide/workdir:ro,Z" "-v" "/var/lib/crater-agent-workspace/cargo-home:/opt/rustwide/cargo-home:ro,Z" "-v" "/var/lib/crater-agent-workspace/rustup-home:/opt/rustwide/rustup-home:ro,Z" "-e" "SOURCE_DIR=/opt/rustwide/workdir" "-e" "CARGO_TARGET_DIR=/opt/rustwide/target" "-e" "CARGO_INCREMENTAL=0" "-e" "RUST_BACKTRACE=full" "-e" "RUSTFLAGS=--cap-lints=warn" "-e" "RUSTDOCFLAGS=--cap-lints=warn" "-e" "CARGO_HOME=/opt/rustwide/cargo-home" "-e" "RUSTUP_HOME=/opt/rustwide/rustup-home" "-w" "/opt/rustwide/workdir" "-m" "1610612736" "--user" "0:0" "--network" "none" "ghcr.io/rust-lang/crates-build-env/linux@sha256:2788e3201cd34a07e3172128adcd8b3090168a8e3bcc40d7c032b9dda1df7d1c" "/opt/rustwide/cargo-home/bin/cargo" "+1.75.0" "test" "--frozen", kill_on_drop: false }`
[INFO] [stdout] c261ab8873b6d5eec356ef1566f9b8331c28852b995644839e2896faac02bd33
[INFO] running `Command { std: "docker" "start" "-a" "c261ab8873b6d5eec356ef1566f9b8331c28852b995644839e2896faac02bd33", kill_on_drop: false }`
[INFO] [stderr] warning: unused return value of `Box::<T>::from_raw` that must be used
[INFO] [stderr]   --> src/atomic_circular_buffer.rs:45:17
[INFO] [stderr]    |
[INFO] [stderr] 45 |                 Box::from_raw(ptr as *mut T);
[INFO] [stderr]    |                 ^^^^^^^^^^^^^^^^^^^^^^^^^^^^
[INFO] [stderr]    |
[INFO] [stderr]    = note: call `drop(Box::from_raw(ptr))` if you intend to drop the `Box`
[INFO] [stderr]    = note: `#[warn(unused_must_use)]` on by default
[INFO] [stderr] help: use `let _ = ...` to ignore the resulting value
[INFO] [stderr]    |
[INFO] [stderr] 45 |                 let _ = Box::from_raw(ptr as *mut T);
[INFO] [stderr]    |                 +++++++
[INFO] [stderr] 
[INFO] [stderr] warning: unused return value of `Box::<T>::from_raw` that must be used
[INFO] [stderr]    --> src/blocking_queue.rs:153:13
[INFO] [stderr]     |
[INFO] [stderr] 153 |             Box::from_raw(self.buffer);
[INFO] [stderr]     |             ^^^^^^^^^^^^^^^^^^^^^^^^^^
[INFO] [stderr]     |
[INFO] [stderr]     = note: call `drop(Box::from_raw(ptr))` if you intend to drop the `Box`
[INFO] [stderr] help: use `let _ = ...` to ignore the resulting value
[INFO] [stderr]     |
[INFO] [stderr] 153 |             let _ = Box::from_raw(self.buffer);
[INFO] [stderr]     |             +++++++
[INFO] [stderr] 
[INFO] [stderr] warning: unused return value of `Box::<T>::from_raw` that must be used
[INFO] [stderr]    --> src/circular_buffer.rs:116:17
[INFO] [stderr]     |
[INFO] [stderr] 116 |                 Box::from_raw(ptr);
[INFO] [stderr]     |                 ^^^^^^^^^^^^^^^^^^
[INFO] [stderr]     |
[INFO] [stderr]     = note: call `drop(Box::from_raw(ptr))` if you intend to drop the `Box`
[INFO] [stderr] help: use `let _ = ...` to ignore the resulting value
[INFO] [stderr]     |
[INFO] [stderr] 116 |                 let _ = Box::from_raw(ptr);
[INFO] [stderr]     |                 +++++++
[INFO] [stderr] 
[INFO] [stderr] warning: `rustpool` (lib) generated 3 warnings
[INFO] [stderr] warning: `rustpool` (lib test) generated 3 warnings (3 duplicates)
[INFO] [stderr]     Finished test [unoptimized + debuginfo] target(s) in 0.00s
[INFO] [stderr]      Running unittests src/lib.rs (/opt/rustwide/target/debug/deps/rustpool-c94dba2d3b0672d8)
[INFO] [stdout] 
[INFO] [stdout] running 35 tests
[INFO] [stdout] test atomic_circular_buffer::tests::test_acb_offer_overflow ... ok
[INFO] [stdout] test atomic_circular_buffer::tests::test_acb_add ... ok
[INFO] [stdout] test atomic_circular_buffer::tests::test_acb_take_all_offer_all ... ok
[INFO] [stdout] test atomic_circular_buffer::tests::test_acb_take_offer ... ok
[INFO] [stdout] test atomic_circular_buffer::tests::test_acb_take_serial ... ok
[INFO] [stdout] test atomic_circular_buffer::tests::test_own_test ... ok
[INFO] [stdout] test blocking_queue::tests::test_bq_take ... ok
[INFO] [stdout] test blocking_queue::tests::test_bq_over_limit ... ok
[INFO] [stdout] test atomic_queue::tests::test_aq_take_offer ... ok
[INFO] [stdout] test circular_buffer::tests::test_cb_add_take ... ok
[INFO] [stdout] test blocking_queue::tests::test_bq_take_and_offer ... ok
[INFO] [stdout] test circular_buffer::tests::test_cb_offer_full ... ok
[INFO] [stdout] test circular_buffer::tests::test_cb_take_offer ... ok
[INFO] [stdout] test object::tests::obj_builder_create_atomic_arc ... ok
[INFO] [stdout] test object::tests::obj_builder_create_blocking ... ok
[INFO] [stdout] test object::tests::obj_builder_create_blocking_arc ... ok
[INFO] [stdout] test blocking_queue::tests::test_bq_take_threads ... ok
[INFO] [stdout] test circular_buffer::tests::test_cb_add_full ... ok
[INFO] [stdout] test object::tests::obj_builder_create_atomic ... ok
[INFO] [stdout] test atomic_circular_buffer::tests::test_acb_mt_take_offer ... ok
[INFO] [stdout] test thread::tests::test_create_empty_thread_pool ... ok
[INFO] [stdout] test thread::tests::test_builf_fail_all_and_target_cpus ... ok
[INFO] [stdout] test thread::tests::test_fail_no_cpu ... ok
[INFO] [stdout] test blocking_queue::tests::test_bq_mt_take_offer ... ok
[INFO] [stdout] test thread::tests::test_get_cpu_ids ... ok
[INFO] [stdout] test thread::tests::test_build_thread_pool_target_cpu ... ok
[INFO] [stdout] test thread::tests::test_build_with_threads ... ok
[INFO] [stdout] test blocking_queue::tests::test_bq_over_limit_block ... ok
[INFO] [stdout] test thread::tests::test_get_cpus_with_nodes ... ok
[INFO] [stdout] test thread::tests::test_get_cpu_numa_node ... ok
[INFO] [stdout] test thread::tests::test_schedule_and_run_single_cpu ... ok
[INFO] [stdout] test thread::tests::test_schedule_and_run_all_cpus ... FAILED
[INFO] [stdout] test thread::tests::test_add_thread_single_cpu ... ok
[INFO] [stdout] test thread::tests::test_fail_add_thread_invalid_cpu - should panic ... ok
[INFO] [stdout] test thread::tests::test_add_thread_all_valid_cpu ... ok
[INFO] [stdout] 
[INFO] [stdout] failures:
[INFO] [stdout] 
[INFO] [stdout] ---- thread::tests::test_schedule_and_run_all_cpus stdout ----
[INFO] [stdout] thread 'thread::tests::test_schedule_and_run_all_cpus' panicked at src/thread.rs:521:9:
[INFO] [stdout] assertion `left == right` failed
[INFO] [stdout]   left: true
[INFO] [stdout]  right: false
[INFO] [stdout] stack backtrace:
[INFO] [stdout]    0:     0x55e794c335ac - std::backtrace_rs::backtrace::libunwind::trace::ha637c64ce894333a
[INFO] [stdout]                                at /rustc/82e1608dfa6e0b5569232559e3d385fea5a93112/library/std/src/../../backtrace/src/backtrace/libunwind.rs:104:5
[INFO] [stdout]    1:     0x55e794c335ac - std::backtrace_rs::backtrace::trace_unsynchronized::h47f62dea28e0c88d
[INFO] [stdout]                                at /rustc/82e1608dfa6e0b5569232559e3d385fea5a93112/library/std/src/../../backtrace/src/backtrace/mod.rs:66:5
[INFO] [stdout]    2:     0x55e794c335ac - std::sys_common::backtrace::_print_fmt::h9eef0abe20ede486
[INFO] [stdout]                                at /rustc/82e1608dfa6e0b5569232559e3d385fea5a93112/library/std/src/sys_common/backtrace.rs:67:5
[INFO] [stdout]    3:     0x55e794c335ac - <std::sys_common::backtrace::_print::DisplayBacktrace as core::fmt::Display>::fmt::hed7f999df88cc644
[INFO] [stdout]                                at /rustc/82e1608dfa6e0b5569232559e3d385fea5a93112/library/std/src/sys_common/backtrace.rs:44:22
[INFO] [stdout]    4:     0x55e794c5d1b0 - core::fmt::rt::Argument::fmt::h1539a9308b8d058d
[INFO] [stdout]                                at /rustc/82e1608dfa6e0b5569232559e3d385fea5a93112/library/core/src/fmt/rt.rs:142:9
[INFO] [stdout]    5:     0x55e794c5d1b0 - core::fmt::write::h3a39390d8560d9c9
[INFO] [stdout]                                at /rustc/82e1608dfa6e0b5569232559e3d385fea5a93112/library/core/src/fmt/mod.rs:1120:17
[INFO] [stdout]    6:     0x55e794c30f5f - std::io::Write::write_fmt::h040b369f3a0f9cbc
[INFO] [stdout]                                at /rustc/82e1608dfa6e0b5569232559e3d385fea5a93112/library/std/src/io/mod.rs:1762:15
[INFO] [stdout]    7:     0x55e794c33394 - std::sys_common::backtrace::_print::h894006fb5c6f3d45
[INFO] [stdout]                                at /rustc/82e1608dfa6e0b5569232559e3d385fea5a93112/library/std/src/sys_common/backtrace.rs:47:5
[INFO] [stdout]    8:     0x55e794c33394 - std::sys_common::backtrace::print::h23a2d212c6fff936
[INFO] [stdout]                                at /rustc/82e1608dfa6e0b5569232559e3d385fea5a93112/library/std/src/sys_common/backtrace.rs:34:9
[INFO] [stdout]    9:     0x55e794c35057 - std::panicking::default_hook::{{closure}}::h8a1d2ee00185001a
[INFO] [stdout]   10:     0x55e794c34d43 - std::panicking::default_hook::h6038f2eba384e475
[INFO] [stdout]                                at /rustc/82e1608dfa6e0b5569232559e3d385fea5a93112/library/std/src/panicking.rs:289:9
[INFO] [stdout]   11:     0x55e794c05687 - <alloc::boxed::Box<F,A> as core::ops::function::Fn<Args>>::call::h0ad024c9bdc6d768
[INFO] [stdout]                                at /rustc/82e1608dfa6e0b5569232559e3d385fea5a93112/library/alloc/src/boxed.rs:2021:9
[INFO] [stdout]   12:     0x55e794c05687 - test::test_main::{{closure}}::h7500b54257359db6
[INFO] [stdout]                                at /rustc/82e1608dfa6e0b5569232559e3d385fea5a93112/library/test/src/lib.rs:138:21
[INFO] [stdout]   13:     0x55e794c35668 - <alloc::boxed::Box<F,A> as core::ops::function::Fn<Args>>::call::h1f8f335eaa9cfaee
[INFO] [stdout]                                at /rustc/82e1608dfa6e0b5569232559e3d385fea5a93112/library/alloc/src/boxed.rs:2021:9
[INFO] [stdout]   14:     0x55e794c35668 - std::panicking::rust_panic_with_hook::h2b5517d590cab22e
[INFO] [stdout]                                at /rustc/82e1608dfa6e0b5569232559e3d385fea5a93112/library/std/src/panicking.rs:783:13
[INFO] [stdout]   15:     0x55e794c353be - std::panicking::begin_panic_handler::{{closure}}::h233112c06e0ef43e
[INFO] [stdout]                                at /rustc/82e1608dfa6e0b5569232559e3d385fea5a93112/library/std/src/panicking.rs:657:13
[INFO] [stdout]   16:     0x55e794c33a76 - std::sys_common::backtrace::__rust_end_short_backtrace::h6e893f24d7ebbff8
[INFO] [stdout]                                at /rustc/82e1608dfa6e0b5569232559e3d385fea5a93112/library/std/src/sys_common/backtrace.rs:170:18
[INFO] [stdout]   17:     0x55e794c35122 - rust_begin_unwind
[INFO] [stdout]                                at /rustc/82e1608dfa6e0b5569232559e3d385fea5a93112/library/std/src/panicking.rs:645:5
[INFO] [stdout]   18:     0x55e794b6bcf5 - core::panicking::panic_fmt::hbf0e066aabfa482c
[INFO] [stdout]                                at /rustc/82e1608dfa6e0b5569232559e3d385fea5a93112/library/core/src/panicking.rs:72:14
[INFO] [stdout]   19:     0x55e794b6c10b - core::panicking::assert_failed_inner::h0bba8b7c26ee4492
[INFO] [stdout]   20:     0x55e794bbcd9e - core::panicking::assert_failed::h57d30bb82dde03da
[INFO] [stdout]                                at /rustc/82e1608dfa6e0b5569232559e3d385fea5a93112/library/core/src/panicking.rs:279:5
[INFO] [stdout]   21:     0x55e794bc197d - rustpool::thread::tests::test_schedule_and_run_all_cpus::hc467224f0c03a321
[INFO] [stdout]                                at /opt/rustwide/workdir/src/thread.rs:521:9
[INFO] [stdout]   22:     0x55e794bc1737 - rustpool::thread::tests::test_schedule_and_run_all_cpus::{{closure}}::hb8515ae2f7571663
[INFO] [stdout]                                at /opt/rustwide/workdir/src/thread.rs:512:40
[INFO] [stdout]   23:     0x55e794b89e26 - core::ops::function::FnOnce::call_once::hb6a8c669ab2bfe8c
[INFO] [stdout]                                at /rustc/82e1608dfa6e0b5569232559e3d385fea5a93112/library/core/src/ops/function.rs:250:5
[INFO] [stdout]   24:     0x55e794c0acdf - core::ops::function::FnOnce::call_once::h2b5d431d5046312d
[INFO] [stdout]                                at /rustc/82e1608dfa6e0b5569232559e3d385fea5a93112/library/core/src/ops/function.rs:250:5
[INFO] [stdout]   25:     0x55e794c0acdf - test::__rust_begin_short_backtrace::h7714669af176e207
[INFO] [stdout]                                at /rustc/82e1608dfa6e0b5569232559e3d385fea5a93112/library/test/src/lib.rs:628:18
[INFO] [stdout]   26:     0x55e794c09cf5 - test::run_test_in_process::{{closure}}::h85218797dcbcec12
[INFO] [stdout]                                at /rustc/82e1608dfa6e0b5569232559e3d385fea5a93112/library/test/src/lib.rs:651:60
[INFO] [stdout]   27:     0x55e794c09cf5 - <core::panic::unwind_safe::AssertUnwindSafe<F> as core::ops::function::FnOnce<()>>::call_once::h76c106ea31c14d7b
[INFO] [stdout]                                at /rustc/82e1608dfa6e0b5569232559e3d385fea5a93112/library/core/src/panic/unwind_safe.rs:272:9
[INFO] [stdout]   28:     0x55e794c09cf5 - std::panicking::try::do_call::h3bd5d0f6620ee946
[INFO] [stdout]                                at /rustc/82e1608dfa6e0b5569232559e3d385fea5a93112/library/std/src/panicking.rs:552:40
[INFO] [stdout]   29:     0x55e794c09cf5 - std::panicking::try::h232e535e4744fe31
[INFO] [stdout]                                at /rustc/82e1608dfa6e0b5569232559e3d385fea5a93112/library/std/src/panicking.rs:516:19
[INFO] [stdout]   30:     0x55e794c09cf5 - std::panic::catch_unwind::h3ce3bd6ca8dbac68
[INFO] [stdout]                                at /rustc/82e1608dfa6e0b5569232559e3d385fea5a93112/library/std/src/panic.rs:142:14
[INFO] [stdout]   31:     0x55e794c09cf5 - test::run_test_in_process::hc97b257c9621286a
[INFO] [stdout]                                at /rustc/82e1608dfa6e0b5569232559e3d385fea5a93112/library/test/src/lib.rs:651:27
[INFO] [stdout]   32:     0x55e794c09cf5 - test::run_test::{{closure}}::h2aa798823a438d38
[INFO] [stdout]                                at /rustc/82e1608dfa6e0b5569232559e3d385fea5a93112/library/test/src/lib.rs:574:43
[INFO] [stdout]   33:     0x55e794bd1fb6 - test::run_test::{{closure}}::h87d231c78fb59832
[INFO] [stdout]                                at /rustc/82e1608dfa6e0b5569232559e3d385fea5a93112/library/test/src/lib.rs:602:41
[INFO] [stdout]   34:     0x55e794bd1fb6 - std::sys_common::backtrace::__rust_begin_short_backtrace::he6df152596625789
[INFO] [stdout]                                at /rustc/82e1608dfa6e0b5569232559e3d385fea5a93112/library/std/src/sys_common/backtrace.rs:154:18
[INFO] [stdout]   35:     0x55e794bd7067 - std::thread::Builder::spawn_unchecked_::{{closure}}::{{closure}}::ha94be15d1e0acf36
[INFO] [stdout]                                at /rustc/82e1608dfa6e0b5569232559e3d385fea5a93112/library/std/src/thread/mod.rs:529:17
[INFO] [stdout]   36:     0x55e794bd7067 - <core::panic::unwind_safe::AssertUnwindSafe<F> as core::ops::function::FnOnce<()>>::call_once::h9dc6bd6372f16606
[INFO] [stdout]                                at /rustc/82e1608dfa6e0b5569232559e3d385fea5a93112/library/core/src/panic/unwind_safe.rs:272:9
[INFO] [stdout]   37:     0x55e794bd7067 - std::panicking::try::do_call::h9057517f80303cd4
[INFO] [stdout]                                at /rustc/82e1608dfa6e0b5569232559e3d385fea5a93112/library/std/src/panicking.rs:552:40
[INFO] [stdout]   38:     0x55e794bd7067 - std::panicking::try::he3a30b11ee45340c
[INFO] [stdout]                                at /rustc/82e1608dfa6e0b5569232559e3d385fea5a93112/library/std/src/panicking.rs:516:19
[INFO] [stdout]   39:     0x55e794bd7067 - std::panic::catch_unwind::h410458cfd3528b8b
[INFO] [stdout]                                at /rustc/82e1608dfa6e0b5569232559e3d385fea5a93112/library/std/src/panic.rs:142:14
[INFO] [stdout]   40:     0x55e794bd7067 - std::thread::Builder::spawn_unchecked_::{{closure}}::h72ac3bdb567b737b
[INFO] [stdout]                                at /rustc/82e1608dfa6e0b5569232559e3d385fea5a93112/library/std/src/thread/mod.rs:528:30
[INFO] [stdout]   41:     0x55e794bd7067 - core::ops::function::FnOnce::call_once{{vtable.shim}}::h38f34da3654a8344
[INFO] [stdout]                                at /rustc/82e1608dfa6e0b5569232559e3d385fea5a93112/library/core/src/ops/function.rs:250:5
[INFO] [stdout]   42:     0x55e794c3a0f5 - <alloc::boxed::Box<F,A> as core::ops::function::FnOnce<Args>>::call_once::hc7eafaff61e32df9
[INFO] [stdout]                                at /rustc/82e1608dfa6e0b5569232559e3d385fea5a93112/library/alloc/src/boxed.rs:2007:9
[INFO] [stdout]   43:     0x55e794c3a0f5 - <alloc::boxed::Box<F,A> as core::ops::function::FnOnce<Args>>::call_once::h6ba4a5de48dd2304
[INFO] [stdout]                                at /rustc/82e1608dfa6e0b5569232559e3d385fea5a93112/library/alloc/src/boxed.rs:2007:9
[INFO] [stdout]   44:     0x55e794c3a0f5 - std::sys::unix::thread::Thread::new::thread_start::he469335aef763e45
[INFO] [stdout]                                at /rustc/82e1608dfa6e0b5569232559e3d385fea5a93112/library/std/src/sys/unix/thread.rs:108:17
[INFO] [stdout]   45:     0x7fdbf37b5ac3 - <unknown>
[INFO] [stdout]   46:     0x7fdbf3846bf4 - __clone
[INFO] [stdout]   47:                0x0 - <unknown>
[INFO] [stdout] 
[INFO] [stdout] 
[INFO] [stdout] failures:
[INFO] [stdout]     thread::tests::test_schedule_and_run_all_cpus
[INFO] [stdout] 
[INFO] [stdout] test result: FAILED. 34 passed; 1 failed; 0 ignored; 0 measured; 0 filtered out; finished in 1.61s
[INFO] [stdout] 
[INFO] [stderr] error: test failed, to rerun pass `--lib`
[INFO] running `Command { std: "docker" "inspect" "c261ab8873b6d5eec356ef1566f9b8331c28852b995644839e2896faac02bd33", kill_on_drop: false }`
[INFO] running `Command { std: "docker" "rm" "-f" "c261ab8873b6d5eec356ef1566f9b8331c28852b995644839e2896faac02bd33", kill_on_drop: false }`
[INFO] [stdout] c261ab8873b6d5eec356ef1566f9b8331c28852b995644839e2896faac02bd33
[INFO] testing rustpool-0.0.1-beta against beta-2023-12-22 for beta-1.76-1
[INFO] extracting crate rustpool 0.0.1-beta into /workspace/builds/worker-1-tc2/source
[INFO] validating manifest of crates.io crate rustpool 0.0.1-beta on toolchain beta-2023-12-22
[INFO] running `Command { std: CARGO_HOME="/workspace/cargo-home" RUSTUP_HOME="/workspace/rustup-home" "/workspace/cargo-home/bin/cargo" "+beta-2023-12-22" "metadata" "--manifest-path" "Cargo.toml" "--no-deps", kill_on_drop: false }`
[INFO] started tweaking crates.io crate rustpool 0.0.1-beta
[INFO] removed 0 missing examples
[INFO] finished tweaking crates.io crate rustpool 0.0.1-beta
[INFO] tweaked toml for crates.io crate rustpool 0.0.1-beta written to /workspace/builds/worker-1-tc2/source/Cargo.toml
[INFO] crate crates.io crate rustpool 0.0.1-beta already has a lockfile, it will not be regenerated
[INFO] running `Command { std: CARGO_HOME="/workspace/cargo-home" RUSTUP_HOME="/workspace/rustup-home" "/workspace/cargo-home/bin/cargo" "+beta-2023-12-22" "fetch" "--manifest-path" "Cargo.toml", kill_on_drop: false }`
[INFO] running `Command { std: "docker" "create" "-v" "/var/lib/crater-agent-workspace/builds/worker-1-tc2/target:/opt/rustwide/target:rw,Z" "-v" "/var/lib/crater-agent-workspace/builds/worker-1-tc2/source:/opt/rustwide/workdir:ro,Z" "-v" "/var/lib/crater-agent-workspace/cargo-home:/opt/rustwide/cargo-home:ro,Z" "-v" "/var/lib/crater-agent-workspace/rustup-home:/opt/rustwide/rustup-home:ro,Z" "-e" "SOURCE_DIR=/opt/rustwide/workdir" "-e" "CARGO_TARGET_DIR=/opt/rustwide/target" "-e" "CARGO_HOME=/opt/rustwide/cargo-home" "-e" "RUSTUP_HOME=/opt/rustwide/rustup-home" "-w" "/opt/rustwide/workdir" "-m" "1610612736" "--user" "0:0" "--network" "none" "ghcr.io/rust-lang/crates-build-env/linux@sha256:2788e3201cd34a07e3172128adcd8b3090168a8e3bcc40d7c032b9dda1df7d1c" "/opt/rustwide/cargo-home/bin/cargo" "+beta-2023-12-22" "metadata" "--no-deps" "--format-version=1", kill_on_drop: false }`
[INFO] [stdout] e630b9e7b14f450ed93f00a6e9b5f9cd0be1e76d8fa798938f3593bdd6535c13
[INFO] running `Command { std: "docker" "start" "-a" "e630b9e7b14f450ed93f00a6e9b5f9cd0be1e76d8fa798938f3593bdd6535c13", kill_on_drop: false }`
[INFO] running `Command { std: "docker" "inspect" "e630b9e7b14f450ed93f00a6e9b5f9cd0be1e76d8fa798938f3593bdd6535c13", kill_on_drop: false }`
[INFO] running `Command { std: "docker" "rm" "-f" "e630b9e7b14f450ed93f00a6e9b5f9cd0be1e76d8fa798938f3593bdd6535c13", kill_on_drop: false }`
[INFO] [stdout] e630b9e7b14f450ed93f00a6e9b5f9cd0be1e76d8fa798938f3593bdd6535c13
[INFO] running `Command { std: "docker" "create" "-v" "/var/lib/crater-agent-workspace/builds/worker-1-tc2/target:/opt/rustwide/target:rw,Z" "-v" "/var/lib/crater-agent-workspace/builds/worker-1-tc2/source:/opt/rustwide/workdir:ro,Z" "-v" "/var/lib/crater-agent-workspace/cargo-home:/opt/rustwide/cargo-home:ro,Z" "-v" "/var/lib/crater-agent-workspace/rustup-home:/opt/rustwide/rustup-home:ro,Z" "-e" "SOURCE_DIR=/opt/rustwide/workdir" "-e" "CARGO_TARGET_DIR=/opt/rustwide/target" "-e" "CARGO_INCREMENTAL=0" "-e" "RUST_BACKTRACE=full" "-e" "RUSTFLAGS=--cap-lints=warn" "-e" "RUSTDOCFLAGS=--cap-lints=warn" "-e" "CARGO_HOME=/opt/rustwide/cargo-home" "-e" "RUSTUP_HOME=/opt/rustwide/rustup-home" "-w" "/opt/rustwide/workdir" "-m" "1610612736" "--user" "0:0" "--network" "none" "ghcr.io/rust-lang/crates-build-env/linux@sha256:2788e3201cd34a07e3172128adcd8b3090168a8e3bcc40d7c032b9dda1df7d1c" "/opt/rustwide/cargo-home/bin/cargo" "+beta-2023-12-22" "build" "--frozen" "--message-format=json", kill_on_drop: false }`
[INFO] [stdout] d81cd5127fd97421a8aafe69095a0df2d0d845724507c69adc2e781fff46ac6f
[INFO] running `Command { std: "docker" "start" "-a" "d81cd5127fd97421a8aafe69095a0df2d0d845724507c69adc2e781fff46ac6f", kill_on_drop: false }`
[INFO] [stderr]    Compiling libc v0.2.97
[INFO] [stderr]    Compiling rustpool v0.0.1-beta (/opt/rustwide/workdir)
[INFO] [stdout] warning: unused return value of `Box::<T>::from_raw` that must be used
[INFO] [stdout]   --> src/atomic_circular_buffer.rs:45:17
[INFO] [stdout]    |
[INFO] [stdout] 45 |                 Box::from_raw(ptr as *mut T);
[INFO] [stdout]    |                 ^^^^^^^^^^^^^^^^^^^^^^^^^^^^
[INFO] [stdout]    |
[INFO] [stdout]    = note: call `drop(Box::from_raw(ptr))` if you intend to drop the `Box`
[INFO] [stdout]    = note: `#[warn(unused_must_use)]` on by default
[INFO] [stdout] help: use `let _ = ...` to ignore the resulting value
[INFO] [stdout]    |
[INFO] [stdout] 45 |                 let _ = Box::from_raw(ptr as *mut T);
[INFO] [stdout]    |                 +++++++
[INFO] [stdout] 
[INFO] [stdout] 
[INFO] [stdout] warning: unused return value of `Box::<T>::from_raw` that must be used
[INFO] [stdout]    --> src/blocking_queue.rs:153:13
[INFO] [stdout]     |
[INFO] [stdout] 153 |             Box::from_raw(self.buffer);
[INFO] [stdout]     |             ^^^^^^^^^^^^^^^^^^^^^^^^^^
[INFO] [stdout]     |
[INFO] [stdout]     = note: call `drop(Box::from_raw(ptr))` if you intend to drop the `Box`
[INFO] [stdout] help: use `let _ = ...` to ignore the resulting value
[INFO] [stdout]     |
[INFO] [stdout] 153 |             let _ = Box::from_raw(self.buffer);
[INFO] [stdout]     |             +++++++
[INFO] [stdout] 
[INFO] [stdout] 
[INFO] [stdout] warning: unused return value of `Box::<T>::from_raw` that must be used
[INFO] [stdout]    --> src/circular_buffer.rs:116:17
[INFO] [stdout]     |
[INFO] [stdout] 116 |                 Box::from_raw(ptr);
[INFO] [stdout]     |                 ^^^^^^^^^^^^^^^^^^
[INFO] [stdout]     |
[INFO] [stdout]     = note: call `drop(Box::from_raw(ptr))` if you intend to drop the `Box`
[INFO] [stdout] help: use `let _ = ...` to ignore the resulting value
[INFO] [stdout]     |
[INFO] [stdout] 116 |                 let _ = Box::from_raw(ptr);
[INFO] [stdout]     |                 +++++++
[INFO] [stdout] 
[INFO] [stdout] 
[INFO] [stdout] warning: 3 warnings emitted
[INFO] [stdout] 
[INFO] [stdout] 
[INFO] [stderr]     Finished dev [unoptimized + debuginfo] target(s) in 0.80s
[INFO] running `Command { std: "docker" "inspect" "d81cd5127fd97421a8aafe69095a0df2d0d845724507c69adc2e781fff46ac6f", kill_on_drop: false }`
[INFO] running `Command { std: "docker" "rm" "-f" "d81cd5127fd97421a8aafe69095a0df2d0d845724507c69adc2e781fff46ac6f", kill_on_drop: false }`
[INFO] [stdout] d81cd5127fd97421a8aafe69095a0df2d0d845724507c69adc2e781fff46ac6f
[INFO] running `Command { std: "docker" "create" "-v" "/var/lib/crater-agent-workspace/builds/worker-1-tc2/target:/opt/rustwide/target:rw,Z" "-v" "/var/lib/crater-agent-workspace/builds/worker-1-tc2/source:/opt/rustwide/workdir:ro,Z" "-v" "/var/lib/crater-agent-workspace/cargo-home:/opt/rustwide/cargo-home:ro,Z" "-v" "/var/lib/crater-agent-workspace/rustup-home:/opt/rustwide/rustup-home:ro,Z" "-e" "SOURCE_DIR=/opt/rustwide/workdir" "-e" "CARGO_TARGET_DIR=/opt/rustwide/target" "-e" "CARGO_INCREMENTAL=0" "-e" "RUST_BACKTRACE=full" "-e" "RUSTFLAGS=--cap-lints=warn" "-e" "RUSTDOCFLAGS=--cap-lints=warn" "-e" "CARGO_HOME=/opt/rustwide/cargo-home" "-e" "RUSTUP_HOME=/opt/rustwide/rustup-home" "-w" "/opt/rustwide/workdir" "-m" "1610612736" "--user" "0:0" "--network" "none" "ghcr.io/rust-lang/crates-build-env/linux@sha256:2788e3201cd34a07e3172128adcd8b3090168a8e3bcc40d7c032b9dda1df7d1c" "/opt/rustwide/cargo-home/bin/cargo" "+beta-2023-12-22" "test" "--frozen" "--no-run" "--message-format=json", kill_on_drop: false }`
[INFO] [stdout] 3e5363aaaceeda040f88ae6bc37dd8278485d567e6eefe94a0ea3af2226a67e5
[INFO] running `Command { std: "docker" "start" "-a" "3e5363aaaceeda040f88ae6bc37dd8278485d567e6eefe94a0ea3af2226a67e5", kill_on_drop: false }`
[INFO] [stdout] warning: unused return value of `Box::<T>::from_raw` that must be used
[INFO] [stdout]   --> src/atomic_circular_buffer.rs:45:17
[INFO] [stdout]    |
[INFO] [stdout] 45 |                 Box::from_raw(ptr as *mut T);
[INFO] [stdout]    |                 ^^^^^^^^^^^^^^^^^^^^^^^^^^^^
[INFO] [stdout]    |
[INFO] [stdout]    = note: call `drop(Box::from_raw(ptr))` if you intend to drop the `Box`
[INFO] [stdout]    = note: `#[warn(unused_must_use)]` on by default
[INFO] [stdout] help: use `let _ = ...` to ignore the resulting value
[INFO] [stdout]    |
[INFO] [stdout] 45 |                 let _ = Box::from_raw(ptr as *mut T);
[INFO] [stdout]    |                 +++++++
[INFO] [stdout] 
[INFO] [stdout] 
[INFO] [stdout] warning: unused return value of `Box::<T>::from_raw` that must be used
[INFO] [stdout]    --> src/blocking_queue.rs:153:13
[INFO] [stdout]     |
[INFO] [stdout] 153 |             Box::from_raw(self.buffer);
[INFO] [stdout]     |             ^^^^^^^^^^^^^^^^^^^^^^^^^^
[INFO] [stdout]     |
[INFO] [stdout]     = note: call `drop(Box::from_raw(ptr))` if you intend to drop the `Box`
[INFO] [stdout] help: use `let _ = ...` to ignore the resulting value
[INFO] [stdout]     |
[INFO] [stdout] 153 |             let _ = Box::from_raw(self.buffer);
[INFO] [stdout]     |             +++++++
[INFO] [stdout] 
[INFO] [stdout] 
[INFO] [stderr]    Compiling rustpool v0.0.1-beta (/opt/rustwide/workdir)
[INFO] [stdout] warning: unused return value of `Box::<T>::from_raw` that must be used
[INFO] [stdout]    --> src/circular_buffer.rs:116:17
[INFO] [stdout]     |
[INFO] [stdout] 116 |                 Box::from_raw(ptr);
[INFO] [stdout]     |                 ^^^^^^^^^^^^^^^^^^
[INFO] [stdout]     |
[INFO] [stdout]     = note: call `drop(Box::from_raw(ptr))` if you intend to drop the `Box`
[INFO] [stdout] help: use `let _ = ...` to ignore the resulting value
[INFO] [stdout]     |
[INFO] [stdout] 116 |                 let _ = Box::from_raw(ptr);
[INFO] [stdout]     |                 +++++++
[INFO] [stdout] 
[INFO] [stdout] 
[INFO] [stdout] warning: 3 warnings emitted
[INFO] [stdout] 
[INFO] [stdout] 
[INFO] [stdout] warning: unused return value of `Box::<T>::from_raw` that must be used
[INFO] [stdout]   --> src/atomic_circular_buffer.rs:45:17
[INFO] [stdout]    |
[INFO] [stdout] 45 |                 Box::from_raw(ptr as *mut T);
[INFO] [stdout]    |                 ^^^^^^^^^^^^^^^^^^^^^^^^^^^^
[INFO] [stdout]    |
[INFO] [stdout]    = note: call `drop(Box::from_raw(ptr))` if you intend to drop the `Box`
[INFO] [stdout]    = note: `#[warn(unused_must_use)]` on by default
[INFO] [stdout] help: use `let _ = ...` to ignore the resulting value
[INFO] [stdout]    |
[INFO] [stdout] 45 |                 let _ = Box::from_raw(ptr as *mut T);
[INFO] [stdout]    |                 +++++++
[INFO] [stdout] 
[INFO] [stdout] 
[INFO] [stdout] warning: unused return value of `Box::<T>::from_raw` that must be used
[INFO] [stdout]    --> src/blocking_queue.rs:153:13
[INFO] [stdout]     |
[INFO] [stdout] 153 |             Box::from_raw(self.buffer);
[INFO] [stdout]     |             ^^^^^^^^^^^^^^^^^^^^^^^^^^
[INFO] [stdout]     |
[INFO] [stdout]     = note: call `drop(Box::from_raw(ptr))` if you intend to drop the `Box`
[INFO] [stdout] help: use `let _ = ...` to ignore the resulting value
[INFO] [stdout]     |
[INFO] [stdout] 153 |             let _ = Box::from_raw(self.buffer);
[INFO] [stdout]     |             +++++++
[INFO] [stdout] 
[INFO] [stdout] 
[INFO] [stdout] warning: unused return value of `Box::<T>::from_raw` that must be used
[INFO] [stdout]    --> src/circular_buffer.rs:116:17
[INFO] [stdout]     |
[INFO] [stdout] 116 |                 Box::from_raw(ptr);
[INFO] [stdout]     |                 ^^^^^^^^^^^^^^^^^^
[INFO] [stdout]     |
[INFO] [stdout]     = note: call `drop(Box::from_raw(ptr))` if you intend to drop the `Box`
[INFO] [stdout] help: use `let _ = ...` to ignore the resulting value
[INFO] [stdout]     |
[INFO] [stdout] 116 |                 let _ = Box::from_raw(ptr);
[INFO] [stdout]     |                 +++++++
[INFO] [stdout] 
[INFO] [stdout] 
[INFO] [stdout] warning: 3 warnings emitted
[INFO] [stdout] 
[INFO] [stdout] 
[INFO] [stderr]     Finished test [unoptimized + debuginfo] target(s) in 1.17s
[INFO] running `Command { std: "docker" "inspect" "3e5363aaaceeda040f88ae6bc37dd8278485d567e6eefe94a0ea3af2226a67e5", kill_on_drop: false }`
[INFO] running `Command { std: "docker" "rm" "-f" "3e5363aaaceeda040f88ae6bc37dd8278485d567e6eefe94a0ea3af2226a67e5", kill_on_drop: false }`
[INFO] [stdout] 3e5363aaaceeda040f88ae6bc37dd8278485d567e6eefe94a0ea3af2226a67e5
[INFO] running `Command { std: "docker" "create" "-v" "/var/lib/crater-agent-workspace/builds/worker-1-tc2/target:/opt/rustwide/target:rw,Z" "-v" "/var/lib/crater-agent-workspace/builds/worker-1-tc2/source:/opt/rustwide/workdir:ro,Z" "-v" "/var/lib/crater-agent-workspace/cargo-home:/opt/rustwide/cargo-home:ro,Z" "-v" "/var/lib/crater-agent-workspace/rustup-home:/opt/rustwide/rustup-home:ro,Z" "-e" "SOURCE_DIR=/opt/rustwide/workdir" "-e" "CARGO_TARGET_DIR=/opt/rustwide/target" "-e" "CARGO_INCREMENTAL=0" "-e" "RUST_BACKTRACE=full" "-e" "RUSTFLAGS=--cap-lints=warn" "-e" "RUSTDOCFLAGS=--cap-lints=warn" "-e" "CARGO_HOME=/opt/rustwide/cargo-home" "-e" "RUSTUP_HOME=/opt/rustwide/rustup-home" "-w" "/opt/rustwide/workdir" "-m" "1610612736" "--user" "0:0" "--network" "none" "ghcr.io/rust-lang/crates-build-env/linux@sha256:2788e3201cd34a07e3172128adcd8b3090168a8e3bcc40d7c032b9dda1df7d1c" "/opt/rustwide/cargo-home/bin/cargo" "+beta-2023-12-22" "test" "--frozen", kill_on_drop: false }`
[INFO] [stdout] 7a0a35d1c56ed3161cbbcd68ee3ed2c3381405b02a16372cf6edf22169d72fee
[INFO] running `Command { std: "docker" "start" "-a" "7a0a35d1c56ed3161cbbcd68ee3ed2c3381405b02a16372cf6edf22169d72fee", kill_on_drop: false }`
[INFO] [stderr] warning: unused return value of `Box::<T>::from_raw` that must be used
[INFO] [stderr]   --> src/atomic_circular_buffer.rs:45:17
[INFO] [stderr]    |
[INFO] [stderr] 45 |                 Box::from_raw(ptr as *mut T);
[INFO] [stderr]    |                 ^^^^^^^^^^^^^^^^^^^^^^^^^^^^
[INFO] [stderr]    |
[INFO] [stderr]    = note: call `drop(Box::from_raw(ptr))` if you intend to drop the `Box`
[INFO] [stderr]    = note: `#[warn(unused_must_use)]` on by default
[INFO] [stderr] help: use `let _ = ...` to ignore the resulting value
[INFO] [stderr]    |
[INFO] [stderr] 45 |                 let _ = Box::from_raw(ptr as *mut T);
[INFO] [stderr]    |                 +++++++
[INFO] [stderr] 
[INFO] [stderr] warning: unused return value of `Box::<T>::from_raw` that must be used
[INFO] [stderr]    --> src/blocking_queue.rs:153:13
[INFO] [stderr]     |
[INFO] [stderr] 153 |             Box::from_raw(self.buffer);
[INFO] [stderr]     |             ^^^^^^^^^^^^^^^^^^^^^^^^^^
[INFO] [stderr]     |
[INFO] [stderr]     = note: call `drop(Box::from_raw(ptr))` if you intend to drop the `Box`
[INFO] [stderr] help: use `let _ = ...` to ignore the resulting value
[INFO] [stderr]     |
[INFO] [stderr] 153 |             let _ = Box::from_raw(self.buffer);
[INFO] [stderr]     |             +++++++
[INFO] [stderr] 
[INFO] [stderr] warning: unused return value of `Box::<T>::from_raw` that must be used
[INFO] [stderr]    --> src/circular_buffer.rs:116:17
[INFO] [stderr]     |
[INFO] [stderr] 116 |                 Box::from_raw(ptr);
[INFO] [stderr]     |                 ^^^^^^^^^^^^^^^^^^
[INFO] [stderr]     |
[INFO] [stderr]     = note: call `drop(Box::from_raw(ptr))` if you intend to drop the `Box`
[INFO] [stderr] help: use `let _ = ...` to ignore the resulting value
[INFO] [stderr]     |
[INFO] [stderr] 116 |                 let _ = Box::from_raw(ptr);
[INFO] [stderr]     |                 +++++++
[INFO] [stderr] 
[INFO] [stderr] warning: `rustpool` (lib) generated 3 warnings
[INFO] [stderr] warning: `rustpool` (lib test) generated 3 warnings (3 duplicates)
[INFO] [stderr]     Finished test [unoptimized + debuginfo] target(s) in 0.01s
[INFO] [stderr]      Running unittests src/lib.rs (/opt/rustwide/target/debug/deps/rustpool-474e866f65bb62b9)
[INFO] [stdout] 
[INFO] [stdout] running 35 tests
[INFO] [stdout] test atomic_circular_buffer::tests::test_acb_add ... ok
[INFO] [stdout] test atomic_circular_buffer::tests::test_acb_offer_overflow ... ok
[INFO] [stdout] test atomic_circular_buffer::tests::test_acb_take_all_offer_all ... ok
[INFO] [stdout] test atomic_circular_buffer::tests::test_acb_take_offer ... ok
[INFO] [stdout] test atomic_circular_buffer::tests::test_acb_take_serial ... ok
[INFO] [stdout] test atomic_queue::tests::test_aq_take_offer ... ok
[INFO] [stdout] test atomic_circular_buffer::tests::test_own_test ... ok
[INFO] [stdout] test blocking_queue::tests::test_bq_over_limit ... ok
[INFO] [stdout] test circular_buffer::tests::test_cb_add_full ... ok
[INFO] [stdout] test circular_buffer::tests::test_cb_add_take ... ok
[INFO] [stdout] test blocking_queue::tests::test_bq_take_and_offer ... ok
[INFO] [stdout] test atomic_circular_buffer::tests::test_acb_mt_take_offer ... ok
[INFO] [stdout] test blocking_queue::tests::test_bq_take ... ok
[INFO] [stdout] test blocking_queue::tests::test_bq_take_threads ... ok
[INFO] [stdout] test circular_buffer::tests::test_cb_offer_full ... ok
[INFO] [stdout] test object::tests::obj_builder_create_atomic ... ok
[INFO] [stdout] test object::tests::obj_builder_create_atomic_arc ... ok
[INFO] [stdout] test circular_buffer::tests::test_cb_take_offer ... ok
[INFO] [stdout] test object::tests::obj_builder_create_blocking_arc ... ok
[INFO] [stdout] test object::tests::obj_builder_create_blocking ... ok
[INFO] [stdout] test thread::tests::test_create_empty_thread_pool ... ok
[INFO] [stdout] test thread::tests::test_builf_fail_all_and_target_cpus ... ok
[INFO] [stdout] test thread::tests::test_fail_no_cpu ... ok
[INFO] [stdout] test thread::tests::test_get_cpu_ids ... ok
[INFO] [stdout] test thread::tests::test_build_thread_pool_target_cpu ... ok
[INFO] [stdout] test thread::tests::test_build_with_threads ... ok
[INFO] [stdout] test blocking_queue::tests::test_bq_mt_take_offer ... ok
[INFO] [stdout] test thread::tests::test_schedule_and_run_all_cpus ... ok
[INFO] [stdout] test blocking_queue::tests::test_bq_over_limit_block ... ok
[INFO] [stdout] test thread::tests::test_get_cpu_numa_node ... ok
[INFO] [stdout] test thread::tests::test_get_cpus_with_nodes ... ok
[INFO] [stdout] test thread::tests::test_schedule_and_run_single_cpu ... ok
[INFO] [stdout] test thread::tests::test_add_thread_single_cpu ... ok
[INFO] [stdout] test thread::tests::test_fail_add_thread_invalid_cpu - should panic ... ok
[INFO] [stdout] test thread::tests::test_add_thread_all_valid_cpu ... ok
[INFO] [stdout] 
[INFO] [stdout] test result: ok. 35 passed; 0 failed; 0 ignored; 0 measured; 0 filtered out; finished in 1.41s
[INFO] [stdout] 
[INFO] [stderr]    Doc-tests rustpool
[INFO] [stdout] 
[INFO] [stdout] running 3 tests
[INFO] [stdout] test src/atomic_queue.rs - atomic_queue::AtomicQueue<'a,T> (line 16) ... ok
[INFO] [stdout] test src/blocking_queue.rs - blocking_queue::BlockingQueue<'a,T> (line 16) ... ok
[INFO] [stdout] test src/thread.rs - thread::ThreadPoolBuilder (line 49) ... ok
[INFO] [stdout] 
[INFO] [stdout] test result: ok. 3 passed; 0 failed; 0 ignored; 0 measured; 0 filtered out; finished in 1.25s
[INFO] [stdout] 
[INFO] running `Command { std: "docker" "inspect" "7a0a35d1c56ed3161cbbcd68ee3ed2c3381405b02a16372cf6edf22169d72fee", kill_on_drop: false }`
[INFO] running `Command { std: "docker" "rm" "-f" "7a0a35d1c56ed3161cbbcd68ee3ed2c3381405b02a16372cf6edf22169d72fee", kill_on_drop: false }`
[INFO] [stdout] 7a0a35d1c56ed3161cbbcd68ee3ed2c3381405b02a16372cf6edf22169d72fee
