[INFO] fetching crate rearch 0.4.1...
[INFO] testing rearch-0.4.1 against 1.75.0 for beta-1.76-1
[INFO] extracting crate rearch 0.4.1 into /workspace/builds/worker-5-tc1/source
[INFO] validating manifest of crates.io crate rearch 0.4.1 on toolchain 1.75.0
[INFO] running `Command { std: CARGO_HOME="/workspace/cargo-home" RUSTUP_HOME="/workspace/rustup-home" "/workspace/cargo-home/bin/cargo" "+1.75.0" "metadata" "--manifest-path" "Cargo.toml" "--no-deps", kill_on_drop: false }`
[INFO] started tweaking crates.io crate rearch 0.4.1
[INFO] finished tweaking crates.io crate rearch 0.4.1
[INFO] tweaked toml for crates.io crate rearch 0.4.1 written to /workspace/builds/worker-5-tc1/source/Cargo.toml
[INFO] crate crates.io crate rearch 0.4.1 already has a lockfile, it will not be regenerated
[INFO] running `Command { std: CARGO_HOME="/workspace/cargo-home" RUSTUP_HOME="/workspace/rustup-home" "/workspace/cargo-home/bin/cargo" "+1.75.0" "fetch" "--manifest-path" "Cargo.toml", kill_on_drop: false }`
[INFO] [stderr]     Updating crates.io index
[INFO] [stderr]  Downloading crates ...
[INFO] [stderr]   Downloaded rearch-macros v0.4.0
[INFO] [stderr]   Downloaded sptr v0.3.2
[INFO] [stderr]   Downloaded concread v0.4.3
[INFO] running `Command { std: "docker" "create" "-v" "/var/lib/crater-agent-workspace/builds/worker-5-tc1/target:/opt/rustwide/target:rw,Z" "-v" "/var/lib/crater-agent-workspace/builds/worker-5-tc1/source:/opt/rustwide/workdir:ro,Z" "-v" "/var/lib/crater-agent-workspace/cargo-home:/opt/rustwide/cargo-home:ro,Z" "-v" "/var/lib/crater-agent-workspace/rustup-home:/opt/rustwide/rustup-home:ro,Z" "-e" "SOURCE_DIR=/opt/rustwide/workdir" "-e" "CARGO_TARGET_DIR=/opt/rustwide/target" "-e" "CARGO_HOME=/opt/rustwide/cargo-home" "-e" "RUSTUP_HOME=/opt/rustwide/rustup-home" "-w" "/opt/rustwide/workdir" "-m" "1610612736" "--user" "0:0" "--network" "none" "ghcr.io/rust-lang/crates-build-env/linux@sha256:2788e3201cd34a07e3172128adcd8b3090168a8e3bcc40d7c032b9dda1df7d1c" "/opt/rustwide/cargo-home/bin/cargo" "+1.75.0" "metadata" "--no-deps" "--format-version=1", kill_on_drop: false }`
[INFO] [stdout] bd791ea448092cb5c9cd77388f9b95b280d816b4a66848f62c9e17d8d46bf265
[INFO] running `Command { std: "docker" "start" "-a" "bd791ea448092cb5c9cd77388f9b95b280d816b4a66848f62c9e17d8d46bf265", kill_on_drop: false }`
[INFO] running `Command { std: "docker" "inspect" "bd791ea448092cb5c9cd77388f9b95b280d816b4a66848f62c9e17d8d46bf265", kill_on_drop: false }`
[INFO] running `Command { std: "docker" "rm" "-f" "bd791ea448092cb5c9cd77388f9b95b280d816b4a66848f62c9e17d8d46bf265", kill_on_drop: false }`
[INFO] [stdout] bd791ea448092cb5c9cd77388f9b95b280d816b4a66848f62c9e17d8d46bf265
[INFO] running `Command { std: "docker" "create" "-v" "/var/lib/crater-agent-workspace/builds/worker-5-tc1/target:/opt/rustwide/target:rw,Z" "-v" "/var/lib/crater-agent-workspace/builds/worker-5-tc1/source:/opt/rustwide/workdir:ro,Z" "-v" "/var/lib/crater-agent-workspace/cargo-home:/opt/rustwide/cargo-home:ro,Z" "-v" "/var/lib/crater-agent-workspace/rustup-home:/opt/rustwide/rustup-home:ro,Z" "-e" "SOURCE_DIR=/opt/rustwide/workdir" "-e" "CARGO_TARGET_DIR=/opt/rustwide/target" "-e" "CARGO_INCREMENTAL=0" "-e" "RUST_BACKTRACE=full" "-e" "RUSTFLAGS=--cap-lints=warn" "-e" "RUSTDOCFLAGS=--cap-lints=warn" "-e" "CARGO_HOME=/opt/rustwide/cargo-home" "-e" "RUSTUP_HOME=/opt/rustwide/rustup-home" "-w" "/opt/rustwide/workdir" "-m" "1610612736" "--user" "0:0" "--network" "none" "ghcr.io/rust-lang/crates-build-env/linux@sha256:2788e3201cd34a07e3172128adcd8b3090168a8e3bcc40d7c032b9dda1df7d1c" "/opt/rustwide/cargo-home/bin/cargo" "+1.75.0" "build" "--frozen" "--message-format=json", kill_on_drop: false }`
[INFO] [stdout] f29c293a54077aeeb5fb277a44aff3e3fbdc3539317fe49e48b05d46730c92bc
[INFO] running `Command { std: "docker" "start" "-a" "f29c293a54077aeeb5fb277a44aff3e3fbdc3539317fe49e48b05d46730c92bc", kill_on_drop: false }`
[INFO] [stderr]    Compiling proc-macro2 v1.0.69
[INFO] [stderr]    Compiling unicode-ident v1.0.12
[INFO] [stderr]    Compiling once_cell v1.18.0
[INFO] [stderr]    Compiling crossbeam-utils v0.8.16
[INFO] [stderr]    Compiling pin-project-lite v0.2.13
[INFO] [stderr]    Compiling cfg-if v1.0.0
[INFO] [stderr]    Compiling paste v1.0.14
[INFO] [stderr]    Compiling smallvec v1.11.1
[INFO] [stderr]    Compiling sptr v0.3.2
[INFO] [stderr]    Compiling dyn-clone v1.0.16
[INFO] [stderr]    Compiling tracing-core v0.1.32
[INFO] [stderr]    Compiling quote v1.0.33
[INFO] [stderr]    Compiling syn v2.0.39
[INFO] [stderr]    Compiling tracing-attributes v0.1.27
[INFO] [stderr]    Compiling rearch-macros v0.4.0
[INFO] [stderr]    Compiling tracing v0.1.40
[INFO] [stderr]    Compiling concread v0.4.3
[INFO] [stderr]    Compiling rearch v0.4.1 (/opt/rustwide/workdir)
[INFO] [stdout] error[E0658]: cannot cast `dyn CapsuleData` to `dyn Any`, trait upcasting coercion is experimental
[INFO] [stdout]   --> src/capsule_reader.rs:55:41
[INFO] [stdout]    |
[INFO] [stdout] 55 |                   let any: Box<dyn Any> = mocks
[INFO] [stdout]    |  _________________________________________^
[INFO] [stdout] 56 | |                     .get(&id)
[INFO] [stdout] 57 | |                     .unwrap_or_else(|| {
[INFO] [stdout] 58 | |                         panic!(
[INFO] [stdout] ...  |
[INFO] [stdout] 63 | |                     })
[INFO] [stdout] 64 | |                     .clone();
[INFO] [stdout]    | |____________________________^
[INFO] [stdout]    |
[INFO] [stdout]    = note: see issue #65991 <https://github.com/rust-lang/rust/issues/65991> for more information
[INFO] [stdout]    = note: required when coercing `Box<dyn CapsuleData>` into `Box<(dyn Any + 'static)>`
[INFO] [stdout] 
[INFO] [stdout] 
[INFO] [stdout] error[E0658]: cannot cast `dyn CapsuleData` to `dyn Any`, trait upcasting coercion is experimental
[INFO] [stdout]   --> src/txn.rs:31:38
[INFO] [stdout]    |
[INFO] [stdout] 31 |             let data: Box<dyn Any> = data.clone();
[INFO] [stdout]    |                                      ^^^^^^^^^^^^
[INFO] [stdout]    |
[INFO] [stdout]    = note: see issue #65991 <https://github.com/rust-lang/rust/issues/65991> for more information
[INFO] [stdout]    = note: required when coercing `Box<dyn CapsuleData>` into `Box<(dyn Any + 'static)>`
[INFO] [stdout] 
[INFO] [stdout] 
[INFO] [stdout] error[E0658]: cannot cast `dyn CapsuleData` to `dyn Any`, trait upcasting coercion is experimental
[INFO] [stdout]    --> src/txn.rs:176:38
[INFO] [stdout]     |
[INFO] [stdout] 176 |             let data: Box<dyn Any> = data.clone();
[INFO] [stdout]     |                                      ^^^^^^^^^^^^
[INFO] [stdout]     |
[INFO] [stdout]     = note: see issue #65991 <https://github.com/rust-lang/rust/issues/65991> for more information
[INFO] [stdout]     = note: required when coercing `Box<dyn CapsuleData>` into `Box<(dyn Any + 'static)>`
[INFO] [stdout] 
[INFO] [stdout] 
[INFO] [stdout] error[E0658]: cannot cast `dyn CapsuleData` to `dyn Any`, trait upcasting coercion is experimental
[INFO] [stdout]    --> src/lib.rs:427:41
[INFO] [stdout]     |
[INFO] [stdout] 427 |                 let any: Box<dyn Any> = old_data;
[INFO] [stdout]     |                                         ^^^^^^^^
[INFO] [stdout]     |
[INFO] [stdout]     = note: see issue #65991 <https://github.com/rust-lang/rust/issues/65991> for more information
[INFO] [stdout]     = note: required when coercing `Box<dyn CapsuleData>` into `Box<(dyn Any + 'static)>`
[INFO] [stdout] 
[INFO] [stdout] 
[INFO] [stdout] error: aborting due to 4 previous errors
[INFO] [stdout] 
[INFO] [stdout] 
[INFO] [stdout] For more information about this error, try `rustc --explain E0658`.
[INFO] [stdout] 
[INFO] [stderr] error: could not compile `rearch` (lib) due to 5 previous errors
[INFO] running `Command { std: "docker" "inspect" "f29c293a54077aeeb5fb277a44aff3e3fbdc3539317fe49e48b05d46730c92bc", kill_on_drop: false }`
[INFO] running `Command { std: "docker" "rm" "-f" "f29c293a54077aeeb5fb277a44aff3e3fbdc3539317fe49e48b05d46730c92bc", kill_on_drop: false }`
[INFO] [stdout] f29c293a54077aeeb5fb277a44aff3e3fbdc3539317fe49e48b05d46730c92bc
