[INFO] fetching crate kitsune_p2p_types 0.2.3...
[INFO] testing kitsune_p2p_types-0.2.3 against 1.75.0 for beta-1.76-1
[INFO] extracting crate kitsune_p2p_types 0.2.3 into /workspace/builds/worker-0-tc1/source
[INFO] validating manifest of crates.io crate kitsune_p2p_types 0.2.3 on toolchain 1.75.0
[INFO] running `Command { std: CARGO_HOME="/workspace/cargo-home" RUSTUP_HOME="/workspace/rustup-home" "/workspace/cargo-home/bin/cargo" "+1.75.0" "metadata" "--manifest-path" "Cargo.toml" "--no-deps", kill_on_drop: false }`
[INFO] started tweaking crates.io crate kitsune_p2p_types 0.2.3
[INFO] finished tweaking crates.io crate kitsune_p2p_types 0.2.3
[INFO] tweaked toml for crates.io crate kitsune_p2p_types 0.2.3 written to /workspace/builds/worker-0-tc1/source/Cargo.toml
[INFO] crate crates.io crate kitsune_p2p_types 0.2.3 already has a lockfile, it will not be regenerated
[INFO] running `Command { std: CARGO_HOME="/workspace/cargo-home" RUSTUP_HOME="/workspace/rustup-home" "/workspace/cargo-home/bin/cargo" "+1.75.0" "fetch" "--manifest-path" "Cargo.toml", kill_on_drop: false }`
[INFO] [stderr]  Downloading crates ...
[INFO] [stderr]   Downloaded serde v1.0.166
[INFO] [stderr]   Downloaded kitsune_p2p_bin_data v0.2.3
[INFO] [stderr]   Downloaded holochain_util v0.2.3
[INFO] [stderr]   Downloaded kitsune_p2p_block v0.2.3
[INFO] [stderr]   Downloaded windows-targets v0.48.3
[INFO] [stderr]   Downloaded kitsune_p2p_timestamp v0.2.3
[INFO] [stderr]   Downloaded simba v0.5.1
[INFO] [stderr]   Downloaded intervallum v1.4.0
[INFO] [stderr]   Downloaded kitsune_p2p_dht_arc v0.2.3
[INFO] [stderr]   Downloaded hashlink v0.8.3
[INFO] [stderr]   Downloaded kitsune_p2p_dht v0.2.3
[INFO] [stderr]   Downloaded winnow v0.5.14
[INFO] [stderr]   Downloaded windows_aarch64_gnullvm v0.48.3
[INFO] [stderr]   Downloaded windows_aarch64_msvc v0.48.3
[INFO] [stderr]   Downloaded windows_x86_64_gnu v0.48.3
[INFO] [stderr]   Downloaded openssl-src v111.27.0+1.1.1v
[INFO] [stderr]   Downloaded windows_i686_msvc v0.48.3
[INFO] [stderr]   Downloaded windows_i686_gnu v0.48.3
[INFO] [stderr]   Downloaded windows_x86_64_msvc v0.48.3
[INFO] [stderr]   Downloaded windows_x86_64_gnullvm v0.48.3
[INFO] [stderr]   Downloaded nalgebra v0.27.1
[INFO] [stderr]   Downloaded serde_derive v1.0.166
[INFO] [stderr]   Downloaded sysinfo v0.27.8
[INFO] [stderr]   Downloaded inferno v0.11.16
[INFO] [stderr]   Downloaded statrs v0.15.0
[INFO] [stderr]   Downloaded openssl-sys v0.9.91
[INFO] [stderr]   Downloaded holochain_trace v0.2.3
[INFO] running `Command { std: "docker" "create" "-v" "/var/lib/crater-agent-workspace/builds/worker-0-tc1/target:/opt/rustwide/target:rw,Z" "-v" "/var/lib/crater-agent-workspace/builds/worker-0-tc1/source:/opt/rustwide/workdir:ro,Z" "-v" "/var/lib/crater-agent-workspace/cargo-home:/opt/rustwide/cargo-home:ro,Z" "-v" "/var/lib/crater-agent-workspace/rustup-home:/opt/rustwide/rustup-home:ro,Z" "-e" "SOURCE_DIR=/opt/rustwide/workdir" "-e" "CARGO_TARGET_DIR=/opt/rustwide/target" "-e" "CARGO_HOME=/opt/rustwide/cargo-home" "-e" "RUSTUP_HOME=/opt/rustwide/rustup-home" "-w" "/opt/rustwide/workdir" "-m" "1610612736" "--user" "0:0" "--network" "none" "ghcr.io/rust-lang/crates-build-env/linux@sha256:2788e3201cd34a07e3172128adcd8b3090168a8e3bcc40d7c032b9dda1df7d1c" "/opt/rustwide/cargo-home/bin/cargo" "+1.75.0" "metadata" "--no-deps" "--format-version=1", kill_on_drop: false }`
[INFO] [stdout] b6ae8e600c61b59dcac3bc0a0950e14bbb7d81fd949ddd267e52593487bd5001
[INFO] running `Command { std: "docker" "start" "-a" "b6ae8e600c61b59dcac3bc0a0950e14bbb7d81fd949ddd267e52593487bd5001", kill_on_drop: false }`
[INFO] running `Command { std: "docker" "inspect" "b6ae8e600c61b59dcac3bc0a0950e14bbb7d81fd949ddd267e52593487bd5001", kill_on_drop: false }`
[INFO] running `Command { std: "docker" "rm" "-f" "b6ae8e600c61b59dcac3bc0a0950e14bbb7d81fd949ddd267e52593487bd5001", kill_on_drop: false }`
[INFO] [stdout] b6ae8e600c61b59dcac3bc0a0950e14bbb7d81fd949ddd267e52593487bd5001
[INFO] running `Command { std: "docker" "create" "-v" "/var/lib/crater-agent-workspace/builds/worker-0-tc1/target:/opt/rustwide/target:rw,Z" "-v" "/var/lib/crater-agent-workspace/builds/worker-0-tc1/source:/opt/rustwide/workdir:ro,Z" "-v" "/var/lib/crater-agent-workspace/cargo-home:/opt/rustwide/cargo-home:ro,Z" "-v" "/var/lib/crater-agent-workspace/rustup-home:/opt/rustwide/rustup-home:ro,Z" "-e" "SOURCE_DIR=/opt/rustwide/workdir" "-e" "CARGO_TARGET_DIR=/opt/rustwide/target" "-e" "CARGO_INCREMENTAL=0" "-e" "RUST_BACKTRACE=full" "-e" "RUSTFLAGS=--cap-lints=warn" "-e" "RUSTDOCFLAGS=--cap-lints=warn" "-e" "CARGO_HOME=/opt/rustwide/cargo-home" "-e" "RUSTUP_HOME=/opt/rustwide/rustup-home" "-w" "/opt/rustwide/workdir" "-m" "1610612736" "--user" "0:0" "--network" "none" "ghcr.io/rust-lang/crates-build-env/linux@sha256:2788e3201cd34a07e3172128adcd8b3090168a8e3bcc40d7c032b9dda1df7d1c" "/opt/rustwide/cargo-home/bin/cargo" "+1.75.0" "build" "--frozen" "--message-format=json", kill_on_drop: false }`
[INFO] [stdout] a932f5910c359d6029c17e9f92887b14f755acc02a5a41892122a73353839920
[INFO] running `Command { std: "docker" "start" "-a" "a932f5910c359d6029c17e9f92887b14f755acc02a5a41892122a73353839920", kill_on_drop: false }`
[INFO] [stderr]    Compiling libc v0.2.147
[INFO] [stderr]    Compiling once_cell v1.18.0
[INFO] [stderr]    Compiling serde v1.0.166
[INFO] [stderr]    Compiling libm v0.2.7
[INFO] [stderr]    Compiling num-traits v0.2.16
[INFO] [stderr]    Compiling pin-project-lite v0.2.12
[INFO] [stderr]    Compiling syn v2.0.29
[INFO] [stderr]    Compiling futures-core v0.3.28
[INFO] [stderr]    Compiling syn v1.0.109
[INFO] [stderr]    Compiling smallvec v1.11.0
[INFO] [stderr]    Compiling lock_api v0.4.10
[INFO] [stderr]    Compiling futures-sink v0.3.28
[INFO] [stderr]    Compiling futures-channel v0.3.28
[INFO] [stderr]    Compiling paste v1.0.14
[INFO] [stderr]    Compiling hashbrown v0.14.0
[INFO] [stderr]    Compiling futures-task v0.3.28
[INFO] [stderr]    Compiling itoa v1.0.9
[INFO] [stderr]    Compiling parking_lot_core v0.9.8
[INFO] [stderr]    Compiling getrandom v0.2.10
[INFO] [stderr]    Compiling cc v1.0.83
[INFO] [stderr]    Compiling num_cpus v1.16.0
[INFO] [stderr]    Compiling futures-util v0.3.28
[INFO] [stderr]    Compiling indexmap v2.0.0
[INFO] [stderr]    Compiling num-integer v0.1.45
[INFO] [stderr]    Compiling futures-io v0.3.28
[INFO] [stderr]    Compiling autocfg v0.1.8
[INFO] [stderr]    Compiling crossbeam-utils v0.8.16
[INFO] [stderr]    Compiling rand_core v0.4.2
[INFO] [stderr]    Compiling rustix v0.38.8
[INFO] [stderr]    Compiling ring v0.16.20
[INFO] [stderr]    Compiling tracing-core v0.1.31
[INFO] [stderr]    Compiling ahash v0.7.6
[INFO] [stderr]    Compiling bitflags v2.4.0
[INFO] [stderr]    Compiling linux-raw-sys v0.4.5
[INFO] [stderr]    Compiling rand_core v0.6.4
[INFO] [stderr]    Compiling convert_case v0.4.0
[INFO] [stderr]    Compiling rle-decode-fast v1.0.3
[INFO] [stderr]    Compiling untrusted v0.7.1
[INFO] [stderr]    Compiling spin v0.5.2
[INFO] [stderr]    Compiling serde_json v1.0.105
[INFO] [stderr]    Compiling ryu v1.0.15
[INFO] [stderr]    Compiling ppv-lite86 v0.2.17
[INFO] [stderr]    Compiling libflate_lz77 v1.2.0
[INFO] [stderr]    Compiling parking_lot v0.12.1
[INFO] [stderr]    Compiling xattr v1.0.1
[INFO] [stderr]    Compiling rand_chacha v0.3.1
[INFO] [stderr]    Compiling is-terminal v0.4.9
[INFO] [stderr]    Compiling mio v0.8.8
[INFO] [stderr]    Compiling filetime v0.2.22
[INFO] [stderr]    Compiling socket2 v0.5.3
[INFO] [stderr]    Compiling signal-hook-registry v1.4.1
[INFO] [stderr]    Compiling ahash v0.8.3
[INFO] [stderr]    Compiling memoffset v0.9.0
[INFO] [stderr]    Compiling log v0.4.20
[INFO] [stderr]    Compiling adler32 v1.2.0
[INFO] [stderr]    Compiling bytes v1.4.0
[INFO] [stderr]    Compiling libflate v1.4.0
[INFO] [stderr]    Compiling tar v0.4.40
[INFO] [stderr]    Compiling rand v0.8.5
[INFO] [stderr]    Compiling hashbrown v0.12.3
[INFO] [stderr]    Compiling rand_core v0.3.1
[INFO] [stderr]    Compiling crossbeam-epoch v0.9.15
[INFO] [stderr]    Compiling minisign-verify v0.2.1
[INFO] [stderr]    Compiling trilean v1.1.0
[INFO] [stderr]    Compiling pkg-config v0.3.27
[INFO] [stderr]    Compiling time-core v0.1.1
[INFO] [stderr]    Compiling utf8parse v0.2.1
[INFO] [stderr]    Compiling byteorder v1.4.3
[INFO] [stderr]    Compiling anstyle-parse v0.2.1
[INFO] [stderr]    Compiling time v0.3.23
[INFO] [stderr]    Compiling rmp v0.8.12
[INFO] [stderr]    Compiling gcollections v1.5.0
[INFO] [stderr]    Compiling crossbeam-channel v0.5.8
[INFO] [stderr]    Compiling libsodium-sys-stable v1.19.28
[INFO] [stderr]    Compiling serde_derive v1.0.166
[INFO] [stderr]    Compiling futures-macro v0.3.28
[INFO] [stderr]    Compiling tokio-macros v2.1.0
[INFO] [stderr]    Compiling tracing-attributes v0.1.26
[INFO] [stderr]    Compiling derive_more v0.99.17
[INFO] [stderr]    Compiling matrixmultiply v0.3.7
[INFO] [stderr]    Compiling num-rational v0.4.1
[INFO] [stderr]    Compiling tokio v1.32.0
[INFO] [stderr]    Compiling iana-time-zone v0.1.57
[INFO] [stderr]    Compiling anstyle-query v1.0.0
[INFO] [stderr]    Compiling thiserror v1.0.47
[INFO] [stderr]    Compiling percent-encoding v2.3.0
[INFO] [stderr]    Compiling typenum v1.16.0
[INFO] [stderr]    Compiling colorchoice v1.0.0
[INFO] [stderr]    Compiling anstyle v1.0.2
[INFO] [stderr]    Compiling unicode-bidi v0.3.13
[INFO] [stderr]    Compiling idna v0.4.0
[INFO] [stderr]    Compiling tracing v0.1.37
[INFO] [stderr]    Compiling anstream v0.3.2
[INFO] [stderr]    Compiling form_urlencoded v1.2.0
[INFO] [stderr]    Compiling thiserror-impl v1.0.47
[INFO] [stderr]    Compiling intervallum v1.4.0
[INFO] [stderr]    Compiling indexmap v1.9.3
[INFO] [stderr]    Compiling rand_chacha v0.1.1
[INFO] [stderr]    Compiling rand_pcg v0.1.2
[INFO] [stderr]    Compiling futures-executor v0.3.28
[INFO] [stderr]    Compiling approx v0.5.1
[INFO] [stderr]    Compiling num-complex v0.4.4
[INFO] [stderr]    Compiling futures v0.3.28
[INFO] [stderr]    Compiling rawpointer v0.2.1
[INFO] [stderr]    Compiling dunce v1.0.4
[INFO] [stderr]    Compiling strsim v0.10.0
[INFO] [stderr]    Compiling clap_lex v0.5.0
[INFO] [stderr]    Compiling rayon-core v1.11.0
[INFO] [stderr]    Compiling regex-syntax v0.7.4
[INFO] [stderr]    Compiling regex-syntax v0.6.29
[INFO] [stderr]    Compiling clap_derive v4.3.12
[INFO] [stderr]    Compiling simba v0.5.1
[INFO] [stderr]    Compiling regex-automata v0.1.10
[INFO] [stderr]    Compiling serde_bytes v0.11.12
[INFO] [stderr]    Compiling chrono v0.4.31
[INFO] [stderr]    Compiling one_err v0.0.8
[INFO] [stderr]    Compiling serde_spanned v0.6.3
[INFO] [stderr]    Compiling toml_datetime v0.6.3
[INFO] [stderr]    Compiling kitsune_p2p_dht_arc v0.2.3
[INFO] [stderr]    Compiling url v2.4.0
[INFO] [stderr]    Compiling toml v0.5.11
[INFO] [stderr]    Compiling regex-automata v0.3.6
[INFO] [stderr]    Compiling clap_builder v4.3.24
[INFO] [stderr]    Compiling crossbeam-deque v0.8.3
[INFO] [stderr]    Compiling nalgebra-macros v0.1.0
[INFO] [stderr]    Compiling webpki v0.22.2
[INFO] [stderr]    Compiling pin-project-internal v1.1.3
[INFO] [stderr]    Compiling itertools v0.8.2
[INFO] [stderr]    Compiling rand_distr v0.4.3
[INFO] [stderr]    Compiling rand v0.6.5
[INFO] [stderr]    Compiling rustls v0.20.8
[INFO] [stderr]    Compiling overload v0.1.1
[INFO] [stderr]    Compiling parking_lot_core v0.8.6
[INFO] [stderr]    Compiling bitflags v1.3.2
[INFO] [stderr]    Compiling bytemuck v1.13.1
[INFO] [stderr]    Compiling arrayvec v0.7.4
[INFO] [stderr]    Compiling winnow v0.5.14
[INFO] [stderr]    Compiling rgb v0.8.36
[INFO] [stderr]    Compiling shrinkwraprs v0.3.0
[INFO] [stderr]    Compiling num-format v0.4.4
[INFO] [stderr]    Compiling clap v4.3.24
[INFO] [stderr]    Compiling holochain_util v0.2.3
[INFO] [stderr]    Compiling nu-ansi-term v0.46.0
[INFO] [stderr]    Compiling pin-project v1.1.3
[INFO] [stderr]    Compiling nalgebra v0.27.1
[INFO] [stderr]    Compiling lair_keystore_api v0.3.0
[INFO] [stderr]    Compiling regex v1.9.3
[INFO] [stderr]    Compiling kitsune_p2p_timestamp v0.2.3
[INFO] [stderr]    Compiling rmpv v1.0.0
[INFO] [stderr]    Compiling matchers v0.1.0
[INFO] [stderr]    Compiling rmp-serde v1.1.2
[INFO] [stderr]    Compiling toml_edit v0.19.14
[INFO] [stderr]    Compiling tracing-serde v0.1.3
[INFO] [stderr]    Compiling must_future v0.1.2
[INFO] [stderr]    Compiling yasna v0.5.2
[INFO] [stderr]    Compiling sct v0.7.0
[INFO] [stderr]    Compiling hashbrown v0.13.2
[INFO] [stderr]    Compiling pem v1.1.1
[INFO] [stderr]    Compiling rand_xorshift v0.1.1
[INFO] [stderr]    Compiling rand_hc v0.1.0
[INFO] [stderr]    Compiling rand_isaac v0.1.1
[INFO] [stderr]    Compiling tracing-log v0.1.3
[INFO] [stderr]    Compiling env_logger v0.10.0
[INFO] [stderr]    Compiling sharded-slab v0.1.4
[INFO] [stderr]    Compiling rand_os v0.1.3
[INFO] [stderr]    Compiling rand_jitter v0.1.4
[INFO] [stderr]    Compiling dashmap v5.5.0
[INFO] [stderr]    Compiling quick-xml v0.26.0
[INFO] [stderr]    Compiling thread_local v1.1.7
[INFO] [stderr]    Compiling instant v0.1.12
[INFO] [stderr]    Compiling unsafe-libyaml v0.2.9
[INFO] [stderr]    Compiling str_stack v0.1.0
[INFO] [stderr]    Compiling inferno v0.11.16
[INFO] [stderr]    Compiling rcgen v0.10.0
[INFO] [stderr]    Compiling tracing-subscriber v0.3.17
[INFO] [stderr]    Compiling toml v0.7.6
[INFO] [stderr]    Compiling serde_yaml v0.9.25
[INFO] [stderr]    Compiling lru v0.10.1
[INFO] [stderr]    Compiling rayon v1.7.0
[INFO] [stderr]    Compiling kitsune_p2p_bin_data v0.2.3
[INFO] [stderr]    Compiling tracing-futures v0.2.5
[INFO] [stderr]    Compiling flate2 v1.0.27
[INFO] [stderr]    Compiling webpki-roots v0.22.6
[INFO] [stderr]    Compiling tokio-util v0.7.8
[INFO] [stderr]    Compiling derivative v2.2.0
[INFO] [stderr]    Compiling nanoid v0.4.0
[INFO] [stderr]    Compiling colored v1.9.4
[INFO] [stderr]    Compiling ureq v2.6.2
[INFO] [stderr]    Compiling tokio-stream v0.1.14
[INFO] [stderr]    Compiling ghost_actor v0.3.0-alpha.6
[INFO] [stderr]    Compiling kitsune_p2p_block v0.2.3
[INFO] [stderr]    Compiling nanoid v0.3.0
[INFO] [stderr]    Compiling sysinfo v0.27.8
[INFO] [stderr]    Compiling holochain_trace v0.2.3
[INFO] [stderr]    Compiling parking_lot v0.11.2
[INFO] [stderr]    Compiling url2 v0.0.6
[INFO] [stderr]    Compiling rmp-serde v0.15.5
[INFO] [stderr]    Compiling lru v0.8.1
[INFO] [stderr]    Compiling statrs v0.15.0
[INFO] [stderr]    Compiling kitsune_p2p_dht v0.2.3
[INFO] [stderr]    Compiling sodoken v0.0.9
[INFO] [stderr]    Compiling hc_seed_bundle v0.1.7
[INFO] [stderr]    Compiling kitsune_p2p_types v0.2.3 (/opt/rustwide/workdir)
[INFO] [stderr]     Finished dev [unoptimized + debuginfo] target(s) in 1m 38s
[INFO] [stderr] warning: the following packages contain code that will be rejected by a future version of Rust: nalgebra v0.27.1
[INFO] [stderr] note: to see what the problems were, use the option `--future-incompat-report`, or run `cargo report future-incompatibilities --id 1`
[INFO] running `Command { std: "docker" "inspect" "a932f5910c359d6029c17e9f92887b14f755acc02a5a41892122a73353839920", kill_on_drop: false }`
[INFO] running `Command { std: "docker" "rm" "-f" "a932f5910c359d6029c17e9f92887b14f755acc02a5a41892122a73353839920", kill_on_drop: false }`
[INFO] [stdout] a932f5910c359d6029c17e9f92887b14f755acc02a5a41892122a73353839920
[INFO] running `Command { std: "docker" "create" "-v" "/var/lib/crater-agent-workspace/builds/worker-0-tc1/target:/opt/rustwide/target:rw,Z" "-v" "/var/lib/crater-agent-workspace/builds/worker-0-tc1/source:/opt/rustwide/workdir:ro,Z" "-v" "/var/lib/crater-agent-workspace/cargo-home:/opt/rustwide/cargo-home:ro,Z" "-v" "/var/lib/crater-agent-workspace/rustup-home:/opt/rustwide/rustup-home:ro,Z" "-e" "SOURCE_DIR=/opt/rustwide/workdir" "-e" "CARGO_TARGET_DIR=/opt/rustwide/target" "-e" "CARGO_INCREMENTAL=0" "-e" "RUST_BACKTRACE=full" "-e" "RUSTFLAGS=--cap-lints=warn" "-e" "RUSTDOCFLAGS=--cap-lints=warn" "-e" "CARGO_HOME=/opt/rustwide/cargo-home" "-e" "RUSTUP_HOME=/opt/rustwide/rustup-home" "-w" "/opt/rustwide/workdir" "-m" "1610612736" "--user" "0:0" "--network" "none" "ghcr.io/rust-lang/crates-build-env/linux@sha256:2788e3201cd34a07e3172128adcd8b3090168a8e3bcc40d7c032b9dda1df7d1c" "/opt/rustwide/cargo-home/bin/cargo" "+1.75.0" "test" "--frozen" "--no-run" "--message-format=json", kill_on_drop: false }`
[INFO] [stdout] 686e641a258f8bb71a542347d8ea44b00f762f7767ae2a7ae371308a66cd8a9a
[INFO] running `Command { std: "docker" "start" "-a" "686e641a258f8bb71a542347d8ea44b00f762f7767ae2a7ae371308a66cd8a9a", kill_on_drop: false }`
[INFO] [stderr]    Compiling bitflags v1.3.2
[INFO] [stderr]    Compiling either v1.9.0
[INFO] [stderr]    Compiling rayon v1.7.0
[INFO] [stderr]    Compiling plotters-backend v0.3.5
[INFO] [stderr]    Compiling unicode-width v0.1.10
[INFO] [stderr]    Compiling itertools v0.10.5
[INFO] [stderr]    Compiling csv-core v0.1.10
[INFO] [stderr]    Compiling cast v0.3.0
[INFO] [stderr]    Compiling half v1.8.2
[INFO] [stderr]    Compiling textwrap v0.11.0
[INFO] [stderr]    Compiling itertools v0.8.2
[INFO] [stderr]    Compiling plotters-svg v0.3.5
[INFO] [stderr]    Compiling walkdir v2.3.3
[INFO] [stderr]    Compiling plotters v0.3.5
[INFO] [stderr]    Compiling serde_cbor v0.11.2
[INFO] [stderr]    Compiling clap v2.34.0
[INFO] [stderr]    Compiling csv v1.2.2
[INFO] [stderr]    Compiling shrinkwraprs v0.3.0
[INFO] [stderr]    Compiling tinytemplate v1.2.1
[INFO] [stderr]    Compiling atty v0.2.14
[INFO] [stderr]    Compiling oorandom v11.1.3
[INFO] [stderr]    Compiling criterion-plot v0.4.5
[INFO] [stderr]    Compiling kitsune_p2p_bin_data v0.2.3
[INFO] [stderr]    Compiling kitsune_p2p_block v0.2.3
[INFO] [stderr]    Compiling criterion v0.3.6
[INFO] [stderr]    Compiling sysinfo v0.27.8
[INFO] [stderr]    Compiling kitsune_p2p_types v0.2.3 (/opt/rustwide/workdir)
[INFO] [stderr]     Finished test [unoptimized + debuginfo] target(s) in 31.05s
[INFO] [stderr] warning: the following packages contain code that will be rejected by a future version of Rust: nalgebra v0.27.1
[INFO] [stderr] note: to see what the problems were, use the option `--future-incompat-report`, or run `cargo report future-incompatibilities --id 1`
[INFO] running `Command { std: "docker" "inspect" "686e641a258f8bb71a542347d8ea44b00f762f7767ae2a7ae371308a66cd8a9a", kill_on_drop: false }`
[INFO] running `Command { std: "docker" "rm" "-f" "686e641a258f8bb71a542347d8ea44b00f762f7767ae2a7ae371308a66cd8a9a", kill_on_drop: false }`
[INFO] [stdout] 686e641a258f8bb71a542347d8ea44b00f762f7767ae2a7ae371308a66cd8a9a
[INFO] running `Command { std: "docker" "create" "-v" "/var/lib/crater-agent-workspace/builds/worker-0-tc1/target:/opt/rustwide/target:rw,Z" "-v" "/var/lib/crater-agent-workspace/builds/worker-0-tc1/source:/opt/rustwide/workdir:ro,Z" "-v" "/var/lib/crater-agent-workspace/cargo-home:/opt/rustwide/cargo-home:ro,Z" "-v" "/var/lib/crater-agent-workspace/rustup-home:/opt/rustwide/rustup-home:ro,Z" "-e" "SOURCE_DIR=/opt/rustwide/workdir" "-e" "CARGO_TARGET_DIR=/opt/rustwide/target" "-e" "CARGO_INCREMENTAL=0" "-e" "RUST_BACKTRACE=full" "-e" "RUSTFLAGS=--cap-lints=warn" "-e" "RUSTDOCFLAGS=--cap-lints=warn" "-e" "CARGO_HOME=/opt/rustwide/cargo-home" "-e" "RUSTUP_HOME=/opt/rustwide/rustup-home" "-w" "/opt/rustwide/workdir" "-m" "1610612736" "--user" "0:0" "--network" "none" "ghcr.io/rust-lang/crates-build-env/linux@sha256:2788e3201cd34a07e3172128adcd8b3090168a8e3bcc40d7c032b9dda1df7d1c" "/opt/rustwide/cargo-home/bin/cargo" "+1.75.0" "test" "--frozen", kill_on_drop: false }`
[INFO] [stdout] 3ec42142b7a0278394efa8f45857e1b50a5f2cff379333e8eb9749e39dda3e2b
[INFO] running `Command { std: "docker" "start" "-a" "3ec42142b7a0278394efa8f45857e1b50a5f2cff379333e8eb9749e39dda3e2b", kill_on_drop: false }`
[INFO] [stderr]     Finished test [unoptimized + debuginfo] target(s) in 0.47s
[INFO] [stderr] warning: the following packages contain code that will be rejected by a future version of Rust: nalgebra v0.27.1
[INFO] [stderr] note: to see what the problems were, use the option `--future-incompat-report`, or run `cargo report future-incompatibilities --id 1`
[INFO] [stderr]      Running unittests src/lib.rs (/opt/rustwide/target/debug/deps/kitsune_p2p_types-c24d36ce2153451b)
[INFO] [stdout] 
[INFO] [stdout] running 36 tests
[INFO] [stdout] test metrics::test_metric_task ... ignored, flakey. https://app.circleci.com/jobs/github/holochain/holochain/12604
[INFO] [stdout] test codec::tests::test_encode_decode ... ok
[INFO] [stdout] test timeout::tests::basic_kitsune_timeout ... ok
[INFO] [stdout] test timeout::tests::expired_kitsune_timeout ... ok
[INFO] [stdout] test tx2::framed::tests::test_msgid ... ok
[INFO] [stdout] test tests::test_tx2_digest ... ok
[INFO] [stdout] test task_agg::tests::test_task_agg ... ok
[INFO] [stdout] test agent_info::tests::agent_info ... ok
[INFO] [stdout] test tx2::framed::tests::test_framed ... ok
[INFO] [stdout] test tx2::mem::tests::test_tx2_mem ... ok
[INFO] [stdout] test tx2::tx2_api::tests::test_tx2_api ... ok
[INFO] [stdout] test tx2::tx2_utils::latency::tests::test_bad_latency_buffer_data ... ok
[INFO] [stdout] test tx2::tx2_utils::latency::tests::test_bad_latency_buffer_sizes ... ok
[INFO] [stdout] test tx2::tx2_utils::latency::tests::test_good_latency_buffers ... ok
[INFO] [stdout] test tx2::tx2_utils::logic_chan::tests::doc_example ... ok
[INFO] [stdout] test async_lazy::tests::async_lazy ... ok
[INFO] [stdout] test tx2::tx2_utils::active::tests::test_active_cb ... ok
[INFO] [stdout] test tx2::tx2_utils::mem_chan::tests::test_async_bound_mem_channel_lg_buf ... ok
[INFO] [stdout] test tx2::tx2_utils::mem_chan::tests::test_async_bound_mem_channel_sm_buf ... ok
[INFO] [stdout] test tx2::tx2_utils::notify_all::tests::test_notify_all ... ok
[INFO] [stdout] test tx2::tx2_utils::notify_all::tests::test_notify_all_on_drop ... ok
[INFO] [stdout] test tx2::tx2_utils::notify_all::tests::test_notify_all_sync ... ok
[INFO] [stdout] test tx2::tx2_pool_promote::tests::test_tx2_pool_promote ... ok
[INFO] [stdout] test tx2::tx2_utils::pool_buf::tests::pool_buf_grow_shrink_reset_reuse ... ok
[INFO] [stdout] test tx2::tx2_utils::pool_buf::tests::pool_buf_prepend ... ok
[INFO] [stdout] test tx2::tx2_utils::pool_buf::tests::pool_buf_prepend_large ... ok
[INFO] [stdout] test tx2::tx2_utils::resource_bucket::tests::test_async_bucket ... ok
[INFO] [stdout] test tx2::tx2_utils::resource_bucket::tests::test_async_bucket_acquire_or_else ... ok
[INFO] [stdout] test tx2::tx2_utils::t_chan::tests::test_t_chan ... ok
[INFO] [stdout] test timeout::tests::kitsune_backoff ... ok
[INFO] [stdout] test tx2::tx2_utils::resource_bucket::tests::test_async_bucket_timeout ... ok
[INFO] [stdout] test tx2::tx2_utils::logic_chan::tests::test_util_logic_chan ... ok
[INFO] [stdout] test tx2::tx2_utils::active::tests::test_active ... ok
[INFO] [stdout] test metrics::test_sys_info ... ok
[INFO] [stdout] test tx2::tx2_utils::mem_chan::tests::test_async_bound_mem_channel_disparity ... ok
[INFO] [stdout] test tx2::mem::tests::test_tx2_mem_stress ... FAILED
[INFO] [stdout] 
[INFO] [stdout] failures:
[INFO] [stdout] 
[INFO] [stdout] ---- tx2::mem::tests::test_tx2_mem_stress stdout ----
[INFO] [stdout] thread 'tx2::mem::tests::test_tx2_mem_stress' panicked at src/tx2/mem.rs:468:14:
[INFO] [stdout] called `Result::unwrap()` on an `Err` value: JoinHandle { id: Id(600) }
[INFO] [stdout] stack backtrace:
[INFO] [stdout]    0:     0x5564f6b91bcc - std::backtrace_rs::backtrace::libunwind::trace::ha637c64ce894333a
[INFO] [stdout]                                at /rustc/82e1608dfa6e0b5569232559e3d385fea5a93112/library/std/src/../../backtrace/src/backtrace/libunwind.rs:104:5
[INFO] [stdout]    1:     0x5564f6b91bcc - std::backtrace_rs::backtrace::trace_unsynchronized::h47f62dea28e0c88d
[INFO] [stdout]                                at /rustc/82e1608dfa6e0b5569232559e3d385fea5a93112/library/std/src/../../backtrace/src/backtrace/mod.rs:66:5
[INFO] [stdout]    2:     0x5564f6b91bcc - std::sys_common::backtrace::_print_fmt::h9eef0abe20ede486
[INFO] [stdout]                                at /rustc/82e1608dfa6e0b5569232559e3d385fea5a93112/library/std/src/sys_common/backtrace.rs:67:5
[INFO] [stdout]    3:     0x5564f6b91bcc - <std::sys_common::backtrace::_print::DisplayBacktrace as core::fmt::Display>::fmt::hed7f999df88cc644
[INFO] [stdout]                                at /rustc/82e1608dfa6e0b5569232559e3d385fea5a93112/library/std/src/sys_common/backtrace.rs:44:22
[INFO] [stdout]    4:     0x5564f6bbeb40 - core::fmt::rt::Argument::fmt::h1539a9308b8d058d
[INFO] [stdout]                                at /rustc/82e1608dfa6e0b5569232559e3d385fea5a93112/library/core/src/fmt/rt.rs:142:9
[INFO] [stdout]    5:     0x5564f6bbeb40 - core::fmt::write::h3a39390d8560d9c9
[INFO] [stdout]                                at /rustc/82e1608dfa6e0b5569232559e3d385fea5a93112/library/core/src/fmt/mod.rs:1120:17
[INFO] [stdout]    6:     0x5564f6b8f18f - std::io::Write::write_fmt::h040b369f3a0f9cbc
[INFO] [stdout]                                at /rustc/82e1608dfa6e0b5569232559e3d385fea5a93112/library/std/src/io/mod.rs:1762:15
[INFO] [stdout]    7:     0x5564f6b919b4 - std::sys_common::backtrace::_print::h894006fb5c6f3d45
[INFO] [stdout]                                at /rustc/82e1608dfa6e0b5569232559e3d385fea5a93112/library/std/src/sys_common/backtrace.rs:47:5
[INFO] [stdout]    8:     0x5564f6b919b4 - std::sys_common::backtrace::print::h23a2d212c6fff936
[INFO] [stdout]                                at /rustc/82e1608dfa6e0b5569232559e3d385fea5a93112/library/std/src/sys_common/backtrace.rs:34:9
[INFO] [stdout]    9:     0x5564f6b93677 - std::panicking::default_hook::{{closure}}::h8a1d2ee00185001a
[INFO] [stdout]   10:     0x5564f6b93363 - std::panicking::default_hook::h6038f2eba384e475
[INFO] [stdout]                                at /rustc/82e1608dfa6e0b5569232559e3d385fea5a93112/library/std/src/panicking.rs:289:9
[INFO] [stdout]   11:     0x5564f649c407 - <alloc::boxed::Box<F,A> as core::ops::function::Fn<Args>>::call::h0ad024c9bdc6d768
[INFO] [stdout]                                at /rustc/82e1608dfa6e0b5569232559e3d385fea5a93112/library/alloc/src/boxed.rs:2021:9
[INFO] [stdout]   12:     0x5564f649c407 - test::test_main::{{closure}}::h7500b54257359db6
[INFO] [stdout]                                at /rustc/82e1608dfa6e0b5569232559e3d385fea5a93112/library/test/src/lib.rs:138:21
[INFO] [stdout]   13:     0x5564f6b93c88 - <alloc::boxed::Box<F,A> as core::ops::function::Fn<Args>>::call::h1f8f335eaa9cfaee
[INFO] [stdout]                                at /rustc/82e1608dfa6e0b5569232559e3d385fea5a93112/library/alloc/src/boxed.rs:2021:9
[INFO] [stdout]   14:     0x5564f6b93c88 - std::panicking::rust_panic_with_hook::h2b5517d590cab22e
[INFO] [stdout]                                at /rustc/82e1608dfa6e0b5569232559e3d385fea5a93112/library/std/src/panicking.rs:783:13
[INFO] [stdout]   15:     0x5564f6b939de - std::panicking::begin_panic_handler::{{closure}}::h233112c06e0ef43e
[INFO] [stdout]                                at /rustc/82e1608dfa6e0b5569232559e3d385fea5a93112/library/std/src/panicking.rs:657:13
[INFO] [stdout]   16:     0x5564f6b92096 - std::sys_common::backtrace::__rust_end_short_backtrace::h6e893f24d7ebbff8
[INFO] [stdout]                                at /rustc/82e1608dfa6e0b5569232559e3d385fea5a93112/library/std/src/sys_common/backtrace.rs:170:18
[INFO] [stdout]   17:     0x5564f6b93742 - rust_begin_unwind
[INFO] [stdout]                                at /rustc/82e1608dfa6e0b5569232559e3d385fea5a93112/library/std/src/panicking.rs:645:5
[INFO] [stdout]   18:     0x5564f619b575 - core::panicking::panic_fmt::hbf0e066aabfa482c
[INFO] [stdout]                                at /rustc/82e1608dfa6e0b5569232559e3d385fea5a93112/library/core/src/panicking.rs:72:14
[INFO] [stdout]   19:     0x5564f619bba3 - core::result::unwrap_failed::hddb4fea594200c52
[INFO] [stdout]                                at /rustc/82e1608dfa6e0b5569232559e3d385fea5a93112/library/core/src/result.rs:1653:5
[INFO] [stdout]   20:     0x5564f631cd1d - core::result::Result<T,E>::unwrap::h9ad820b4771c7867
[INFO] [stdout]                                at /rustc/82e1608dfa6e0b5569232559e3d385fea5a93112/library/core/src/result.rs:1077:23
[INFO] [stdout]   21:     0x5564f63bcdc6 - kitsune_p2p_types::tx2::mem::tests::hnd_con::{{closure}}::h0357483ee15bd09d
[INFO] [stdout]                                at /opt/rustwide/workdir/src/tx2/mem.rs:442:9
[INFO] [stdout]   22:     0x5564f63e0ed8 - kitsune_p2p_types::tx2::mem::tests::test_tx2_mem_stress::{{closure}}::h8b752ff149109efb
[INFO] [stdout]                                at /opt/rustwide/workdir/src/tx2/mem.rs:522:14
[INFO] [stdout]   23:     0x5564f64088d8 - <core::pin::Pin<P> as core::future::future::Future>::poll::hc62c938264d3429c
[INFO] [stdout]                                at /rustc/82e1608dfa6e0b5569232559e3d385fea5a93112/library/core/src/future/future.rs:125:9
[INFO] [stdout]   24:     0x5564f62933b4 - tokio::runtime::park::CachedParkThread::block_on::{{closure}}::h3fbbdec285d6d829
[INFO] [stdout]                                at /opt/rustwide/cargo-home/registry/src/index.crates.io-6f17d22bba15001f/tokio-1.32.0/src/runtime/park.rs:282:63
[INFO] [stdout]   25:     0x5564f6292da0 - tokio::runtime::coop::with_budget::hd80418a53e731ed8
[INFO] [stdout]                                at /opt/rustwide/cargo-home/registry/src/index.crates.io-6f17d22bba15001f/tokio-1.32.0/src/runtime/coop.rs:107:5
[INFO] [stdout]   26:     0x5564f6292da0 - tokio::runtime::coop::budget::h4f135d24a8f8b3de
[INFO] [stdout]                                at /opt/rustwide/cargo-home/registry/src/index.crates.io-6f17d22bba15001f/tokio-1.32.0/src/runtime/coop.rs:73:5
[INFO] [stdout]   27:     0x5564f6292da0 - tokio::runtime::park::CachedParkThread::block_on::h41e940ccb3cf073f
[INFO] [stdout]                                at /opt/rustwide/cargo-home/registry/src/index.crates.io-6f17d22bba15001f/tokio-1.32.0/src/runtime/park.rs:282:31
[INFO] [stdout]   28:     0x5564f6401444 - tokio::runtime::context::blocking::BlockingRegionGuard::block_on::hee124d4adc905203
[INFO] [stdout]                                at /opt/rustwide/cargo-home/registry/src/index.crates.io-6f17d22bba15001f/tokio-1.32.0/src/runtime/context/blocking.rs:66:9
[INFO] [stdout]   29:     0x5564f6425558 - tokio::runtime::scheduler::multi_thread::MultiThread::block_on::{{closure}}::h73dc65ef08cfc95e
[INFO] [stdout]                                at /opt/rustwide/cargo-home/registry/src/index.crates.io-6f17d22bba15001f/tokio-1.32.0/src/runtime/scheduler/multi_thread/mod.rs:87:13
[INFO] [stdout]   30:     0x5564f62fd304 - tokio::runtime::context::runtime::enter_runtime::h29edadc95690ad3b
[INFO] [stdout]                                at /opt/rustwide/cargo-home/registry/src/index.crates.io-6f17d22bba15001f/tokio-1.32.0/src/runtime/context/runtime.rs:65:16
[INFO] [stdout]   31:     0x5564f6425528 - tokio::runtime::scheduler::multi_thread::MultiThread::block_on::h4cbeaf82669a48d5
[INFO] [stdout]                                at /opt/rustwide/cargo-home/registry/src/index.crates.io-6f17d22bba15001f/tokio-1.32.0/src/runtime/scheduler/multi_thread/mod.rs:86:9
[INFO] [stdout]   32:     0x5564f62cd747 - tokio::runtime::runtime::Runtime::block_on::h8d03c8b50339d8f6
[INFO] [stdout]                                at /opt/rustwide/cargo-home/registry/src/index.crates.io-6f17d22bba15001f/tokio-1.32.0/src/runtime/runtime.rs:349:45
[INFO] [stdout]   33:     0x5564f63e0488 - kitsune_p2p_types::tx2::mem::tests::test_tx2_mem_stress::ha58c5274e58753e3
[INFO] [stdout]                                at /opt/rustwide/workdir/src/tx2/mem.rs:552:9
[INFO] [stdout]   34:     0x5564f63e0317 - kitsune_p2p_types::tx2::mem::tests::test_tx2_mem_stress::{{closure}}::h6cda65468a694665
[INFO] [stdout]                                at /opt/rustwide/workdir/src/tx2/mem.rs:501:35
[INFO] [stdout]   35:     0x5564f622b2a6 - core::ops::function::FnOnce::call_once::h4122c8d1a28a86b3
[INFO] [stdout]                                at /rustc/82e1608dfa6e0b5569232559e3d385fea5a93112/library/core/src/ops/function.rs:250:5
[INFO] [stdout]   36:     0x5564f64a1a5f - core::ops::function::FnOnce::call_once::h2b5d431d5046312d
[INFO] [stdout]                                at /rustc/82e1608dfa6e0b5569232559e3d385fea5a93112/library/core/src/ops/function.rs:250:5
[INFO] [stdout]   37:     0x5564f64a1a5f - test::__rust_begin_short_backtrace::h7714669af176e207
[INFO] [stdout]                                at /rustc/82e1608dfa6e0b5569232559e3d385fea5a93112/library/test/src/lib.rs:628:18
[INFO] [stdout]   38:     0x5564f64a0a75 - test::run_test_in_process::{{closure}}::h85218797dcbcec12
[INFO] [stdout]                                at /rustc/82e1608dfa6e0b5569232559e3d385fea5a93112/library/test/src/lib.rs:651:60
[INFO] [stdout]   39:     0x5564f64a0a75 - <core::panic::unwind_safe::AssertUnwindSafe<F> as core::ops::function::FnOnce<()>>::call_once::h76c106ea31c14d7b
[INFO] [stdout]                                at /rustc/82e1608dfa6e0b5569232559e3d385fea5a93112/library/core/src/panic/unwind_safe.rs:272:9
[INFO] [stdout]   40:     0x5564f64a0a75 - std::panicking::try::do_call::h3bd5d0f6620ee946
[INFO] [stdout]                                at /rustc/82e1608dfa6e0b5569232559e3d385fea5a93112/library/std/src/panicking.rs:552:40
[INFO] [stdout]   41:     0x5564f64a0a75 - std::panicking::try::h232e535e4744fe31
[INFO] [stdout]                                at /rustc/82e1608dfa6e0b5569232559e3d385fea5a93112/library/std/src/panicking.rs:516:19
[INFO] [stdout]   42:     0x5564f64a0a75 - std::panic::catch_unwind::h3ce3bd6ca8dbac68
[INFO] [stdout]                                at /rustc/82e1608dfa6e0b5569232559e3d385fea5a93112/library/std/src/panic.rs:142:14
[INFO] [stdout]   43:     0x5564f64a0a75 - test::run_test_in_process::hc97b257c9621286a
[INFO] [stdout]                                at /rustc/82e1608dfa6e0b5569232559e3d385fea5a93112/library/test/src/lib.rs:651:27
[INFO] [stdout]   44:     0x5564f64a0a75 - test::run_test::{{closure}}::h2aa798823a438d38
[INFO] [stdout]                                at /rustc/82e1608dfa6e0b5569232559e3d385fea5a93112/library/test/src/lib.rs:574:43
[INFO] [stdout]   45:     0x5564f6468d36 - test::run_test::{{closure}}::h87d231c78fb59832
[INFO] [stdout]                                at /rustc/82e1608dfa6e0b5569232559e3d385fea5a93112/library/test/src/lib.rs:602:41
[INFO] [stdout]   46:     0x5564f6468d36 - std::sys_common::backtrace::__rust_begin_short_backtrace::he6df152596625789
[INFO] [stdout]                                at /rustc/82e1608dfa6e0b5569232559e3d385fea5a93112/library/std/src/sys_common/backtrace.rs:154:18
[INFO] [stdout]   47:     0x5564f646dde7 - std::thread::Builder::spawn_unchecked_::{{closure}}::{{closure}}::ha94be15d1e0acf36
[INFO] [stdout]                                at /rustc/82e1608dfa6e0b5569232559e3d385fea5a93112/library/std/src/thread/mod.rs:529:17
[INFO] [stdout]   48:     0x5564f646dde7 - <core::panic::unwind_safe::AssertUnwindSafe<F> as core::ops::function::FnOnce<()>>::call_once::h9dc6bd6372f16606
[INFO] [stdout]                                at /rustc/82e1608dfa6e0b5569232559e3d385fea5a93112/library/core/src/panic/unwind_safe.rs:272:9
[INFO] [stdout]   49:     0x5564f646dde7 - std::panicking::try::do_call::h9057517f80303cd4
[INFO] [stdout]                                at /rustc/82e1608dfa6e0b5569232559e3d385fea5a93112/library/std/src/panicking.rs:552:40
[INFO] [stdout]   50:     0x5564f646dde7 - std::panicking::try::he3a30b11ee45340c
[INFO] [stdout]                                at /rustc/82e1608dfa6e0b5569232559e3d385fea5a93112/library/std/src/panicking.rs:516:19
[INFO] [stdout]   51:     0x5564f646dde7 - std::panic::catch_unwind::h410458cfd3528b8b
[INFO] [stdout]                                at /rustc/82e1608dfa6e0b5569232559e3d385fea5a93112/library/std/src/panic.rs:142:14
[INFO] [stdout]   52:     0x5564f646dde7 - std::thread::Builder::spawn_unchecked_::{{closure}}::h72ac3bdb567b737b
[INFO] [stdout]                                at /rustc/82e1608dfa6e0b5569232559e3d385fea5a93112/library/std/src/thread/mod.rs:528:30
[INFO] [stdout]   53:     0x5564f646dde7 - core::ops::function::FnOnce::call_once{{vtable.shim}}::h38f34da3654a8344
[INFO] [stdout]                                at /rustc/82e1608dfa6e0b5569232559e3d385fea5a93112/library/core/src/ops/function.rs:250:5
[INFO] [stdout]   54:     0x5564f6b98ea5 - <alloc::boxed::Box<F,A> as core::ops::function::FnOnce<Args>>::call_once::hc7eafaff61e32df9
[INFO] [stdout]                                at /rustc/82e1608dfa6e0b5569232559e3d385fea5a93112/library/alloc/src/boxed.rs:2007:9
[INFO] [stdout]   55:     0x5564f6b98ea5 - <alloc::boxed::Box<F,A> as core::ops::function::FnOnce<Args>>::call_once::h6ba4a5de48dd2304
[INFO] [stdout]                                at /rustc/82e1608dfa6e0b5569232559e3d385fea5a93112/library/alloc/src/boxed.rs:2007:9
[INFO] [stdout]   56:     0x5564f6b98ea5 - std::sys::unix::thread::Thread::new::thread_start::he469335aef763e45
[INFO] [stdout]                                at /rustc/82e1608dfa6e0b5569232559e3d385fea5a93112/library/std/src/sys/unix/thread.rs:108:17
[INFO] [stdout]   57:     0x7fec765eeac3 - <unknown>
[INFO] [stdout]   58:     0x7fec7667fbf4 - __clone
[INFO] [stdout]   59:                0x0 - <unknown>
[INFO] [stdout] 
[INFO] [stdout] 
[INFO] [stdout] failures:
[INFO] [stdout]     tx2::mem::tests::test_tx2_mem_stress
[INFO] [stdout] 
[INFO] [stdout] test result: FAILED. 34 passed; 1 failed; 1 ignored; 0 measured; 0 filtered out; finished in 30.12s
[INFO] [stdout] 
[INFO] [stderr] error: test failed, to rerun pass `--lib`
[INFO] running `Command { std: "docker" "inspect" "3ec42142b7a0278394efa8f45857e1b50a5f2cff379333e8eb9749e39dda3e2b", kill_on_drop: false }`
[INFO] running `Command { std: "docker" "rm" "-f" "3ec42142b7a0278394efa8f45857e1b50a5f2cff379333e8eb9749e39dda3e2b", kill_on_drop: false }`
[INFO] [stdout] 3ec42142b7a0278394efa8f45857e1b50a5f2cff379333e8eb9749e39dda3e2b
[INFO] testing kitsune_p2p_types-0.2.3 against beta-2023-12-22 for beta-1.76-1
[INFO] extracting crate kitsune_p2p_types 0.2.3 into /workspace/builds/worker-0-tc2/source
[INFO] validating manifest of crates.io crate kitsune_p2p_types 0.2.3 on toolchain beta-2023-12-22
[INFO] running `Command { std: CARGO_HOME="/workspace/cargo-home" RUSTUP_HOME="/workspace/rustup-home" "/workspace/cargo-home/bin/cargo" "+beta-2023-12-22" "metadata" "--manifest-path" "Cargo.toml" "--no-deps", kill_on_drop: false }`
[INFO] started tweaking crates.io crate kitsune_p2p_types 0.2.3
[INFO] finished tweaking crates.io crate kitsune_p2p_types 0.2.3
[INFO] tweaked toml for crates.io crate kitsune_p2p_types 0.2.3 written to /workspace/builds/worker-0-tc2/source/Cargo.toml
[INFO] crate crates.io crate kitsune_p2p_types 0.2.3 already has a lockfile, it will not be regenerated
[INFO] running `Command { std: CARGO_HOME="/workspace/cargo-home" RUSTUP_HOME="/workspace/rustup-home" "/workspace/cargo-home/bin/cargo" "+beta-2023-12-22" "fetch" "--manifest-path" "Cargo.toml", kill_on_drop: false }`
[INFO] running `Command { std: "docker" "create" "-v" "/var/lib/crater-agent-workspace/builds/worker-0-tc2/target:/opt/rustwide/target:rw,Z" "-v" "/var/lib/crater-agent-workspace/builds/worker-0-tc2/source:/opt/rustwide/workdir:ro,Z" "-v" "/var/lib/crater-agent-workspace/cargo-home:/opt/rustwide/cargo-home:ro,Z" "-v" "/var/lib/crater-agent-workspace/rustup-home:/opt/rustwide/rustup-home:ro,Z" "-e" "SOURCE_DIR=/opt/rustwide/workdir" "-e" "CARGO_TARGET_DIR=/opt/rustwide/target" "-e" "CARGO_HOME=/opt/rustwide/cargo-home" "-e" "RUSTUP_HOME=/opt/rustwide/rustup-home" "-w" "/opt/rustwide/workdir" "-m" "1610612736" "--user" "0:0" "--network" "none" "ghcr.io/rust-lang/crates-build-env/linux@sha256:2788e3201cd34a07e3172128adcd8b3090168a8e3bcc40d7c032b9dda1df7d1c" "/opt/rustwide/cargo-home/bin/cargo" "+beta-2023-12-22" "metadata" "--no-deps" "--format-version=1", kill_on_drop: false }`
[INFO] [stdout] 728f2dbc60c2c965b7474017052cc168e17618319253d2c094ba1d913579f4ea
[INFO] running `Command { std: "docker" "start" "-a" "728f2dbc60c2c965b7474017052cc168e17618319253d2c094ba1d913579f4ea", kill_on_drop: false }`
[INFO] running `Command { std: "docker" "inspect" "728f2dbc60c2c965b7474017052cc168e17618319253d2c094ba1d913579f4ea", kill_on_drop: false }`
[INFO] running `Command { std: "docker" "rm" "-f" "728f2dbc60c2c965b7474017052cc168e17618319253d2c094ba1d913579f4ea", kill_on_drop: false }`
[INFO] [stdout] 728f2dbc60c2c965b7474017052cc168e17618319253d2c094ba1d913579f4ea
[INFO] running `Command { std: "docker" "create" "-v" "/var/lib/crater-agent-workspace/builds/worker-0-tc2/target:/opt/rustwide/target:rw,Z" "-v" "/var/lib/crater-agent-workspace/builds/worker-0-tc2/source:/opt/rustwide/workdir:ro,Z" "-v" "/var/lib/crater-agent-workspace/cargo-home:/opt/rustwide/cargo-home:ro,Z" "-v" "/var/lib/crater-agent-workspace/rustup-home:/opt/rustwide/rustup-home:ro,Z" "-e" "SOURCE_DIR=/opt/rustwide/workdir" "-e" "CARGO_TARGET_DIR=/opt/rustwide/target" "-e" "CARGO_INCREMENTAL=0" "-e" "RUST_BACKTRACE=full" "-e" "RUSTFLAGS=--cap-lints=warn" "-e" "RUSTDOCFLAGS=--cap-lints=warn" "-e" "CARGO_HOME=/opt/rustwide/cargo-home" "-e" "RUSTUP_HOME=/opt/rustwide/rustup-home" "-w" "/opt/rustwide/workdir" "-m" "1610612736" "--user" "0:0" "--network" "none" "ghcr.io/rust-lang/crates-build-env/linux@sha256:2788e3201cd34a07e3172128adcd8b3090168a8e3bcc40d7c032b9dda1df7d1c" "/opt/rustwide/cargo-home/bin/cargo" "+beta-2023-12-22" "build" "--frozen" "--message-format=json", kill_on_drop: false }`
[INFO] [stdout] a6d62ffd4b526b679dd65a9e2b161583540a0789ec832b50db5bc5f95afa3f2b
[INFO] running `Command { std: "docker" "start" "-a" "a6d62ffd4b526b679dd65a9e2b161583540a0789ec832b50db5bc5f95afa3f2b", kill_on_drop: false }`
[INFO] [stderr]    Compiling libc v0.2.147
[INFO] [stderr]    Compiling once_cell v1.18.0
[INFO] [stderr]    Compiling serde v1.0.166
[INFO] [stderr]    Compiling libm v0.2.7
[INFO] [stderr]    Compiling num-traits v0.2.16
[INFO] [stderr]    Compiling pin-project-lite v0.2.12
[INFO] [stderr]    Compiling syn v2.0.29
[INFO] [stderr]    Compiling futures-core v0.3.28
[INFO] [stderr]    Compiling syn v1.0.109
[INFO] [stderr]    Compiling smallvec v1.11.0
[INFO] [stderr]    Compiling lock_api v0.4.10
[INFO] [stderr]    Compiling futures-sink v0.3.28
[INFO] [stderr]    Compiling futures-task v0.3.28
[INFO] [stderr]    Compiling hashbrown v0.14.0
[INFO] [stderr]    Compiling paste v1.0.14
[INFO] [stderr]    Compiling itoa v1.0.9
[INFO] [stderr]    Compiling parking_lot_core v0.9.8
[INFO] [stderr]    Compiling futures-channel v0.3.28
[INFO] [stderr]    Compiling getrandom v0.2.10
[INFO] [stderr]    Compiling cc v1.0.83
[INFO] [stderr]    Compiling num_cpus v1.16.0
[INFO] [stderr]    Compiling futures-util v0.3.28
[INFO] [stderr]    Compiling indexmap v2.0.0
[INFO] [stderr]    Compiling num-integer v0.1.45
[INFO] [stderr]    Compiling futures-io v0.3.28
[INFO] [stderr]    Compiling autocfg v0.1.8
[INFO] [stderr]    Compiling rustix v0.38.8
[INFO] [stderr]    Compiling crossbeam-utils v0.8.16
[INFO] [stderr]    Compiling rand_core v0.4.2
[INFO] [stderr]    Compiling tracing-core v0.1.31
[INFO] [stderr]    Compiling ahash v0.7.6
[INFO] [stderr]    Compiling linux-raw-sys v0.4.5
[INFO] [stderr]    Compiling bitflags v2.4.0
[INFO] [stderr]    Compiling ring v0.16.20
[INFO] [stderr]    Compiling rand_core v0.6.4
[INFO] [stderr]    Compiling spin v0.5.2
[INFO] [stderr]    Compiling untrusted v0.7.1
[INFO] [stderr]    Compiling ryu v1.0.15
[INFO] [stderr]    Compiling serde_json v1.0.105
[INFO] [stderr]    Compiling convert_case v0.4.0
[INFO] [stderr]    Compiling rle-decode-fast v1.0.3
[INFO] [stderr]    Compiling ppv-lite86 v0.2.17
[INFO] [stderr]    Compiling libflate_lz77 v1.2.0
[INFO] [stderr]    Compiling parking_lot v0.12.1
[INFO] [stderr]    Compiling socket2 v0.5.3
[INFO] [stderr]    Compiling mio v0.8.8
[INFO] [stderr]    Compiling rand_chacha v0.3.1
[INFO] [stderr]    Compiling is-terminal v0.4.9
[INFO] [stderr]    Compiling xattr v1.0.1
[INFO] [stderr]    Compiling filetime v0.2.22
[INFO] [stderr]    Compiling signal-hook-registry v1.4.1
[INFO] [stderr]    Compiling ahash v0.8.3
[INFO] [stderr]    Compiling memoffset v0.9.0
[INFO] [stderr]    Compiling adler32 v1.2.0
[INFO] [stderr]    Compiling log v0.4.20
[INFO] [stderr]    Compiling bytes v1.4.0
[INFO] [stderr]    Compiling libflate v1.4.0
[INFO] [stderr]    Compiling tar v0.4.40
[INFO] [stderr]    Compiling rand v0.8.5
[INFO] [stderr]    Compiling hashbrown v0.12.3
[INFO] [stderr]    Compiling rand_core v0.3.1
[INFO] [stderr]    Compiling crossbeam-epoch v0.9.15
[INFO] [stderr]    Compiling time-core v0.1.1
[INFO] [stderr]    Compiling trilean v1.1.0
[INFO] [stderr]    Compiling minisign-verify v0.2.1
[INFO] [stderr]    Compiling utf8parse v0.2.1
[INFO] [stderr]    Compiling byteorder v1.4.3
[INFO] [stderr]    Compiling pkg-config v0.3.27
[INFO] [stderr]    Compiling anstyle-parse v0.2.1
[INFO] [stderr]    Compiling rmp v0.8.12
[INFO] [stderr]    Compiling gcollections v1.5.0
[INFO] [stderr]    Compiling time v0.3.23
[INFO] [stderr]    Compiling serde_derive v1.0.166
[INFO] [stderr]    Compiling futures-macro v0.3.28
[INFO] [stderr]    Compiling tokio-macros v2.1.0
[INFO] [stderr]    Compiling tracing-attributes v0.1.26
[INFO] [stderr]    Compiling libsodium-sys-stable v1.19.28
[INFO] [stderr]    Compiling derive_more v0.99.17
[INFO] [stderr]    Compiling tokio v1.32.0
[INFO] [stderr]    Compiling crossbeam-channel v0.5.8
[INFO] [stderr]    Compiling matrixmultiply v0.3.7
[INFO] [stderr]    Compiling num-rational v0.4.1
[INFO] [stderr]    Compiling anstyle-query v1.0.0
[INFO] [stderr]    Compiling percent-encoding v2.3.0
[INFO] [stderr]    Compiling iana-time-zone v0.1.57
[INFO] [stderr]    Compiling thiserror v1.0.47
[INFO] [stderr]    Compiling tracing v0.1.37
[INFO] [stderr]    Compiling typenum v1.16.0
[INFO] [stderr]    Compiling unicode-bidi v0.3.13
[INFO] [stderr]    Compiling colorchoice v1.0.0
[INFO] [stderr]    Compiling anstyle v1.0.2
[INFO] [stderr]    Compiling form_urlencoded v1.2.0
[INFO] [stderr]    Compiling idna v0.4.0
[INFO] [stderr]    Compiling anstream v0.3.2
[INFO] [stderr]    Compiling indexmap v1.9.3
[INFO] [stderr]    Compiling intervallum v1.4.0
[INFO] [stderr]    Compiling thiserror-impl v1.0.47
[INFO] [stderr]    Compiling futures-executor v0.3.28
[INFO] [stderr]    Compiling futures v0.3.28
[INFO] [stderr]    Compiling rand_pcg v0.1.2
[INFO] [stderr]    Compiling rand_chacha v0.1.1
[INFO] [stderr]    Compiling num-complex v0.4.4
[INFO] [stderr]    Compiling approx v0.5.1
[INFO] [stderr]    Compiling rawpointer v0.2.1
[INFO] [stderr]    Compiling rayon-core v1.11.0
[INFO] [stderr]    Compiling clap_lex v0.5.0
[INFO] [stderr]    Compiling dunce v1.0.4
[INFO] [stderr]    Compiling regex-syntax v0.6.29
[INFO] [stderr]    Compiling regex-syntax v0.7.4
[INFO] [stderr]    Compiling strsim v0.10.0
[INFO] [stderr]    Compiling clap_builder v4.3.24
[INFO] [stderr]    Compiling simba v0.5.1
[INFO] [stderr]    Compiling toml v0.5.11
[INFO] [stderr]    Compiling serde_bytes v0.11.12
[INFO] [stderr]    Compiling chrono v0.4.31
[INFO] [stderr]    Compiling one_err v0.0.8
[INFO] [stderr]    Compiling url v2.4.0
[INFO] [stderr]    Compiling kitsune_p2p_dht_arc v0.2.3
[INFO] [stderr]    Compiling serde_spanned v0.6.3
[INFO] [stderr]    Compiling toml_datetime v0.6.3
[INFO] [stderr]    Compiling regex-automata v0.3.6
[INFO] [stderr]    Compiling regex-automata v0.1.10
[INFO] [stderr]    Compiling clap_derive v4.3.12
[INFO] [stderr]    Compiling crossbeam-deque v0.8.3
[INFO] [stderr]    Compiling nalgebra-macros v0.1.0
[INFO] [stderr]    Compiling webpki v0.22.2
[INFO] [stderr]    Compiling pin-project-internal v1.1.3
[INFO] [stderr]    Compiling itertools v0.8.2
[INFO] [stderr]    Compiling rand_distr v0.4.3
[INFO] [stderr]    Compiling rand v0.6.5
[INFO] [stderr]    Compiling winnow v0.5.14
[INFO] [stderr]    Compiling parking_lot_core v0.8.6
[INFO] [stderr]    Compiling overload v0.1.1
[INFO] [stderr]    Compiling arrayvec v0.7.4
[INFO] [stderr]    Compiling bytemuck v1.13.1
[INFO] [stderr]    Compiling bitflags v1.3.2
[INFO] [stderr]    Compiling rustls v0.20.8
[INFO] [stderr]    Compiling holochain_util v0.2.3
[INFO] [stderr]    Compiling shrinkwraprs v0.3.0
[INFO] [stderr]    Compiling rgb v0.8.36
[INFO] [stderr]    Compiling num-format v0.4.4
[INFO] [stderr]    Compiling clap v4.3.24
[INFO] [stderr]    Compiling nu-ansi-term v0.46.0
[INFO] [stderr]    Compiling nalgebra v0.27.1
[INFO] [stderr]    Compiling regex v1.9.3
[INFO] [stderr]    Compiling matchers v0.1.0
[INFO] [stderr]    Compiling kitsune_p2p_timestamp v0.2.3
[INFO] [stderr]    Compiling rmpv v1.0.0
[INFO] [stderr]    Compiling pin-project v1.1.3
[INFO] [stderr]    Compiling toml_edit v0.19.14
[INFO] [stderr]    Compiling lair_keystore_api v0.3.0
[INFO] [stderr]    Compiling rmp-serde v1.1.2
[INFO] [stderr]    Compiling tracing-serde v0.1.3
[INFO] [stderr]    Compiling must_future v0.1.2
[INFO] [stderr]    Compiling hashbrown v0.13.2
[INFO] [stderr]    Compiling yasna v0.5.2
[INFO] [stderr]    Compiling sct v0.7.0
[INFO] [stderr]    Compiling pem v1.1.1
[INFO] [stderr]    Compiling rand_hc v0.1.0
[INFO] [stderr]    Compiling rand_xorshift v0.1.1
[INFO] [stderr]    Compiling rand_isaac v0.1.1
[INFO] [stderr]    Compiling env_logger v0.10.0
[INFO] [stderr]    Compiling tracing-log v0.1.3
[INFO] [stderr]    Compiling sharded-slab v0.1.4
[INFO] [stderr]    Compiling rand_jitter v0.1.4
[INFO] [stderr]    Compiling rand_os v0.1.3
[INFO] [stderr]    Compiling dashmap v5.5.0
[INFO] [stderr]    Compiling quick-xml v0.26.0
[INFO] [stderr]    Compiling thread_local v1.1.7
[INFO] [stderr]    Compiling instant v0.1.12
[INFO] [stderr]    Compiling str_stack v0.1.0
[INFO] [stderr]    Compiling unsafe-libyaml v0.2.9
[INFO] [stderr]    Compiling rcgen v0.10.0
[INFO] [stderr]    Compiling tracing-subscriber v0.3.17
[INFO] [stderr]    Compiling inferno v0.11.16
[INFO] [stderr]    Compiling serde_yaml v0.9.25
[INFO] [stderr]    Compiling toml v0.7.6
[INFO] [stderr]    Compiling lru v0.10.1
[INFO] [stderr]    Compiling rayon v1.7.0
[INFO] [stderr]    Compiling tracing-futures v0.2.5
[INFO] [stderr]    Compiling kitsune_p2p_bin_data v0.2.3
[INFO] [stderr]    Compiling flate2 v1.0.27
[INFO] [stderr]    Compiling webpki-roots v0.22.6
[INFO] [stderr]    Compiling tokio-util v0.7.8
[INFO] [stderr]    Compiling derivative v2.2.0
[INFO] [stderr]    Compiling nanoid v0.4.0
[INFO] [stderr]    Compiling colored v1.9.4
[INFO] [stderr]    Compiling tokio-stream v0.1.14
[INFO] [stderr]    Compiling kitsune_p2p_block v0.2.3
[INFO] [stderr]    Compiling ghost_actor v0.3.0-alpha.6
[INFO] [stderr]    Compiling nanoid v0.3.0
[INFO] [stderr]    Compiling holochain_trace v0.2.3
[INFO] [stderr]    Compiling ureq v2.6.2
[INFO] [stderr]    Compiling parking_lot v0.11.2
[INFO] [stderr]    Compiling sysinfo v0.27.8
[INFO] [stderr]    Compiling url2 v0.0.6
[INFO] [stderr]    Compiling rmp-serde v0.15.5
[INFO] [stderr]    Compiling lru v0.8.1
[INFO] [stderr]    Compiling statrs v0.15.0
[INFO] [stderr]    Compiling kitsune_p2p_dht v0.2.3
[INFO] [stderr]    Compiling sodoken v0.0.9
[INFO] [stderr]    Compiling hc_seed_bundle v0.1.7
[INFO] [stderr]    Compiling kitsune_p2p_types v0.2.3 (/opt/rustwide/workdir)
[INFO] [stderr]     Finished dev [unoptimized + debuginfo] target(s) in 1m 25s
[INFO] [stderr] warning: the following packages contain code that will be rejected by a future version of Rust: nalgebra v0.27.1
[INFO] [stderr] note: to see what the problems were, use the option `--future-incompat-report`, or run `cargo report future-incompatibilities --id 1`
[INFO] running `Command { std: "docker" "inspect" "a6d62ffd4b526b679dd65a9e2b161583540a0789ec832b50db5bc5f95afa3f2b", kill_on_drop: false }`
[INFO] running `Command { std: "docker" "rm" "-f" "a6d62ffd4b526b679dd65a9e2b161583540a0789ec832b50db5bc5f95afa3f2b", kill_on_drop: false }`
[INFO] [stdout] a6d62ffd4b526b679dd65a9e2b161583540a0789ec832b50db5bc5f95afa3f2b
[INFO] running `Command { std: "docker" "create" "-v" "/var/lib/crater-agent-workspace/builds/worker-0-tc2/target:/opt/rustwide/target:rw,Z" "-v" "/var/lib/crater-agent-workspace/builds/worker-0-tc2/source:/opt/rustwide/workdir:ro,Z" "-v" "/var/lib/crater-agent-workspace/cargo-home:/opt/rustwide/cargo-home:ro,Z" "-v" "/var/lib/crater-agent-workspace/rustup-home:/opt/rustwide/rustup-home:ro,Z" "-e" "SOURCE_DIR=/opt/rustwide/workdir" "-e" "CARGO_TARGET_DIR=/opt/rustwide/target" "-e" "CARGO_INCREMENTAL=0" "-e" "RUST_BACKTRACE=full" "-e" "RUSTFLAGS=--cap-lints=warn" "-e" "RUSTDOCFLAGS=--cap-lints=warn" "-e" "CARGO_HOME=/opt/rustwide/cargo-home" "-e" "RUSTUP_HOME=/opt/rustwide/rustup-home" "-w" "/opt/rustwide/workdir" "-m" "1610612736" "--user" "0:0" "--network" "none" "ghcr.io/rust-lang/crates-build-env/linux@sha256:2788e3201cd34a07e3172128adcd8b3090168a8e3bcc40d7c032b9dda1df7d1c" "/opt/rustwide/cargo-home/bin/cargo" "+beta-2023-12-22" "test" "--frozen" "--no-run" "--message-format=json", kill_on_drop: false }`
[INFO] [stdout] 0e1547bb16cd737e0251315a7d781bb4645e100308964a454aa7c354f4074250
[INFO] running `Command { std: "docker" "start" "-a" "0e1547bb16cd737e0251315a7d781bb4645e100308964a454aa7c354f4074250", kill_on_drop: false }`
[INFO] [stderr]    Compiling bitflags v1.3.2
[INFO] [stderr]    Compiling either v1.9.0
[INFO] [stderr]    Compiling rayon v1.7.0
[INFO] [stderr]    Compiling plotters-backend v0.3.5
[INFO] [stderr]    Compiling unicode-width v0.1.10
[INFO] [stderr]    Compiling itertools v0.10.5
[INFO] [stderr]    Compiling csv-core v0.1.10
[INFO] [stderr]    Compiling cast v0.3.0
[INFO] [stderr]    Compiling half v1.8.2
[INFO] [stderr]    Compiling textwrap v0.11.0
[INFO] [stderr]    Compiling itertools v0.8.2
[INFO] [stderr]    Compiling walkdir v2.3.3
[INFO] [stderr]    Compiling plotters-svg v0.3.5
[INFO] [stderr]    Compiling serde_cbor v0.11.2
[INFO] [stderr]    Compiling csv v1.2.2
[INFO] [stderr]    Compiling clap v2.34.0
[INFO] [stderr]    Compiling plotters v0.3.5
[INFO] [stderr]    Compiling tinytemplate v1.2.1
[INFO] [stderr]    Compiling shrinkwraprs v0.3.0
[INFO] [stderr]    Compiling criterion-plot v0.4.5
[INFO] [stderr]    Compiling atty v0.2.14
[INFO] [stderr]    Compiling oorandom v11.1.3
[INFO] [stderr]    Compiling kitsune_p2p_bin_data v0.2.3
[INFO] [stderr]    Compiling kitsune_p2p_block v0.2.3
[INFO] [stderr]    Compiling sysinfo v0.27.8
[INFO] [stderr]    Compiling criterion v0.3.6
[INFO] [stderr]    Compiling kitsune_p2p_types v0.2.3 (/opt/rustwide/workdir)
[INFO] [stdout] warning: unused pinned boxed `futures::Future` trait object that must be used
[INFO] [stdout]    --> src/tx2/mem.rs:611:9
[INFO] [stdout]     |
[INFO] [stdout] 611 |         ep1.close(0, "");
[INFO] [stdout]     |         ^^^^^^^^^^^^^^^^
[INFO] [stdout]     |
[INFO] [stdout]     = note: futures do nothing unless you `.await` or poll them
[INFO] [stdout]     = note: `#[warn(unused_must_use)]` on by default
[INFO] [stdout] 
[INFO] [stdout] 
[INFO] [stdout] warning: unused pinned boxed `futures::Future` trait object that must be used
[INFO] [stdout]    --> src/tx2/mem.rs:612:9
[INFO] [stdout]     |
[INFO] [stdout] 612 |         ep2.close(0, "");
[INFO] [stdout]     |         ^^^^^^^^^^^^^^^^
[INFO] [stdout]     |
[INFO] [stdout]     = note: futures do nothing unless you `.await` or poll them
[INFO] [stdout] 
[INFO] [stdout] 
[INFO] [stdout] warning: 2 warnings emitted
[INFO] [stdout] 
[INFO] [stdout] 
[INFO] [stderr]     Finished test [unoptimized + debuginfo] target(s) in 18.84s
[INFO] [stderr] warning: the following packages contain code that will be rejected by a future version of Rust: nalgebra v0.27.1
[INFO] [stderr] note: to see what the problems were, use the option `--future-incompat-report`, or run `cargo report future-incompatibilities --id 1`
[INFO] running `Command { std: "docker" "inspect" "0e1547bb16cd737e0251315a7d781bb4645e100308964a454aa7c354f4074250", kill_on_drop: false }`
[INFO] running `Command { std: "docker" "rm" "-f" "0e1547bb16cd737e0251315a7d781bb4645e100308964a454aa7c354f4074250", kill_on_drop: false }`
[INFO] [stdout] 0e1547bb16cd737e0251315a7d781bb4645e100308964a454aa7c354f4074250
[INFO] running `Command { std: "docker" "create" "-v" "/var/lib/crater-agent-workspace/builds/worker-0-tc2/target:/opt/rustwide/target:rw,Z" "-v" "/var/lib/crater-agent-workspace/builds/worker-0-tc2/source:/opt/rustwide/workdir:ro,Z" "-v" "/var/lib/crater-agent-workspace/cargo-home:/opt/rustwide/cargo-home:ro,Z" "-v" "/var/lib/crater-agent-workspace/rustup-home:/opt/rustwide/rustup-home:ro,Z" "-e" "SOURCE_DIR=/opt/rustwide/workdir" "-e" "CARGO_TARGET_DIR=/opt/rustwide/target" "-e" "CARGO_INCREMENTAL=0" "-e" "RUST_BACKTRACE=full" "-e" "RUSTFLAGS=--cap-lints=warn" "-e" "RUSTDOCFLAGS=--cap-lints=warn" "-e" "CARGO_HOME=/opt/rustwide/cargo-home" "-e" "RUSTUP_HOME=/opt/rustwide/rustup-home" "-w" "/opt/rustwide/workdir" "-m" "1610612736" "--user" "0:0" "--network" "none" "ghcr.io/rust-lang/crates-build-env/linux@sha256:2788e3201cd34a07e3172128adcd8b3090168a8e3bcc40d7c032b9dda1df7d1c" "/opt/rustwide/cargo-home/bin/cargo" "+beta-2023-12-22" "test" "--frozen", kill_on_drop: false }`
[INFO] [stdout] 56e1155988c493c49d69a779e7561bfae285560ef3f8bb61922fb7812a92b6c6
[INFO] running `Command { std: "docker" "start" "-a" "56e1155988c493c49d69a779e7561bfae285560ef3f8bb61922fb7812a92b6c6", kill_on_drop: false }`
[INFO] [stderr] warning: unused pinned boxed `futures::Future` trait object that must be used
[INFO] [stderr]    --> src/tx2/mem.rs:611:9
[INFO] [stderr]     |
[INFO] [stderr] 611 |         ep1.close(0, "");
[INFO] [stderr]     |         ^^^^^^^^^^^^^^^^
[INFO] [stderr]     |
[INFO] [stderr]     = note: futures do nothing unless you `.await` or poll them
[INFO] [stderr]     = note: `#[warn(unused_must_use)]` on by default
[INFO] [stderr] 
[INFO] [stderr] warning: unused pinned boxed `futures::Future` trait object that must be used
[INFO] [stderr]    --> src/tx2/mem.rs:612:9
[INFO] [stderr]     |
[INFO] [stderr] 612 |         ep2.close(0, "");
[INFO] [stderr]     |         ^^^^^^^^^^^^^^^^
[INFO] [stderr]     |
[INFO] [stderr]     = note: futures do nothing unless you `.await` or poll them
[INFO] [stderr] 
[INFO] [stderr] warning: `kitsune_p2p_types` (lib test) generated 2 warnings
[INFO] [stderr]     Finished test [unoptimized + debuginfo] target(s) in 0.27s
[INFO] [stderr] warning: the following packages contain code that will be rejected by a future version of Rust: nalgebra v0.27.1
[INFO] [stderr] note: to see what the problems were, use the option `--future-incompat-report`, or run `cargo report future-incompatibilities --id 1`
[INFO] [stderr]      Running unittests src/lib.rs (/opt/rustwide/target/debug/deps/kitsune_p2p_types-61fee3799be040f0)
[INFO] [stdout] 
[INFO] [stdout] running 36 tests
[INFO] [stdout] test metrics::test_metric_task ... ignored, flakey. https://app.circleci.com/jobs/github/holochain/holochain/12604
[INFO] [stdout] test codec::tests::test_encode_decode ... ok
[INFO] [stdout] test timeout::tests::basic_kitsune_timeout ... ok
[INFO] [stdout] test timeout::tests::expired_kitsune_timeout ... ok
[INFO] [stdout] test tx2::framed::tests::test_msgid ... ok
[INFO] [stdout] test agent_info::tests::agent_info ... ok
[INFO] [stdout] test task_agg::tests::test_task_agg ... ok
[INFO] [stdout] test tests::test_tx2_digest ... ok
[INFO] [stdout] test tx2::framed::tests::test_framed ... ok
[INFO] [stdout] test tx2::mem::tests::test_tx2_mem ... ok
[INFO] [stdout] test tx2::tx2_api::tests::test_tx2_api ... ok
[INFO] [stdout] test tx2::tx2_utils::latency::tests::test_bad_latency_buffer_data ... ok
[INFO] [stdout] test tx2::tx2_utils::latency::tests::test_bad_latency_buffer_sizes ... ok
[INFO] [stdout] test tx2::tx2_utils::latency::tests::test_good_latency_buffers ... ok
[INFO] [stdout] test tx2::tx2_utils::logic_chan::tests::doc_example ... ok
[INFO] [stdout] test async_lazy::tests::async_lazy ... ok
[INFO] [stdout] test tx2::tx2_utils::active::tests::test_active_cb ... ok
[INFO] [stdout] test tx2::tx2_utils::mem_chan::tests::test_async_bound_mem_channel_lg_buf ... ok
[INFO] [stdout] test tx2::tx2_utils::mem_chan::tests::test_async_bound_mem_channel_sm_buf ... ok
[INFO] [stdout] test tx2::tx2_utils::notify_all::tests::test_notify_all ... ok
[INFO] [stdout] test tx2::tx2_utils::notify_all::tests::test_notify_all_on_drop ... ok
[INFO] [stdout] test tx2::tx2_utils::notify_all::tests::test_notify_all_sync ... ok
[INFO] [stdout] test tx2::tx2_utils::pool_buf::tests::pool_buf_grow_shrink_reset_reuse ... ok
[INFO] [stdout] test tx2::tx2_utils::pool_buf::tests::pool_buf_prepend ... ok
[INFO] [stdout] test tx2::tx2_utils::pool_buf::tests::pool_buf_prepend_large ... ok
[INFO] [stdout] test tx2::mem::tests::test_tx2_mem_stress ... ok
[INFO] [stdout] test tx2::tx2_utils::resource_bucket::tests::test_async_bucket ... ok
[INFO] [stdout] test timeout::tests::kitsune_backoff ... ok
[INFO] [stdout] test tx2::tx2_utils::logic_chan::tests::test_util_logic_chan ... ok
[INFO] [stdout] test tx2::tx2_utils::active::tests::test_active ... ok
[INFO] [stdout] test tx2::tx2_pool_promote::tests::test_tx2_pool_promote ... ok
[INFO] [stdout] test tx2::tx2_utils::resource_bucket::tests::test_async_bucket_timeout ... ok
[INFO] [stdout] test tx2::tx2_utils::t_chan::tests::test_t_chan ... ok
[INFO] [stdout] test tx2::tx2_utils::resource_bucket::tests::test_async_bucket_acquire_or_else ... ok
[INFO] [stdout] test metrics::test_sys_info ... ok
[INFO] [stdout] test tx2::tx2_utils::mem_chan::tests::test_async_bound_mem_channel_disparity ... ok
[INFO] [stdout] 
[INFO] [stdout] test result: ok. 35 passed; 0 failed; 1 ignored; 0 measured; 0 filtered out; finished in 0.24s
[INFO] [stdout] 
[INFO] [stderr]    Doc-tests kitsune_p2p_types
[INFO] [stdout] 
[INFO] [stdout] running 3 tests
[INFO] [stdout] test src/codec.rs - codec::write_codec_enum (line 68) ... ignored
[INFO] [stdout] test src/codec.rs - codec::write_codec_enum (line 88) ... ignored
[INFO] [stdout] test src/tx2/tx2_utils/logic_chan.rs - tx2::tx2_utils::logic_chan::LogicChan (line 114) ... ok
[INFO] [stdout] 
[INFO] [stdout] test result: ok. 1 passed; 0 failed; 2 ignored; 0 measured; 0 filtered out; finished in 4.78s
[INFO] [stdout] 
[INFO] running `Command { std: "docker" "inspect" "56e1155988c493c49d69a779e7561bfae285560ef3f8bb61922fb7812a92b6c6", kill_on_drop: false }`
[INFO] running `Command { std: "docker" "rm" "-f" "56e1155988c493c49d69a779e7561bfae285560ef3f8bb61922fb7812a92b6c6", kill_on_drop: false }`
[INFO] [stdout] 56e1155988c493c49d69a779e7561bfae285560ef3f8bb61922fb7812a92b6c6
