[INFO] fetching crate filecmp 0.2.0...
[INFO] testing filecmp-0.2.0 against 1.75.0 for beta-1.76-1
[INFO] extracting crate filecmp 0.2.0 into /workspace/builds/worker-4-tc1/source
[INFO] validating manifest of crates.io crate filecmp 0.2.0 on toolchain 1.75.0
[INFO] running `Command { std: CARGO_HOME="/workspace/cargo-home" RUSTUP_HOME="/workspace/rustup-home" "/workspace/cargo-home/bin/cargo" "+1.75.0" "metadata" "--manifest-path" "Cargo.toml" "--no-deps", kill_on_drop: false }`
[INFO] started tweaking crates.io crate filecmp 0.2.0
[INFO] removed 0 missing examples
[INFO] finished tweaking crates.io crate filecmp 0.2.0
[INFO] tweaked toml for crates.io crate filecmp 0.2.0 written to /workspace/builds/worker-4-tc1/source/Cargo.toml
[INFO] crate crates.io crate filecmp 0.2.0 already has a lockfile, it will not be regenerated
[INFO] running `Command { std: CARGO_HOME="/workspace/cargo-home" RUSTUP_HOME="/workspace/rustup-home" "/workspace/cargo-home/bin/cargo" "+1.75.0" "fetch" "--manifest-path" "Cargo.toml", kill_on_drop: false }`
[INFO] running `Command { std: "docker" "create" "-v" "/var/lib/crater-agent-workspace/builds/worker-4-tc1/target:/opt/rustwide/target:rw,Z" "-v" "/var/lib/crater-agent-workspace/builds/worker-4-tc1/source:/opt/rustwide/workdir:ro,Z" "-v" "/var/lib/crater-agent-workspace/cargo-home:/opt/rustwide/cargo-home:ro,Z" "-v" "/var/lib/crater-agent-workspace/rustup-home:/opt/rustwide/rustup-home:ro,Z" "-e" "SOURCE_DIR=/opt/rustwide/workdir" "-e" "CARGO_TARGET_DIR=/opt/rustwide/target" "-e" "CARGO_HOME=/opt/rustwide/cargo-home" "-e" "RUSTUP_HOME=/opt/rustwide/rustup-home" "-w" "/opt/rustwide/workdir" "-m" "1610612736" "--user" "0:0" "--network" "none" "ghcr.io/rust-lang/crates-build-env/linux@sha256:2788e3201cd34a07e3172128adcd8b3090168a8e3bcc40d7c032b9dda1df7d1c" "/opt/rustwide/cargo-home/bin/cargo" "+1.75.0" "metadata" "--no-deps" "--format-version=1", kill_on_drop: false }`
[INFO] [stdout] ab8591b90ffa7355e605b1cfade706730d5548e35dd881a880b9492c65e63e88
[INFO] running `Command { std: "docker" "start" "-a" "ab8591b90ffa7355e605b1cfade706730d5548e35dd881a880b9492c65e63e88", kill_on_drop: false }`
[INFO] running `Command { std: "docker" "inspect" "ab8591b90ffa7355e605b1cfade706730d5548e35dd881a880b9492c65e63e88", kill_on_drop: false }`
[INFO] running `Command { std: "docker" "rm" "-f" "ab8591b90ffa7355e605b1cfade706730d5548e35dd881a880b9492c65e63e88", kill_on_drop: false }`
[INFO] [stdout] ab8591b90ffa7355e605b1cfade706730d5548e35dd881a880b9492c65e63e88
[INFO] running `Command { std: "docker" "create" "-v" "/var/lib/crater-agent-workspace/builds/worker-4-tc1/target:/opt/rustwide/target:rw,Z" "-v" "/var/lib/crater-agent-workspace/builds/worker-4-tc1/source:/opt/rustwide/workdir:ro,Z" "-v" "/var/lib/crater-agent-workspace/cargo-home:/opt/rustwide/cargo-home:ro,Z" "-v" "/var/lib/crater-agent-workspace/rustup-home:/opt/rustwide/rustup-home:ro,Z" "-e" "SOURCE_DIR=/opt/rustwide/workdir" "-e" "CARGO_TARGET_DIR=/opt/rustwide/target" "-e" "CARGO_INCREMENTAL=0" "-e" "RUST_BACKTRACE=full" "-e" "RUSTFLAGS=--cap-lints=warn" "-e" "RUSTDOCFLAGS=--cap-lints=warn" "-e" "CARGO_HOME=/opt/rustwide/cargo-home" "-e" "RUSTUP_HOME=/opt/rustwide/rustup-home" "-w" "/opt/rustwide/workdir" "-m" "1610612736" "--user" "0:0" "--network" "none" "ghcr.io/rust-lang/crates-build-env/linux@sha256:2788e3201cd34a07e3172128adcd8b3090168a8e3bcc40d7c032b9dda1df7d1c" "/opt/rustwide/cargo-home/bin/cargo" "+1.75.0" "build" "--frozen" "--message-format=json", kill_on_drop: false }`
[INFO] [stdout] fa4a9f6bd68c22579f1b262ed2b59ac35b4bea643f9935d7ce5156a2acbfd339
[INFO] running `Command { std: "docker" "start" "-a" "fa4a9f6bd68c22579f1b262ed2b59ac35b4bea643f9935d7ce5156a2acbfd339", kill_on_drop: false }`
[INFO] [stderr]    Compiling filecmp v0.2.0 (/opt/rustwide/workdir)
[INFO] [stdout] warning: fields `st_ino`, `st_dev`, `st_nlink`, `st_uid`, and `st_gid` are never read
[INFO] [stdout]   --> src/os.rs:37:5
[INFO] [stdout]    |
[INFO] [stdout] 35 | pub struct StatResult {
[INFO] [stdout]    |            ---------- fields in this struct
[INFO] [stdout] 36 |     pub st_mode: u32,
[INFO] [stdout] 37 |     st_ino: u64,
[INFO] [stdout]    |     ^^^^^^
[INFO] [stdout] 38 |     st_dev: u64,
[INFO] [stdout]    |     ^^^^^^
[INFO] [stdout] 39 |     st_nlink: u64,
[INFO] [stdout]    |     ^^^^^^^^
[INFO] [stdout] 40 |     st_uid: u32,
[INFO] [stdout]    |     ^^^^^^
[INFO] [stdout] 41 |     st_gid: u32,
[INFO] [stdout]    |     ^^^^^^
[INFO] [stdout]    |
[INFO] [stdout]    = note: `StatResult` has a derived impl for the trait `Debug`, but this is intentionally ignored during dead code analysis
[INFO] [stdout]    = note: `#[warn(dead_code)]` on by default
[INFO] [stdout] 
[INFO] [stdout] 
[INFO] [stdout] warning: 1 warning emitted
[INFO] [stdout] 
[INFO] [stdout] 
[INFO] [stderr]     Finished dev [unoptimized + debuginfo] target(s) in 0.30s
[INFO] running `Command { std: "docker" "inspect" "fa4a9f6bd68c22579f1b262ed2b59ac35b4bea643f9935d7ce5156a2acbfd339", kill_on_drop: false }`
[INFO] running `Command { std: "docker" "rm" "-f" "fa4a9f6bd68c22579f1b262ed2b59ac35b4bea643f9935d7ce5156a2acbfd339", kill_on_drop: false }`
[INFO] [stdout] fa4a9f6bd68c22579f1b262ed2b59ac35b4bea643f9935d7ce5156a2acbfd339
[INFO] running `Command { std: "docker" "create" "-v" "/var/lib/crater-agent-workspace/builds/worker-4-tc1/target:/opt/rustwide/target:rw,Z" "-v" "/var/lib/crater-agent-workspace/builds/worker-4-tc1/source:/opt/rustwide/workdir:ro,Z" "-v" "/var/lib/crater-agent-workspace/cargo-home:/opt/rustwide/cargo-home:ro,Z" "-v" "/var/lib/crater-agent-workspace/rustup-home:/opt/rustwide/rustup-home:ro,Z" "-e" "SOURCE_DIR=/opt/rustwide/workdir" "-e" "CARGO_TARGET_DIR=/opt/rustwide/target" "-e" "CARGO_INCREMENTAL=0" "-e" "RUST_BACKTRACE=full" "-e" "RUSTFLAGS=--cap-lints=warn" "-e" "RUSTDOCFLAGS=--cap-lints=warn" "-e" "CARGO_HOME=/opt/rustwide/cargo-home" "-e" "RUSTUP_HOME=/opt/rustwide/rustup-home" "-w" "/opt/rustwide/workdir" "-m" "1610612736" "--user" "0:0" "--network" "none" "ghcr.io/rust-lang/crates-build-env/linux@sha256:2788e3201cd34a07e3172128adcd8b3090168a8e3bcc40d7c032b9dda1df7d1c" "/opt/rustwide/cargo-home/bin/cargo" "+1.75.0" "test" "--frozen" "--no-run" "--message-format=json", kill_on_drop: false }`
[INFO] [stdout] ccde9f2571fb284c2450522b1bafa8101e2a7e788e172936f79271bc620c14a4
[INFO] running `Command { std: "docker" "start" "-a" "ccde9f2571fb284c2450522b1bafa8101e2a7e788e172936f79271bc620c14a4", kill_on_drop: false }`
[INFO] [stderr]    Compiling libc v0.2.80
[INFO] [stderr]    Compiling unicode-width v0.1.8
[INFO] [stderr]    Compiling vec_map v0.8.2
[INFO] [stdout] warning: fields `st_ino`, `st_dev`, `st_nlink`, `st_uid`, and `st_gid` are never read
[INFO] [stdout]   --> src/os.rs:37:5
[INFO] [stdout]    |
[INFO] [stdout] 35 | pub struct StatResult {
[INFO] [stdout]    |            ---------- fields in this struct
[INFO] [stdout] 36 |     pub st_mode: u32,
[INFO] [stdout] 37 |     st_ino: u64,
[INFO] [stdout]    |     ^^^^^^
[INFO] [stdout] 38 |     st_dev: u64,
[INFO] [stdout]    |     ^^^^^^
[INFO] [stdout] 39 |     st_nlink: u64,
[INFO] [stdout]    |     ^^^^^^^^
[INFO] [stdout] 40 |     st_uid: u32,
[INFO] [stdout]    |     ^^^^^^
[INFO] [stdout] 41 |     st_gid: u32,
[INFO] [stdout]    |     ^^^^^^
[INFO] [stdout]    |
[INFO] [stdout]    = note: `StatResult` has a derived impl for the trait `Debug`, but this is intentionally ignored during dead code analysis
[INFO] [stdout]    = note: `#[warn(dead_code)]` on by default
[INFO] [stdout] 
[INFO] [stdout] 
[INFO] [stdout] warning: 1 warning emitted
[INFO] [stdout] 
[INFO] [stdout] 
[INFO] [stderr]    Compiling textwrap v0.11.0
[INFO] [stderr]    Compiling atty v0.2.14
[INFO] [stderr]    Compiling clap v2.33.3
[INFO] [stderr]    Compiling filecmp v0.2.0 (/opt/rustwide/workdir)
[INFO] [stdout] warning: fields `st_ino`, `st_dev`, `st_nlink`, `st_uid`, and `st_gid` are never read
[INFO] [stdout]   --> src/os.rs:37:5
[INFO] [stdout]    |
[INFO] [stdout] 35 | pub struct StatResult {
[INFO] [stdout]    |            ---------- fields in this struct
[INFO] [stdout] 36 |     pub st_mode: u32,
[INFO] [stdout] 37 |     st_ino: u64,
[INFO] [stdout]    |     ^^^^^^
[INFO] [stdout] 38 |     st_dev: u64,
[INFO] [stdout]    |     ^^^^^^
[INFO] [stdout] 39 |     st_nlink: u64,
[INFO] [stdout]    |     ^^^^^^^^
[INFO] [stdout] 40 |     st_uid: u32,
[INFO] [stdout]    |     ^^^^^^
[INFO] [stdout] 41 |     st_gid: u32,
[INFO] [stdout]    |     ^^^^^^
[INFO] [stdout]    |
[INFO] [stdout]    = note: `StatResult` has a derived impl for the trait `Debug`, but this is intentionally ignored during dead code analysis
[INFO] [stdout]    = note: `#[warn(dead_code)]` on by default
[INFO] [stdout] 
[INFO] [stdout] 
[INFO] [stdout] warning: 1 warning emitted
[INFO] [stdout] 
[INFO] [stdout] 
[INFO] [stderr]     Finished test [unoptimized + debuginfo] target(s) in 6.83s
[INFO] running `Command { std: "docker" "inspect" "ccde9f2571fb284c2450522b1bafa8101e2a7e788e172936f79271bc620c14a4", kill_on_drop: false }`
[INFO] running `Command { std: "docker" "rm" "-f" "ccde9f2571fb284c2450522b1bafa8101e2a7e788e172936f79271bc620c14a4", kill_on_drop: false }`
[INFO] [stdout] ccde9f2571fb284c2450522b1bafa8101e2a7e788e172936f79271bc620c14a4
[INFO] running `Command { std: "docker" "create" "-v" "/var/lib/crater-agent-workspace/builds/worker-4-tc1/target:/opt/rustwide/target:rw,Z" "-v" "/var/lib/crater-agent-workspace/builds/worker-4-tc1/source:/opt/rustwide/workdir:ro,Z" "-v" "/var/lib/crater-agent-workspace/cargo-home:/opt/rustwide/cargo-home:ro,Z" "-v" "/var/lib/crater-agent-workspace/rustup-home:/opt/rustwide/rustup-home:ro,Z" "-e" "SOURCE_DIR=/opt/rustwide/workdir" "-e" "CARGO_TARGET_DIR=/opt/rustwide/target" "-e" "CARGO_INCREMENTAL=0" "-e" "RUST_BACKTRACE=full" "-e" "RUSTFLAGS=--cap-lints=warn" "-e" "RUSTDOCFLAGS=--cap-lints=warn" "-e" "CARGO_HOME=/opt/rustwide/cargo-home" "-e" "RUSTUP_HOME=/opt/rustwide/rustup-home" "-w" "/opt/rustwide/workdir" "-m" "1610612736" "--user" "0:0" "--network" "none" "ghcr.io/rust-lang/crates-build-env/linux@sha256:2788e3201cd34a07e3172128adcd8b3090168a8e3bcc40d7c032b9dda1df7d1c" "/opt/rustwide/cargo-home/bin/cargo" "+1.75.0" "test" "--frozen", kill_on_drop: false }`
[INFO] [stdout] 96206043b5e210da8625e9b567c5a514184f1021de26ce9a198183d10af65980
[INFO] running `Command { std: "docker" "start" "-a" "96206043b5e210da8625e9b567c5a514184f1021de26ce9a198183d10af65980", kill_on_drop: false }`
[INFO] [stderr] warning: fields `st_ino`, `st_dev`, `st_nlink`, `st_uid`, and `st_gid` are never read
[INFO] [stderr]   --> src/os.rs:37:5
[INFO] [stderr]    |
[INFO] [stderr] 35 | pub struct StatResult {
[INFO] [stderr]    |            ---------- fields in this struct
[INFO] [stderr] 36 |     pub st_mode: u32,
[INFO] [stderr] 37 |     st_ino: u64,
[INFO] [stderr]    |     ^^^^^^
[INFO] [stderr] 38 |     st_dev: u64,
[INFO] [stderr]    |     ^^^^^^
[INFO] [stderr] 39 |     st_nlink: u64,
[INFO] [stderr]    |     ^^^^^^^^
[INFO] [stderr] 40 |     st_uid: u32,
[INFO] [stderr]    |     ^^^^^^
[INFO] [stderr] 41 |     st_gid: u32,
[INFO] [stderr]    |     ^^^^^^
[INFO] [stderr]    |
[INFO] [stderr]    = note: `StatResult` has a derived impl for the trait `Debug`, but this is intentionally ignored during dead code analysis
[INFO] [stderr]    = note: `#[warn(dead_code)]` on by default
[INFO] [stderr] 
[INFO] [stderr] warning: `filecmp` (lib) generated 1 warning
[INFO] [stderr] warning: `filecmp` (lib test) generated 1 warning (1 duplicate)
[INFO] [stderr]     Finished test [unoptimized + debuginfo] target(s) in 0.02s
[INFO] [stderr]      Running unittests src/lib.rs (/opt/rustwide/target/debug/deps/filecmp-20e6936100276ed5)
[INFO] [stdout] 
[INFO] [stdout] running 2 tests
[INFO] [stdout] test tests::test_stat ... ok
[INFO] [stdout] test os::tests::test_stat ... FAILED
[INFO] [stdout] 
[INFO] [stdout] failures:
[INFO] [stdout] 
[INFO] [stdout] ---- os::tests::test_stat stdout ----
[INFO] [stdout] [src/os.rs:164] temp_dir.join("test_filecmp").join("test_stat") = "/tmp/test_filecmp/test_stat"
[INFO] [stdout] [src/os.rs:192] stat(&test_dir, false).unwrap() = StatResult {
[INFO] [stdout]     st_mode: 16877,
[INFO] [stdout]     st_ino: 548477,
[INFO] [stdout]     st_dev: 63,
[INFO] [stdout]     st_nlink: 2,
[INFO] [stdout]     st_uid: 0,
[INFO] [stdout]     st_gid: 0,
[INFO] [stdout]     st_size: 4096,
[INFO] [stdout]     st_atime: 1704427616.876126,
[INFO] [stdout]     st_mtime: 1704427616.876126,
[INFO] [stdout]     st_ctime: 1704427616.876126,
[INFO] [stdout] }
[INFO] [stdout] [src/os.rs:193] stat(&foo_path, false).unwrap() = StatResult {
[INFO] [stdout]     st_mode: 33188,
[INFO] [stdout]     st_ino: 540469,
[INFO] [stdout]     st_dev: 63,
[INFO] [stdout]     st_nlink: 1,
[INFO] [stdout]     st_uid: 0,
[INFO] [stdout]     st_gid: 0,
[INFO] [stdout]     st_size: 0,
[INFO] [stdout]     st_atime: 1704427616.876126,
[INFO] [stdout]     st_mtime: 1704427616.876126,
[INFO] [stdout]     st_ctime: 1704427616.876126,
[INFO] [stdout] }
[INFO] [stdout] [src/os.rs:194] stat(&bar_path, false).unwrap() = StatResult {
[INFO] [stdout]     st_mode: 33188,
[INFO] [stdout]     st_ino: 540489,
[INFO] [stdout]     st_dev: 63,
[INFO] [stdout]     st_nlink: 1,
[INFO] [stdout]     st_uid: 0,
[INFO] [stdout]     st_gid: 0,
[INFO] [stdout]     st_size: 0,
[INFO] [stdout]     st_atime: 1704427616.876126,
[INFO] [stdout]     st_mtime: 1704427616.876126,
[INFO] [stdout]     st_ctime: 1704427616.876126,
[INFO] [stdout] }
[INFO] [stdout] [src/os.rs:195] stat(&baz_path, false).unwrap() = StatResult {
[INFO] [stdout]     st_mode: 33188,
[INFO] [stdout]     st_ino: 540508,
[INFO] [stdout]     st_dev: 63,
[INFO] [stdout]     st_nlink: 1,
[INFO] [stdout]     st_uid: 0,
[INFO] [stdout]     st_gid: 0,
[INFO] [stdout]     st_size: 0,
[INFO] [stdout]     st_atime: 1704427616.876126,
[INFO] [stdout]     st_mtime: 1704427616.876126,
[INFO] [stdout]     st_ctime: 1704427616.876126,
[INFO] [stdout] }
[INFO] [stdout] thread 'os::tests::test_stat' panicked at src/os.rs:203:9:
[INFO] [stdout] assertion `left != right` failed
[INFO] [stdout]   left: 0
[INFO] [stdout]  right: 0
[INFO] [stdout] stack backtrace:
[INFO] [stdout]    0:     0x5652834822dc - std::backtrace_rs::backtrace::libunwind::trace::ha637c64ce894333a
[INFO] [stdout]                                at /rustc/82e1608dfa6e0b5569232559e3d385fea5a93112/library/std/src/../../backtrace/src/backtrace/libunwind.rs:104:5
[INFO] [stdout]    1:     0x5652834822dc - std::backtrace_rs::backtrace::trace_unsynchronized::h47f62dea28e0c88d
[INFO] [stdout]                                at /rustc/82e1608dfa6e0b5569232559e3d385fea5a93112/library/std/src/../../backtrace/src/backtrace/mod.rs:66:5
[INFO] [stdout]    2:     0x5652834822dc - std::sys_common::backtrace::_print_fmt::h9eef0abe20ede486
[INFO] [stdout]                                at /rustc/82e1608dfa6e0b5569232559e3d385fea5a93112/library/std/src/sys_common/backtrace.rs:67:5
[INFO] [stdout]    3:     0x5652834822dc - <std::sys_common::backtrace::_print::DisplayBacktrace as core::fmt::Display>::fmt::hed7f999df88cc644
[INFO] [stdout]                                at /rustc/82e1608dfa6e0b5569232559e3d385fea5a93112/library/std/src/sys_common/backtrace.rs:44:22
[INFO] [stdout]    4:     0x5652834ac3a0 - core::fmt::rt::Argument::fmt::h1539a9308b8d058d
[INFO] [stdout]                                at /rustc/82e1608dfa6e0b5569232559e3d385fea5a93112/library/core/src/fmt/rt.rs:142:9
[INFO] [stdout]    5:     0x5652834ac3a0 - core::fmt::write::h3a39390d8560d9c9
[INFO] [stdout]                                at /rustc/82e1608dfa6e0b5569232559e3d385fea5a93112/library/core/src/fmt/mod.rs:1120:17
[INFO] [stdout]    6:     0x56528347fa5f - std::io::Write::write_fmt::h040b369f3a0f9cbc
[INFO] [stdout]                                at /rustc/82e1608dfa6e0b5569232559e3d385fea5a93112/library/std/src/io/mod.rs:1762:15
[INFO] [stdout]    7:     0x5652834820c4 - std::sys_common::backtrace::_print::h894006fb5c6f3d45
[INFO] [stdout]                                at /rustc/82e1608dfa6e0b5569232559e3d385fea5a93112/library/std/src/sys_common/backtrace.rs:47:5
[INFO] [stdout]    8:     0x5652834820c4 - std::sys_common::backtrace::print::h23a2d212c6fff936
[INFO] [stdout]                                at /rustc/82e1608dfa6e0b5569232559e3d385fea5a93112/library/std/src/sys_common/backtrace.rs:34:9
[INFO] [stdout]    9:     0x565283483d87 - std::panicking::default_hook::{{closure}}::h8a1d2ee00185001a
[INFO] [stdout]   10:     0x565283483a73 - std::panicking::default_hook::h6038f2eba384e475
[INFO] [stdout]                                at /rustc/82e1608dfa6e0b5569232559e3d385fea5a93112/library/std/src/panicking.rs:289:9
[INFO] [stdout]   11:     0x565283453b67 - <alloc::boxed::Box<F,A> as core::ops::function::Fn<Args>>::call::h0ad024c9bdc6d768
[INFO] [stdout]                                at /rustc/82e1608dfa6e0b5569232559e3d385fea5a93112/library/alloc/src/boxed.rs:2021:9
[INFO] [stdout]   12:     0x565283453b67 - test::test_main::{{closure}}::h7500b54257359db6
[INFO] [stdout]                                at /rustc/82e1608dfa6e0b5569232559e3d385fea5a93112/library/test/src/lib.rs:138:21
[INFO] [stdout]   13:     0x565283484398 - <alloc::boxed::Box<F,A> as core::ops::function::Fn<Args>>::call::h1f8f335eaa9cfaee
[INFO] [stdout]                                at /rustc/82e1608dfa6e0b5569232559e3d385fea5a93112/library/alloc/src/boxed.rs:2021:9
[INFO] [stdout]   14:     0x565283484398 - std::panicking::rust_panic_with_hook::h2b5517d590cab22e
[INFO] [stdout]                                at /rustc/82e1608dfa6e0b5569232559e3d385fea5a93112/library/std/src/panicking.rs:783:13
[INFO] [stdout]   15:     0x5652834840ee - std::panicking::begin_panic_handler::{{closure}}::h233112c06e0ef43e
[INFO] [stdout]                                at /rustc/82e1608dfa6e0b5569232559e3d385fea5a93112/library/std/src/panicking.rs:657:13
[INFO] [stdout]   16:     0x5652834827a6 - std::sys_common::backtrace::__rust_end_short_backtrace::h6e893f24d7ebbff8
[INFO] [stdout]                                at /rustc/82e1608dfa6e0b5569232559e3d385fea5a93112/library/std/src/sys_common/backtrace.rs:170:18
[INFO] [stdout]   17:     0x565283483e52 - rust_begin_unwind
[INFO] [stdout]                                at /rustc/82e1608dfa6e0b5569232559e3d385fea5a93112/library/std/src/panicking.rs:645:5
[INFO] [stdout]   18:     0x565283408f15 - core::panicking::panic_fmt::hbf0e066aabfa482c
[INFO] [stdout]                                at /rustc/82e1608dfa6e0b5569232559e3d385fea5a93112/library/core/src/panicking.rs:72:14
[INFO] [stdout]   19:     0x56528340927b - core::panicking::assert_failed_inner::h0bba8b7c26ee4492
[INFO] [stdout]   20:     0x56528341ae8e - core::panicking::assert_failed::haa5f7326b976b861
[INFO] [stdout]                                at /rustc/82e1608dfa6e0b5569232559e3d385fea5a93112/library/core/src/panicking.rs:279:5
[INFO] [stdout]   21:     0x565283417327 - filecmp::os::tests::test_stat::ha535a5dc53f3ca49
[INFO] [stdout]                                at /opt/rustwide/workdir/src/os.rs:203:9
[INFO] [stdout]   22:     0x565283415ca7 - filecmp::os::tests::test_stat::{{closure}}::h503e9bc71625e1f5
[INFO] [stdout]                                at /opt/rustwide/workdir/src/os.rs:162:19
[INFO] [stdout]   23:     0x5652834184b6 - core::ops::function::FnOnce::call_once::hb9e2bff053a68d1e
[INFO] [stdout]                                at /rustc/82e1608dfa6e0b5569232559e3d385fea5a93112/library/core/src/ops/function.rs:250:5
[INFO] [stdout]   24:     0x5652834591bf - core::ops::function::FnOnce::call_once::h2b5d431d5046312d
[INFO] [stdout]                                at /rustc/82e1608dfa6e0b5569232559e3d385fea5a93112/library/core/src/ops/function.rs:250:5
[INFO] [stdout]   25:     0x5652834591bf - test::__rust_begin_short_backtrace::h7714669af176e207
[INFO] [stdout]                                at /rustc/82e1608dfa6e0b5569232559e3d385fea5a93112/library/test/src/lib.rs:628:18
[INFO] [stdout]   26:     0x5652834581d5 - test::run_test_in_process::{{closure}}::h85218797dcbcec12
[INFO] [stdout]                                at /rustc/82e1608dfa6e0b5569232559e3d385fea5a93112/library/test/src/lib.rs:651:60
[INFO] [stdout]   27:     0x5652834581d5 - <core::panic::unwind_safe::AssertUnwindSafe<F> as core::ops::function::FnOnce<()>>::call_once::h76c106ea31c14d7b
[INFO] [stdout]                                at /rustc/82e1608dfa6e0b5569232559e3d385fea5a93112/library/core/src/panic/unwind_safe.rs:272:9
[INFO] [stdout]   28:     0x5652834581d5 - std::panicking::try::do_call::h3bd5d0f6620ee946
[INFO] [stdout]                                at /rustc/82e1608dfa6e0b5569232559e3d385fea5a93112/library/std/src/panicking.rs:552:40
[INFO] [stdout]   29:     0x5652834581d5 - std::panicking::try::h232e535e4744fe31
[INFO] [stdout]                                at /rustc/82e1608dfa6e0b5569232559e3d385fea5a93112/library/std/src/panicking.rs:516:19
[INFO] [stdout]   30:     0x5652834581d5 - std::panic::catch_unwind::h3ce3bd6ca8dbac68
[INFO] [stdout]                                at /rustc/82e1608dfa6e0b5569232559e3d385fea5a93112/library/std/src/panic.rs:142:14
[INFO] [stdout]   31:     0x5652834581d5 - test::run_test_in_process::hc97b257c9621286a
[INFO] [stdout]                                at /rustc/82e1608dfa6e0b5569232559e3d385fea5a93112/library/test/src/lib.rs:651:27
[INFO] [stdout]   32:     0x5652834581d5 - test::run_test::{{closure}}::h2aa798823a438d38
[INFO] [stdout]                                at /rustc/82e1608dfa6e0b5569232559e3d385fea5a93112/library/test/src/lib.rs:574:43
[INFO] [stdout]   33:     0x565283420496 - test::run_test::{{closure}}::h87d231c78fb59832
[INFO] [stdout]                                at /rustc/82e1608dfa6e0b5569232559e3d385fea5a93112/library/test/src/lib.rs:602:41
[INFO] [stdout]   34:     0x565283420496 - std::sys_common::backtrace::__rust_begin_short_backtrace::he6df152596625789
[INFO] [stdout]                                at /rustc/82e1608dfa6e0b5569232559e3d385fea5a93112/library/std/src/sys_common/backtrace.rs:154:18
[INFO] [stdout]   35:     0x565283425547 - std::thread::Builder::spawn_unchecked_::{{closure}}::{{closure}}::ha94be15d1e0acf36
[INFO] [stdout]                                at /rustc/82e1608dfa6e0b5569232559e3d385fea5a93112/library/std/src/thread/mod.rs:529:17
[INFO] [stdout]   36:     0x565283425547 - <core::panic::unwind_safe::AssertUnwindSafe<F> as core::ops::function::FnOnce<()>>::call_once::h9dc6bd6372f16606
[INFO] [stdout]                                at /rustc/82e1608dfa6e0b5569232559e3d385fea5a93112/library/core/src/panic/unwind_safe.rs:272:9
[INFO] [stdout]   37:     0x565283425547 - std::panicking::try::do_call::h9057517f80303cd4
[INFO] [stdout]                                at /rustc/82e1608dfa6e0b5569232559e3d385fea5a93112/library/std/src/panicking.rs:552:40
[INFO] [stdout]   38:     0x565283425547 - std::panicking::try::he3a30b11ee45340c
[INFO] [stdout]                                at /rustc/82e1608dfa6e0b5569232559e3d385fea5a93112/library/std/src/panicking.rs:516:19
[INFO] [stdout]   39:     0x565283425547 - std::panic::catch_unwind::h410458cfd3528b8b
[INFO] [stdout]                                at /rustc/82e1608dfa6e0b5569232559e3d385fea5a93112/library/std/src/panic.rs:142:14
[INFO] [stdout]   40:     0x565283425547 - std::thread::Builder::spawn_unchecked_::{{closure}}::h72ac3bdb567b737b
[INFO] [stdout]                                at /rustc/82e1608dfa6e0b5569232559e3d385fea5a93112/library/std/src/thread/mod.rs:528:30
[INFO] [stdout]   41:     0x565283425547 - core::ops::function::FnOnce::call_once{{vtable.shim}}::h38f34da3654a8344
[INFO] [stdout]                                at /rustc/82e1608dfa6e0b5569232559e3d385fea5a93112/library/core/src/ops/function.rs:250:5
[INFO] [stdout]   42:     0x565283488f65 - <alloc::boxed::Box<F,A> as core::ops::function::FnOnce<Args>>::call_once::hc7eafaff61e32df9
[INFO] [stdout]                                at /rustc/82e1608dfa6e0b5569232559e3d385fea5a93112/library/alloc/src/boxed.rs:2007:9
[INFO] [stdout]   43:     0x565283488f65 - <alloc::boxed::Box<F,A> as core::ops::function::FnOnce<Args>>::call_once::h6ba4a5de48dd2304
[INFO] [stdout]                                at /rustc/82e1608dfa6e0b5569232559e3d385fea5a93112/library/alloc/src/boxed.rs:2007:9
[INFO] [stdout]   44:     0x565283488f65 - std::sys::unix::thread::Thread::new::thread_start::he469335aef763e45
[INFO] [stdout]                                at /rustc/82e1608dfa6e0b5569232559e3d385fea5a93112/library/std/src/sys/unix/thread.rs:108:17
[INFO] [stdout]   45:     0x7fb30b9eeac3 - <unknown>
[INFO] [stdout]   46:     0x7fb30ba7fbf4 - __clone
[INFO] [stdout]   47:                0x0 - <unknown>
[INFO] [stdout] 
[INFO] [stdout] 
[INFO] [stdout] failures:
[INFO] [stdout]     os::tests::test_stat
[INFO] [stdout] 
[INFO] [stdout] test result: FAILED. 1 passed; 1 failed; 0 ignored; 0 measured; 0 filtered out; finished in 0.02s
[INFO] [stdout] 
[INFO] [stderr] error: test failed, to rerun pass `--lib`
[INFO] running `Command { std: "docker" "inspect" "96206043b5e210da8625e9b567c5a514184f1021de26ce9a198183d10af65980", kill_on_drop: false }`
[INFO] running `Command { std: "docker" "rm" "-f" "96206043b5e210da8625e9b567c5a514184f1021de26ce9a198183d10af65980", kill_on_drop: false }`
[INFO] [stdout] 96206043b5e210da8625e9b567c5a514184f1021de26ce9a198183d10af65980
