[INFO] fetching crate exclave 0.2.6...
[INFO] testing exclave-0.2.6 against 1.75.0 for beta-1.76-1
[INFO] extracting crate exclave 0.2.6 into /workspace/builds/worker-7-tc1/source
[INFO] validating manifest of crates.io crate exclave 0.2.6 on toolchain 1.75.0
[INFO] running `Command { std: CARGO_HOME="/workspace/cargo-home" RUSTUP_HOME="/workspace/rustup-home" "/workspace/cargo-home/bin/cargo" "+1.75.0" "metadata" "--manifest-path" "Cargo.toml" "--no-deps", kill_on_drop: false }`
[INFO] removed /workspace/builds/worker-7-tc1/source/.cargo/config
[INFO] started tweaking crates.io crate exclave 0.2.6
[INFO] finished tweaking crates.io crate exclave 0.2.6
[INFO] tweaked toml for crates.io crate exclave 0.2.6 written to /workspace/builds/worker-7-tc1/source/Cargo.toml
[INFO] running `Command { std: CARGO_HOME="/workspace/cargo-home" RUSTUP_HOME="/workspace/rustup-home" "/workspace/cargo-home/bin/cargo" "+1.75.0" "generate-lockfile" "--manifest-path" "Cargo.toml", kill_on_drop: false }`
[INFO] [stderr]     Updating crates.io index
[INFO] running `Command { std: CARGO_HOME="/workspace/cargo-home" RUSTUP_HOME="/workspace/rustup-home" "/workspace/cargo-home/bin/cargo" "+1.75.0" "fetch" "--manifest-path" "Cargo.toml", kill_on_drop: false }`
[INFO] [stderr]  Downloading crates ...
[INFO] [stderr]   Downloaded ordermap v0.3.5
[INFO] [stderr]   Downloaded ctrlc v3.4.2
[INFO] [stderr]   Downloaded nix v0.9.0
[INFO] [stderr]   Downloaded dependy v0.4.1
[INFO] [stderr]   Downloaded runny v1.2.5
[INFO] [stderr]   Downloaded daggy v0.6.0
[INFO] [stderr]   Downloaded systemd-parser v0.1.3
[INFO] [stderr]   Downloaded itertools v0.5.10
[INFO] running `Command { std: "docker" "create" "-v" "/var/lib/crater-agent-workspace/builds/worker-7-tc1/target:/opt/rustwide/target:rw,Z" "-v" "/var/lib/crater-agent-workspace/builds/worker-7-tc1/source:/opt/rustwide/workdir:ro,Z" "-v" "/var/lib/crater-agent-workspace/cargo-home:/opt/rustwide/cargo-home:ro,Z" "-v" "/var/lib/crater-agent-workspace/rustup-home:/opt/rustwide/rustup-home:ro,Z" "-e" "SOURCE_DIR=/opt/rustwide/workdir" "-e" "CARGO_TARGET_DIR=/opt/rustwide/target" "-e" "CARGO_HOME=/opt/rustwide/cargo-home" "-e" "RUSTUP_HOME=/opt/rustwide/rustup-home" "-w" "/opt/rustwide/workdir" "-m" "1610612736" "--user" "0:0" "--network" "none" "ghcr.io/rust-lang/crates-build-env/linux@sha256:2788e3201cd34a07e3172128adcd8b3090168a8e3bcc40d7c032b9dda1df7d1c" "/opt/rustwide/cargo-home/bin/cargo" "+1.75.0" "metadata" "--no-deps" "--format-version=1", kill_on_drop: false }`
[INFO] [stdout] 56275df029d9d2f6d9294c90c61f4bae97e97ad47bd6db31b5e2d3117948727e
[INFO] running `Command { std: "docker" "start" "-a" "56275df029d9d2f6d9294c90c61f4bae97e97ad47bd6db31b5e2d3117948727e", kill_on_drop: false }`
[INFO] running `Command { std: "docker" "inspect" "56275df029d9d2f6d9294c90c61f4bae97e97ad47bd6db31b5e2d3117948727e", kill_on_drop: false }`
[INFO] running `Command { std: "docker" "rm" "-f" "56275df029d9d2f6d9294c90c61f4bae97e97ad47bd6db31b5e2d3117948727e", kill_on_drop: false }`
[INFO] [stdout] 56275df029d9d2f6d9294c90c61f4bae97e97ad47bd6db31b5e2d3117948727e
[INFO] running `Command { std: "docker" "create" "-v" "/var/lib/crater-agent-workspace/builds/worker-7-tc1/target:/opt/rustwide/target:rw,Z" "-v" "/var/lib/crater-agent-workspace/builds/worker-7-tc1/source:/opt/rustwide/workdir:ro,Z" "-v" "/var/lib/crater-agent-workspace/cargo-home:/opt/rustwide/cargo-home:ro,Z" "-v" "/var/lib/crater-agent-workspace/rustup-home:/opt/rustwide/rustup-home:ro,Z" "-e" "SOURCE_DIR=/opt/rustwide/workdir" "-e" "CARGO_TARGET_DIR=/opt/rustwide/target" "-e" "CARGO_INCREMENTAL=0" "-e" "RUST_BACKTRACE=full" "-e" "RUSTFLAGS=--cap-lints=warn" "-e" "RUSTDOCFLAGS=--cap-lints=warn" "-e" "CARGO_HOME=/opt/rustwide/cargo-home" "-e" "RUSTUP_HOME=/opt/rustwide/rustup-home" "-w" "/opt/rustwide/workdir" "-m" "1610612736" "--user" "0:0" "--network" "none" "ghcr.io/rust-lang/crates-build-env/linux@sha256:2788e3201cd34a07e3172128adcd8b3090168a8e3bcc40d7c032b9dda1df7d1c" "/opt/rustwide/cargo-home/bin/cargo" "+1.75.0" "build" "--frozen" "--message-format=json", kill_on_drop: false }`
[INFO] [stdout] 434311518e368279c84caaf0c185ea98038346cb184374ae850fe3a1d2a80776
[INFO] running `Command { std: "docker" "start" "-a" "434311518e368279c84caaf0c185ea98038346cb184374ae850fe3a1d2a80776", kill_on_drop: false }`
[INFO] [stderr]    Compiling libc v0.2.151
[INFO] [stderr]    Compiling winapi-build v0.1.1
[INFO] [stderr]    Compiling serde v1.0.194
[INFO] [stderr]    Compiling fixedbitset v0.1.9
[INFO] [stderr]    Compiling winapi v0.2.8
[INFO] [stderr]    Compiling ordermap v0.3.5
[INFO] [stderr]    Compiling unicode-width v0.1.11
[INFO] [stderr]    Compiling lazycell v1.3.0
[INFO] [stderr]    Compiling quick-error v1.2.3
[INFO] [stderr]    Compiling void v1.0.2
[INFO] [stderr]    Compiling bitflags v0.9.1
[INFO] [stderr]    Compiling bitflags v2.4.1
[INFO] [stderr]    Compiling serde_json v1.0.111
[INFO] [stderr]    Compiling ucd-util v0.1.10
[INFO] [stderr]    Compiling regex v0.2.11
[INFO] [stderr]    Compiling lazy_static v0.2.11
[INFO] [stderr]    Compiling either v1.9.0
[INFO] [stderr]    Compiling textwrap v0.11.0
[INFO] [stderr]    Compiling regex v1.10.2
[INFO] [stderr]    Compiling walkdir v2.4.0
[INFO] [stderr]    Compiling kernel32-sys v0.2.2
[INFO] [stderr]    Compiling user32-sys v0.2.0
[INFO] [stderr]    Compiling thread_local v0.3.6
[INFO] [stderr]    Compiling aho-corasick v0.6.10
[INFO] [stderr]    Compiling itertools v0.5.10
[INFO] [stderr]    Compiling vec_map v0.8.2
[INFO] [stderr]    Compiling regex-syntax v0.5.6
[INFO] [stderr]    Compiling petgraph v0.4.13
[INFO] [stderr]    Compiling utf8-ranges v1.0.5
[INFO] [stderr]    Compiling nom v2.2.1
[INFO] [stderr]    Compiling exclave v0.2.6 (/opt/rustwide/workdir)
[INFO] [stderr]    Compiling shlex v0.1.1
[INFO] [stderr]    Compiling strsim v0.8.0
[INFO] [stderr]    Compiling ansi_term v0.12.1
[INFO] [stderr]    Compiling humantime v1.3.0
[INFO] [stderr]    Compiling serde_derive v1.0.194
[INFO] [stderr]    Compiling systemd-parser v0.1.3
[INFO] [stderr]    Compiling daggy v0.6.0
[INFO] [stderr]    Compiling dependy v0.4.1
[INFO] [stderr]    Compiling net2 v0.2.39
[INFO] [stderr]    Compiling iovec v0.1.4
[INFO] [stderr]    Compiling parking_lot_core v0.9.9
[INFO] [stderr]    Compiling atty v0.2.14
[INFO] [stderr]    Compiling inotify-sys v0.1.5
[INFO] [stderr]    Compiling nix v0.27.1
[INFO] [stderr]    Compiling nix v0.9.0
[INFO] [stderr]    Compiling termios v0.3.3
[INFO] [stderr]    Compiling filetime v0.2.23
[INFO] [stderr]    Compiling inotify v0.7.1
[INFO] [stderr]    Compiling clicolors-control v0.2.0
[INFO] [stderr]    Compiling clap v2.34.0
[INFO] [stderr]    Compiling parking_lot v0.12.1
[INFO] [stderr]    Compiling mio v0.6.23
[INFO] [stderr]    Compiling console v0.6.2
[INFO] [stderr]    Compiling mio-extras v2.0.6
[INFO] [stderr]    Compiling notify v4.0.17
[INFO] [stderr]    Compiling ctrlc v3.4.2
[INFO] [stderr]    Compiling runny v1.2.5
[INFO] [stdout] warning: the item `RunnyError` is imported redundantly
[INFO] [stdout]    --> src/unit.rs:262:13
[INFO] [stdout]     |
[INFO] [stdout] 13  | use self::runny::RunnyError;
[INFO] [stdout]     |     ----------------------- the item `RunnyError` is already imported here
[INFO] [stdout] ...
[INFO] [stdout] 262 |         use self::runny::RunnyError;
[INFO] [stdout]     |             ^^^^^^^^^^^^^^^^^^^^^^^
[INFO] [stdout]     |
[INFO] [stdout]     = note: `#[warn(unused_imports)]` on by default
[INFO] [stdout] 
[INFO] [stdout] 
[INFO] [stdout] warning: use of deprecated method `std::error::Error::description`: use the Display impl or to_string()
[INFO] [stdout]    --> src/unit.rs:267:64
[INFO] [stdout]     |
[INFO] [stdout] 267 |                     write!(f, "Unable to activate unit: {}", e.description())
[INFO] [stdout]     |                                                                ^^^^^^^^^^^
[INFO] [stdout]     |
[INFO] [stdout]     = note: `#[warn(deprecated)]` on by default
[INFO] [stdout] 
[INFO] [stdout] 
[INFO] [stdout] warning: use of deprecated method `std::error::Error::description`: use the Display impl or to_string()
[INFO] [stdout]    --> src/unit.rs:368:58
[INFO] [stdout]     |
[INFO] [stdout] 368 |                 write!(f, "unable to open file -- {}", e.description())
[INFO] [stdout]     |                                                          ^^^^^^^^^^^
[INFO] [stdout] 
[INFO] [stdout] 
[INFO] [stdout] warning: use of deprecated method `std::error::Error::description`: use the Display impl or to_string()
[INFO] [stdout]    --> src/unit.rs:371:49
[INFO] [stdout]     |
[INFO] [stdout] 371 |                 write!(f, "syntax error: {}", e.description())
[INFO] [stdout]     |                                                 ^^^^^^^^^^^
[INFO] [stdout] 
[INFO] [stdout] 
[INFO] [stdout] warning: use of deprecated method `std::error::Error::description`: use the Display impl or to_string()
[INFO] [stdout]    --> src/unit.rs:374:53
[INFO] [stdout]     |
[INFO] [stdout] 374 |                 write!(f, "time parse error: {}", e.description())
[INFO] [stdout]     |                                                     ^^^^^^^^^^^
[INFO] [stdout] 
[INFO] [stdout] 
[INFO] [stdout] warning: use of deprecated method `std::error::Error::description`: use the Display impl or to_string()
[INFO] [stdout]    --> src/units/test.rs:386:171
[INFO] [stdout]     |
[INFO] [stdout] 386 | ...tents::LogError(format!("test daemon raised an error: {}", e.description())))).unwrap();
[INFO] [stdout]     |                                                                 ^^^^^^^^^^^
[INFO] [stdout] 
[INFO] [stdout] 
[INFO] [stdout] warning: unused variable: `test_max_time`
[INFO] [stdout]    --> src/units/scenario.rs:611:21
[INFO] [stdout]     |
[INFO] [stdout] 611 |                 let test_max_time = self.make_timeout(test_timeout);
[INFO] [stdout]     |                     ^^^^^^^^^^^^^ help: if this is intentional, prefix it with an underscore: `_test_max_time`
[INFO] [stdout]     |
[INFO] [stdout]     = note: `#[warn(unused_variables)]` on by default
[INFO] [stdout] 
[INFO] [stdout] 
[INFO] [stdout] warning: method `get_manager` is never used
[INFO] [stdout]    --> src/unitlibrary.rs:422:12
[INFO] [stdout]     |
[INFO] [stdout] 155 | impl UnitLibrary {
[INFO] [stdout]     | ---------------- method in this implementation
[INFO] [stdout] ...
[INFO] [stdout] 422 |     pub fn get_manager(&self) -> &RefCell<UnitManager> {
[INFO] [stdout]     |            ^^^^^^^^^^^
[INFO] [stdout]     |
[INFO] [stdout]     = note: `#[warn(dead_code)]` on by default
[INFO] [stdout] 
[INFO] [stdout] 
[INFO] [stdout] warning: using `.clone()` on a double reference, which returns `&Rc<RefCell<Jig>>` instead of cloning the inner type
[INFO] [stdout]     --> src/unitmanager.rs:1077:29
[INFO] [stdout]      |
[INFO] [stdout] 1077 |             Some(ref s) => s.clone(),
[INFO] [stdout]      |                             ^^^^^^^^
[INFO] [stdout]      |
[INFO] [stdout]      = note: `#[warn(suspicious_double_ref_op)]` on by default
[INFO] [stdout] 
[INFO] [stdout] 
[INFO] [stdout] warning: using `.clone()` on a double reference, which returns `&Rc<RefCell<Scenario>>` instead of cloning the inner type
[INFO] [stdout]     --> src/unitmanager.rs:1093:29
[INFO] [stdout]      |
[INFO] [stdout] 1093 |             Some(ref s) => s.clone(),
[INFO] [stdout]      |                             ^^^^^^^^
[INFO] [stdout] 
[INFO] [stdout] 
[INFO] [stdout] warning: using `.clone()` on a double reference, which returns `&Rc<RefCell<Test>>` instead of cloning the inner type
[INFO] [stdout]     --> src/unitmanager.rs:1114:29
[INFO] [stdout]      |
[INFO] [stdout] 1114 |             Some(ref s) => s.clone(),
[INFO] [stdout]      |                             ^^^^^^^^
[INFO] [stdout] 
[INFO] [stdout] 
[INFO] [stdout] warning: 11 warnings emitted
[INFO] [stdout] 
[INFO] [stdout] 
[INFO] [stderr]     Finished dev [unoptimized + debuginfo] target(s) in 9.76s
[INFO] [stderr] warning: the following packages contain code that will be rejected by a future version of Rust: nom v2.2.1
[INFO] [stderr] note: to see what the problems were, use the option `--future-incompat-report`, or run `cargo report future-incompatibilities --id 1`
[INFO] running `Command { std: "docker" "inspect" "434311518e368279c84caaf0c185ea98038346cb184374ae850fe3a1d2a80776", kill_on_drop: false }`
[INFO] running `Command { std: "docker" "rm" "-f" "434311518e368279c84caaf0c185ea98038346cb184374ae850fe3a1d2a80776", kill_on_drop: false }`
[INFO] [stdout] 434311518e368279c84caaf0c185ea98038346cb184374ae850fe3a1d2a80776
[INFO] running `Command { std: "docker" "create" "-v" "/var/lib/crater-agent-workspace/builds/worker-7-tc1/target:/opt/rustwide/target:rw,Z" "-v" "/var/lib/crater-agent-workspace/builds/worker-7-tc1/source:/opt/rustwide/workdir:ro,Z" "-v" "/var/lib/crater-agent-workspace/cargo-home:/opt/rustwide/cargo-home:ro,Z" "-v" "/var/lib/crater-agent-workspace/rustup-home:/opt/rustwide/rustup-home:ro,Z" "-e" "SOURCE_DIR=/opt/rustwide/workdir" "-e" "CARGO_TARGET_DIR=/opt/rustwide/target" "-e" "CARGO_INCREMENTAL=0" "-e" "RUST_BACKTRACE=full" "-e" "RUSTFLAGS=--cap-lints=warn" "-e" "RUSTDOCFLAGS=--cap-lints=warn" "-e" "CARGO_HOME=/opt/rustwide/cargo-home" "-e" "RUSTUP_HOME=/opt/rustwide/rustup-home" "-w" "/opt/rustwide/workdir" "-m" "1610612736" "--user" "0:0" "--network" "none" "ghcr.io/rust-lang/crates-build-env/linux@sha256:2788e3201cd34a07e3172128adcd8b3090168a8e3bcc40d7c032b9dda1df7d1c" "/opt/rustwide/cargo-home/bin/cargo" "+1.75.0" "test" "--frozen" "--no-run" "--message-format=json", kill_on_drop: false }`
[INFO] [stdout] 183be9b4fe40a80132881973d688b925baa2fff7f303a1cf01ac1a3392f82a99
[INFO] running `Command { std: "docker" "start" "-a" "183be9b4fe40a80132881973d688b925baa2fff7f303a1cf01ac1a3392f82a99", kill_on_drop: false }`
[INFO] [stderr]    Compiling exclave v0.2.6 (/opt/rustwide/workdir)
[INFO] [stdout] warning: the item `RunnyError` is imported redundantly
[INFO] [stdout]    --> src/unit.rs:262:13
[INFO] [stdout]     |
[INFO] [stdout] 13  | use self::runny::RunnyError;
[INFO] [stdout]     |     ----------------------- the item `RunnyError` is already imported here
[INFO] [stdout] ...
[INFO] [stdout] 262 |         use self::runny::RunnyError;
[INFO] [stdout]     |             ^^^^^^^^^^^^^^^^^^^^^^^
[INFO] [stdout]     |
[INFO] [stdout]     = note: `#[warn(unused_imports)]` on by default
[INFO] [stdout] 
[INFO] [stdout] 
[INFO] [stdout] warning: unused import: `units::interface::InterfaceDescription`
[INFO] [stdout]   --> src/test.rs:14:5
[INFO] [stdout]    |
[INFO] [stdout] 14 | use units::interface::InterfaceDescription;
[INFO] [stdout]    |     ^^^^^^^^^^^^^^^^^^^^^^^^^^^^^^^^^^^^^^
[INFO] [stdout] 
[INFO] [stdout] 
[INFO] [stdout] warning: unused import: `units::logger::LoggerDescription`
[INFO] [stdout]   --> src/test.rs:16:5
[INFO] [stdout]    |
[INFO] [stdout] 16 | use units::logger::LoggerDescription;
[INFO] [stdout]    |     ^^^^^^^^^^^^^^^^^^^^^^^^^^^^^^^^
[INFO] [stdout] 
[INFO] [stdout] 
[INFO] [stdout] warning: unused import: `units::trigger::TriggerDescription`
[INFO] [stdout]   --> src/test.rs:19:5
[INFO] [stdout]    |
[INFO] [stdout] 19 | use units::trigger::TriggerDescription;
[INFO] [stdout]    |     ^^^^^^^^^^^^^^^^^^^^^^^^^^^^^^^^^^
[INFO] [stdout] 
[INFO] [stdout] 
[INFO] [stdout] warning: use of deprecated method `std::error::Error::description`: use the Display impl or to_string()
[INFO] [stdout]    --> src/unit.rs:267:64
[INFO] [stdout]     |
[INFO] [stdout] 267 |                     write!(f, "Unable to activate unit: {}", e.description())
[INFO] [stdout]     |                                                                ^^^^^^^^^^^
[INFO] [stdout]     |
[INFO] [stdout]     = note: `#[warn(deprecated)]` on by default
[INFO] [stdout] 
[INFO] [stdout] 
[INFO] [stdout] warning: use of deprecated method `std::error::Error::description`: use the Display impl or to_string()
[INFO] [stdout]    --> src/unit.rs:368:58
[INFO] [stdout]     |
[INFO] [stdout] 368 |                 write!(f, "unable to open file -- {}", e.description())
[INFO] [stdout]     |                                                          ^^^^^^^^^^^
[INFO] [stdout] 
[INFO] [stdout] 
[INFO] [stdout] warning: use of deprecated method `std::error::Error::description`: use the Display impl or to_string()
[INFO] [stdout]    --> src/unit.rs:371:49
[INFO] [stdout]     |
[INFO] [stdout] 371 |                 write!(f, "syntax error: {}", e.description())
[INFO] [stdout]     |                                                 ^^^^^^^^^^^
[INFO] [stdout] 
[INFO] [stdout] 
[INFO] [stdout] warning: use of deprecated method `std::error::Error::description`: use the Display impl or to_string()
[INFO] [stdout]    --> src/unit.rs:374:53
[INFO] [stdout]     |
[INFO] [stdout] 374 |                 write!(f, "time parse error: {}", e.description())
[INFO] [stdout]     |                                                     ^^^^^^^^^^^
[INFO] [stdout] 
[INFO] [stdout] 
[INFO] [stdout] warning: use of deprecated method `std::error::Error::description`: use the Display impl or to_string()
[INFO] [stdout]    --> src/units/test.rs:386:171
[INFO] [stdout]     |
[INFO] [stdout] 386 | ...tents::LogError(format!("test daemon raised an error: {}", e.description())))).unwrap();
[INFO] [stdout]     |                                                                 ^^^^^^^^^^^
[INFO] [stdout] 
[INFO] [stdout] 
[INFO] [stdout] warning: unused variable: `test_max_time`
[INFO] [stdout]    --> src/units/scenario.rs:611:21
[INFO] [stdout]     |
[INFO] [stdout] 611 |                 let test_max_time = self.make_timeout(test_timeout);
[INFO] [stdout]     |                     ^^^^^^^^^^^^^ help: if this is intentional, prefix it with an underscore: `_test_max_time`
[INFO] [stdout]     |
[INFO] [stdout]     = note: `#[warn(unused_variables)]` on by default
[INFO] [stdout] 
[INFO] [stdout] 
[INFO] [stdout] warning: value assigned to `master_seen` is never read
[INFO] [stdout]    --> src/test.rs:502:29
[INFO] [stdout]     |
[INFO] [stdout] 502 | ...                   master_seen = true;
[INFO] [stdout]     |                       ^^^^^^^^^^^
[INFO] [stdout]     |
[INFO] [stdout]     = help: maybe it is overwritten before being read?
[INFO] [stdout]     = note: `#[warn(unused_assignments)]` on by default
[INFO] [stdout] 
[INFO] [stdout] 
[INFO] [stdout] warning: using `.clone()` on a double reference, which returns `&Rc<RefCell<Jig>>` instead of cloning the inner type
[INFO] [stdout]     --> src/unitmanager.rs:1077:29
[INFO] [stdout]      |
[INFO] [stdout] 1077 |             Some(ref s) => s.clone(),
[INFO] [stdout]      |                             ^^^^^^^^
[INFO] [stdout]      |
[INFO] [stdout]      = note: `#[warn(suspicious_double_ref_op)]` on by default
[INFO] [stdout] 
[INFO] [stdout] 
[INFO] [stdout] warning: using `.clone()` on a double reference, which returns `&Rc<RefCell<Scenario>>` instead of cloning the inner type
[INFO] [stdout]     --> src/unitmanager.rs:1093:29
[INFO] [stdout]      |
[INFO] [stdout] 1093 |             Some(ref s) => s.clone(),
[INFO] [stdout]      |                             ^^^^^^^^
[INFO] [stdout] 
[INFO] [stdout] 
[INFO] [stdout] warning: using `.clone()` on a double reference, which returns `&Rc<RefCell<Test>>` instead of cloning the inner type
[INFO] [stdout]     --> src/unitmanager.rs:1114:29
[INFO] [stdout]      |
[INFO] [stdout] 1114 |             Some(ref s) => s.clone(),
[INFO] [stdout]      |                             ^^^^^^^^
[INFO] [stdout] 
[INFO] [stdout] 
[INFO] [stdout] warning: 14 warnings emitted
[INFO] [stdout] 
[INFO] [stdout] 
[INFO] [stderr]     Finished test [unoptimized + debuginfo] target(s) in 3.06s
[INFO] [stderr] warning: the following packages contain code that will be rejected by a future version of Rust: nom v2.2.1
[INFO] [stderr] note: to see what the problems were, use the option `--future-incompat-report`, or run `cargo report future-incompatibilities --id 1`
[INFO] running `Command { std: "docker" "inspect" "183be9b4fe40a80132881973d688b925baa2fff7f303a1cf01ac1a3392f82a99", kill_on_drop: false }`
[INFO] running `Command { std: "docker" "rm" "-f" "183be9b4fe40a80132881973d688b925baa2fff7f303a1cf01ac1a3392f82a99", kill_on_drop: false }`
[INFO] [stdout] 183be9b4fe40a80132881973d688b925baa2fff7f303a1cf01ac1a3392f82a99
[INFO] running `Command { std: "docker" "create" "-v" "/var/lib/crater-agent-workspace/builds/worker-7-tc1/target:/opt/rustwide/target:rw,Z" "-v" "/var/lib/crater-agent-workspace/builds/worker-7-tc1/source:/opt/rustwide/workdir:ro,Z" "-v" "/var/lib/crater-agent-workspace/cargo-home:/opt/rustwide/cargo-home:ro,Z" "-v" "/var/lib/crater-agent-workspace/rustup-home:/opt/rustwide/rustup-home:ro,Z" "-e" "SOURCE_DIR=/opt/rustwide/workdir" "-e" "CARGO_TARGET_DIR=/opt/rustwide/target" "-e" "CARGO_INCREMENTAL=0" "-e" "RUST_BACKTRACE=full" "-e" "RUSTFLAGS=--cap-lints=warn" "-e" "RUSTDOCFLAGS=--cap-lints=warn" "-e" "CARGO_HOME=/opt/rustwide/cargo-home" "-e" "RUSTUP_HOME=/opt/rustwide/rustup-home" "-w" "/opt/rustwide/workdir" "-m" "1610612736" "--user" "0:0" "--network" "none" "ghcr.io/rust-lang/crates-build-env/linux@sha256:2788e3201cd34a07e3172128adcd8b3090168a8e3bcc40d7c032b9dda1df7d1c" "/opt/rustwide/cargo-home/bin/cargo" "+1.75.0" "test" "--frozen", kill_on_drop: false }`
[INFO] [stdout] a7bd732dd8fe7b56cf7226323a2dda427f164129d8d23bbac3cac8c22c58d60f
[INFO] running `Command { std: "docker" "start" "-a" "a7bd732dd8fe7b56cf7226323a2dda427f164129d8d23bbac3cac8c22c58d60f", kill_on_drop: false }`
[INFO] [stderr]    Compiling exclave v0.2.6 (/opt/rustwide/workdir)
[INFO] [stderr] warning: the item `RunnyError` is imported redundantly
[INFO] [stderr]    --> src/unit.rs:262:13
[INFO] [stderr]     |
[INFO] [stderr] 13  | use self::runny::RunnyError;
[INFO] [stderr]     |     ----------------------- the item `RunnyError` is already imported here
[INFO] [stderr] ...
[INFO] [stderr] 262 |         use self::runny::RunnyError;
[INFO] [stderr]     |             ^^^^^^^^^^^^^^^^^^^^^^^
[INFO] [stderr]     |
[INFO] [stderr]     = note: `#[warn(unused_imports)]` on by default
[INFO] [stderr] 
[INFO] [stderr] warning: unused import: `units::interface::InterfaceDescription`
[INFO] [stderr]   --> src/test.rs:14:5
[INFO] [stderr]    |
[INFO] [stderr] 14 | use units::interface::InterfaceDescription;
[INFO] [stderr]    |     ^^^^^^^^^^^^^^^^^^^^^^^^^^^^^^^^^^^^^^
[INFO] [stderr] 
[INFO] [stderr] warning: unused import: `units::logger::LoggerDescription`
[INFO] [stderr]   --> src/test.rs:16:5
[INFO] [stderr]    |
[INFO] [stderr] 16 | use units::logger::LoggerDescription;
[INFO] [stderr]    |     ^^^^^^^^^^^^^^^^^^^^^^^^^^^^^^^^
[INFO] [stderr] 
[INFO] [stderr] warning: unused import: `units::trigger::TriggerDescription`
[INFO] [stderr]   --> src/test.rs:19:5
[INFO] [stderr]    |
[INFO] [stderr] 19 | use units::trigger::TriggerDescription;
[INFO] [stderr]    |     ^^^^^^^^^^^^^^^^^^^^^^^^^^^^^^^^^^
[INFO] [stderr] 
[INFO] [stderr] warning: use of deprecated method `std::error::Error::description`: use the Display impl or to_string()
[INFO] [stderr]    --> src/unit.rs:267:64
[INFO] [stderr]     |
[INFO] [stderr] 267 |                     write!(f, "Unable to activate unit: {}", e.description())
[INFO] [stderr]     |                                                                ^^^^^^^^^^^
[INFO] [stderr]     |
[INFO] [stderr]     = note: `#[warn(deprecated)]` on by default
[INFO] [stderr] 
[INFO] [stderr] warning: use of deprecated method `std::error::Error::description`: use the Display impl or to_string()
[INFO] [stderr]    --> src/unit.rs:368:58
[INFO] [stderr]     |
[INFO] [stderr] 368 |                 write!(f, "unable to open file -- {}", e.description())
[INFO] [stderr]     |                                                          ^^^^^^^^^^^
[INFO] [stderr] 
[INFO] [stderr] warning: use of deprecated method `std::error::Error::description`: use the Display impl or to_string()
[INFO] [stderr]    --> src/unit.rs:371:49
[INFO] [stderr]     |
[INFO] [stderr] 371 |                 write!(f, "syntax error: {}", e.description())
[INFO] [stderr]     |                                                 ^^^^^^^^^^^
[INFO] [stderr] 
[INFO] [stderr] warning: use of deprecated method `std::error::Error::description`: use the Display impl or to_string()
[INFO] [stderr]    --> src/unit.rs:374:53
[INFO] [stderr]     |
[INFO] [stderr] 374 |                 write!(f, "time parse error: {}", e.description())
[INFO] [stderr]     |                                                     ^^^^^^^^^^^
[INFO] [stderr] 
[INFO] [stderr] warning: use of deprecated method `std::error::Error::description`: use the Display impl or to_string()
[INFO] [stderr]    --> src/units/test.rs:386:171
[INFO] [stderr]     |
[INFO] [stderr] 386 | ...tents::LogError(format!("test daemon raised an error: {}", e.description())))).unwrap();
[INFO] [stderr]     |                                                                 ^^^^^^^^^^^
[INFO] [stderr] 
[INFO] [stderr] warning: unused variable: `test_max_time`
[INFO] [stderr]    --> src/units/scenario.rs:611:21
[INFO] [stderr]     |
[INFO] [stderr] 611 |                 let test_max_time = self.make_timeout(test_timeout);
[INFO] [stderr]     |                     ^^^^^^^^^^^^^ help: if this is intentional, prefix it with an underscore: `_test_max_time`
[INFO] [stderr]     |
[INFO] [stderr]     = note: `#[warn(unused_variables)]` on by default
[INFO] [stderr] 
[INFO] [stderr] warning: value assigned to `master_seen` is never read
[INFO] [stderr]    --> src/test.rs:502:29
[INFO] [stderr]     |
[INFO] [stderr] 502 | ...                   master_seen = true;
[INFO] [stderr]     |                       ^^^^^^^^^^^
[INFO] [stderr]     |
[INFO] [stderr]     = help: maybe it is overwritten before being read?
[INFO] [stderr]     = note: `#[warn(unused_assignments)]` on by default
[INFO] [stderr] 
[INFO] [stderr] warning: using `.clone()` on a double reference, which returns `&Rc<RefCell<Jig>>` instead of cloning the inner type
[INFO] [stderr]     --> src/unitmanager.rs:1077:29
[INFO] [stderr]      |
[INFO] [stderr] 1077 |             Some(ref s) => s.clone(),
[INFO] [stderr]      |                             ^^^^^^^^
[INFO] [stderr]      |
[INFO] [stderr]      = note: `#[warn(suspicious_double_ref_op)]` on by default
[INFO] [stderr] 
[INFO] [stderr] warning: using `.clone()` on a double reference, which returns `&Rc<RefCell<Scenario>>` instead of cloning the inner type
[INFO] [stderr]     --> src/unitmanager.rs:1093:29
[INFO] [stderr]      |
[INFO] [stderr] 1093 |             Some(ref s) => s.clone(),
[INFO] [stderr]      |                             ^^^^^^^^
[INFO] [stderr] 
[INFO] [stderr] warning: using `.clone()` on a double reference, which returns `&Rc<RefCell<Test>>` instead of cloning the inner type
[INFO] [stderr]     --> src/unitmanager.rs:1114:29
[INFO] [stderr]      |
[INFO] [stderr] 1114 |             Some(ref s) => s.clone(),
[INFO] [stderr]      |                             ^^^^^^^^
[INFO] [stderr] 
[INFO] [stderr] warning: `exclave` (bin "exclave" test) generated 14 warnings (run `cargo fix --bin "exclave" --tests` to apply 4 suggestions)
[INFO] [stderr]     Finished test [unoptimized + debuginfo] target(s) in 4.91s
[INFO] [stderr] warning: the following packages contain code that will be rejected by a future version of Rust: nom v2.2.1
[INFO] [stderr] note: to see what the problems were, use the option `--future-incompat-report`, or run `cargo report future-incompatibilities --id 1`
[INFO] [stderr]      Running unittests src/main.rs (/opt/rustwide/target/debug/deps/exclave-c2d9c1fc00046c5a)
[INFO] [stdout] 
[INFO] [stdout] running 6 tests
[INFO] [stdout] test test::load_dependency ... ok
[INFO] [stdout] test test::test_requires ... ok
[INFO] [stdout] test test::basic_scenario ... ok
[INFO] [stdout] test test::scenario_execstopfailure ... ok
[INFO] [stdout] test test::scenario_execstopsuccess ... FAILED
[INFO] [stdout] test test::scenario_execstop ... ok
[INFO] [stderr] error: test failed, to rerun pass `--bin exclave`
[INFO] [stdout] 
[INFO] [stdout] failures:
[INFO] [stdout] 
[INFO] [stdout] ---- test::scenario_execstopsuccess stdout ----
[INFO] [stdout] Message: Status(UnitStatusEvent { name: UnitName { id: "simpletest", kind: Test }, status: Loaded })
[INFO] [stdout] Message: Status(UnitStatusEvent { name: UnitName { id: "execstopsuccess", kind: Scenario }, status: Loaded })
[INFO] [stdout] Message: RescanRequest
[INFO] [stdout] Message: RescanStart
[INFO] [stdout] Message: Status(UnitStatusEvent { name: UnitName { id: "simpletest", kind: Test }, status: Selected })
[INFO] [stdout] Message: Status(UnitStatusEvent { name: UnitName { id: "execstopsuccess", kind: Scenario }, status: Selected })
[INFO] [stdout] Message: RescanFinish
[INFO] [stdout] Message: ManagerRequest(ManagerControlMessage { sender: UnitName { id: "execstopsuccess", kind: Scenario }, contents: StartScenario(Some(UnitName { id: "execstopsuccess", kind: Scenario })) })
[INFO] [stdout] Message: Log(LogEntry { unit: UnitName { id: "execstopsuccess", kind: Scenario }, log_type: Info, log_message: "scenario starting", unix_time: 1704427027, unix_time_nsecs: 74521058 })
[INFO] [stdout] Message: Status(UnitStatusEvent { name: UnitName { id: "execstopsuccess", kind: Scenario }, status: Active })
[INFO] [stdout] Message: ManagerRequest(ManagerControlMessage { sender: UnitName { id: "execstopsuccess", kind: Scenario }, contents: AdvanceScenario(0) })
[INFO] [stdout] Message: ManagerRequest(ManagerControlMessage { sender: UnitName { id: "execstopsuccess", kind: Scenario }, contents: StartTest(UnitName { id: "simpletest", kind: Test }) })
[INFO] [stdout] Message: ManagerRequest(ManagerControlMessage { sender: UnitName { id: "simpletest", kind: Test }, contents: TestStarted })
[INFO] [stdout] Message: Status(UnitStatusEvent { name: UnitName { id: "simpletest", kind: Test }, status: Active })
[INFO] [stdout] Message: ManagerRequest(ManagerControlMessage { sender: UnitName { id: "simpletest", kind: Test }, contents: Log("begin") })
[INFO] [stdout] Message: ManagerRequest(ManagerControlMessage { sender: UnitName { id: "simpletest", kind: Test }, contents: Log("end") })
[INFO] [stdout] Message: Log(LogEntry { unit: UnitName { id: "simpletest", kind: Test }, log_type: Info, log_message: "begin", unix_time: 1704427027, unix_time_nsecs: 130469116 })
[INFO] [stdout] Message: Log(LogEntry { unit: UnitName { id: "simpletest", kind: Test }, log_type: Info, log_message: "end", unix_time: 1704427027, unix_time_nsecs: 130497856 })
[INFO] [stdout] Message: ManagerRequest(ManagerControlMessage { sender: UnitName { id: "simpletest", kind: Test }, contents: TestFinished(0, "end") })
[INFO] [stdout] Message: ManagerRequest(ManagerControlMessage { sender: UnitName { id: "simpletest", kind: Test }, contents: AdvanceScenario(0) })
[INFO] [stdout] Message: ManagerRequest(ManagerControlMessage { sender: UnitName { id: "execstopsuccess", kind: Scenario }, contents: StopTest(UnitName { id: "simpletest", kind: Test }) })
[INFO] [stdout] Message: ManagerRequest(ManagerControlMessage { sender: UnitName { id: "execstopsuccess", kind: Scenario }, contents: Log("execstopsuccess: starting [/bin/sh -c \"echo 'cmd-starting-success'; sleep 1; echo 'cmd-ending-success'; exit 0\"]") })
[INFO] [stdout] Message: Status(UnitStatusEvent { name: UnitName { id: "simpletest", kind: Test }, status: DeactivatedSuccessfully("controller requested test stop") })
[INFO] [stdout] Message: Log(LogEntry { unit: UnitName { id: "execstopsuccess", kind: Scenario }, log_type: Info, log_message: "execstopsuccess: starting [/bin/sh -c \"echo 'cmd-starting-success'; sleep 1; echo 'cmd-ending-success'; exit 0\"]", unix_time: 1704427027, unix_time_nsecs: 219323472 })
[INFO] [stdout] Message: ManagerRequest(ManagerControlMessage { sender: UnitName { id: "execstopsuccess", kind: Scenario }, contents: Log("cmd-starting-success") })
[INFO] [stdout] Message: Log(LogEntry { unit: UnitName { id: "execstopsuccess", kind: Scenario }, log_type: Info, log_message: "cmd-starting-success", unix_time: 1704427027, unix_time_nsecs: 242393241 })
[INFO] [stdout] Message: ManagerRequest(ManagerControlMessage { sender: UnitName { id: "execstopsuccess", kind: Scenario }, contents: AdvanceScenario(0) })
[INFO] [stdout] Message: ManagerRequest(ManagerControlMessage { sender: UnitName { id: "execstopsuccess", kind: Scenario }, contents: Log("execstopsuccess: finished [/bin/sh -c \"echo 'cmd-starting-success'; sleep 1; echo 'cmd-ending-success'; exit 0\"]") })
[INFO] [stdout] Message: Log(LogEntry { unit: UnitName { id: "execstopsuccess", kind: Scenario }, log_type: Info, log_message: "execstopsuccess: finished [/bin/sh -c \"echo 'cmd-starting-success'; sleep 1; echo 'cmd-ending-success'; exit 0\"]", unix_time: 1704427028, unix_time_nsecs: 211574106 })
[INFO] [stdout] Message: ManagerRequest(ManagerControlMessage { sender: UnitName { id: "execstopsuccess", kind: Scenario }, contents: StopTest(UnitName { id: "simpletest", kind: Test }) })
[INFO] [stdout] Message: ManagerRequest(ManagerControlMessage { sender: UnitName { id: "execstopsuccess", kind: Scenario }, contents: StopTest(UnitName { id: "execstopsuccess", kind: Scenario }) })
[INFO] [stdout] Message: ManagerRequest(ManagerControlMessage { sender: UnitName { id: "execstopsuccess", kind: Scenario }, contents: ScenarioFinished(200, "all tests passed") })
[INFO] [stdout] Message: Log(LogEntry { unit: UnitName { id: "execstopsuccess", kind: Scenario }, log_type: Info, log_message: "scenario ended", unix_time: 1704427028, unix_time_nsecs: 211639686 })
[INFO] [stdout] Message: Status(UnitStatusEvent { name: UnitName { id: "execstopsuccess", kind: Scenario }, status: DeactivatedSuccessfully("controller requested test stop") })
[INFO] [stdout] thread 'test::scenario_execstopsuccess' panicked at src/test.rs:371:25:
[INFO] [stdout] unit execstopsuccess.scenario deactivated before success script was run (success: controller requested test stop)
[INFO] [stdout] stack backtrace:
[INFO] [stdout]    0:     0x563bfcef596c - std::backtrace_rs::backtrace::libunwind::trace::ha637c64ce894333a
[INFO] [stdout]                                at /rustc/82e1608dfa6e0b5569232559e3d385fea5a93112/library/std/src/../../backtrace/src/backtrace/libunwind.rs:104:5
[INFO] [stdout]    1:     0x563bfcef596c - std::backtrace_rs::backtrace::trace_unsynchronized::h47f62dea28e0c88d
[INFO] [stdout]                                at /rustc/82e1608dfa6e0b5569232559e3d385fea5a93112/library/std/src/../../backtrace/src/backtrace/mod.rs:66:5
[INFO] [stdout]    2:     0x563bfcef596c - std::sys_common::backtrace::_print_fmt::h9eef0abe20ede486
[INFO] [stdout]                                at /rustc/82e1608dfa6e0b5569232559e3d385fea5a93112/library/std/src/sys_common/backtrace.rs:67:5
[INFO] [stdout]    3:     0x563bfcef596c - <std::sys_common::backtrace::_print::DisplayBacktrace as core::fmt::Display>::fmt::hed7f999df88cc644
[INFO] [stdout]                                at /rustc/82e1608dfa6e0b5569232559e3d385fea5a93112/library/std/src/sys_common/backtrace.rs:44:22
[INFO] [stdout]    4:     0x563bfcf20710 - core::fmt::rt::Argument::fmt::h1539a9308b8d058d
[INFO] [stdout]                                at /rustc/82e1608dfa6e0b5569232559e3d385fea5a93112/library/core/src/fmt/rt.rs:142:9
[INFO] [stdout]    5:     0x563bfcf20710 - core::fmt::write::h3a39390d8560d9c9
[INFO] [stdout]                                at /rustc/82e1608dfa6e0b5569232559e3d385fea5a93112/library/core/src/fmt/mod.rs:1120:17
[INFO] [stdout]    6:     0x563bfcef30ff - std::io::Write::write_fmt::h040b369f3a0f9cbc
[INFO] [stdout]                                at /rustc/82e1608dfa6e0b5569232559e3d385fea5a93112/library/std/src/io/mod.rs:1762:15
[INFO] [stdout]    7:     0x563bfcef5754 - std::sys_common::backtrace::_print::h894006fb5c6f3d45
[INFO] [stdout]                                at /rustc/82e1608dfa6e0b5569232559e3d385fea5a93112/library/std/src/sys_common/backtrace.rs:47:5
[INFO] [stdout]    8:     0x563bfcef5754 - std::sys_common::backtrace::print::h23a2d212c6fff936
[INFO] [stdout]                                at /rustc/82e1608dfa6e0b5569232559e3d385fea5a93112/library/std/src/sys_common/backtrace.rs:34:9
[INFO] [stdout]    9:     0x563bfcef7417 - std::panicking::default_hook::{{closure}}::h8a1d2ee00185001a
[INFO] [stdout]   10:     0x563bfcef7103 - std::panicking::default_hook::h6038f2eba384e475
[INFO] [stdout]                                at /rustc/82e1608dfa6e0b5569232559e3d385fea5a93112/library/std/src/panicking.rs:289:9
[INFO] [stdout]   11:     0x563bfcd558e7 - <alloc::boxed::Box<F,A> as core::ops::function::Fn<Args>>::call::h0ad024c9bdc6d768
[INFO] [stdout]                                at /rustc/82e1608dfa6e0b5569232559e3d385fea5a93112/library/alloc/src/boxed.rs:2021:9
[INFO] [stdout]   12:     0x563bfcd558e7 - test::test_main::{{closure}}::h7500b54257359db6
[INFO] [stdout]                                at /rustc/82e1608dfa6e0b5569232559e3d385fea5a93112/library/test/src/lib.rs:138:21
[INFO] [stdout]   13:     0x563bfcef7a28 - <alloc::boxed::Box<F,A> as core::ops::function::Fn<Args>>::call::h1f8f335eaa9cfaee
[INFO] [stdout]                                at /rustc/82e1608dfa6e0b5569232559e3d385fea5a93112/library/alloc/src/boxed.rs:2021:9
[INFO] [stdout]   14:     0x563bfcef7a28 - std::panicking::rust_panic_with_hook::h2b5517d590cab22e
[INFO] [stdout]                                at /rustc/82e1608dfa6e0b5569232559e3d385fea5a93112/library/std/src/panicking.rs:783:13
[INFO] [stdout]   15:     0x563bfcef777e - std::panicking::begin_panic_handler::{{closure}}::h233112c06e0ef43e
[INFO] [stdout]                                at /rustc/82e1608dfa6e0b5569232559e3d385fea5a93112/library/std/src/panicking.rs:657:13
[INFO] [stdout]   16:     0x563bfcef5e36 - std::sys_common::backtrace::__rust_end_short_backtrace::h6e893f24d7ebbff8
[INFO] [stdout]                                at /rustc/82e1608dfa6e0b5569232559e3d385fea5a93112/library/std/src/sys_common/backtrace.rs:170:18
[INFO] [stdout]   17:     0x563bfcef74e2 - rust_begin_unwind
[INFO] [stdout]                                at /rustc/82e1608dfa6e0b5569232559e3d385fea5a93112/library/std/src/panicking.rs:645:5
[INFO] [stdout]   18:     0x563bfcc33225 - core::panicking::panic_fmt::hbf0e066aabfa482c
[INFO] [stdout]                                at /rustc/82e1608dfa6e0b5569232559e3d385fea5a93112/library/core/src/panicking.rs:72:14
[INFO] [stdout]   19:     0x563bfcce71a3 - exclave::test::scenario_execstopsuccess::h8d4676bacf21cb9b
[INFO] [stdout]                                at /opt/rustwide/workdir/src/test.rs:371:25
[INFO] [stdout]   20:     0x563bfcce6877 - exclave::test::scenario_execstopsuccess::{{closure}}::h0e959052cf240729
[INFO] [stdout]                                at /opt/rustwide/workdir/src/test.rs:311:30
[INFO] [stdout]   21:     0x563bfcca9746 - core::ops::function::FnOnce::call_once::h37755f5d47ab89ea
[INFO] [stdout]                                at /rustc/82e1608dfa6e0b5569232559e3d385fea5a93112/library/core/src/ops/function.rs:250:5
[INFO] [stdout]   22:     0x563bfcd5af3f - core::ops::function::FnOnce::call_once::h2b5d431d5046312d
[INFO] [stdout]                                at /rustc/82e1608dfa6e0b5569232559e3d385fea5a93112/library/core/src/ops/function.rs:250:5
[INFO] [stdout]   23:     0x563bfcd5af3f - test::__rust_begin_short_backtrace::h7714669af176e207
[INFO] [stdout]                                at /rustc/82e1608dfa6e0b5569232559e3d385fea5a93112/library/test/src/lib.rs:628:18
[INFO] [stdout]   24:     0x563bfcd59f55 - test::run_test_in_process::{{closure}}::h85218797dcbcec12
[INFO] [stdout]                                at /rustc/82e1608dfa6e0b5569232559e3d385fea5a93112/library/test/src/lib.rs:651:60
[INFO] [stdout]   25:     0x563bfcd59f55 - <core::panic::unwind_safe::AssertUnwindSafe<F> as core::ops::function::FnOnce<()>>::call_once::h76c106ea31c14d7b
[INFO] [stdout]                                at /rustc/82e1608dfa6e0b5569232559e3d385fea5a93112/library/core/src/panic/unwind_safe.rs:272:9
[INFO] [stdout]   26:     0x563bfcd59f55 - std::panicking::try::do_call::h3bd5d0f6620ee946
[INFO] [stdout]                                at /rustc/82e1608dfa6e0b5569232559e3d385fea5a93112/library/std/src/panicking.rs:552:40
[INFO] [stdout]   27:     0x563bfcd59f55 - std::panicking::try::h232e535e4744fe31
[INFO] [stdout]                                at /rustc/82e1608dfa6e0b5569232559e3d385fea5a93112/library/std/src/panicking.rs:516:19
[INFO] [stdout]   28:     0x563bfcd59f55 - std::panic::catch_unwind::h3ce3bd6ca8dbac68
[INFO] [stdout]                                at /rustc/82e1608dfa6e0b5569232559e3d385fea5a93112/library/std/src/panic.rs:142:14
[INFO] [stdout]   29:     0x563bfcd59f55 - test::run_test_in_process::hc97b257c9621286a
[INFO] [stdout]                                at /rustc/82e1608dfa6e0b5569232559e3d385fea5a93112/library/test/src/lib.rs:651:27
[INFO] [stdout]   30:     0x563bfcd59f55 - test::run_test::{{closure}}::h2aa798823a438d38
[INFO] [stdout]                                at /rustc/82e1608dfa6e0b5569232559e3d385fea5a93112/library/test/src/lib.rs:574:43
[INFO] [stdout]   31:     0x563bfcd22216 - test::run_test::{{closure}}::h87d231c78fb59832
[INFO] [stdout]                                at /rustc/82e1608dfa6e0b5569232559e3d385fea5a93112/library/test/src/lib.rs:602:41
[INFO] [stdout]   32:     0x563bfcd22216 - std::sys_common::backtrace::__rust_begin_short_backtrace::he6df152596625789
[INFO] [stdout]                                at /rustc/82e1608dfa6e0b5569232559e3d385fea5a93112/library/std/src/sys_common/backtrace.rs:154:18
[INFO] [stdout]   33:     0x563bfcd272c7 - std::thread::Builder::spawn_unchecked_::{{closure}}::{{closure}}::ha94be15d1e0acf36
[INFO] [stdout]                                at /rustc/82e1608dfa6e0b5569232559e3d385fea5a93112/library/std/src/thread/mod.rs:529:17
[INFO] [stdout]   34:     0x563bfcd272c7 - <core::panic::unwind_safe::AssertUnwindSafe<F> as core::ops::function::FnOnce<()>>::call_once::h9dc6bd6372f16606
[INFO] [stdout]                                at /rustc/82e1608dfa6e0b5569232559e3d385fea5a93112/library/core/src/panic/unwind_safe.rs:272:9
[INFO] [stdout]   35:     0x563bfcd272c7 - std::panicking::try::do_call::h9057517f80303cd4
[INFO] [stdout]                                at /rustc/82e1608dfa6e0b5569232559e3d385fea5a93112/library/std/src/panicking.rs:552:40
[INFO] [stdout]   36:     0x563bfcd272c7 - std::panicking::try::he3a30b11ee45340c
[INFO] [stdout]                                at /rustc/82e1608dfa6e0b5569232559e3d385fea5a93112/library/std/src/panicking.rs:516:19
[INFO] [stdout]   37:     0x563bfcd272c7 - std::panic::catch_unwind::h410458cfd3528b8b
[INFO] [stdout]                                at /rustc/82e1608dfa6e0b5569232559e3d385fea5a93112/library/std/src/panic.rs:142:14
[INFO] [stdout]   38:     0x563bfcd272c7 - std::thread::Builder::spawn_unchecked_::{{closure}}::h72ac3bdb567b737b
[INFO] [stdout]                                at /rustc/82e1608dfa6e0b5569232559e3d385fea5a93112/library/std/src/thread/mod.rs:528:30
[INFO] [stdout]   39:     0x563bfcd272c7 - core::ops::function::FnOnce::call_once{{vtable.shim}}::h38f34da3654a8344
[INFO] [stdout]                                at /rustc/82e1608dfa6e0b5569232559e3d385fea5a93112/library/core/src/ops/function.rs:250:5
[INFO] [stdout]   40:     0x563bfcefc7e5 - <alloc::boxed::Box<F,A> as core::ops::function::FnOnce<Args>>::call_once::hc7eafaff61e32df9
[INFO] [stdout]                                at /rustc/82e1608dfa6e0b5569232559e3d385fea5a93112/library/alloc/src/boxed.rs:2007:9
[INFO] [stdout]   41:     0x563bfcefc7e5 - <alloc::boxed::Box<F,A> as core::ops::function::FnOnce<Args>>::call_once::h6ba4a5de48dd2304
[INFO] [stdout]                                at /rustc/82e1608dfa6e0b5569232559e3d385fea5a93112/library/alloc/src/boxed.rs:2007:9
[INFO] [stdout]   42:     0x563bfcefc7e5 - std::sys::unix::thread::Thread::new::thread_start::he469335aef763e45
[INFO] [stdout]                                at /rustc/82e1608dfa6e0b5569232559e3d385fea5a93112/library/std/src/sys/unix/thread.rs:108:17
[INFO] [stdout]   43:     0x7ff2c2c2bac3 - <unknown>
[INFO] [stdout]   44:     0x7ff2c2cbcbf4 - __clone
[INFO] [stdout]   45:                0x0 - <unknown>
[INFO] [stdout] 
[INFO] [stdout] 
[INFO] [stdout] failures:
[INFO] [stdout]     test::scenario_execstopsuccess
[INFO] [stdout] 
[INFO] [stdout] test result: FAILED. 5 passed; 1 failed; 0 ignored; 0 measured; 0 filtered out; finished in 1.22s
[INFO] [stdout] 
[INFO] running `Command { std: "docker" "inspect" "a7bd732dd8fe7b56cf7226323a2dda427f164129d8d23bbac3cac8c22c58d60f", kill_on_drop: false }`
[INFO] running `Command { std: "docker" "rm" "-f" "a7bd732dd8fe7b56cf7226323a2dda427f164129d8d23bbac3cac8c22c58d60f", kill_on_drop: false }`
[INFO] [stdout] a7bd732dd8fe7b56cf7226323a2dda427f164129d8d23bbac3cac8c22c58d60f
[INFO] testing exclave-0.2.6 against beta-2023-12-22 for beta-1.76-1
[INFO] extracting crate exclave 0.2.6 into /workspace/builds/worker-7-tc2/source
[INFO] validating manifest of crates.io crate exclave 0.2.6 on toolchain beta-2023-12-22
[INFO] running `Command { std: CARGO_HOME="/workspace/cargo-home" RUSTUP_HOME="/workspace/rustup-home" "/workspace/cargo-home/bin/cargo" "+beta-2023-12-22" "metadata" "--manifest-path" "Cargo.toml" "--no-deps", kill_on_drop: false }`
[INFO] removed /workspace/builds/worker-7-tc2/source/.cargo/config
[INFO] started tweaking crates.io crate exclave 0.2.6
[INFO] finished tweaking crates.io crate exclave 0.2.6
[INFO] tweaked toml for crates.io crate exclave 0.2.6 written to /workspace/builds/worker-7-tc2/source/Cargo.toml
[INFO] running `Command { std: CARGO_HOME="/workspace/cargo-home" RUSTUP_HOME="/workspace/rustup-home" "/workspace/cargo-home/bin/cargo" "+beta-2023-12-22" "generate-lockfile" "--manifest-path" "Cargo.toml", kill_on_drop: false }`
[INFO] [stderr]     Updating crates.io index
[INFO] running `Command { std: CARGO_HOME="/workspace/cargo-home" RUSTUP_HOME="/workspace/rustup-home" "/workspace/cargo-home/bin/cargo" "+beta-2023-12-22" "fetch" "--manifest-path" "Cargo.toml", kill_on_drop: false }`
[INFO] running `Command { std: "docker" "create" "-v" "/var/lib/crater-agent-workspace/builds/worker-7-tc2/target:/opt/rustwide/target:rw,Z" "-v" "/var/lib/crater-agent-workspace/builds/worker-7-tc2/source:/opt/rustwide/workdir:ro,Z" "-v" "/var/lib/crater-agent-workspace/cargo-home:/opt/rustwide/cargo-home:ro,Z" "-v" "/var/lib/crater-agent-workspace/rustup-home:/opt/rustwide/rustup-home:ro,Z" "-e" "SOURCE_DIR=/opt/rustwide/workdir" "-e" "CARGO_TARGET_DIR=/opt/rustwide/target" "-e" "CARGO_HOME=/opt/rustwide/cargo-home" "-e" "RUSTUP_HOME=/opt/rustwide/rustup-home" "-w" "/opt/rustwide/workdir" "-m" "1610612736" "--user" "0:0" "--network" "none" "ghcr.io/rust-lang/crates-build-env/linux@sha256:2788e3201cd34a07e3172128adcd8b3090168a8e3bcc40d7c032b9dda1df7d1c" "/opt/rustwide/cargo-home/bin/cargo" "+beta-2023-12-22" "metadata" "--no-deps" "--format-version=1", kill_on_drop: false }`
[INFO] [stdout] 639810eb811d9af463d06fe65f267829410c289d8d30100f00e2564ed7078fc8
[INFO] running `Command { std: "docker" "start" "-a" "639810eb811d9af463d06fe65f267829410c289d8d30100f00e2564ed7078fc8", kill_on_drop: false }`
[INFO] running `Command { std: "docker" "inspect" "639810eb811d9af463d06fe65f267829410c289d8d30100f00e2564ed7078fc8", kill_on_drop: false }`
[INFO] running `Command { std: "docker" "rm" "-f" "639810eb811d9af463d06fe65f267829410c289d8d30100f00e2564ed7078fc8", kill_on_drop: false }`
[INFO] [stdout] 639810eb811d9af463d06fe65f267829410c289d8d30100f00e2564ed7078fc8
[INFO] running `Command { std: "docker" "create" "-v" "/var/lib/crater-agent-workspace/builds/worker-7-tc2/target:/opt/rustwide/target:rw,Z" "-v" "/var/lib/crater-agent-workspace/builds/worker-7-tc2/source:/opt/rustwide/workdir:ro,Z" "-v" "/var/lib/crater-agent-workspace/cargo-home:/opt/rustwide/cargo-home:ro,Z" "-v" "/var/lib/crater-agent-workspace/rustup-home:/opt/rustwide/rustup-home:ro,Z" "-e" "SOURCE_DIR=/opt/rustwide/workdir" "-e" "CARGO_TARGET_DIR=/opt/rustwide/target" "-e" "CARGO_INCREMENTAL=0" "-e" "RUST_BACKTRACE=full" "-e" "RUSTFLAGS=--cap-lints=warn" "-e" "RUSTDOCFLAGS=--cap-lints=warn" "-e" "CARGO_HOME=/opt/rustwide/cargo-home" "-e" "RUSTUP_HOME=/opt/rustwide/rustup-home" "-w" "/opt/rustwide/workdir" "-m" "1610612736" "--user" "0:0" "--network" "none" "ghcr.io/rust-lang/crates-build-env/linux@sha256:2788e3201cd34a07e3172128adcd8b3090168a8e3bcc40d7c032b9dda1df7d1c" "/opt/rustwide/cargo-home/bin/cargo" "+beta-2023-12-22" "build" "--frozen" "--message-format=json", kill_on_drop: false }`
[INFO] [stdout] 4ff31a538cadaab7d53664d6acf6ecd066d2371caf6072631accf6d15a84deee
[INFO] running `Command { std: "docker" "start" "-a" "4ff31a538cadaab7d53664d6acf6ecd066d2371caf6072631accf6d15a84deee", kill_on_drop: false }`
[INFO] [stderr]    Compiling libc v0.2.151
[INFO] [stderr]    Compiling winapi-build v0.1.1
[INFO] [stderr]    Compiling unicode-width v0.1.11
[INFO] [stderr]    Compiling ordermap v0.3.5
[INFO] [stderr]    Compiling winapi v0.2.8
[INFO] [stderr]    Compiling fixedbitset v0.1.9
[INFO] [stderr]    Compiling serde v1.0.194
[INFO] [stderr]    Compiling serde_json v1.0.111
[INFO] [stderr]    Compiling lazycell v1.3.0
[INFO] [stderr]    Compiling either v1.9.0
[INFO] [stderr]    Compiling bitflags v2.4.1
[INFO] [stderr]    Compiling bitflags v0.9.1
[INFO] [stderr]    Compiling void v1.0.2
[INFO] [stderr]    Compiling regex v0.2.11
[INFO] [stderr]    Compiling ucd-util v0.1.10
[INFO] [stderr]    Compiling lazy_static v0.2.11
[INFO] [stderr]    Compiling quick-error v1.2.3
[INFO] [stderr]    Compiling textwrap v0.11.0
[INFO] [stderr]    Compiling regex v1.10.2
[INFO] [stderr]    Compiling user32-sys v0.2.0
[INFO] [stderr]    Compiling kernel32-sys v0.2.2
[INFO] [stderr]    Compiling regex-syntax v0.5.6
[INFO] [stderr]    Compiling walkdir v2.4.0
[INFO] [stderr]    Compiling thread_local v0.3.6
[INFO] [stderr]    Compiling aho-corasick v0.6.10
[INFO] [stderr]    Compiling nom v2.2.1
[INFO] [stderr]    Compiling itertools v0.5.10
[INFO] [stderr]    Compiling ansi_term v0.12.1
[INFO] [stderr]    Compiling strsim v0.8.0
[INFO] [stderr]    Compiling petgraph v0.4.13
[INFO] [stderr]    Compiling utf8-ranges v1.0.5
[INFO] [stderr]    Compiling shlex v0.1.1
[INFO] [stderr]    Compiling vec_map v0.8.2
[INFO] [stderr]    Compiling exclave v0.2.6 (/opt/rustwide/workdir)
[INFO] [stderr]    Compiling humantime v1.3.0
[INFO] [stderr]    Compiling serde_derive v1.0.194
[INFO] [stderr]    Compiling systemd-parser v0.1.3
[INFO] [stderr]    Compiling daggy v0.6.0
[INFO] [stderr]    Compiling dependy v0.4.1
[INFO] [stderr]    Compiling iovec v0.1.4
[INFO] [stderr]    Compiling net2 v0.2.39
[INFO] [stderr]    Compiling parking_lot_core v0.9.9
[INFO] [stderr]    Compiling atty v0.2.14
[INFO] [stderr]    Compiling inotify-sys v0.1.5
[INFO] [stderr]    Compiling clicolors-control v0.2.0
[INFO] [stderr]    Compiling nix v0.9.0
[INFO] [stderr]    Compiling termios v0.3.3
[INFO] [stderr]    Compiling filetime v0.2.23
[INFO] [stderr]    Compiling nix v0.27.1
[INFO] [stderr]    Compiling clap v2.34.0
[INFO] [stderr]    Compiling inotify v0.7.1
[INFO] [stderr]    Compiling parking_lot v0.12.1
[INFO] [stderr]    Compiling mio v0.6.23
[INFO] [stderr]    Compiling console v0.6.2
[INFO] [stderr]    Compiling mio-extras v2.0.6
[INFO] [stderr]    Compiling notify v4.0.17
[INFO] [stderr]    Compiling runny v1.2.5
[INFO] [stderr]    Compiling ctrlc v3.4.2
[INFO] [stdout] warning: the item `RunnyError` is imported redundantly
[INFO] [stdout]    --> src/unit.rs:262:13
[INFO] [stdout]     |
[INFO] [stdout] 13  | use self::runny::RunnyError;
[INFO] [stdout]     |     ----------------------- the item `RunnyError` is already imported here
[INFO] [stdout] ...
[INFO] [stdout] 262 |         use self::runny::RunnyError;
[INFO] [stdout]     |             ^^^^^^^^^^^^^^^^^^^^^^^
[INFO] [stdout]     |
[INFO] [stdout]     = note: `#[warn(unused_imports)]` on by default
[INFO] [stdout] 
[INFO] [stdout] 
[INFO] [stdout] warning: use of deprecated method `std::error::Error::description`: use the Display impl or to_string()
[INFO] [stdout]    --> src/unit.rs:267:64
[INFO] [stdout]     |
[INFO] [stdout] 267 |                     write!(f, "Unable to activate unit: {}", e.description())
[INFO] [stdout]     |                                                                ^^^^^^^^^^^
[INFO] [stdout]     |
[INFO] [stdout]     = note: `#[warn(deprecated)]` on by default
[INFO] [stdout] 
[INFO] [stdout] 
[INFO] [stdout] warning: use of deprecated method `std::error::Error::description`: use the Display impl or to_string()
[INFO] [stdout]    --> src/unit.rs:368:58
[INFO] [stdout]     |
[INFO] [stdout] 368 |                 write!(f, "unable to open file -- {}", e.description())
[INFO] [stdout]     |                                                          ^^^^^^^^^^^
[INFO] [stdout] 
[INFO] [stdout] 
[INFO] [stdout] warning: use of deprecated method `std::error::Error::description`: use the Display impl or to_string()
[INFO] [stdout]    --> src/unit.rs:371:49
[INFO] [stdout]     |
[INFO] [stdout] 371 |                 write!(f, "syntax error: {}", e.description())
[INFO] [stdout]     |                                                 ^^^^^^^^^^^
[INFO] [stdout] 
[INFO] [stdout] 
[INFO] [stdout] warning: use of deprecated method `std::error::Error::description`: use the Display impl or to_string()
[INFO] [stdout]    --> src/unit.rs:374:53
[INFO] [stdout]     |
[INFO] [stdout] 374 |                 write!(f, "time parse error: {}", e.description())
[INFO] [stdout]     |                                                     ^^^^^^^^^^^
[INFO] [stdout] 
[INFO] [stdout] 
[INFO] [stdout] warning: use of deprecated method `std::error::Error::description`: use the Display impl or to_string()
[INFO] [stdout]    --> src/units/test.rs:386:171
[INFO] [stdout]     |
[INFO] [stdout] 386 | ...tents::LogError(format!("test daemon raised an error: {}", e.description())))).unwrap();
[INFO] [stdout]     |                                                                 ^^^^^^^^^^^
[INFO] [stdout] 
[INFO] [stdout] 
[INFO] [stdout] warning: unused variable: `test_max_time`
[INFO] [stdout]    --> src/units/scenario.rs:611:21
[INFO] [stdout]     |
[INFO] [stdout] 611 |                 let test_max_time = self.make_timeout(test_timeout);
[INFO] [stdout]     |                     ^^^^^^^^^^^^^ help: if this is intentional, prefix it with an underscore: `_test_max_time`
[INFO] [stdout]     |
[INFO] [stdout]     = note: `#[warn(unused_variables)]` on by default
[INFO] [stdout] 
[INFO] [stdout] 
[INFO] [stdout] warning: method `get_manager` is never used
[INFO] [stdout]    --> src/unitlibrary.rs:422:12
[INFO] [stdout]     |
[INFO] [stdout] 155 | impl UnitLibrary {
[INFO] [stdout]     | ---------------- method in this implementation
[INFO] [stdout] ...
[INFO] [stdout] 422 |     pub fn get_manager(&self) -> &RefCell<UnitManager> {
[INFO] [stdout]     |            ^^^^^^^^^^^
[INFO] [stdout]     |
[INFO] [stdout]     = note: `#[warn(dead_code)]` on by default
[INFO] [stdout] 
[INFO] [stdout] 
[INFO] [stdout] warning: using `.clone()` on a double reference, which returns `&Rc<RefCell<Jig>>` instead of cloning the inner type
[INFO] [stdout]     --> src/unitmanager.rs:1077:29
[INFO] [stdout]      |
[INFO] [stdout] 1077 |             Some(ref s) => s.clone(),
[INFO] [stdout]      |                             ^^^^^^^^
[INFO] [stdout]      |
[INFO] [stdout]      = note: `#[warn(suspicious_double_ref_op)]` on by default
[INFO] [stdout] 
[INFO] [stdout] 
[INFO] [stdout] warning: using `.clone()` on a double reference, which returns `&Rc<RefCell<Scenario>>` instead of cloning the inner type
[INFO] [stdout]     --> src/unitmanager.rs:1093:29
[INFO] [stdout]      |
[INFO] [stdout] 1093 |             Some(ref s) => s.clone(),
[INFO] [stdout]      |                             ^^^^^^^^
[INFO] [stdout] 
[INFO] [stdout] 
[INFO] [stdout] warning: using `.clone()` on a double reference, which returns `&Rc<RefCell<Test>>` instead of cloning the inner type
[INFO] [stdout]     --> src/unitmanager.rs:1114:29
[INFO] [stdout]      |
[INFO] [stdout] 1114 |             Some(ref s) => s.clone(),
[INFO] [stdout]      |                             ^^^^^^^^
[INFO] [stdout] 
[INFO] [stdout] 
[INFO] [stdout] warning: 11 warnings emitted
[INFO] [stdout] 
[INFO] [stdout] 
[INFO] [stderr]     Finished dev [unoptimized + debuginfo] target(s) in 10.25s
[INFO] [stderr] warning: the following packages contain code that will be rejected by a future version of Rust: nom v2.2.1
[INFO] [stderr] note: to see what the problems were, use the option `--future-incompat-report`, or run `cargo report future-incompatibilities --id 1`
[INFO] running `Command { std: "docker" "inspect" "4ff31a538cadaab7d53664d6acf6ecd066d2371caf6072631accf6d15a84deee", kill_on_drop: false }`
[INFO] running `Command { std: "docker" "rm" "-f" "4ff31a538cadaab7d53664d6acf6ecd066d2371caf6072631accf6d15a84deee", kill_on_drop: false }`
[INFO] [stdout] 4ff31a538cadaab7d53664d6acf6ecd066d2371caf6072631accf6d15a84deee
[INFO] running `Command { std: "docker" "create" "-v" "/var/lib/crater-agent-workspace/builds/worker-7-tc2/target:/opt/rustwide/target:rw,Z" "-v" "/var/lib/crater-agent-workspace/builds/worker-7-tc2/source:/opt/rustwide/workdir:ro,Z" "-v" "/var/lib/crater-agent-workspace/cargo-home:/opt/rustwide/cargo-home:ro,Z" "-v" "/var/lib/crater-agent-workspace/rustup-home:/opt/rustwide/rustup-home:ro,Z" "-e" "SOURCE_DIR=/opt/rustwide/workdir" "-e" "CARGO_TARGET_DIR=/opt/rustwide/target" "-e" "CARGO_INCREMENTAL=0" "-e" "RUST_BACKTRACE=full" "-e" "RUSTFLAGS=--cap-lints=warn" "-e" "RUSTDOCFLAGS=--cap-lints=warn" "-e" "CARGO_HOME=/opt/rustwide/cargo-home" "-e" "RUSTUP_HOME=/opt/rustwide/rustup-home" "-w" "/opt/rustwide/workdir" "-m" "1610612736" "--user" "0:0" "--network" "none" "ghcr.io/rust-lang/crates-build-env/linux@sha256:2788e3201cd34a07e3172128adcd8b3090168a8e3bcc40d7c032b9dda1df7d1c" "/opt/rustwide/cargo-home/bin/cargo" "+beta-2023-12-22" "test" "--frozen" "--no-run" "--message-format=json", kill_on_drop: false }`
[INFO] [stdout] d614f37a105b6db457e07e50e8fc4e73fe353039597bfa018fc9db9cf3d09c36
[INFO] running `Command { std: "docker" "start" "-a" "d614f37a105b6db457e07e50e8fc4e73fe353039597bfa018fc9db9cf3d09c36", kill_on_drop: false }`
[INFO] [stderr]    Compiling exclave v0.2.6 (/opt/rustwide/workdir)
[INFO] [stdout] warning: the item `RunnyError` is imported redundantly
[INFO] [stdout]    --> src/unit.rs:262:13
[INFO] [stdout]     |
[INFO] [stdout] 13  | use self::runny::RunnyError;
[INFO] [stdout]     |     ----------------------- the item `RunnyError` is already imported here
[INFO] [stdout] ...
[INFO] [stdout] 262 |         use self::runny::RunnyError;
[INFO] [stdout]     |             ^^^^^^^^^^^^^^^^^^^^^^^
[INFO] [stdout]     |
[INFO] [stdout]     = note: `#[warn(unused_imports)]` on by default
[INFO] [stdout] 
[INFO] [stdout] 
[INFO] [stdout] warning: unused import: `units::interface::InterfaceDescription`
[INFO] [stdout]   --> src/test.rs:14:5
[INFO] [stdout]    |
[INFO] [stdout] 14 | use units::interface::InterfaceDescription;
[INFO] [stdout]    |     ^^^^^^^^^^^^^^^^^^^^^^^^^^^^^^^^^^^^^^
[INFO] [stdout] 
[INFO] [stdout] 
[INFO] [stdout] warning: unused import: `units::logger::LoggerDescription`
[INFO] [stdout]   --> src/test.rs:16:5
[INFO] [stdout]    |
[INFO] [stdout] 16 | use units::logger::LoggerDescription;
[INFO] [stdout]    |     ^^^^^^^^^^^^^^^^^^^^^^^^^^^^^^^^
[INFO] [stdout] 
[INFO] [stdout] 
[INFO] [stdout] warning: unused import: `units::trigger::TriggerDescription`
[INFO] [stdout]   --> src/test.rs:19:5
[INFO] [stdout]    |
[INFO] [stdout] 19 | use units::trigger::TriggerDescription;
[INFO] [stdout]    |     ^^^^^^^^^^^^^^^^^^^^^^^^^^^^^^^^^^
[INFO] [stdout] 
[INFO] [stdout] 
[INFO] [stdout] warning: use of deprecated method `std::error::Error::description`: use the Display impl or to_string()
[INFO] [stdout]    --> src/unit.rs:267:64
[INFO] [stdout]     |
[INFO] [stdout] 267 |                     write!(f, "Unable to activate unit: {}", e.description())
[INFO] [stdout]     |                                                                ^^^^^^^^^^^
[INFO] [stdout]     |
[INFO] [stdout]     = note: `#[warn(deprecated)]` on by default
[INFO] [stdout] 
[INFO] [stdout] 
[INFO] [stdout] warning: use of deprecated method `std::error::Error::description`: use the Display impl or to_string()
[INFO] [stdout]    --> src/unit.rs:368:58
[INFO] [stdout]     |
[INFO] [stdout] 368 |                 write!(f, "unable to open file -- {}", e.description())
[INFO] [stdout]     |                                                          ^^^^^^^^^^^
[INFO] [stdout] 
[INFO] [stdout] 
[INFO] [stdout] warning: use of deprecated method `std::error::Error::description`: use the Display impl or to_string()
[INFO] [stdout]    --> src/unit.rs:371:49
[INFO] [stdout]     |
[INFO] [stdout] 371 |                 write!(f, "syntax error: {}", e.description())
[INFO] [stdout]     |                                                 ^^^^^^^^^^^
[INFO] [stdout] 
[INFO] [stdout] 
[INFO] [stdout] warning: use of deprecated method `std::error::Error::description`: use the Display impl or to_string()
[INFO] [stdout]    --> src/unit.rs:374:53
[INFO] [stdout]     |
[INFO] [stdout] 374 |                 write!(f, "time parse error: {}", e.description())
[INFO] [stdout]     |                                                     ^^^^^^^^^^^
[INFO] [stdout] 
[INFO] [stdout] 
[INFO] [stdout] warning: use of deprecated method `std::error::Error::description`: use the Display impl or to_string()
[INFO] [stdout]    --> src/units/test.rs:386:171
[INFO] [stdout]     |
[INFO] [stdout] 386 | ...tents::LogError(format!("test daemon raised an error: {}", e.description())))).unwrap();
[INFO] [stdout]     |                                                                 ^^^^^^^^^^^
[INFO] [stdout] 
[INFO] [stdout] 
[INFO] [stdout] warning: unused variable: `test_max_time`
[INFO] [stdout]    --> src/units/scenario.rs:611:21
[INFO] [stdout]     |
[INFO] [stdout] 611 |                 let test_max_time = self.make_timeout(test_timeout);
[INFO] [stdout]     |                     ^^^^^^^^^^^^^ help: if this is intentional, prefix it with an underscore: `_test_max_time`
[INFO] [stdout]     |
[INFO] [stdout]     = note: `#[warn(unused_variables)]` on by default
[INFO] [stdout] 
[INFO] [stdout] 
[INFO] [stdout] warning: value assigned to `master_seen` is never read
[INFO] [stdout]    --> src/test.rs:502:29
[INFO] [stdout]     |
[INFO] [stdout] 502 | ...                   master_seen = true;
[INFO] [stdout]     |                       ^^^^^^^^^^^
[INFO] [stdout]     |
[INFO] [stdout]     = help: maybe it is overwritten before being read?
[INFO] [stdout]     = note: `#[warn(unused_assignments)]` on by default
[INFO] [stdout] 
[INFO] [stdout] 
[INFO] [stdout] warning: using `.clone()` on a double reference, which returns `&Rc<RefCell<Jig>>` instead of cloning the inner type
[INFO] [stdout]     --> src/unitmanager.rs:1077:29
[INFO] [stdout]      |
[INFO] [stdout] 1077 |             Some(ref s) => s.clone(),
[INFO] [stdout]      |                             ^^^^^^^^
[INFO] [stdout]      |
[INFO] [stdout]      = note: `#[warn(suspicious_double_ref_op)]` on by default
[INFO] [stdout] 
[INFO] [stdout] 
[INFO] [stdout] warning: using `.clone()` on a double reference, which returns `&Rc<RefCell<Scenario>>` instead of cloning the inner type
[INFO] [stdout]     --> src/unitmanager.rs:1093:29
[INFO] [stdout]      |
[INFO] [stdout] 1093 |             Some(ref s) => s.clone(),
[INFO] [stdout]      |                             ^^^^^^^^
[INFO] [stdout] 
[INFO] [stdout] 
[INFO] [stdout] warning: using `.clone()` on a double reference, which returns `&Rc<RefCell<Test>>` instead of cloning the inner type
[INFO] [stdout]     --> src/unitmanager.rs:1114:29
[INFO] [stdout]      |
[INFO] [stdout] 1114 |             Some(ref s) => s.clone(),
[INFO] [stdout]      |                             ^^^^^^^^
[INFO] [stdout] 
[INFO] [stdout] 
[INFO] [stdout] warning: 14 warnings emitted
[INFO] [stdout] 
[INFO] [stdout] 
[INFO] [stderr]     Finished test [unoptimized + debuginfo] target(s) in 3.16s
[INFO] [stderr] warning: the following packages contain code that will be rejected by a future version of Rust: nom v2.2.1
[INFO] [stderr] note: to see what the problems were, use the option `--future-incompat-report`, or run `cargo report future-incompatibilities --id 1`
[INFO] running `Command { std: "docker" "inspect" "d614f37a105b6db457e07e50e8fc4e73fe353039597bfa018fc9db9cf3d09c36", kill_on_drop: false }`
[INFO] running `Command { std: "docker" "rm" "-f" "d614f37a105b6db457e07e50e8fc4e73fe353039597bfa018fc9db9cf3d09c36", kill_on_drop: false }`
[INFO] [stdout] d614f37a105b6db457e07e50e8fc4e73fe353039597bfa018fc9db9cf3d09c36
[INFO] running `Command { std: "docker" "create" "-v" "/var/lib/crater-agent-workspace/builds/worker-7-tc2/target:/opt/rustwide/target:rw,Z" "-v" "/var/lib/crater-agent-workspace/builds/worker-7-tc2/source:/opt/rustwide/workdir:ro,Z" "-v" "/var/lib/crater-agent-workspace/cargo-home:/opt/rustwide/cargo-home:ro,Z" "-v" "/var/lib/crater-agent-workspace/rustup-home:/opt/rustwide/rustup-home:ro,Z" "-e" "SOURCE_DIR=/opt/rustwide/workdir" "-e" "CARGO_TARGET_DIR=/opt/rustwide/target" "-e" "CARGO_INCREMENTAL=0" "-e" "RUST_BACKTRACE=full" "-e" "RUSTFLAGS=--cap-lints=warn" "-e" "RUSTDOCFLAGS=--cap-lints=warn" "-e" "CARGO_HOME=/opt/rustwide/cargo-home" "-e" "RUSTUP_HOME=/opt/rustwide/rustup-home" "-w" "/opt/rustwide/workdir" "-m" "1610612736" "--user" "0:0" "--network" "none" "ghcr.io/rust-lang/crates-build-env/linux@sha256:2788e3201cd34a07e3172128adcd8b3090168a8e3bcc40d7c032b9dda1df7d1c" "/opt/rustwide/cargo-home/bin/cargo" "+beta-2023-12-22" "test" "--frozen", kill_on_drop: false }`
[INFO] [stdout] af85dfe2a729e56802695659aa6b13f8c900ec4cc1176b2eea9d6adac92b41f0
[INFO] running `Command { std: "docker" "start" "-a" "af85dfe2a729e56802695659aa6b13f8c900ec4cc1176b2eea9d6adac92b41f0", kill_on_drop: false }`
[INFO] [stderr]    Compiling exclave v0.2.6 (/opt/rustwide/workdir)
[INFO] [stderr] warning: the item `RunnyError` is imported redundantly
[INFO] [stderr]    --> src/unit.rs:262:13
[INFO] [stderr]     |
[INFO] [stderr] 13  | use self::runny::RunnyError;
[INFO] [stderr]     |     ----------------------- the item `RunnyError` is already imported here
[INFO] [stderr] ...
[INFO] [stderr] 262 |         use self::runny::RunnyError;
[INFO] [stderr]     |             ^^^^^^^^^^^^^^^^^^^^^^^
[INFO] [stderr]     |
[INFO] [stderr]     = note: `#[warn(unused_imports)]` on by default
[INFO] [stderr] 
[INFO] [stderr] warning: unused import: `units::interface::InterfaceDescription`
[INFO] [stderr]   --> src/test.rs:14:5
[INFO] [stderr]    |
[INFO] [stderr] 14 | use units::interface::InterfaceDescription;
[INFO] [stderr]    |     ^^^^^^^^^^^^^^^^^^^^^^^^^^^^^^^^^^^^^^
[INFO] [stderr] 
[INFO] [stderr] warning: unused import: `units::logger::LoggerDescription`
[INFO] [stderr]   --> src/test.rs:16:5
[INFO] [stderr]    |
[INFO] [stderr] 16 | use units::logger::LoggerDescription;
[INFO] [stderr]    |     ^^^^^^^^^^^^^^^^^^^^^^^^^^^^^^^^
[INFO] [stderr] 
[INFO] [stderr] warning: unused import: `units::trigger::TriggerDescription`
[INFO] [stderr]   --> src/test.rs:19:5
[INFO] [stderr]    |
[INFO] [stderr] 19 | use units::trigger::TriggerDescription;
[INFO] [stderr]    |     ^^^^^^^^^^^^^^^^^^^^^^^^^^^^^^^^^^
[INFO] [stderr] 
[INFO] [stderr] warning: use of deprecated method `std::error::Error::description`: use the Display impl or to_string()
[INFO] [stderr]    --> src/unit.rs:267:64
[INFO] [stderr]     |
[INFO] [stderr] 267 |                     write!(f, "Unable to activate unit: {}", e.description())
[INFO] [stderr]     |                                                                ^^^^^^^^^^^
[INFO] [stderr]     |
[INFO] [stderr]     = note: `#[warn(deprecated)]` on by default
[INFO] [stderr] 
[INFO] [stderr] warning: use of deprecated method `std::error::Error::description`: use the Display impl or to_string()
[INFO] [stderr]    --> src/unit.rs:368:58
[INFO] [stderr]     |
[INFO] [stderr] 368 |                 write!(f, "unable to open file -- {}", e.description())
[INFO] [stderr]     |                                                          ^^^^^^^^^^^
[INFO] [stderr] 
[INFO] [stderr] warning: use of deprecated method `std::error::Error::description`: use the Display impl or to_string()
[INFO] [stderr]    --> src/unit.rs:371:49
[INFO] [stderr]     |
[INFO] [stderr] 371 |                 write!(f, "syntax error: {}", e.description())
[INFO] [stderr]     |                                                 ^^^^^^^^^^^
[INFO] [stderr] 
[INFO] [stderr] warning: use of deprecated method `std::error::Error::description`: use the Display impl or to_string()
[INFO] [stderr]    --> src/unit.rs:374:53
[INFO] [stderr]     |
[INFO] [stderr] 374 |                 write!(f, "time parse error: {}", e.description())
[INFO] [stderr]     |                                                     ^^^^^^^^^^^
[INFO] [stderr] 
[INFO] [stderr] warning: use of deprecated method `std::error::Error::description`: use the Display impl or to_string()
[INFO] [stderr]    --> src/units/test.rs:386:171
[INFO] [stderr]     |
[INFO] [stderr] 386 | ...tents::LogError(format!("test daemon raised an error: {}", e.description())))).unwrap();
[INFO] [stderr]     |                                                                 ^^^^^^^^^^^
[INFO] [stderr] 
[INFO] [stderr] warning: unused variable: `test_max_time`
[INFO] [stderr]    --> src/units/scenario.rs:611:21
[INFO] [stderr]     |
[INFO] [stderr] 611 |                 let test_max_time = self.make_timeout(test_timeout);
[INFO] [stderr]     |                     ^^^^^^^^^^^^^ help: if this is intentional, prefix it with an underscore: `_test_max_time`
[INFO] [stderr]     |
[INFO] [stderr]     = note: `#[warn(unused_variables)]` on by default
[INFO] [stderr] 
[INFO] [stderr] warning: value assigned to `master_seen` is never read
[INFO] [stderr]    --> src/test.rs:502:29
[INFO] [stderr]     |
[INFO] [stderr] 502 | ...                   master_seen = true;
[INFO] [stderr]     |                       ^^^^^^^^^^^
[INFO] [stderr]     |
[INFO] [stderr]     = help: maybe it is overwritten before being read?
[INFO] [stderr]     = note: `#[warn(unused_assignments)]` on by default
[INFO] [stderr] 
[INFO] [stderr] warning: using `.clone()` on a double reference, which returns `&Rc<RefCell<Jig>>` instead of cloning the inner type
[INFO] [stderr]     --> src/unitmanager.rs:1077:29
[INFO] [stderr]      |
[INFO] [stderr] 1077 |             Some(ref s) => s.clone(),
[INFO] [stderr]      |                             ^^^^^^^^
[INFO] [stderr]      |
[INFO] [stderr]      = note: `#[warn(suspicious_double_ref_op)]` on by default
[INFO] [stderr] 
[INFO] [stderr] warning: using `.clone()` on a double reference, which returns `&Rc<RefCell<Scenario>>` instead of cloning the inner type
[INFO] [stderr]     --> src/unitmanager.rs:1093:29
[INFO] [stderr]      |
[INFO] [stderr] 1093 |             Some(ref s) => s.clone(),
[INFO] [stderr]      |                             ^^^^^^^^
[INFO] [stderr] 
[INFO] [stderr] warning: using `.clone()` on a double reference, which returns `&Rc<RefCell<Test>>` instead of cloning the inner type
[INFO] [stderr]     --> src/unitmanager.rs:1114:29
[INFO] [stderr]      |
[INFO] [stderr] 1114 |             Some(ref s) => s.clone(),
[INFO] [stderr]      |                             ^^^^^^^^
[INFO] [stderr] 
[INFO] [stderr] warning: `exclave` (bin "exclave" test) generated 14 warnings (run `cargo fix --bin "exclave" --tests` to apply 4 suggestions)
[INFO] [stderr]     Finished test [unoptimized + debuginfo] target(s) in 2.79s
[INFO] [stderr] warning: the following packages contain code that will be rejected by a future version of Rust: nom v2.2.1
[INFO] [stderr] note: to see what the problems were, use the option `--future-incompat-report`, or run `cargo report future-incompatibilities --id 1`
[INFO] [stderr]      Running unittests src/main.rs (/opt/rustwide/target/debug/deps/exclave-5d157af7377a8eeb)
[INFO] [stdout] 
[INFO] [stdout] running 6 tests
[INFO] [stdout] test test::load_dependency ... ok
[INFO] [stdout] test test::test_requires ... ok
[INFO] [stdout] test test::basic_scenario ... ok
[INFO] [stdout] test test::scenario_execstopsuccess ... ok
[INFO] [stdout] test test::scenario_execstop ... ok
[INFO] [stdout] test test::scenario_execstopfailure ... ok
[INFO] [stdout] 
[INFO] [stdout] test result: ok. 6 passed; 0 failed; 0 ignored; 0 measured; 0 filtered out; finished in 1.02s
[INFO] [stdout] 
[INFO] running `Command { std: "docker" "inspect" "af85dfe2a729e56802695659aa6b13f8c900ec4cc1176b2eea9d6adac92b41f0", kill_on_drop: false }`
[INFO] running `Command { std: "docker" "rm" "-f" "af85dfe2a729e56802695659aa6b13f8c900ec4cc1176b2eea9d6adac92b41f0", kill_on_drop: false }`
[INFO] [stdout] af85dfe2a729e56802695659aa6b13f8c900ec4cc1176b2eea9d6adac92b41f0
