[INFO] fetching crate crossbeam-channel 0.5.8...
[INFO] testing crossbeam-channel-0.5.8 against 1.75.0 for beta-1.76-1
[INFO] extracting crate crossbeam-channel 0.5.8 into /workspace/builds/worker-2-tc1/source
[INFO] validating manifest of crates.io crate crossbeam-channel 0.5.8 on toolchain 1.75.0
[INFO] running `Command { std: CARGO_HOME="/workspace/cargo-home" RUSTUP_HOME="/workspace/rustup-home" "/workspace/cargo-home/bin/cargo" "+1.75.0" "metadata" "--manifest-path" "Cargo.toml" "--no-deps", kill_on_drop: false }`
[INFO] started tweaking crates.io crate crossbeam-channel 0.5.8
[INFO] finished tweaking crates.io crate crossbeam-channel 0.5.8
[INFO] tweaked toml for crates.io crate crossbeam-channel 0.5.8 written to /workspace/builds/worker-2-tc1/source/Cargo.toml
[INFO] crate crates.io crate crossbeam-channel 0.5.8 already has a lockfile, it will not be regenerated
[INFO] running `Command { std: CARGO_HOME="/workspace/cargo-home" RUSTUP_HOME="/workspace/rustup-home" "/workspace/cargo-home/bin/cargo" "+1.75.0" "fetch" "--manifest-path" "Cargo.toml", kill_on_drop: false }`
[INFO] [stderr]     Blocking waiting for file lock on package cache
[INFO] running `Command { std: "docker" "create" "-v" "/var/lib/crater-agent-workspace/builds/worker-2-tc1/target:/opt/rustwide/target:rw,Z" "-v" "/var/lib/crater-agent-workspace/builds/worker-2-tc1/source:/opt/rustwide/workdir:ro,Z" "-v" "/var/lib/crater-agent-workspace/cargo-home:/opt/rustwide/cargo-home:ro,Z" "-v" "/var/lib/crater-agent-workspace/rustup-home:/opt/rustwide/rustup-home:ro,Z" "-e" "SOURCE_DIR=/opt/rustwide/workdir" "-e" "CARGO_TARGET_DIR=/opt/rustwide/target" "-e" "CARGO_HOME=/opt/rustwide/cargo-home" "-e" "RUSTUP_HOME=/opt/rustwide/rustup-home" "-w" "/opt/rustwide/workdir" "-m" "1610612736" "--user" "0:0" "--network" "none" "ghcr.io/rust-lang/crates-build-env/linux@sha256:2788e3201cd34a07e3172128adcd8b3090168a8e3bcc40d7c032b9dda1df7d1c" "/opt/rustwide/cargo-home/bin/cargo" "+1.75.0" "metadata" "--no-deps" "--format-version=1", kill_on_drop: false }`
[INFO] [stdout] 896169dad9457fec0d194bb096091847d862f5d73c37e59e30aa5c28f627dc2c
[INFO] running `Command { std: "docker" "start" "-a" "896169dad9457fec0d194bb096091847d862f5d73c37e59e30aa5c28f627dc2c", kill_on_drop: false }`
[INFO] running `Command { std: "docker" "inspect" "896169dad9457fec0d194bb096091847d862f5d73c37e59e30aa5c28f627dc2c", kill_on_drop: false }`
[INFO] running `Command { std: "docker" "rm" "-f" "896169dad9457fec0d194bb096091847d862f5d73c37e59e30aa5c28f627dc2c", kill_on_drop: false }`
[INFO] [stdout] 896169dad9457fec0d194bb096091847d862f5d73c37e59e30aa5c28f627dc2c
[INFO] running `Command { std: "docker" "create" "-v" "/var/lib/crater-agent-workspace/builds/worker-2-tc1/target:/opt/rustwide/target:rw,Z" "-v" "/var/lib/crater-agent-workspace/builds/worker-2-tc1/source:/opt/rustwide/workdir:ro,Z" "-v" "/var/lib/crater-agent-workspace/cargo-home:/opt/rustwide/cargo-home:ro,Z" "-v" "/var/lib/crater-agent-workspace/rustup-home:/opt/rustwide/rustup-home:ro,Z" "-e" "SOURCE_DIR=/opt/rustwide/workdir" "-e" "CARGO_TARGET_DIR=/opt/rustwide/target" "-e" "CARGO_INCREMENTAL=0" "-e" "RUST_BACKTRACE=full" "-e" "RUSTFLAGS=--cap-lints=warn" "-e" "RUSTDOCFLAGS=--cap-lints=warn" "-e" "CARGO_HOME=/opt/rustwide/cargo-home" "-e" "RUSTUP_HOME=/opt/rustwide/rustup-home" "-w" "/opt/rustwide/workdir" "-m" "1610612736" "--user" "0:0" "--network" "none" "ghcr.io/rust-lang/crates-build-env/linux@sha256:2788e3201cd34a07e3172128adcd8b3090168a8e3bcc40d7c032b9dda1df7d1c" "/opt/rustwide/cargo-home/bin/cargo" "+1.75.0" "build" "--frozen" "--message-format=json", kill_on_drop: false }`
[INFO] [stdout] f9807fbccd4665f31c4fa1d77162bd751c7596236980c2313f4658e64eb47a82
[INFO] running `Command { std: "docker" "start" "-a" "f9807fbccd4665f31c4fa1d77162bd751c7596236980c2313f4658e64eb47a82", kill_on_drop: false }`
[INFO] [stderr]    Compiling crossbeam-utils v0.8.15
[INFO] [stderr]    Compiling crossbeam-channel v0.5.8 (/opt/rustwide/workdir)
[INFO] [stderr]     Finished dev [unoptimized + debuginfo] target(s) in 1.26s
[INFO] running `Command { std: "docker" "inspect" "f9807fbccd4665f31c4fa1d77162bd751c7596236980c2313f4658e64eb47a82", kill_on_drop: false }`
[INFO] running `Command { std: "docker" "rm" "-f" "f9807fbccd4665f31c4fa1d77162bd751c7596236980c2313f4658e64eb47a82", kill_on_drop: false }`
[INFO] [stdout] f9807fbccd4665f31c4fa1d77162bd751c7596236980c2313f4658e64eb47a82
[INFO] running `Command { std: "docker" "create" "-v" "/var/lib/crater-agent-workspace/builds/worker-2-tc1/target:/opt/rustwide/target:rw,Z" "-v" "/var/lib/crater-agent-workspace/builds/worker-2-tc1/source:/opt/rustwide/workdir:ro,Z" "-v" "/var/lib/crater-agent-workspace/cargo-home:/opt/rustwide/cargo-home:ro,Z" "-v" "/var/lib/crater-agent-workspace/rustup-home:/opt/rustwide/rustup-home:ro,Z" "-e" "SOURCE_DIR=/opt/rustwide/workdir" "-e" "CARGO_TARGET_DIR=/opt/rustwide/target" "-e" "CARGO_INCREMENTAL=0" "-e" "RUST_BACKTRACE=full" "-e" "RUSTFLAGS=--cap-lints=warn" "-e" "RUSTDOCFLAGS=--cap-lints=warn" "-e" "CARGO_HOME=/opt/rustwide/cargo-home" "-e" "RUSTUP_HOME=/opt/rustwide/rustup-home" "-w" "/opt/rustwide/workdir" "-m" "1610612736" "--user" "0:0" "--network" "none" "ghcr.io/rust-lang/crates-build-env/linux@sha256:2788e3201cd34a07e3172128adcd8b3090168a8e3bcc40d7c032b9dda1df7d1c" "/opt/rustwide/cargo-home/bin/cargo" "+1.75.0" "test" "--frozen" "--no-run" "--message-format=json", kill_on_drop: false }`
[INFO] [stdout] 2864496cb6578667a53d461561ae05afb60b49b15b7f9291dcf935fc427c90d2
[INFO] running `Command { std: "docker" "start" "-a" "2864496cb6578667a53d461561ae05afb60b49b15b7f9291dcf935fc427c90d2", kill_on_drop: false }`
[INFO] [stderr]    Compiling libc v0.2.141
[INFO] [stderr]    Compiling signal-hook v0.3.15
[INFO] [stderr]    Compiling getrandom v0.2.8
[INFO] [stderr]    Compiling signal-hook-registry v1.4.1
[INFO] [stderr]    Compiling num_cpus v1.15.0
[INFO] [stderr]    Compiling rand_core v0.6.4
[INFO] [stderr]    Compiling rand_chacha v0.3.1
[INFO] [stderr]    Compiling rand v0.8.5
[INFO] [stderr]    Compiling crossbeam-channel v0.5.8 (/opt/rustwide/workdir)
[INFO] [stdout] warning: calls to `std::mem::drop` with a value that implements `Copy` does nothing
[INFO] [stdout]     --> tests/select_macro.rs:1215:27
[INFO] [stdout]      |
[INFO] [stdout] 1215 |         recv(r) -> res => drop::<Result<i32, RecvError>>(res),
[INFO] [stdout]      |                           ^^^^^^^^^^^^^^^^^^^^^^^^^^^^^^^---^
[INFO] [stdout]      |                                                          |
[INFO] [stdout]      |                                                          argument has type `Result<i32, crossbeam_channel::RecvError>`
[INFO] [stdout]      |
[INFO] [stdout]      = note: use `let _ = ...` to ignore the expression or result
[INFO] [stdout]      = note: `#[warn(dropping_copy_types)]` on by default
[INFO] [stdout] 
[INFO] [stdout] 
[INFO] [stdout] warning: calls to `std::mem::drop` with a value that implements `Copy` does nothing
[INFO] [stdout]     --> tests/select_macro.rs:1218:27
[INFO] [stdout]      |
[INFO] [stdout] 1218 |         recv(r) -> res => drop::<Result<i32, RecvError>>(res),
[INFO] [stdout]      |                           ^^^^^^^^^^^^^^^^^^^^^^^^^^^^^^^---^
[INFO] [stdout]      |                                                          |
[INFO] [stdout]      |                                                          argument has type `Result<i32, crossbeam_channel::RecvError>`
[INFO] [stdout]      |
[INFO] [stdout]      = note: use `let _ = ...` to ignore the expression or result
[INFO] [stdout] 
[INFO] [stdout] 
[INFO] [stdout] warning: calls to `std::mem::drop` with a value that implements `Copy` does nothing
[INFO] [stdout]     --> tests/select_macro.rs:1222:27
[INFO] [stdout]      |
[INFO] [stdout] 1222 |         recv(r) -> res => drop::<Result<i32, RecvError>>(res),
[INFO] [stdout]      |                           ^^^^^^^^^^^^^^^^^^^^^^^^^^^^^^^---^
[INFO] [stdout]      |                                                          |
[INFO] [stdout]      |                                                          argument has type `Result<i32, crossbeam_channel::RecvError>`
[INFO] [stdout]      |
[INFO] [stdout]      = note: use `let _ = ...` to ignore the expression or result
[INFO] [stdout] 
[INFO] [stdout] 
[INFO] [stdout] warning: calls to `std::mem::drop` with a value that implements `Copy` does nothing
[INFO] [stdout]     --> tests/select_macro.rs:1227:30
[INFO] [stdout]      |
[INFO] [stdout] 1227 |         send(s, 0) -> res => drop::<Result<(), SendError<i32>>>(res),
[INFO] [stdout]      |                              ^^^^^^^^^^^^^^^^^^^^^^^^^^^^^^^^^^^---^
[INFO] [stdout]      |                                                                 |
[INFO] [stdout]      |                                                                 argument has type `Result<(), crossbeam_channel::SendError<i32>>`
[INFO] [stdout]      |
[INFO] [stdout]      = note: use `let _ = ...` to ignore the expression or result
[INFO] [stdout] 
[INFO] [stdout] 
[INFO] [stdout] warning: calls to `std::mem::drop` with a value that implements `Copy` does nothing
[INFO] [stdout]     --> tests/select_macro.rs:1230:30
[INFO] [stdout]      |
[INFO] [stdout] 1230 |         send(s, 0) -> res => drop::<Result<(), SendError<i32>>>(res),
[INFO] [stdout]      |                              ^^^^^^^^^^^^^^^^^^^^^^^^^^^^^^^^^^^---^
[INFO] [stdout]      |                                                                 |
[INFO] [stdout]      |                                                                 argument has type `Result<(), crossbeam_channel::SendError<i32>>`
[INFO] [stdout]      |
[INFO] [stdout]      = note: use `let _ = ...` to ignore the expression or result
[INFO] [stdout] 
[INFO] [stdout] 
[INFO] [stdout] warning: calls to `std::mem::drop` with a value that implements `Copy` does nothing
[INFO] [stdout]     --> tests/select_macro.rs:1234:30
[INFO] [stdout]      |
[INFO] [stdout] 1234 |         send(s, 0) -> res => drop::<Result<(), SendError<i32>>>(res),
[INFO] [stdout]      |                              ^^^^^^^^^^^^^^^^^^^^^^^^^^^^^^^^^^^---^
[INFO] [stdout]      |                                                                 |
[INFO] [stdout]      |                                                                 argument has type `Result<(), crossbeam_channel::SendError<i32>>`
[INFO] [stdout]      |
[INFO] [stdout]      = note: use `let _ = ...` to ignore the expression or result
[INFO] [stdout] 
[INFO] [stdout] 
[INFO] [stdout] warning: calls to `std::mem::drop` with a value that implements `Copy` does nothing
[INFO] [stdout]     --> tests/select_macro.rs:1239:30
[INFO] [stdout]      |
[INFO] [stdout] 1239 |         send(s, 0) -> res => drop::<Result<(), SendError<i32>>>(res),
[INFO] [stdout]      |                              ^^^^^^^^^^^^^^^^^^^^^^^^^^^^^^^^^^^---^
[INFO] [stdout]      |                                                                 |
[INFO] [stdout]      |                                                                 argument has type `Result<(), crossbeam_channel::SendError<i32>>`
[INFO] [stdout]      |
[INFO] [stdout]      = note: use `let _ = ...` to ignore the expression or result
[INFO] [stdout] 
[INFO] [stdout] 
[INFO] [stdout] warning: calls to `std::mem::drop` with a value that implements `Copy` does nothing
[INFO] [stdout]     --> tests/select_macro.rs:1240:27
[INFO] [stdout]      |
[INFO] [stdout] 1240 |         recv(r) -> res => drop::<Result<i32, RecvError>>(res),
[INFO] [stdout]      |                           ^^^^^^^^^^^^^^^^^^^^^^^^^^^^^^^---^
[INFO] [stdout]      |                                                          |
[INFO] [stdout]      |                                                          argument has type `Result<i32, crossbeam_channel::RecvError>`
[INFO] [stdout]      |
[INFO] [stdout]      = note: use `let _ = ...` to ignore the expression or result
[INFO] [stdout] 
[INFO] [stdout] 
[INFO] [stdout] warning: 8 warnings emitted
[INFO] [stdout] 
[INFO] [stdout] 
[INFO] [stderr]     Finished test [unoptimized + debuginfo] target(s) in 15.78s
[INFO] running `Command { std: "docker" "inspect" "2864496cb6578667a53d461561ae05afb60b49b15b7f9291dcf935fc427c90d2", kill_on_drop: false }`
[INFO] running `Command { std: "docker" "rm" "-f" "2864496cb6578667a53d461561ae05afb60b49b15b7f9291dcf935fc427c90d2", kill_on_drop: false }`
[INFO] [stdout] 2864496cb6578667a53d461561ae05afb60b49b15b7f9291dcf935fc427c90d2
[INFO] running `Command { std: "docker" "create" "-v" "/var/lib/crater-agent-workspace/builds/worker-2-tc1/target:/opt/rustwide/target:rw,Z" "-v" "/var/lib/crater-agent-workspace/builds/worker-2-tc1/source:/opt/rustwide/workdir:ro,Z" "-v" "/var/lib/crater-agent-workspace/cargo-home:/opt/rustwide/cargo-home:ro,Z" "-v" "/var/lib/crater-agent-workspace/rustup-home:/opt/rustwide/rustup-home:ro,Z" "-e" "SOURCE_DIR=/opt/rustwide/workdir" "-e" "CARGO_TARGET_DIR=/opt/rustwide/target" "-e" "CARGO_INCREMENTAL=0" "-e" "RUST_BACKTRACE=full" "-e" "RUSTFLAGS=--cap-lints=warn" "-e" "RUSTDOCFLAGS=--cap-lints=warn" "-e" "CARGO_HOME=/opt/rustwide/cargo-home" "-e" "RUSTUP_HOME=/opt/rustwide/rustup-home" "-w" "/opt/rustwide/workdir" "-m" "1610612736" "--user" "0:0" "--network" "none" "ghcr.io/rust-lang/crates-build-env/linux@sha256:2788e3201cd34a07e3172128adcd8b3090168a8e3bcc40d7c032b9dda1df7d1c" "/opt/rustwide/cargo-home/bin/cargo" "+1.75.0" "test" "--frozen", kill_on_drop: false }`
[INFO] [stdout] 3ccac9fea1a8e8f447c3b78b32d93461885b1a50ae6323041d5f9b2c9415e28a
[INFO] running `Command { std: "docker" "start" "-a" "3ccac9fea1a8e8f447c3b78b32d93461885b1a50ae6323041d5f9b2c9415e28a", kill_on_drop: false }`
[INFO] [stderr] warning: calls to `std::mem::drop` with a value that implements `Copy` does nothing
[INFO] [stderr]     --> tests/select_macro.rs:1215:27
[INFO] [stderr]      |
[INFO] [stderr] 1215 |         recv(r) -> res => drop::<Result<i32, RecvError>>(res),
[INFO] [stderr]      |                           ^^^^^^^^^^^^^^^^^^^^^^^^^^^^^^^---^
[INFO] [stderr]      |                                                          |
[INFO] [stderr]      |                                                          argument has type `Result<i32, crossbeam_channel::RecvError>`
[INFO] [stderr]      |
[INFO] [stderr]      = note: use `let _ = ...` to ignore the expression or result
[INFO] [stderr]      = note: `#[warn(dropping_copy_types)]` on by default
[INFO] [stderr] 
[INFO] [stderr] warning: calls to `std::mem::drop` with a value that implements `Copy` does nothing
[INFO] [stderr]     --> tests/select_macro.rs:1218:27
[INFO] [stderr]      |
[INFO] [stderr] 1218 |         recv(r) -> res => drop::<Result<i32, RecvError>>(res),
[INFO] [stderr]      |                           ^^^^^^^^^^^^^^^^^^^^^^^^^^^^^^^---^
[INFO] [stderr]      |                                                          |
[INFO] [stderr]      |                                                          argument has type `Result<i32, crossbeam_channel::RecvError>`
[INFO] [stderr]      |
[INFO] [stderr]      = note: use `let _ = ...` to ignore the expression or result
[INFO] [stderr] 
[INFO] [stderr] warning: calls to `std::mem::drop` with a value that implements `Copy` does nothing
[INFO] [stderr]     --> tests/select_macro.rs:1222:27
[INFO] [stderr]      |
[INFO] [stderr] 1222 |         recv(r) -> res => drop::<Result<i32, RecvError>>(res),
[INFO] [stderr]      |                           ^^^^^^^^^^^^^^^^^^^^^^^^^^^^^^^---^
[INFO] [stderr]      |                                                          |
[INFO] [stderr]      |                                                          argument has type `Result<i32, crossbeam_channel::RecvError>`
[INFO] [stderr]      |
[INFO] [stderr]      = note: use `let _ = ...` to ignore the expression or result
[INFO] [stderr] 
[INFO] [stderr] warning: calls to `std::mem::drop` with a value that implements `Copy` does nothing
[INFO] [stderr]     --> tests/select_macro.rs:1227:30
[INFO] [stderr]      |
[INFO] [stderr] 1227 |         send(s, 0) -> res => drop::<Result<(), SendError<i32>>>(res),
[INFO] [stderr]      |                              ^^^^^^^^^^^^^^^^^^^^^^^^^^^^^^^^^^^---^
[INFO] [stderr]      |                                                                 |
[INFO] [stderr]      |                                                                 argument has type `Result<(), crossbeam_channel::SendError<i32>>`
[INFO] [stderr]      |
[INFO] [stderr]      = note: use `let _ = ...` to ignore the expression or result
[INFO] [stderr] 
[INFO] [stderr] warning: calls to `std::mem::drop` with a value that implements `Copy` does nothing
[INFO] [stderr]     --> tests/select_macro.rs:1230:30
[INFO] [stderr]      |
[INFO] [stderr] 1230 |         send(s, 0) -> res => drop::<Result<(), SendError<i32>>>(res),
[INFO] [stderr]      |                              ^^^^^^^^^^^^^^^^^^^^^^^^^^^^^^^^^^^---^
[INFO] [stderr]      |                                                                 |
[INFO] [stderr]      |                                                                 argument has type `Result<(), crossbeam_channel::SendError<i32>>`
[INFO] [stderr]      |
[INFO] [stderr]      = note: use `let _ = ...` to ignore the expression or result
[INFO] [stderr] 
[INFO] [stderr] warning: calls to `std::mem::drop` with a value that implements `Copy` does nothing
[INFO] [stderr]     --> tests/select_macro.rs:1234:30
[INFO] [stderr]      |
[INFO] [stderr] 1234 |         send(s, 0) -> res => drop::<Result<(), SendError<i32>>>(res),
[INFO] [stderr]      |                              ^^^^^^^^^^^^^^^^^^^^^^^^^^^^^^^^^^^---^
[INFO] [stderr]      |                                                                 |
[INFO] [stderr]      |                                                                 argument has type `Result<(), crossbeam_channel::SendError<i32>>`
[INFO] [stderr]      |
[INFO] [stderr]      = note: use `let _ = ...` to ignore the expression or result
[INFO] [stderr] 
[INFO] [stderr] warning: calls to `std::mem::drop` with a value that implements `Copy` does nothing
[INFO] [stderr]     --> tests/select_macro.rs:1239:30
[INFO] [stderr]      |
[INFO] [stderr] 1239 |         send(s, 0) -> res => drop::<Result<(), SendError<i32>>>(res),
[INFO] [stderr]      |                              ^^^^^^^^^^^^^^^^^^^^^^^^^^^^^^^^^^^---^
[INFO] [stderr]      |                                                                 |
[INFO] [stderr]      |                                                                 argument has type `Result<(), crossbeam_channel::SendError<i32>>`
[INFO] [stderr]      |
[INFO] [stderr]      = note: use `let _ = ...` to ignore the expression or result
[INFO] [stderr] 
[INFO] [stderr] warning: calls to `std::mem::drop` with a value that implements `Copy` does nothing
[INFO] [stderr]     --> tests/select_macro.rs:1240:27
[INFO] [stderr]      |
[INFO] [stderr] 1240 |         recv(r) -> res => drop::<Result<i32, RecvError>>(res),
[INFO] [stderr]      |                           ^^^^^^^^^^^^^^^^^^^^^^^^^^^^^^^---^
[INFO] [stderr]      |                                                          |
[INFO] [stderr]      |                                                          argument has type `Result<i32, crossbeam_channel::RecvError>`
[INFO] [stderr]      |
[INFO] [stderr]      = note: use `let _ = ...` to ignore the expression or result
[INFO] [stderr] 
[INFO] [stderr] warning: `crossbeam-channel` (test "select_macro") generated 8 warnings
[INFO] [stderr]     Finished test [unoptimized + debuginfo] target(s) in 0.02s
[INFO] [stderr]      Running unittests src/lib.rs (/opt/rustwide/target/debug/deps/crossbeam_channel-200cc94f976d2352)
[INFO] [stdout] 
[INFO] [stdout] running 0 tests
[INFO] [stdout] 
[INFO] [stdout] test result: ok. 0 passed; 0 failed; 0 ignored; 0 measured; 0 filtered out; finished in 0.00s
[INFO] [stdout] 
[INFO] [stderr]      Running tests/after.rs (/opt/rustwide/target/debug/deps/after-98c8fdbe8e8613b6)
[INFO] [stdout] 
[INFO] [stdout] running 14 tests
[INFO] [stdout] test capacity ... ok
[INFO] [stdout] test recv ... ok
[INFO] [stdout] test len_empty_full ... ok
[INFO] [stdout] test recv_race ... ok
[INFO] [stdout] test recv_two ... ok
[INFO] [stdout] test stress_default ... ok
[INFO] [stdout] test ready ... ok
[INFO] [stdout] test select ... ok
[INFO] [stdout] test fire ... ok
[INFO] [stdout] test recv_timeout ... ok
[INFO] [stdout] test try_recv ... ok
[INFO] [stdout] test stress_clone ... ok
[INFO] [stdout] test fairness ... ok
[INFO] [stdout] test fairness_duplicates ... ok
[INFO] [stdout] 
[INFO] [stdout] test result: ok. 14 passed; 0 failed; 0 ignored; 0 measured; 0 filtered out; finished in 1.33s
[INFO] [stdout] 
[INFO] [stderr]      Running tests/array.rs (/opt/rustwide/target/debug/deps/array-616e50a2cebdb10d)
[INFO] [stdout] 
[INFO] [stdout] running 26 tests
[INFO] [stdout] test capacity ... ok
[INFO] [stdout] test len_empty_full ... ok
[INFO] [stdout] test channel_through_channel ... ok
[INFO] [stdout] test fairness_duplicates ... ok
[INFO] [stdout] test fairness ... ok
[INFO] [stdout] test linearizable ... ok
[INFO] [stdout] test len ... ok
[INFO] [stdout] test recv_after_disconnect ... ok
[INFO] [stdout] test recv_in_send ... ok
[INFO] [stdout] test mpmc ... ok
[INFO] [stdout] test send_after_disconnect ... ok
[INFO] [stdout] test panic_on_drop ... ok
[INFO] [stdout] test drops ... ok
[INFO] [stdout] test spsc ... ok
[INFO] [stdout] test stress_iter ... ok
[INFO] [stdout] test disconnect_wakes_sender ... ok
[INFO] [stdout] test disconnect_wakes_receiver ... ok
[INFO] [stdout] test smoke ... ok
[INFO] [stdout] test recv_timeout ... ok
[INFO] [stdout] test send_timeout ... ok
[INFO] [stdout] test try_recv ... ok
[INFO] [stdout] test try_send ... ok
[INFO] [stdout] test stress_oneshot ... ok
[INFO] [stdout] test send ... ok
[INFO] [stdout] test recv ... ok
[INFO] [stdout] test stress_timeout_two_threads ... ok
[INFO] [stdout] 
[INFO] [stdout] test result: ok. 26 passed; 0 failed; 0 ignored; 0 measured; 0 filtered out; finished in 3.55s
[INFO] [stdout] 
[INFO] [stderr]      Running tests/golang.rs (/opt/rustwide/target/debug/deps/golang-d53f625021f262ee)
[INFO] [stdout] 
[INFO] [stdout] running 26 tests
[INFO] [stdout] test chan_test::test_chan_send_interface ... ok
[INFO] [stdout] test chan1::main ... ok
[INFO] [stdout] test chan_test::test_select_duplicate_channel ... ok
[INFO] [stdout] test chan_test::test_select_fairness ... ok
[INFO] [stdout] test chan_test::test_select_stress ... ok
[INFO] [stdout] test chan_test::test_self_select ... ok
[INFO] [stdout] test chan::main ... ok
[INFO] [stdout] test fifo::asynch_fifo ... ok
[INFO] [stdout] test fifo::synch_fifo ... ok
[INFO] [stdout] test goroutines::main ... ok
[INFO] [stdout] test chan_test::test_pseudo_random_send ... ok
[INFO] [stdout] test nonblock::main ... ok
[INFO] [stdout] test select4::main ... ok
[INFO] [stdout] test select6::main ... ok
[INFO] [stdout] test select7::main ... ok
[INFO] [stdout] test select::main ... ok
[INFO] [stdout] test sieve1::main ... ok
[INFO] [stdout] test zerosize::zero_size_array ... ok
[INFO] [stdout] test zerosize::zero_size_struct ... ok
[INFO] [stdout] test chan_test::test_nonblock_select_race ... ok
[INFO] [stdout] test doubleselect::main ... ok
[INFO] [stdout] test chan_test::test_multi_consumer ... ok
[INFO] [stdout] test chan_test::test_nonblock_select_race2 ... ok
[INFO] [stdout] test chan_test::test_nonblock_recv_race ... ok
[INFO] [stdout] test select2::main ... FAILED
[INFO] [stdout] test chan_test::test_chan ... ok
[INFO] [stdout] 
[INFO] [stdout] failures:
[INFO] [stdout] 
[INFO] [stdout] ---- select2::main stdout ----
[INFO] [stdout] thread 'select2::main' panicked at tests/golang.rs:767:9:
[INFO] [stdout] assertion failed: !(ALLOCATED.load(SeqCst) > alloc &&
[INFO] [stdout]             (ALLOCATED.load(SeqCst) - alloc) > (N as usize + 10000))
[INFO] [stdout] stack backtrace:
[INFO] [stdout]    0:     0x562e15b09eec - std::backtrace_rs::backtrace::libunwind::trace::ha637c64ce894333a
[INFO] [stdout]                                at /rustc/82e1608dfa6e0b5569232559e3d385fea5a93112/library/std/src/../../backtrace/src/backtrace/libunwind.rs:104:5
[INFO] [stdout]    1:     0x562e15b09eec - std::backtrace_rs::backtrace::trace_unsynchronized::h47f62dea28e0c88d
[INFO] [stdout]                                at /rustc/82e1608dfa6e0b5569232559e3d385fea5a93112/library/std/src/../../backtrace/src/backtrace/mod.rs:66:5
[INFO] [stdout]    2:     0x562e15b09eec - std::sys_common::backtrace::_print_fmt::h9eef0abe20ede486
[INFO] [stdout]                                at /rustc/82e1608dfa6e0b5569232559e3d385fea5a93112/library/std/src/sys_common/backtrace.rs:67:5
[INFO] [stdout]    3:     0x562e15b09eec - <std::sys_common::backtrace::_print::DisplayBacktrace as core::fmt::Display>::fmt::hed7f999df88cc644
[INFO] [stdout]                                at /rustc/82e1608dfa6e0b5569232559e3d385fea5a93112/library/std/src/sys_common/backtrace.rs:44:22
[INFO] [stdout]    4:     0x562e15b339d0 - core::fmt::rt::Argument::fmt::h1539a9308b8d058d
[INFO] [stdout]                                at /rustc/82e1608dfa6e0b5569232559e3d385fea5a93112/library/core/src/fmt/rt.rs:142:9
[INFO] [stdout]    5:     0x562e15b339d0 - core::fmt::write::h3a39390d8560d9c9
[INFO] [stdout]                                at /rustc/82e1608dfa6e0b5569232559e3d385fea5a93112/library/core/src/fmt/mod.rs:1120:17
[INFO] [stdout]    6:     0x562e15b0787f - std::io::Write::write_fmt::h040b369f3a0f9cbc
[INFO] [stdout]                                at /rustc/82e1608dfa6e0b5569232559e3d385fea5a93112/library/std/src/io/mod.rs:1762:15
[INFO] [stdout]    7:     0x562e15b09cd4 - std::sys_common::backtrace::_print::h894006fb5c6f3d45
[INFO] [stdout]                                at /rustc/82e1608dfa6e0b5569232559e3d385fea5a93112/library/std/src/sys_common/backtrace.rs:47:5
[INFO] [stdout]    8:     0x562e15b09cd4 - std::sys_common::backtrace::print::h23a2d212c6fff936
[INFO] [stdout]                                at /rustc/82e1608dfa6e0b5569232559e3d385fea5a93112/library/std/src/sys_common/backtrace.rs:34:9
[INFO] [stdout]    9:     0x562e15b0b817 - std::panicking::default_hook::{{closure}}::h8a1d2ee00185001a
[INFO] [stdout]   10:     0x562e15b0b503 - std::panicking::default_hook::h6038f2eba384e475
[INFO] [stdout]                                at /rustc/82e1608dfa6e0b5569232559e3d385fea5a93112/library/std/src/panicking.rs:289:9
[INFO] [stdout]   11:     0x562e15acc9e7 - <alloc::boxed::Box<F,A> as core::ops::function::Fn<Args>>::call::h0ad024c9bdc6d768
[INFO] [stdout]                                at /rustc/82e1608dfa6e0b5569232559e3d385fea5a93112/library/alloc/src/boxed.rs:2021:9
[INFO] [stdout]   12:     0x562e15acc9e7 - test::test_main::{{closure}}::h7500b54257359db6
[INFO] [stdout]                                at /rustc/82e1608dfa6e0b5569232559e3d385fea5a93112/library/test/src/lib.rs:138:21
[INFO] [stdout]   13:     0x562e15b0be28 - <alloc::boxed::Box<F,A> as core::ops::function::Fn<Args>>::call::h1f8f335eaa9cfaee
[INFO] [stdout]                                at /rustc/82e1608dfa6e0b5569232559e3d385fea5a93112/library/alloc/src/boxed.rs:2021:9
[INFO] [stdout]   14:     0x562e15b0be28 - std::panicking::rust_panic_with_hook::h2b5517d590cab22e
[INFO] [stdout]                                at /rustc/82e1608dfa6e0b5569232559e3d385fea5a93112/library/std/src/panicking.rs:783:13
[INFO] [stdout]   15:     0x562e15b0bb49 - std::panicking::begin_panic_handler::{{closure}}::h233112c06e0ef43e
[INFO] [stdout]                                at /rustc/82e1608dfa6e0b5569232559e3d385fea5a93112/library/std/src/panicking.rs:649:13
[INFO] [stdout]   16:     0x562e15b0a3b6 - std::sys_common::backtrace::__rust_end_short_backtrace::h6e893f24d7ebbff8
[INFO] [stdout]                                at /rustc/82e1608dfa6e0b5569232559e3d385fea5a93112/library/std/src/sys_common/backtrace.rs:170:18
[INFO] [stdout]   17:     0x562e15b0b8e2 - rust_begin_unwind
[INFO] [stdout]                                at /rustc/82e1608dfa6e0b5569232559e3d385fea5a93112/library/std/src/panicking.rs:645:5
[INFO] [stdout]   18:     0x562e15953cf5 - core::panicking::panic_fmt::hbf0e066aabfa482c
[INFO] [stdout]                                at /rustc/82e1608dfa6e0b5569232559e3d385fea5a93112/library/core/src/panicking.rs:72:14
[INFO] [stdout]   19:     0x562e15953d93 - core::panicking::panic::h195fc2a96298d4c3
[INFO] [stdout]                                at /rustc/82e1608dfa6e0b5569232559e3d385fea5a93112/library/core/src/panicking.rs:127:5
[INFO] [stdout]   20:     0x562e15a39d8c - golang::select2::main::h612a752afc40f0d5
[INFO] [stdout]                                at /opt/rustwide/workdir/tests/golang.rs:767:9
[INFO] [stdout]   21:     0x562e15a39af7 - golang::select2::main::{{closure}}::h8bc1aecd239b5488
[INFO] [stdout]                                at /opt/rustwide/workdir/tests/golang.rs:736:14
[INFO] [stdout]   22:     0x562e15a6abf6 - core::ops::function::FnOnce::call_once::h4ded03371fe67941
[INFO] [stdout]                                at /rustc/82e1608dfa6e0b5569232559e3d385fea5a93112/library/core/src/ops/function.rs:250:5
[INFO] [stdout]   23:     0x562e15ad203f - core::ops::function::FnOnce::call_once::h2b5d431d5046312d
[INFO] [stdout]                                at /rustc/82e1608dfa6e0b5569232559e3d385fea5a93112/library/core/src/ops/function.rs:250:5
[INFO] [stdout]   24:     0x562e15ad203f - test::__rust_begin_short_backtrace::h7714669af176e207
[INFO] [stdout]                                at /rustc/82e1608dfa6e0b5569232559e3d385fea5a93112/library/test/src/lib.rs:628:18
[INFO] [stdout]   25:     0x562e15ad1055 - test::run_test_in_process::{{closure}}::h85218797dcbcec12
[INFO] [stdout]                                at /rustc/82e1608dfa6e0b5569232559e3d385fea5a93112/library/test/src/lib.rs:651:60
[INFO] [stdout]   26:     0x562e15ad1055 - <core::panic::unwind_safe::AssertUnwindSafe<F> as core::ops::function::FnOnce<()>>::call_once::h76c106ea31c14d7b
[INFO] [stdout]                                at /rustc/82e1608dfa6e0b5569232559e3d385fea5a93112/library/core/src/panic/unwind_safe.rs:272:9
[INFO] [stdout]   27:     0x562e15ad1055 - std::panicking::try::do_call::h3bd5d0f6620ee946
[INFO] [stdout]                                at /rustc/82e1608dfa6e0b5569232559e3d385fea5a93112/library/std/src/panicking.rs:552:40
[INFO] [stdout]   28:     0x562e15ad1055 - std::panicking::try::h232e535e4744fe31
[INFO] [stdout]                                at /rustc/82e1608dfa6e0b5569232559e3d385fea5a93112/library/std/src/panicking.rs:516:19
[INFO] [stdout]   29:     0x562e15ad1055 - std::panic::catch_unwind::h3ce3bd6ca8dbac68
[INFO] [stdout]                                at /rustc/82e1608dfa6e0b5569232559e3d385fea5a93112/library/std/src/panic.rs:142:14
[INFO] [stdout]   30:     0x562e15ad1055 - test::run_test_in_process::hc97b257c9621286a
[INFO] [stdout]                                at /rustc/82e1608dfa6e0b5569232559e3d385fea5a93112/library/test/src/lib.rs:651:27
[INFO] [stdout]   31:     0x562e15ad1055 - test::run_test::{{closure}}::h2aa798823a438d38
[INFO] [stdout]                                at /rustc/82e1608dfa6e0b5569232559e3d385fea5a93112/library/test/src/lib.rs:574:43
[INFO] [stdout]   32:     0x562e15a99316 - test::run_test::{{closure}}::h87d231c78fb59832
[INFO] [stdout]                                at /rustc/82e1608dfa6e0b5569232559e3d385fea5a93112/library/test/src/lib.rs:602:41
[INFO] [stdout]   33:     0x562e15a99316 - std::sys_common::backtrace::__rust_begin_short_backtrace::he6df152596625789
[INFO] [stdout]                                at /rustc/82e1608dfa6e0b5569232559e3d385fea5a93112/library/std/src/sys_common/backtrace.rs:154:18
[INFO] [stdout]   34:     0x562e15a9e3c7 - std::thread::Builder::spawn_unchecked_::{{closure}}::{{closure}}::ha94be15d1e0acf36
[INFO] [stdout]                                at /rustc/82e1608dfa6e0b5569232559e3d385fea5a93112/library/std/src/thread/mod.rs:529:17
[INFO] [stdout]   35:     0x562e15a9e3c7 - <core::panic::unwind_safe::AssertUnwindSafe<F> as core::ops::function::FnOnce<()>>::call_once::h9dc6bd6372f16606
[INFO] [stdout]                                at /rustc/82e1608dfa6e0b5569232559e3d385fea5a93112/library/core/src/panic/unwind_safe.rs:272:9
[INFO] [stdout]   36:     0x562e15a9e3c7 - std::panicking::try::do_call::h9057517f80303cd4
[INFO] [stdout]                                at /rustc/82e1608dfa6e0b5569232559e3d385fea5a93112/library/std/src/panicking.rs:552:40
[INFO] [stdout]   37:     0x562e15a9e3c7 - std::panicking::try::he3a30b11ee45340c
[INFO] [stdout]                                at /rustc/82e1608dfa6e0b5569232559e3d385fea5a93112/library/std/src/panicking.rs:516:19
[INFO] [stdout]   38:     0x562e15a9e3c7 - std::panic::catch_unwind::h410458cfd3528b8b
[INFO] [stdout]                                at /rustc/82e1608dfa6e0b5569232559e3d385fea5a93112/library/std/src/panic.rs:142:14
[INFO] [stdout]   39:     0x562e15a9e3c7 - std::thread::Builder::spawn_unchecked_::{{closure}}::h72ac3bdb567b737b
[INFO] [stdout]                                at /rustc/82e1608dfa6e0b5569232559e3d385fea5a93112/library/std/src/thread/mod.rs:528:30
[INFO] [stdout]   40:     0x562e15a9e3c7 - core::ops::function::FnOnce::call_once{{vtable.shim}}::h38f34da3654a8344
[INFO] [stdout]                                at /rustc/82e1608dfa6e0b5569232559e3d385fea5a93112/library/core/src/ops/function.rs:250:5
[INFO] [stdout]   41:     0x562e15b108b5 - <alloc::boxed::Box<F,A> as core::ops::function::FnOnce<Args>>::call_once::hc7eafaff61e32df9
[INFO] [stdout]                                at /rustc/82e1608dfa6e0b5569232559e3d385fea5a93112/library/alloc/src/boxed.rs:2007:9
[INFO] [stdout]   42:     0x562e15b108b5 - <alloc::boxed::Box<F,A> as core::ops::function::FnOnce<Args>>::call_once::h6ba4a5de48dd2304
[INFO] [stdout]                                at /rustc/82e1608dfa6e0b5569232559e3d385fea5a93112/library/alloc/src/boxed.rs:2007:9
[INFO] [stdout]   43:     0x562e15b108b5 - std::sys::unix::thread::Thread::new::thread_start::he469335aef763e45
[INFO] [stdout]                                at /rustc/82e1608dfa6e0b5569232559e3d385fea5a93112/library/std/src/sys/unix/thread.rs:108:17
[INFO] [stdout]   44:     0x7f8523871ac3 - <unknown>
[INFO] [stdout]   45:     0x7f8523902bf4 - __clone
[INFO] [stdout]   46:                0x0 - <unknown>
[INFO] [stdout] 
[INFO] [stdout] 
[INFO] [stdout] failures:
[INFO] [stdout]     select2::main
[INFO] [stdout] 
[INFO] [stdout] test result: FAILED. 25 passed; 1 failed; 0 ignored; 0 measured; 0 filtered out; finished in 1.92s
[INFO] [stdout] 
[INFO] [stderr] error: test failed, to rerun pass `--test golang`
[INFO] running `Command { std: "docker" "inspect" "3ccac9fea1a8e8f447c3b78b32d93461885b1a50ae6323041d5f9b2c9415e28a", kill_on_drop: false }`
[INFO] running `Command { std: "docker" "rm" "-f" "3ccac9fea1a8e8f447c3b78b32d93461885b1a50ae6323041d5f9b2c9415e28a", kill_on_drop: false }`
[INFO] [stdout] 3ccac9fea1a8e8f447c3b78b32d93461885b1a50ae6323041d5f9b2c9415e28a
[INFO] testing crossbeam-channel-0.5.8 against beta-2023-12-22 for beta-1.76-1
[INFO] extracting crate crossbeam-channel 0.5.8 into /workspace/builds/worker-2-tc2/source
[INFO] validating manifest of crates.io crate crossbeam-channel 0.5.8 on toolchain beta-2023-12-22
[INFO] running `Command { std: CARGO_HOME="/workspace/cargo-home" RUSTUP_HOME="/workspace/rustup-home" "/workspace/cargo-home/bin/cargo" "+beta-2023-12-22" "metadata" "--manifest-path" "Cargo.toml" "--no-deps", kill_on_drop: false }`
[INFO] started tweaking crates.io crate crossbeam-channel 0.5.8
[INFO] finished tweaking crates.io crate crossbeam-channel 0.5.8
[INFO] tweaked toml for crates.io crate crossbeam-channel 0.5.8 written to /workspace/builds/worker-2-tc2/source/Cargo.toml
[INFO] crate crates.io crate crossbeam-channel 0.5.8 already has a lockfile, it will not be regenerated
[INFO] running `Command { std: CARGO_HOME="/workspace/cargo-home" RUSTUP_HOME="/workspace/rustup-home" "/workspace/cargo-home/bin/cargo" "+beta-2023-12-22" "fetch" "--manifest-path" "Cargo.toml", kill_on_drop: false }`
[INFO] [stderr]     Blocking waiting for file lock on package cache
[INFO] running `Command { std: "docker" "create" "-v" "/var/lib/crater-agent-workspace/builds/worker-2-tc2/target:/opt/rustwide/target:rw,Z" "-v" "/var/lib/crater-agent-workspace/builds/worker-2-tc2/source:/opt/rustwide/workdir:ro,Z" "-v" "/var/lib/crater-agent-workspace/cargo-home:/opt/rustwide/cargo-home:ro,Z" "-v" "/var/lib/crater-agent-workspace/rustup-home:/opt/rustwide/rustup-home:ro,Z" "-e" "SOURCE_DIR=/opt/rustwide/workdir" "-e" "CARGO_TARGET_DIR=/opt/rustwide/target" "-e" "CARGO_HOME=/opt/rustwide/cargo-home" "-e" "RUSTUP_HOME=/opt/rustwide/rustup-home" "-w" "/opt/rustwide/workdir" "-m" "1610612736" "--user" "0:0" "--network" "none" "ghcr.io/rust-lang/crates-build-env/linux@sha256:2788e3201cd34a07e3172128adcd8b3090168a8e3bcc40d7c032b9dda1df7d1c" "/opt/rustwide/cargo-home/bin/cargo" "+beta-2023-12-22" "metadata" "--no-deps" "--format-version=1", kill_on_drop: false }`
[INFO] [stdout] 94298ccba32a404878ebfff68dc4c8bfd75dc11ed3f37a2e2e985e1d742e34a7
[INFO] running `Command { std: "docker" "start" "-a" "94298ccba32a404878ebfff68dc4c8bfd75dc11ed3f37a2e2e985e1d742e34a7", kill_on_drop: false }`
[INFO] running `Command { std: "docker" "inspect" "94298ccba32a404878ebfff68dc4c8bfd75dc11ed3f37a2e2e985e1d742e34a7", kill_on_drop: false }`
[INFO] running `Command { std: "docker" "rm" "-f" "94298ccba32a404878ebfff68dc4c8bfd75dc11ed3f37a2e2e985e1d742e34a7", kill_on_drop: false }`
[INFO] [stdout] 94298ccba32a404878ebfff68dc4c8bfd75dc11ed3f37a2e2e985e1d742e34a7
[INFO] running `Command { std: "docker" "create" "-v" "/var/lib/crater-agent-workspace/builds/worker-2-tc2/target:/opt/rustwide/target:rw,Z" "-v" "/var/lib/crater-agent-workspace/builds/worker-2-tc2/source:/opt/rustwide/workdir:ro,Z" "-v" "/var/lib/crater-agent-workspace/cargo-home:/opt/rustwide/cargo-home:ro,Z" "-v" "/var/lib/crater-agent-workspace/rustup-home:/opt/rustwide/rustup-home:ro,Z" "-e" "SOURCE_DIR=/opt/rustwide/workdir" "-e" "CARGO_TARGET_DIR=/opt/rustwide/target" "-e" "CARGO_INCREMENTAL=0" "-e" "RUST_BACKTRACE=full" "-e" "RUSTFLAGS=--cap-lints=warn" "-e" "RUSTDOCFLAGS=--cap-lints=warn" "-e" "CARGO_HOME=/opt/rustwide/cargo-home" "-e" "RUSTUP_HOME=/opt/rustwide/rustup-home" "-w" "/opt/rustwide/workdir" "-m" "1610612736" "--user" "0:0" "--network" "none" "ghcr.io/rust-lang/crates-build-env/linux@sha256:2788e3201cd34a07e3172128adcd8b3090168a8e3bcc40d7c032b9dda1df7d1c" "/opt/rustwide/cargo-home/bin/cargo" "+beta-2023-12-22" "build" "--frozen" "--message-format=json", kill_on_drop: false }`
[INFO] [stdout] 6646483d492f10fad928ae6d1d20d997191a8d6b66fc030458d70466d42e1765
[INFO] running `Command { std: "docker" "start" "-a" "6646483d492f10fad928ae6d1d20d997191a8d6b66fc030458d70466d42e1765", kill_on_drop: false }`
[INFO] [stderr]    Compiling crossbeam-utils v0.8.15
[INFO] [stderr]    Compiling crossbeam-channel v0.5.8 (/opt/rustwide/workdir)
[INFO] [stderr]     Finished dev [unoptimized + debuginfo] target(s) in 1.31s
[INFO] running `Command { std: "docker" "inspect" "6646483d492f10fad928ae6d1d20d997191a8d6b66fc030458d70466d42e1765", kill_on_drop: false }`
[INFO] running `Command { std: "docker" "rm" "-f" "6646483d492f10fad928ae6d1d20d997191a8d6b66fc030458d70466d42e1765", kill_on_drop: false }`
[INFO] [stdout] 6646483d492f10fad928ae6d1d20d997191a8d6b66fc030458d70466d42e1765
[INFO] running `Command { std: "docker" "create" "-v" "/var/lib/crater-agent-workspace/builds/worker-2-tc2/target:/opt/rustwide/target:rw,Z" "-v" "/var/lib/crater-agent-workspace/builds/worker-2-tc2/source:/opt/rustwide/workdir:ro,Z" "-v" "/var/lib/crater-agent-workspace/cargo-home:/opt/rustwide/cargo-home:ro,Z" "-v" "/var/lib/crater-agent-workspace/rustup-home:/opt/rustwide/rustup-home:ro,Z" "-e" "SOURCE_DIR=/opt/rustwide/workdir" "-e" "CARGO_TARGET_DIR=/opt/rustwide/target" "-e" "CARGO_INCREMENTAL=0" "-e" "RUST_BACKTRACE=full" "-e" "RUSTFLAGS=--cap-lints=warn" "-e" "RUSTDOCFLAGS=--cap-lints=warn" "-e" "CARGO_HOME=/opt/rustwide/cargo-home" "-e" "RUSTUP_HOME=/opt/rustwide/rustup-home" "-w" "/opt/rustwide/workdir" "-m" "1610612736" "--user" "0:0" "--network" "none" "ghcr.io/rust-lang/crates-build-env/linux@sha256:2788e3201cd34a07e3172128adcd8b3090168a8e3bcc40d7c032b9dda1df7d1c" "/opt/rustwide/cargo-home/bin/cargo" "+beta-2023-12-22" "test" "--frozen" "--no-run" "--message-format=json", kill_on_drop: false }`
[INFO] [stdout] 1baed3e9b4f36d7808e83fbd9af74a4d24e57d184d69688de3df3f8d8ec17d29
[INFO] running `Command { std: "docker" "start" "-a" "1baed3e9b4f36d7808e83fbd9af74a4d24e57d184d69688de3df3f8d8ec17d29", kill_on_drop: false }`
[INFO] [stderr]    Compiling libc v0.2.141
[INFO] [stderr]    Compiling signal-hook v0.3.15
[INFO] [stderr]    Compiling getrandom v0.2.8
[INFO] [stderr]    Compiling signal-hook-registry v1.4.1
[INFO] [stderr]    Compiling num_cpus v1.15.0
[INFO] [stderr]    Compiling rand_core v0.6.4
[INFO] [stderr]    Compiling rand_chacha v0.3.1
[INFO] [stderr]    Compiling rand v0.8.5
[INFO] [stderr]    Compiling crossbeam-channel v0.5.8 (/opt/rustwide/workdir)
[INFO] [stdout] warning: calls to `std::mem::drop` with a value that implements `Copy` does nothing
[INFO] [stdout]     --> tests/select_macro.rs:1215:27
[INFO] [stdout]      |
[INFO] [stdout] 1215 |         recv(r) -> res => drop::<Result<i32, RecvError>>(res),
[INFO] [stdout]      |                           ^^^^^^^^^^^^^^^^^^^^^^^^^^^^^^^---^
[INFO] [stdout]      |                                                          |
[INFO] [stdout]      |                                                          argument has type `Result<i32, crossbeam_channel::RecvError>`
[INFO] [stdout]      |
[INFO] [stdout]      = note: use `let _ = ...` to ignore the expression or result
[INFO] [stdout]      = note: `#[warn(dropping_copy_types)]` on by default
[INFO] [stdout] 
[INFO] [stdout] 
[INFO] [stdout] warning: calls to `std::mem::drop` with a value that implements `Copy` does nothing
[INFO] [stdout]     --> tests/select_macro.rs:1218:27
[INFO] [stdout]      |
[INFO] [stdout] 1218 |         recv(r) -> res => drop::<Result<i32, RecvError>>(res),
[INFO] [stdout]      |                           ^^^^^^^^^^^^^^^^^^^^^^^^^^^^^^^---^
[INFO] [stdout]      |                                                          |
[INFO] [stdout]      |                                                          argument has type `Result<i32, crossbeam_channel::RecvError>`
[INFO] [stdout]      |
[INFO] [stdout]      = note: use `let _ = ...` to ignore the expression or result
[INFO] [stdout] 
[INFO] [stdout] 
[INFO] [stdout] warning: calls to `std::mem::drop` with a value that implements `Copy` does nothing
[INFO] [stdout]     --> tests/select_macro.rs:1222:27
[INFO] [stdout]      |
[INFO] [stdout] 1222 |         recv(r) -> res => drop::<Result<i32, RecvError>>(res),
[INFO] [stdout]      |                           ^^^^^^^^^^^^^^^^^^^^^^^^^^^^^^^---^
[INFO] [stdout]      |                                                          |
[INFO] [stdout]      |                                                          argument has type `Result<i32, crossbeam_channel::RecvError>`
[INFO] [stdout]      |
[INFO] [stdout]      = note: use `let _ = ...` to ignore the expression or result
[INFO] [stdout] 
[INFO] [stdout] 
[INFO] [stdout] warning: calls to `std::mem::drop` with a value that implements `Copy` does nothing
[INFO] [stdout]     --> tests/select_macro.rs:1227:30
[INFO] [stdout]      |
[INFO] [stdout] 1227 |         send(s, 0) -> res => drop::<Result<(), SendError<i32>>>(res),
[INFO] [stdout]      |                              ^^^^^^^^^^^^^^^^^^^^^^^^^^^^^^^^^^^---^
[INFO] [stdout]      |                                                                 |
[INFO] [stdout]      |                                                                 argument has type `Result<(), crossbeam_channel::SendError<i32>>`
[INFO] [stdout]      |
[INFO] [stdout]      = note: use `let _ = ...` to ignore the expression or result
[INFO] [stdout] 
[INFO] [stdout] 
[INFO] [stdout] warning: calls to `std::mem::drop` with a value that implements `Copy` does nothing
[INFO] [stdout]     --> tests/select_macro.rs:1230:30
[INFO] [stdout]      |
[INFO] [stdout] 1230 |         send(s, 0) -> res => drop::<Result<(), SendError<i32>>>(res),
[INFO] [stdout]      |                              ^^^^^^^^^^^^^^^^^^^^^^^^^^^^^^^^^^^---^
[INFO] [stdout]      |                                                                 |
[INFO] [stdout]      |                                                                 argument has type `Result<(), crossbeam_channel::SendError<i32>>`
[INFO] [stdout]      |
[INFO] [stdout]      = note: use `let _ = ...` to ignore the expression or result
[INFO] [stdout] 
[INFO] [stdout] 
[INFO] [stdout] warning: calls to `std::mem::drop` with a value that implements `Copy` does nothing
[INFO] [stdout]     --> tests/select_macro.rs:1234:30
[INFO] [stdout]      |
[INFO] [stdout] 1234 |         send(s, 0) -> res => drop::<Result<(), SendError<i32>>>(res),
[INFO] [stdout]      |                              ^^^^^^^^^^^^^^^^^^^^^^^^^^^^^^^^^^^---^
[INFO] [stdout]      |                                                                 |
[INFO] [stdout]      |                                                                 argument has type `Result<(), crossbeam_channel::SendError<i32>>`
[INFO] [stdout]      |
[INFO] [stdout]      = note: use `let _ = ...` to ignore the expression or result
[INFO] [stdout] 
[INFO] [stdout] 
[INFO] [stdout] warning: calls to `std::mem::drop` with a value that implements `Copy` does nothing
[INFO] [stdout]     --> tests/select_macro.rs:1239:30
[INFO] [stdout]      |
[INFO] [stdout] 1239 |         send(s, 0) -> res => drop::<Result<(), SendError<i32>>>(res),
[INFO] [stdout]      |                              ^^^^^^^^^^^^^^^^^^^^^^^^^^^^^^^^^^^---^
[INFO] [stdout]      |                                                                 |
[INFO] [stdout]      |                                                                 argument has type `Result<(), crossbeam_channel::SendError<i32>>`
[INFO] [stdout]      |
[INFO] [stdout]      = note: use `let _ = ...` to ignore the expression or result
[INFO] [stdout] 
[INFO] [stdout] 
[INFO] [stdout] warning: calls to `std::mem::drop` with a value that implements `Copy` does nothing
[INFO] [stdout]     --> tests/select_macro.rs:1240:27
[INFO] [stdout]      |
[INFO] [stdout] 1240 |         recv(r) -> res => drop::<Result<i32, RecvError>>(res),
[INFO] [stdout]      |                           ^^^^^^^^^^^^^^^^^^^^^^^^^^^^^^^---^
[INFO] [stdout]      |                                                          |
[INFO] [stdout]      |                                                          argument has type `Result<i32, crossbeam_channel::RecvError>`
[INFO] [stdout]      |
[INFO] [stdout]      = note: use `let _ = ...` to ignore the expression or result
[INFO] [stdout] 
[INFO] [stdout] 
[INFO] [stdout] warning: 8 warnings emitted
[INFO] [stdout] 
[INFO] [stdout] 
[INFO] [stderr]     Finished test [unoptimized + debuginfo] target(s) in 19.39s
[INFO] running `Command { std: "docker" "inspect" "1baed3e9b4f36d7808e83fbd9af74a4d24e57d184d69688de3df3f8d8ec17d29", kill_on_drop: false }`
[INFO] running `Command { std: "docker" "rm" "-f" "1baed3e9b4f36d7808e83fbd9af74a4d24e57d184d69688de3df3f8d8ec17d29", kill_on_drop: false }`
[INFO] [stdout] 1baed3e9b4f36d7808e83fbd9af74a4d24e57d184d69688de3df3f8d8ec17d29
[INFO] running `Command { std: "docker" "create" "-v" "/var/lib/crater-agent-workspace/builds/worker-2-tc2/target:/opt/rustwide/target:rw,Z" "-v" "/var/lib/crater-agent-workspace/builds/worker-2-tc2/source:/opt/rustwide/workdir:ro,Z" "-v" "/var/lib/crater-agent-workspace/cargo-home:/opt/rustwide/cargo-home:ro,Z" "-v" "/var/lib/crater-agent-workspace/rustup-home:/opt/rustwide/rustup-home:ro,Z" "-e" "SOURCE_DIR=/opt/rustwide/workdir" "-e" "CARGO_TARGET_DIR=/opt/rustwide/target" "-e" "CARGO_INCREMENTAL=0" "-e" "RUST_BACKTRACE=full" "-e" "RUSTFLAGS=--cap-lints=warn" "-e" "RUSTDOCFLAGS=--cap-lints=warn" "-e" "CARGO_HOME=/opt/rustwide/cargo-home" "-e" "RUSTUP_HOME=/opt/rustwide/rustup-home" "-w" "/opt/rustwide/workdir" "-m" "1610612736" "--user" "0:0" "--network" "none" "ghcr.io/rust-lang/crates-build-env/linux@sha256:2788e3201cd34a07e3172128adcd8b3090168a8e3bcc40d7c032b9dda1df7d1c" "/opt/rustwide/cargo-home/bin/cargo" "+beta-2023-12-22" "test" "--frozen", kill_on_drop: false }`
[INFO] [stdout] aaa84ea5a04a846e7744a398aa0854f00906664a352f9d2d69eb7c07e8b9c765
[INFO] running `Command { std: "docker" "start" "-a" "aaa84ea5a04a846e7744a398aa0854f00906664a352f9d2d69eb7c07e8b9c765", kill_on_drop: false }`
[INFO] [stderr] warning: calls to `std::mem::drop` with a value that implements `Copy` does nothing
[INFO] [stderr]     --> tests/select_macro.rs:1215:27
[INFO] [stderr]      |
[INFO] [stderr] 1215 |         recv(r) -> res => drop::<Result<i32, RecvError>>(res),
[INFO] [stderr]      |                           ^^^^^^^^^^^^^^^^^^^^^^^^^^^^^^^---^
[INFO] [stderr]      |                                                          |
[INFO] [stderr]      |                                                          argument has type `Result<i32, crossbeam_channel::RecvError>`
[INFO] [stderr]      |
[INFO] [stderr]      = note: use `let _ = ...` to ignore the expression or result
[INFO] [stderr]      = note: `#[warn(dropping_copy_types)]` on by default
[INFO] [stderr] 
[INFO] [stderr] warning: calls to `std::mem::drop` with a value that implements `Copy` does nothing
[INFO] [stderr]     --> tests/select_macro.rs:1218:27
[INFO] [stderr]      |
[INFO] [stderr] 1218 |         recv(r) -> res => drop::<Result<i32, RecvError>>(res),
[INFO] [stderr]      |                           ^^^^^^^^^^^^^^^^^^^^^^^^^^^^^^^---^
[INFO] [stderr]      |                                                          |
[INFO] [stderr]      |                                                          argument has type `Result<i32, crossbeam_channel::RecvError>`
[INFO] [stderr]      |
[INFO] [stderr]      = note: use `let _ = ...` to ignore the expression or result
[INFO] [stderr] 
[INFO] [stderr] warning: calls to `std::mem::drop` with a value that implements `Copy` does nothing
[INFO] [stderr]     --> tests/select_macro.rs:1222:27
[INFO] [stderr]      |
[INFO] [stderr] 1222 |         recv(r) -> res => drop::<Result<i32, RecvError>>(res),
[INFO] [stderr]      |                           ^^^^^^^^^^^^^^^^^^^^^^^^^^^^^^^---^
[INFO] [stderr]      |                                                          |
[INFO] [stderr]      |                                                          argument has type `Result<i32, crossbeam_channel::RecvError>`
[INFO] [stderr]      |
[INFO] [stderr]      = note: use `let _ = ...` to ignore the expression or result
[INFO] [stderr] 
[INFO] [stderr] warning: calls to `std::mem::drop` with a value that implements `Copy` does nothing
[INFO] [stderr]     --> tests/select_macro.rs:1227:30
[INFO] [stderr]      |
[INFO] [stderr] 1227 |         send(s, 0) -> res => drop::<Result<(), SendError<i32>>>(res),
[INFO] [stderr]      |                              ^^^^^^^^^^^^^^^^^^^^^^^^^^^^^^^^^^^---^
[INFO] [stderr]      |                                                                 |
[INFO] [stderr]      |                                                                 argument has type `Result<(), crossbeam_channel::SendError<i32>>`
[INFO] [stderr]      |
[INFO] [stderr]      = note: use `let _ = ...` to ignore the expression or result
[INFO] [stderr] 
[INFO] [stderr] warning: calls to `std::mem::drop` with a value that implements `Copy` does nothing
[INFO] [stderr]     --> tests/select_macro.rs:1230:30
[INFO] [stderr]      |
[INFO] [stderr] 1230 |         send(s, 0) -> res => drop::<Result<(), SendError<i32>>>(res),
[INFO] [stderr]      |                              ^^^^^^^^^^^^^^^^^^^^^^^^^^^^^^^^^^^---^
[INFO] [stderr]      |                                                                 |
[INFO] [stderr]      |                                                                 argument has type `Result<(), crossbeam_channel::SendError<i32>>`
[INFO] [stderr]      |
[INFO] [stderr]      = note: use `let _ = ...` to ignore the expression or result
[INFO] [stderr] 
[INFO] [stderr] warning: calls to `std::mem::drop` with a value that implements `Copy` does nothing
[INFO] [stderr]     --> tests/select_macro.rs:1234:30
[INFO] [stderr]      |
[INFO] [stderr] 1234 |         send(s, 0) -> res => drop::<Result<(), SendError<i32>>>(res),
[INFO] [stderr]      |                              ^^^^^^^^^^^^^^^^^^^^^^^^^^^^^^^^^^^---^
[INFO] [stderr]      |                                                                 |
[INFO] [stderr]      |                                                                 argument has type `Result<(), crossbeam_channel::SendError<i32>>`
[INFO] [stderr]      |
[INFO] [stderr]      = note: use `let _ = ...` to ignore the expression or result
[INFO] [stderr] 
[INFO] [stderr] warning: calls to `std::mem::drop` with a value that implements `Copy` does nothing
[INFO] [stderr]     --> tests/select_macro.rs:1239:30
[INFO] [stderr]      |
[INFO] [stderr] 1239 |         send(s, 0) -> res => drop::<Result<(), SendError<i32>>>(res),
[INFO] [stderr]      |                              ^^^^^^^^^^^^^^^^^^^^^^^^^^^^^^^^^^^---^
[INFO] [stderr]      |                                                                 |
[INFO] [stderr]      |                                                                 argument has type `Result<(), crossbeam_channel::SendError<i32>>`
[INFO] [stderr]      |
[INFO] [stderr]      = note: use `let _ = ...` to ignore the expression or result
[INFO] [stderr] 
[INFO] [stderr] warning: calls to `std::mem::drop` with a value that implements `Copy` does nothing
[INFO] [stderr]     --> tests/select_macro.rs:1240:27
[INFO] [stderr]      |
[INFO] [stderr] 1240 |         recv(r) -> res => drop::<Result<i32, RecvError>>(res),
[INFO] [stderr]      |                           ^^^^^^^^^^^^^^^^^^^^^^^^^^^^^^^---^
[INFO] [stderr]      |                                                          |
[INFO] [stderr]      |                                                          argument has type `Result<i32, crossbeam_channel::RecvError>`
[INFO] [stderr]      |
[INFO] [stderr]      = note: use `let _ = ...` to ignore the expression or result
[INFO] [stderr] 
[INFO] [stderr] warning: `crossbeam-channel` (test "select_macro") generated 8 warnings
[INFO] [stderr]     Finished test [unoptimized + debuginfo] target(s) in 0.03s
[INFO] [stderr]      Running unittests src/lib.rs (/opt/rustwide/target/debug/deps/crossbeam_channel-ce44e461039c4969)
[INFO] [stdout] 
[INFO] [stdout] running 0 tests
[INFO] [stdout] 
[INFO] [stderr]      Running tests/after.rs (/opt/rustwide/target/debug/deps/after-7e6699fd1335ab6e)
[INFO] [stdout] test result: ok. 0 passed; 0 failed; 0 ignored; 0 measured; 0 filtered out; finished in 0.00s
[INFO] [stdout] 
[INFO] [stdout] 
[INFO] [stdout] running 14 tests
[INFO] [stdout] test capacity ... ok
[INFO] [stdout] test recv ... ok
[INFO] [stdout] test recv_race ... ok
[INFO] [stdout] test len_empty_full ... ok
[INFO] [stdout] test recv_two ... ok
[INFO] [stdout] test stress_default ... ok
[INFO] [stdout] test ready ... ok
[INFO] [stdout] test select ... ok
[INFO] [stdout] test fire ... ok
[INFO] [stdout] test recv_timeout ... ok
[INFO] [stdout] test try_recv ... ok
[INFO] [stdout] test fairness ... ok
[INFO] [stdout] test fairness_duplicates ... ok
[INFO] [stdout] test stress_clone ... ok
[INFO] [stdout] 
[INFO] [stdout] test result: ok. 14 passed; 0 failed; 0 ignored; 0 measured; 0 filtered out; finished in 4.74s
[INFO] [stdout] 
[INFO] [stderr]      Running tests/array.rs (/opt/rustwide/target/debug/deps/array-d9c494f65de86496)
[INFO] [stdout] 
[INFO] [stdout] running 26 tests
[INFO] [stdout] test capacity ... ok
[INFO] [stdout] test len_empty_full ... ok
[INFO] [stdout] test channel_through_channel ... ok
[INFO] [stdout] test fairness_duplicates ... ok
[INFO] [stdout] test fairness ... ok
[INFO] [stdout] test len ... ok
[INFO] [stdout] test recv_after_disconnect ... ok
[INFO] [stdout] test recv_in_send ... ok
[INFO] [stdout] test linearizable ... ok
[INFO] [stdout] test panic_on_drop ... ok
[INFO] [stdout] test send_after_disconnect ... ok
[INFO] [stdout] test mpmc ... ok
[INFO] [stdout] test drops ... ok
[INFO] [stdout] test spsc ... ok
[INFO] [stdout] test stress_iter ... ok
[INFO] [stdout] test disconnect_wakes_sender ... ok
[INFO] [stdout] test disconnect_wakes_receiver ... ok
[INFO] [stdout] test smoke ... ok
[INFO] [stdout] test recv_timeout ... ok
[INFO] [stdout] test stress_oneshot ... ok
[INFO] [stdout] test send_timeout ... ok
[INFO] [stdout] test try_recv ... ok
[INFO] [stdout] test try_send ... ok
[INFO] [stdout] test stress_timeout_two_threads ... ok
[INFO] [stdout] test recv ... ok
[INFO] [stdout] test send ... ok
[INFO] [stdout] 
[INFO] [stdout] test result: ok. 26 passed; 0 failed; 0 ignored; 0 measured; 0 filtered out; finished in 3.52s
[INFO] [stdout] 
[INFO] [stderr]      Running tests/golang.rs (/opt/rustwide/target/debug/deps/golang-83ffc4e89badf0b7)
[INFO] [stdout] 
[INFO] [stdout] running 26 tests
[INFO] [stdout] test chan1::main ... ok
[INFO] [stdout] test chan_test::test_chan_send_interface ... ok
[INFO] [stdout] test chan_test::test_select_duplicate_channel ... ok
[INFO] [stdout] test chan_test::test_select_fairness ... ok
[INFO] [stdout] test chan_test::test_nonblock_recv_race ... ok
[INFO] [stdout] test chan_test::test_self_select ... ok
[INFO] [stdout] test chan::main ... ok
[INFO] [stdout] test fifo::asynch_fifo ... ok
[INFO] [stdout] test fifo::synch_fifo ... ok
[INFO] [stdout] test goroutines::main ... ok
[INFO] [stdout] test chan_test::test_pseudo_random_send ... ok
[INFO] [stdout] test chan_test::test_select_stress ... ok
[INFO] [stdout] test select4::main ... ok
[INFO] [stdout] test select6::main ... ok
[INFO] [stdout] test select7::main ... ok
[INFO] [stdout] test nonblock::main ... ok
[INFO] [stdout] test select::main ... ok
[INFO] [stdout] test zerosize::zero_size_array ... ok
[INFO] [stdout] test zerosize::zero_size_struct ... ok
[INFO] [stdout] test doubleselect::main ... ok
[INFO] [stdout] test sieve1::main ... ok
[INFO] [stdout] test select2::main ... ok
[INFO] [stdout] test chan_test::test_multi_consumer ... ok
[INFO] [stdout] test chan_test::test_nonblock_select_race ... ok
[INFO] [stdout] test chan_test::test_nonblock_select_race2 ... ok
[INFO] [stdout] test chan_test::test_chan ... ok
[INFO] [stdout] 
[INFO] [stdout] test result: ok. 26 passed; 0 failed; 0 ignored; 0 measured; 0 filtered out; finished in 5.69s
[INFO] [stdout] 
[INFO] [stdout] 
[INFO] [stderr]      Running tests/iter.rs (/opt/rustwide/target/debug/deps/iter-0bb0515fc0b34fe4)
[INFO] [stdout] running 5 tests
[INFO] [stdout] test recv_into_iter_borrowed ... ok
[INFO] [stdout] test nested_recv_iter ... ok
[INFO] [stdout] test recv_into_iter_owned ... ok
[INFO] [stdout] test recv_iter_break ... ok
[INFO] [stdout] test recv_try_iter ... ok
[INFO] [stdout] 
[INFO] [stdout] test result: ok. 5 passed; 0 failed; 0 ignored; 0 measured; 0 filtered out; finished in 0.02s
[INFO] [stdout] 
[INFO] [stderr]      Running tests/list.rs (/opt/rustwide/target/debug/deps/list-a707435a90880ee7)
[INFO] [stdout] 
[INFO] [stdout] running 24 tests
[INFO] [stdout] test capacity ... ok
[INFO] [stdout] test len_empty_full ... ok
[INFO] [stdout] test len ... ok
[INFO] [stdout] test fairness_duplicates ... ok
[INFO] [stdout] test recv_after_disconnect ... ok
[INFO] [stdout] test fairness ... ok
[INFO] [stdout] test recv_in_send ... ok
[INFO] [stdout] test send ... ok
[INFO] [stdout] test channel_through_channel ... ok
[INFO] [stdout] test send_after_disconnect ... ok
[INFO] [stdout] test send_timeout ... ok
[INFO] [stdout] test linearizable ... ok
[INFO] [stdout] test mpmc ... ok
[INFO] [stdout] test spsc ... ok
[INFO] [stdout] test stress_iter ... ok
[INFO] [stdout] test drops ... ok
[INFO] [stdout] test try_send ... ok
[INFO] [stdout] test disconnect_wakes_receiver ... ok
[INFO] [stdout] test smoke ... ok
[INFO] [stdout] test recv_timeout ... ok
[INFO] [stdout] test try_recv ... ok
[INFO] [stdout] test stress_timeout_two_threads ... ok
[INFO] [stdout] test stress_oneshot ... ok
[INFO] [stdout] test recv ... ok
[INFO] [stdout] 
[INFO] [stdout] test result: ok. 24 passed; 0 failed; 0 ignored; 0 measured; 0 filtered out; finished in 3.54s
[INFO] [stdout] 
[INFO] [stderr]      Running tests/mpsc.rs (/opt/rustwide/target/debug/deps/mpsc-dd5838dd0fde45d3)
[INFO] [stdout] 
[INFO] [stdout] running 127 tests
[INFO] [stdout] test channel_tests::drop_full ... ok
[INFO] [stdout] test channel_tests::issue_32114 ... ok
[INFO] [stdout] test channel_tests::oneshot_multi_task_recv_then_send ... ok
[INFO] [stdout] test channel_tests::oneshot_multi_thread_close_stress ... ok
[INFO] [stdout] test channel_tests::chan_gone_concurrent ... ok
[INFO] [stdout] test channel_tests::no_runtime ... ok
[INFO] [stdout] test channel_tests::oneshot_single_thread_close_chan_first ... ok
[INFO] [stdout] test channel_tests::oneshot_multi_thread_send_recv_stress ... ok
[INFO] [stdout] test channel_tests::drop_full_shared ... ok
[INFO] [stdout] test channel_tests::oneshot_multi_thread_send_close_stress ... ok
[INFO] [stdout] test channel_tests::oneshot_multi_task_recv_then_close ... ok
[INFO] [stdout] test channel_tests::oneshot_single_thread_close_port_first ... ok
[INFO] [stdout] test channel_tests::oneshot_single_thread_recv_chan_close ... ok
[INFO] [stdout] test channel_tests::oneshot_single_thread_peek_open ... ok
[INFO] [stdout] test channel_tests::oneshot_single_thread_recv_timeout ... ok
[INFO] [stdout] test channel_tests::destroy_upgraded_shared_port_when_sender_still_active ... ok
[INFO] [stdout] test channel_tests::oneshot_single_thread_peek_data ... ok
[INFO] [stdout] test channel_tests::oneshot_single_thread_peek_close ... ok
[INFO] [stdout] test channel_tests::oneshot_multi_thread_recv_close_stress ... ok
[INFO] [stdout] test channel_tests::oneshot_single_thread_send_port_close ... ok
[INFO] [stdout] test channel_tests::oneshot_single_thread_try_send_open ... ok
[INFO] [stdout] test channel_tests::oneshot_single_thread_send_then_recv ... ok
[INFO] [stdout] test channel_tests::oneshot_single_thread_try_recv_closed ... ok
[INFO] [stdout] test channel_tests::oneshot_single_thread_try_recv_open ... ok
[INFO] [stdout] test channel_tests::oneshot_single_thread_try_send_closed ... ok
[INFO] [stdout] test channel_tests::recv_timeout_upgrade ... ok
[INFO] [stdout] test channel_tests::smoke ... ok
[INFO] [stdout] test channel_tests::recv_a_lot ... ok
[INFO] [stdout] test channel_tests::port_gone_concurrent ... ok
[INFO] [stdout] test channel_tests::smoke_chan_gone ... ok
[INFO] [stdout] test channel_tests::smoke_port_gone ... ok
[INFO] [stdout] test channel_tests::smoke_chan_gone_shared ... ok
[INFO] [stdout] test channel_tests::shared_recv_timeout ... ok
[INFO] [stdout] test channel_tests::recv_from_outside_runtime ... ok
[INFO] [stdout] test channel_tests::send_from_outside_runtime ... ok
[INFO] [stdout] test channel_tests::smoke_shared ... ok
[INFO] [stdout] test channel_tests::smoke_shared_port_gone2 ... ok
[INFO] [stdout] test channel_tests::port_gone_concurrent_shared ... ok
[INFO] [stdout] test channel_tests::smoke_shared_port_gone ... ok
[INFO] [stdout] test channel_tests::stream_send_recv_stress ... ok
[INFO] [stdout] test channel_tests::test_nested_recv_iter ... ok
[INFO] [stdout] test channel_tests::smoke_threads ... ok
[INFO] [stdout] test channel_tests::test_recv_into_iter_owned ... ok
[INFO] [stdout] test channel_tests::test_recv_into_iter_borrowed ... ok
[INFO] [stdout] test channel_tests::test_recv_try_iter ... ok
[INFO] [stdout] test channel_tests::try_recv_states ... ok
[INFO] [stdout] test select_tests::cloning ... ok
[INFO] [stdout] test channel_tests::test_recv_iter_break ... ok
[INFO] [stdout] test channel_tests::stress ... ok
[INFO] [stdout] test select_tests::cloning2 ... ok
[INFO] [stdout] test select_tests::both_ready ... ok
[INFO] [stdout] test select_tests::preflight1 ... ok
[INFO] [stdout] test select_tests::preflight2 ... ok
[INFO] [stdout] test select_tests::preflight3 ... ok
[INFO] [stdout] test select_tests::preflight4 ... ok
[INFO] [stdout] test select_tests::preflight5 ... ok
[INFO] [stdout] test select_tests::cloning3 ... ok
[INFO] [stdout] test select_tests::closed ... ok
[INFO] [stdout] test select_tests::preflight6 ... ok
[INFO] [stdout] test select_tests::preflight7 ... ok
[INFO] [stdout] test select_tests::preflight9 ... ok
[INFO] [stdout] test select_tests::preflight8 ... ok
[INFO] [stdout] test select_tests::smoke ... ok
[INFO] [stdout] test select_tests::stream_data_waiting ... ok
[INFO] [stdout] test select_tests::oneshot_data_waiting ... ok
[INFO] [stdout] test select_tests::sync1 ... ok
[INFO] [stdout] test select_tests::sync2 ... ok
[INFO] [stdout] test select_tests::smoke2 ... ok
[INFO] [stdout] test channel_tests::shared_chan_stress ... ok
[INFO] [stdout] test select_tests::shared_data_waiting ... ok
[INFO] [stdout] test channel_tests::stress_shared ... ok
[INFO] [stdout] test sync_channel_tests::destroy_upgraded_shared_port_when_sender_still_active ... ok
[INFO] [stdout] test sync_channel_tests::drop_full ... ok
[INFO] [stdout] test sync_channel_tests::chan_gone_concurrent ... ok
[INFO] [stdout] test select_tests::sync3 ... ok
[INFO] [stdout] test sync_channel_tests::oneshot_multi_thread_close_stress ... ok
[INFO] [stdout] test sync_channel_tests::oneshot_multi_task_recv_then_send ... ok
[INFO] [stdout] test sync_channel_tests::oneshot_multi_task_recv_then_close ... ok
[INFO] [stdout] test sync_channel_tests::oneshot_multi_thread_recv_close_stress ... ok
[INFO] [stdout] test sync_channel_tests::oneshot_single_thread_close_chan_first ... ok
[INFO] [stdout] test sync_channel_tests::oneshot_single_thread_close_port_first ... ok
[INFO] [stdout] test sync_channel_tests::oneshot_multi_thread_send_close_stress ... ok
[INFO] [stdout] test sync_channel_tests::oneshot_multi_thread_send_recv_stress ... ok
[INFO] [stdout] test select_tests::unblocks ... ok
[INFO] [stdout] test sync_channel_tests::oneshot_single_thread_peek_open ... ok
[INFO] [stdout] test sync_channel_tests::oneshot_single_thread_send_port_close ... ok
[INFO] [stdout] test sync_channel_tests::oneshot_single_thread_send_then_recv ... ok
[INFO] [stdout] test sync_channel_tests::oneshot_single_thread_try_recv_closed ... ok
[INFO] [stdout] test sync_channel_tests::oneshot_single_thread_peek_data ... ok
[INFO] [stdout] test sync_channel_tests::oneshot_single_thread_recv_chan_close ... ok
[INFO] [stdout] test sync_channel_tests::oneshot_single_thread_peek_close ... ok
[INFO] [stdout] test sync_channel_tests::oneshot_single_thread_try_recv_closed_with_data ... ok
[INFO] [stdout] test sync_channel_tests::oneshot_single_thread_try_send_open ... ok
[INFO] [stdout] test sync_channel_tests::oneshot_single_thread_try_recv_open ... ok
[INFO] [stdout] test sync_channel_tests::oneshot_single_thread_try_send_closed2 ... ok
[INFO] [stdout] test sync_channel_tests::port_gone_concurrent_shared ... ok
[INFO] [stdout] test sync_channel_tests::oneshot_single_thread_try_send_closed ... ok
[INFO] [stdout] test sync_channel_tests::port_gone_concurrent ... ok
[INFO] [stdout] test sync_channel_tests::recv_a_lot ... ok
[INFO] [stdout] test sync_channel_tests::recv_timeout ... ok
[INFO] [stdout] test sync_channel_tests::send2 ... ok
[INFO] [stdout] test sync_channel_tests::send3 ... ok
[INFO] [stdout] test sync_channel_tests::send1 ... ok
[INFO] [stdout] test sync_channel_tests::smoke_chan_gone ... ok
[INFO] [stdout] test sync_channel_tests::send4 ... ok
[INFO] [stdout] test sync_channel_tests::smoke ... ok
[INFO] [stdout] test sync_channel_tests::smoke_shared ... ok
[INFO] [stdout] test sync_channel_tests::smoke_chan_gone_shared ... ok
[INFO] [stdout] test sync_channel_tests::smoke_port_gone ... ok
[INFO] [stdout] test sync_channel_tests::smoke_shared_port_gone2 ... ok
[INFO] [stdout] test select_tests::stress ... ok
[INFO] [stdout] test sync_channel_tests::smoke_threads ... ok
[INFO] [stdout] test sync_channel_tests::stream_send_recv_stress ... ok
[INFO] [stdout] test sync_channel_tests::shared_chan_stress ... ok
[INFO] [stdout] test sync_channel_tests::test_nested_recv_iter ... ok
[INFO] [stdout] test sync_channel_tests::test_recv_iter_break ... ok
[INFO] [stdout] test sync_channel_tests::try_recv_states ... ok
[INFO] [stdout] test sync_channel_tests::try_send1 ... ok
[INFO] [stdout] test sync_channel_tests::try_send2 ... ok
[INFO] [stdout] test sync_channel_tests::try_send3 ... ok
[INFO] [stdout] test sync_channel_tests::stress_recv_timeout_two_threads ... ok
[INFO] [stdout] test sync_channel_tests::stress_recv_timeout_shared ... ok
[INFO] [stdout] test sync_channel_tests::stress ... ok
[INFO] [stdout] test sync_channel_tests::stress_shared ... ok
[INFO] [stdout] test sync_channel_tests::issue_15761 ... ok
[INFO] [stdout] test channel_tests::stress_recv_timeout_shared ... ok
[INFO] [stderr]      Running tests/never.rs (/opt/rustwide/target/debug/deps/never-70a305b4796494ba)
[INFO] [stdout] test channel_tests::stress_recv_timeout_two_threads ... ok
[INFO] [stdout] 
[INFO] [stdout] test result: ok. 127 passed; 0 failed; 0 ignored; 0 measured; 0 filtered out; finished in 10.39s
[INFO] [stdout] 
[INFO] [stdout] 
[INFO] [stdout] running 7 tests
[INFO] [stdout] test smoke ... ok
[INFO] [stdout] test len_empty_full ... ok
[INFO] [stdout] test optional ... ok
[INFO] [stdout] test capacity ... ok
[INFO] [stdout] test try_recv ... ok
[INFO] [stdout] test recv_timeout ... ok
[INFO] [stdout] test tick_n ... ok
[INFO] [stdout] 
[INFO] [stdout] test result: ok. 7 passed; 0 failed; 0 ignored; 0 measured; 0 filtered out; finished in 1.52s
[INFO] [stdout] 
[INFO] [stderr]      Running tests/ready.rs (/opt/rustwide/target/debug/deps/ready-dc6736eaa9e41676)
[INFO] [stdout] 
[INFO] [stdout] running 24 tests
[INFO] [stdout] test default_when_disconnected ... ok
[INFO] [stdout] test default ... ok
[INFO] [stdout] test duplicate_operations ... ok
[INFO] [stdout] test cloning1 ... ok
[INFO] [stdout] test nesting ... ok
[INFO] [stdout] test preflight1 ... ok
[INFO] [stdout] test fairness1 ... ok
[INFO] [stdout] test preflight3 ... ok
[INFO] [stdout] test preflight2 ... ok
[INFO] [stdout] test smoke1 ... ok
[INFO] [stdout] test smoke2 ... ok
[INFO] [stdout] test channel_through_channel ... ok
[INFO] [stdout] test send_recv_same_channel ... ok
[INFO] [stdout] test stress_recv ... ok
[INFO] [stdout] test default_only ... ok
[INFO] [stdout] test both_ready ... ok
[INFO] [stdout] test cloning2 ... ok
[INFO] [stdout] test stress_mixed ... ok
[INFO] [stdout] test stress_send ... ok
[INFO] [stdout] test fairness2 ... ok
[INFO] [stdout] test disconnected ... ok
[INFO] [stdout] test unblocks ... ok
[INFO] [stdout] test timeout ... ok
[INFO] [stdout] test stress_timeout_two_threads ... ok
[INFO] [stderr]      Running tests/same_channel.rs (/opt/rustwide/target/debug/deps/same_channel-8554b7da31fc9520)
[INFO] [stdout] 
[INFO] [stdout] test result: ok. 24 passed; 0 failed; 0 ignored; 0 measured; 0 filtered out; finished in 5.40s
[INFO] [stdout] 
[INFO] [stdout] 
[INFO] [stdout] running 7 tests
[INFO] [stdout] test after_same_channel ... ok
[INFO] [stdout] test tick_same_channel ... ok
[INFO] [stdout] test never_same_channel ... ok
[INFO] [stdout] test different_flavors_same_channel ... ok
[INFO] [stdout] test list_same_channel ... ok
[INFO] [stdout] test array_same_channel ... ok
[INFO] [stdout] test zero_same_channel ... ok
[INFO] [stdout] 
[INFO] [stdout] test result: ok. 7 passed; 0 failed; 0 ignored; 0 measured; 0 filtered out; finished in 0.00s
[INFO] [stdout] 
[INFO] [stderr]      Running tests/select.rs (/opt/rustwide/target/debug/deps/select-666a1327856d0eb1)
[INFO] [stdout] 
[INFO] [stdout] running 32 tests
[INFO] [stdout] test default ... ok
[INFO] [stdout] test default_when_disconnected ... ok
[INFO] [stdout] test cloning1 ... ok
[INFO] [stdout] test duplicate_operations ... ok
[INFO] [stdout] test fairness1 ... ok
[INFO] [stdout] test channel_through_channel ... ok
[INFO] [stdout] test fairness2 ... ok
[INFO] [stdout] test matching ... ok
[INFO] [stdout] test matching_with_leftover ... ok
[INFO] [stdout] test nesting ... ok
[INFO] [stdout] test preflight1 ... ok
[INFO] [stdout] test preflight2 ... ok
[INFO] [stdout] test preflight3 ... ok
[INFO] [stdout] test reuse ... ok
[INFO] [stdout] test send_and_clone ... ok
[INFO] [stdout] test default_only ... ok
[INFO] [stdout] test cloning2 ... ok
[INFO] [stdout] test smoke1 ... ok
[INFO] [stdout] test smoke2 ... ok
[INFO] [stdout] test both_ready ... ok
[INFO] [stdout] test stress_mixed ... ok
[INFO] [stdout] test send_recv_same_channel ... ok
[INFO] [stdout] test sync_and_clone ... ok
[INFO] [stdout] test stress_send ... ok
[INFO] [stdout] test stress_recv ... ok
[INFO] [stdout] test linearizable_try ... ok
[INFO] [stdout] test disconnected ... ok
[INFO] [stdout] test linearizable_timeout ... ok
[INFO] [stdout] test unblocks ... ok
[INFO] [stdout] test timeout ... ok
[INFO] [stdout] test stress_timeout_two_threads ... ok
[INFO] [stdout] test loop_try ... ok
[INFO] [stdout] 
[INFO] [stdout] test result: ok. 32 passed; 0 failed; 0 ignored; 0 measured; 0 filtered out; finished in 10.08s
[INFO] [stdout] 
[INFO] [stderr]      Running tests/select_macro.rs (/opt/rustwide/target/debug/deps/select_macro-59ebc7e2936a23c7)
[INFO] [stdout] 
[INFO] [stdout] running 56 tests
[INFO] [stdout] test case_blocks ... ok
[INFO] [stdout] test cloning1 ... ok
[INFO] [stdout] test default ... ok
[INFO] [stdout] test default_syntax ... ok
[INFO] [stdout] test deref ... ok
[INFO] [stdout] test default_when_disconnected ... ok
[INFO] [stdout] test duplicate_operations ... ok
[INFO] [stdout] test evaluate ... ok
[INFO] [stdout] test channel_through_channel ... ok
[INFO] [stdout] test fairness1 ... ok
[INFO] [stdout] test fairness2 ... ok
[INFO] [stdout] test fairness_recv ... ok
[INFO] [stdout] test handles_on_heap ... ok
[INFO] [stdout] test infer_types ... ok
[INFO] [stdout] test fairness_send ... ok
[INFO] [stdout] test linearizable_timeout ... ok
[INFO] [stdout] test linearizable_default ... ok
[INFO] [stdout] test matching ... ok
[INFO] [stdout] test matching_with_leftover ... ok
[INFO] [stdout] test move_handles ... ok
[INFO] [stdout] test nesting ... ok
[INFO] [stdout] test once_blocks ... ok
[INFO] [stdout] test once_receiver ... ok
[INFO] [stdout] test once_sender ... ok
[INFO] [stdout] test panic_receiver - should panic ... ok
[INFO] [stdout] test panic_sender - should panic ... ok
[INFO] [stdout] test parse_nesting ... ok
[INFO] [stdout] test preflight1 ... ok
[INFO] [stdout] test preflight2 ... ok
[INFO] [stdout] test preflight3 ... ok
[INFO] [stdout] test both_ready ... ok
[INFO] [stdout] test cloning2 ... ok
[INFO] [stdout] test default_only ... ok
[INFO] [stdout] test references ... ok
[INFO] [stdout] test same_variable_name ... ok
[INFO] [stdout] test result_types ... ok
[INFO] [stdout] test send_recv_same_channel ... ok
[INFO] [stdout] test disconnect_wakes_sender ... ok
[INFO] [stdout] test smoke1 ... ok
[INFO] [stdout] test smoke2 ... ok
[INFO] [stdout] test disconnect_wakes_receiver ... ok
[INFO] [stdout] test disconnected ... ok
[INFO] [stdout] test stress_recv ... ok
[INFO] [stdout] test stress_mixed ... ok
[INFO] [stdout] test stress_send ... ok
[INFO] [stdout] test trailing_comma ... ok
[INFO] [stdout] test recv_timeout ... ok
[INFO] [stdout] test send_timeout ... ok
[INFO] [stdout] test try_recv ... ok
[INFO] [stdout] test unblocks ... ok
[INFO] [stdout] test timeout ... ok
[INFO] [stdout] test recv ... ok
[INFO] [stdout] test try_send ... ok
[INFO] [stdout] test send ... ok
[INFO] [stdout] test stress_timeout_two_threads ... ok
[INFO] [stdout] test loop_try ... ok
[INFO] [stdout] 
[INFO] [stdout] test result: ok. 56 passed; 0 failed; 0 ignored; 0 measured; 0 filtered out; finished in 10.35s
[INFO] [stdout] 
[INFO] [stderr]      Running tests/thread_locals.rs (/opt/rustwide/target/debug/deps/thread_locals-f802ac07365de786)
[INFO] [stdout] 
[INFO] [stdout] running 1 test
[INFO] [stdout] test use_while_exiting ... ok
[INFO] [stdout] 
[INFO] [stdout] test result: ok. 1 passed; 0 failed; 0 ignored; 0 measured; 0 filtered out; finished in 0.20s
[INFO] [stdout] 
[INFO] [stderr]      Running tests/tick.rs (/opt/rustwide/target/debug/deps/tick-dc902800a3b555dd)
[INFO] [stdout] 
[INFO] [stdout] running 14 tests
[INFO] [stdout] test capacity ... ok
[INFO] [stdout] test recv ... ok
[INFO] [stdout] test len_empty_full ... ok
[INFO] [stdout] test recv_race ... ok
[INFO] [stdout] test fire ... ok
[INFO] [stdout] test stress_default ... ok
[INFO] [stdout] test intervals ... ok
[INFO] [stdout] test recv_timeout ... ok
[INFO] [stdout] test fairness ... ok
[INFO] [stdout] test recv_two ... ok
[INFO] [stdout] test try_recv ... ok
[INFO] [stdout] test fairness_duplicates ... ok
[INFO] [stdout] test ready ... ok
[INFO] [stdout] test select ... ok
[INFO] [stdout] 
[INFO] [stdout] test result: ok. 14 passed; 0 failed; 0 ignored; 0 measured; 0 filtered out; finished in 1.20s
[INFO] [stdout] 
[INFO] [stderr]      Running tests/zero.rs (/opt/rustwide/target/debug/deps/zero-e8821fd3d7505d33)
[INFO] [stdout] 
[INFO] [stdout] running 22 tests
[INFO] [stdout] test capacity ... ok
[INFO] [stdout] test channel_through_channel ... ok
[INFO] [stdout] test len_empty_full ... ok
[INFO] [stdout] test fairness ... ok
[INFO] [stdout] test len ... ok
[INFO] [stdout] test fairness_duplicates ... ok
[INFO] [stdout] test mpmc ... ok
[INFO] [stdout] test drops ... ok
[INFO] [stdout] test smoke ... ok
[INFO] [stdout] test spsc ... ok
[INFO] [stdout] test stress_iter ... ok
[INFO] [stdout] test recv_in_send ... ok
[INFO] [stdout] test disconnect_wakes_sender ... ok
[INFO] [stdout] test disconnect_wakes_receiver ... ok
[INFO] [stdout] test stress_oneshot ... ok
[INFO] [stdout] test recv_timeout ... ok
[INFO] [stdout] test send_timeout ... ok
[INFO] [stdout] test try_recv ... ok
[INFO] [stdout] test try_send ... ok
[INFO] [stdout] test stress_timeout_two_threads ... ok
[INFO] [stdout] test recv ... ok
[INFO] [stdout] test send ... ok
[INFO] [stdout] 
[INFO] [stdout] test result: ok. 22 passed; 0 failed; 0 ignored; 0 measured; 0 filtered out; finished in 3.58s
[INFO] [stdout] 
[INFO] [stderr]    Doc-tests crossbeam-channel
[INFO] [stdout] 
[INFO] [stdout] running 72 tests
[INFO] [stdout] test src/channel.rs - channel::Receiver<T>::capacity (line 1031) ... ok
[INFO] [stdout] test src/channel.rs - channel::Receiver<T>::is_empty (line 956) ... ok
[INFO] [stdout] test src/channel.rs - channel::Receiver<T>::len (line 1006) ... ok
[INFO] [stdout] test src/channel.rs - channel::Receiver<T>::iter (line 1063) ... ok
[INFO] [stdout] test src/channel.rs - channel::Receiver<T>::is_full (line 982) ... ok
[INFO] [stdout] test src/channel.rs - channel::IntoIter (line 1311) ... ok
[INFO] [stdout] test src/channel.rs - channel::Iter (line 1213) ... ok
[INFO] [stdout] test src/channel.rs - channel::Receiver<T>::same_channel (line 1126) ... ok
[INFO] [stdout] test src/channel.rs - channel::Receiver<T>::try_recv (line 747) ... ok
[INFO] [stdout] test src/channel.rs - channel::Sender (line 340) ... ok
[INFO] [stdout] test src/channel.rs - channel::Sender<T>::capacity (line 610) ... ok
[INFO] [stdout] test src/channel.rs - channel::Sender<T>::is_empty (line 544) ... ok
[INFO] [stdout] test src/channel.rs - channel::Sender<T>::is_full (line 567) ... ok
[INFO] [stdout] test src/channel.rs - channel::Sender<T>::len (line 588) ... ok
[INFO] [stdout] test src/channel.rs - channel::Sender<T>::same_channel (line 634) ... ok
[INFO] [stdout] test src/channel.rs - channel::Receiver (line 689) ... ok
[INFO] [stdout] test src/channel.rs - channel::Receiver<T>::recv (line 796) ... ok
[INFO] [stdout] test src/channel.rs - channel::Receiver<T>::recv_deadline (line 895) ... ok
[INFO] [stdout] test src/channel.rs - channel::Sender<T>::try_send (line 388) ... ok
[INFO] [stdout] test src/channel.rs - channel::Receiver<T>::recv_timeout (line 851) ... ok
[INFO] [stdout] test src/channel.rs - channel::after (line 138) ... ok
[INFO] [stdout] test src/channel.rs - channel::Sender<T>::send (line 418) ... ok
[INFO] [stdout] test src/channel.rs - channel::Sender<T>::send_deadline (line 502) ... ok
[INFO] [stdout] test src/channel.rs - channel::Receiver<T>::try_iter (line 1095) ... ok
[INFO] [stdout] test src/channel.rs - channel::after (line 153) ... ok
[INFO] [stdout] test src/channel.rs - channel::at (line 193) ... ok
[INFO] [stdout] test src/channel.rs - channel::at (line 208) ... ok
[INFO] [stdout] test src/channel.rs - channel::Sender<T>::send_timeout (line 458) ... ok
[INFO] [stdout] test src/err.rs - err::SendError<T>::into_inner (line 137) ... ok
[INFO] [stdout] test src/channel.rs - channel::unbounded (line 24) ... ok
[INFO] [stdout] test src/channel.rs - channel::never (line 240) ... ok
[INFO] [stdout] test src/channel.rs - channel::tick (line 281) ... ok
[INFO] [stdout] test src/err.rs - err::SendTimeoutError<T>::into_inner (line 248) ... ok
[INFO] [stdout] test src/channel.rs - channel::bounded (line 67) ... ok
[INFO] [stdout] test src/err.rs - err::TrySendError<T>::into_inner (line 185) ... ok
[INFO] [stdout] test src/channel.rs - channel::tick (line 296) ... ok
[INFO] [stdout] test src/channel.rs - channel::TryIter (line 1261) ... ok
[INFO] [stdout] test src/channel.rs - channel::bounded (line 90) ... ok
[INFO] [stdout] test src/lib.rs - (line 106) ... ok
[INFO] [stdout] test src/lib.rs - (line 149) ... ok
[INFO] [stdout] test src/lib.rs - (line 124) ... ok
[INFO] [stdout] test src/lib.rs - (line 183) ... ok
[INFO] [stdout] test src/lib.rs - (line 216) ... ok
[INFO] [stdout] test src/lib.rs - (line 268) ... ok
[INFO] [stdout] test src/lib.rs - (line 239) ... ok
[INFO] [stdout] test src/lib.rs - (line 52) ... ok
[INFO] [stdout] test src/lib.rs - (line 35) ... ok
[INFO] [stdout] test src/select.rs - select::Select (line 544) ... ok
[INFO] [stdout] test src/lib.rs - (line 7) ... ok
[INFO] [stdout] test src/select.rs - select::Select (line 563) ... ok
[INFO] [stdout] test src/lib.rs - (line 85) ... ok
[INFO] [stdout] test src/lib.rs - (line 67) ... ok
[INFO] [stdout] test src/select.rs - select::Select<'a>::new (line 613) ... ok
[INFO] [stdout] test src/lib.rs - (line 303) ... ok
[INFO] [stdout] test src/select.rs - select::Select<'a>::ready (line 977) ... ok
[INFO] [stdout] test src/select.rs - select::Select<'a>::recv (line 656) ... ok
[INFO] [stdout] test src/select.rs - select::Select<'a>::ready_deadline (line 1071) ... ok
[INFO] [stdout] test src/select.rs - select::Select<'a>::ready_timeout (line 1024) ... ok
[INFO] [stdout] test src/select.rs - select::Select<'a>::select_deadline (line 880) ... ok
[INFO] [stdout] test src/select.rs - select::Select<'a>::remove (line 686) ... ok
[INFO] [stdout] test src/select.rs - select::SelectedOperation<'_>::index (line 1159) ... ok
[INFO] [stdout] test src/select.rs - select::Select<'a>::select (line 786) ... ok
[INFO] [stdout] test src/select.rs - select::Select<'a>::send (line 634) ... ok
[INFO] [stdout] test src/select.rs - select::Select<'a>::select_timeout (line 830) ... ok
[INFO] [stdout] test src/select.rs - select::Select<'a>::try_select (line 741) ... ok
[INFO] [stdout] test src/select.rs - select::Select<'a>::try_ready (line 932) ... ok
[INFO] [stdout] test src/select.rs - select::SelectedOperation<'_>::recv (line 1228) ... ok
[INFO] [stdout] test src/select.rs - select::SelectedOperation<'_>::send (line 1194) ... ok
[INFO] [stdout] test src/select_macro.rs - select_macro::select (line 1005) ... ok
[INFO] [stdout] test src/select_macro.rs - select_macro::select (line 1051) ... ok
[INFO] [stdout] test src/select_macro.rs - select_macro::select (line 1024) ... ok
[INFO] [stdout] test src/select_macro.rs - select_macro::select (line 1078) ... ok
[INFO] [stdout] 
[INFO] [stdout] test result: ok. 72 passed; 0 failed; 0 ignored; 0 measured; 0 filtered out; finished in 10.02s
[INFO] [stdout] 
[INFO] running `Command { std: "docker" "inspect" "aaa84ea5a04a846e7744a398aa0854f00906664a352f9d2d69eb7c07e8b9c765", kill_on_drop: false }`
[INFO] running `Command { std: "docker" "rm" "-f" "aaa84ea5a04a846e7744a398aa0854f00906664a352f9d2d69eb7c07e8b9c765", kill_on_drop: false }`
[INFO] [stdout] aaa84ea5a04a846e7744a398aa0854f00906664a352f9d2d69eb7c07e8b9c765
