[INFO] fetching crate bonsaidb-local 0.5.0...
[INFO] testing bonsaidb-local-0.5.0 against 1.75.0 for beta-1.76-1
[INFO] extracting crate bonsaidb-local 0.5.0 into /workspace/builds/worker-1-tc1/source
[INFO] validating manifest of crates.io crate bonsaidb-local 0.5.0 on toolchain 1.75.0
[INFO] running `Command { std: CARGO_HOME="/workspace/cargo-home" RUSTUP_HOME="/workspace/rustup-home" "/workspace/cargo-home/bin/cargo" "+1.75.0" "metadata" "--manifest-path" "Cargo.toml" "--no-deps", kill_on_drop: false }`
[INFO] started tweaking crates.io crate bonsaidb-local 0.5.0
[INFO] finished tweaking crates.io crate bonsaidb-local 0.5.0
[INFO] tweaked toml for crates.io crate bonsaidb-local 0.5.0 written to /workspace/builds/worker-1-tc1/source/Cargo.toml
[INFO] running `Command { std: CARGO_HOME="/workspace/cargo-home" RUSTUP_HOME="/workspace/rustup-home" "/workspace/cargo-home/bin/cargo" "+1.75.0" "generate-lockfile" "--manifest-path" "Cargo.toml", kill_on_drop: false }`
[INFO] [stderr]     Blocking waiting for file lock on package cache
[INFO] [stderr]     Updating crates.io index
[INFO] running `Command { std: CARGO_HOME="/workspace/cargo-home" RUSTUP_HOME="/workspace/rustup-home" "/workspace/cargo-home/bin/cargo" "+1.75.0" "fetch" "--manifest-path" "Cargo.toml", kill_on_drop: false }`
[INFO] [stderr]     Blocking waiting for file lock on package cache
[INFO] [stderr]  Downloading crates ...
[INFO] [stderr]   Downloaded watchable v1.1.2
[INFO] [stderr]   Downloaded primeorder v0.13.6
[INFO] [stderr]   Downloaded crc-catalog v2.4.0
[INFO] [stderr]   Downloaded p256 v0.13.2
[INFO] [stderr]   Downloaded crossterm_winapi v0.9.1
[INFO] [stderr]   Downloaded signal-hook v0.3.17
[INFO] [stderr]   Downloaded crossterm v0.27.0
[INFO] [stderr]   Downloaded argon2 v0.5.2
[INFO] [stderr]   Downloaded easy-parallel v3.3.1
[INFO] [stderr]   Downloaded fs_extra v1.3.0
[INFO] [stderr]   Downloaded transmog-versions v0.1.1
[INFO] [stderr]   Downloaded lockedbox v0.1.1
[INFO] [stderr]   Downloaded nebari v0.5.5
[INFO] [stderr]   Downloaded memsec v0.6.3
[INFO] running `Command { std: "docker" "create" "-v" "/var/lib/crater-agent-workspace/builds/worker-1-tc1/target:/opt/rustwide/target:rw,Z" "-v" "/var/lib/crater-agent-workspace/builds/worker-1-tc1/source:/opt/rustwide/workdir:ro,Z" "-v" "/var/lib/crater-agent-workspace/cargo-home:/opt/rustwide/cargo-home:ro,Z" "-v" "/var/lib/crater-agent-workspace/rustup-home:/opt/rustwide/rustup-home:ro,Z" "-e" "SOURCE_DIR=/opt/rustwide/workdir" "-e" "CARGO_TARGET_DIR=/opt/rustwide/target" "-e" "CARGO_HOME=/opt/rustwide/cargo-home" "-e" "RUSTUP_HOME=/opt/rustwide/rustup-home" "-w" "/opt/rustwide/workdir" "-m" "1610612736" "--user" "0:0" "--network" "none" "ghcr.io/rust-lang/crates-build-env/linux@sha256:2788e3201cd34a07e3172128adcd8b3090168a8e3bcc40d7c032b9dda1df7d1c" "/opt/rustwide/cargo-home/bin/cargo" "+1.75.0" "metadata" "--no-deps" "--format-version=1", kill_on_drop: false }`
[INFO] [stdout] 3efc4180d6642cce3db2713358d6b4a05091322f9641c72f68dee33701c91eea
[INFO] running `Command { std: "docker" "start" "-a" "3efc4180d6642cce3db2713358d6b4a05091322f9641c72f68dee33701c91eea", kill_on_drop: false }`
[INFO] running `Command { std: "docker" "inspect" "3efc4180d6642cce3db2713358d6b4a05091322f9641c72f68dee33701c91eea", kill_on_drop: false }`
[INFO] running `Command { std: "docker" "rm" "-f" "3efc4180d6642cce3db2713358d6b4a05091322f9641c72f68dee33701c91eea", kill_on_drop: false }`
[INFO] [stdout] 3efc4180d6642cce3db2713358d6b4a05091322f9641c72f68dee33701c91eea
[INFO] running `Command { std: "docker" "create" "-v" "/var/lib/crater-agent-workspace/builds/worker-1-tc1/target:/opt/rustwide/target:rw,Z" "-v" "/var/lib/crater-agent-workspace/builds/worker-1-tc1/source:/opt/rustwide/workdir:ro,Z" "-v" "/var/lib/crater-agent-workspace/cargo-home:/opt/rustwide/cargo-home:ro,Z" "-v" "/var/lib/crater-agent-workspace/rustup-home:/opt/rustwide/rustup-home:ro,Z" "-e" "SOURCE_DIR=/opt/rustwide/workdir" "-e" "CARGO_TARGET_DIR=/opt/rustwide/target" "-e" "CARGO_INCREMENTAL=0" "-e" "RUST_BACKTRACE=full" "-e" "RUSTFLAGS=--cap-lints=warn" "-e" "RUSTDOCFLAGS=--cap-lints=warn" "-e" "CARGO_HOME=/opt/rustwide/cargo-home" "-e" "RUSTUP_HOME=/opt/rustwide/rustup-home" "-w" "/opt/rustwide/workdir" "-m" "1610612736" "--user" "0:0" "--network" "none" "ghcr.io/rust-lang/crates-build-env/linux@sha256:2788e3201cd34a07e3172128adcd8b3090168a8e3bcc40d7c032b9dda1df7d1c" "/opt/rustwide/cargo-home/bin/cargo" "+1.75.0" "build" "--frozen" "--message-format=json", kill_on_drop: false }`
[INFO] [stdout] de9e1d967c4a11f93a3732a1f0aa9897c6bf942475e4ec25eff64dd0ac5ba85d
[INFO] running `Command { std: "docker" "start" "-a" "de9e1d967c4a11f93a3732a1f0aa9897c6bf942475e4ec25eff64dd0ac5ba85d", kill_on_drop: false }`
[INFO] [stderr]    Compiling proc-macro2 v1.0.75
[INFO] [stderr]    Compiling serde v1.0.194
[INFO] [stderr]    Compiling subtle v2.5.0
[INFO] [stderr]    Compiling generic-array v0.14.7
[INFO] [stderr]    Compiling const-oid v0.9.6
[INFO] [stderr]    Compiling getrandom v0.2.11
[INFO] [stderr]    Compiling base64ct v1.6.0
[INFO] [stderr]    Compiling futures-core v0.3.30
[INFO] [stderr]    Compiling futures-sink v0.3.30
[INFO] [stderr]    Compiling syn v1.0.109
[INFO] [stderr]    Compiling strsim v0.10.0
[INFO] [stderr]    Compiling rand_core v0.6.4
[INFO] [stderr]    Compiling parking_lot_core v0.9.9
[INFO] [stderr]    Compiling smallvec v1.11.2
[INFO] [stderr]    Compiling pem-rfc7468 v0.7.0
[INFO] [stderr]    Compiling parking_lot v0.12.1
[INFO] [stderr]    Compiling futures-channel v0.3.30
[INFO] [stderr]    Compiling fnv v1.0.7
[INFO] [stderr]    Compiling byteorder v1.5.0
[INFO] [stderr]    Compiling ident_case v1.0.1
[INFO] [stderr]    Compiling futures-io v0.3.30
[INFO] [stderr]    Compiling ff v0.13.0
[INFO] [stderr]    Compiling nanorand v0.7.0
[INFO] [stderr]    Compiling quote v1.0.35
[INFO] [stderr]    Compiling spin v0.9.8
[INFO] [stderr]    Compiling equivalent v1.0.1
[INFO] [stderr]    Compiling hashbrown v0.14.3
[INFO] [stderr]    Compiling base16ct v0.2.0
[INFO] [stderr]    Compiling group v0.13.0
[INFO] [stderr]    Compiling syn v2.0.48
[INFO] [stderr]    Compiling proc-macro-utils v0.8.0
[INFO] [stderr]    Compiling ff v0.12.1
[INFO] [stderr]    Compiling der v0.6.1
[INFO] [stderr]    Compiling proc-macro-error-attr v1.0.4
[INFO] [stderr]    Compiling half v2.3.1
[INFO] [stderr]    Compiling indexmap v2.1.0
[INFO] [stderr]    Compiling toml_datetime v0.6.3
[INFO] [stderr]    Compiling manyhow-macros v0.8.1
[INFO] [stderr]    Compiling winnow v0.5.32
[INFO] [stderr]    Compiling base16ct v0.1.1
[INFO] [stderr]    Compiling interpolator v0.5.0
[INFO] [stderr]    Compiling trybuild v1.0.87
[INFO] [stderr]    Compiling signal-hook v0.3.17
[INFO] [stderr]    Compiling utf8parse v0.2.1
[INFO] [stderr]    Compiling collection_literals v1.0.1
[INFO] [stderr]    Compiling mio v0.8.10
[INFO] [stderr]    Compiling anstyle-parse v0.2.3
[INFO] [stderr]    Compiling group v0.12.1
[INFO] [stderr]    Compiling ahash v0.7.7
[INFO] [stderr]    Compiling blake3 v1.5.0
[INFO] [stderr]    Compiling backtrace v0.3.69
[INFO] [stderr]    Compiling anstyle v1.0.4
[INFO] [stderr]    Compiling colorchoice v1.0.0
[INFO] [stderr]    Compiling anstyle-query v1.0.2
[INFO] [stderr]    Compiling transmog v0.1.0
[INFO] [stderr]    Compiling anstream v0.6.5
[INFO] [stderr]    Compiling rand_chacha v0.3.1
[INFO] [stderr]    Compiling hashbrown v0.12.3
[INFO] [stderr]    Compiling concurrent-queue v2.4.0
[INFO] [stderr]    Compiling flume v0.11.0
[INFO] [stderr]    Compiling object v0.32.2
[INFO] [stderr]    Compiling toml_edit v0.20.2
[INFO] [stderr]    Compiling ordered-varint v2.0.0
[INFO] [stderr]    Compiling crc-catalog v2.4.0
[INFO] [stderr]    Compiling either v1.9.0
[INFO] [stderr]    Compiling serde_json v1.0.111
[INFO] [stderr]    Compiling basic-toml v0.1.8
[INFO] [stderr]    Compiling clap_lex v0.6.0
[INFO] [stderr]    Compiling arrayvec v0.7.4
[INFO] [stderr]    Compiling darling_core v0.13.4
[INFO] [stderr]    Compiling proc-macro-error v1.0.4
[INFO] [stderr]    Compiling heck v0.4.1
[INFO] [stderr]    Compiling clap_builder v4.4.12
[INFO] [stderr]    Compiling itertools v0.11.0
[INFO] [stderr]    Compiling manyhow v0.8.1
[INFO] [stderr]    Compiling proc-macro-crate v2.0.1
[INFO] [stderr]    Compiling crc v3.0.1
[INFO] [stderr]    Compiling event-listener v4.0.2
[INFO] [stderr]    Compiling lru v0.7.8
[INFO] [stderr]    Compiling signal-hook-mio v0.2.3
[INFO] [stderr]    Compiling rand v0.8.5
[INFO] [stderr]    Compiling password-hash v0.5.0
[INFO] [stderr]    Compiling memsec v0.6.3
[INFO] [stderr]    Compiling darling_macro v0.13.4
[INFO] [stderr]    Compiling bytecount v0.6.7
[INFO] [stderr]    Compiling crossterm v0.27.0
[INFO] [stderr]    Compiling lockedbox v0.1.1
[INFO] [stderr]    Compiling lz4_flex v0.11.1
[INFO] [stderr]    Compiling sysinfo v0.29.11
[INFO] [stderr]    Compiling fs2 v0.4.3
[INFO] [stderr]    Compiling easy-parallel v3.3.1
[INFO] [stderr]    Compiling bonsaidb-utils v0.5.0
[INFO] [stderr]    Compiling serde_derive v1.0.194
[INFO] [stderr]    Compiling zeroize_derive v1.4.2
[INFO] [stderr]    Compiling thiserror-impl v1.0.56
[INFO] [stderr]    Compiling tracing-attributes v0.1.27
[INFO] [stderr]    Compiling futures-macro v0.3.30
[INFO] [stderr]    Compiling zeroize v1.7.0
[INFO] [stderr]    Compiling der v0.7.8
[INFO] [stderr]    Compiling derive-where v1.2.7
[INFO] [stderr]    Compiling darling v0.13.4
[INFO] [stderr]    Compiling pin-project-internal v1.1.3
[INFO] [stderr]    Compiling thiserror v1.0.56
[INFO] [stderr]    Compiling spki v0.7.3
[INFO] [stderr]    Compiling futures-util v0.3.30
[INFO] [stderr]    Compiling pkcs8 v0.10.2
[INFO] [stderr]    Compiling actionable-macros v0.2.0
[INFO] [stderr]    Compiling async-trait v0.1.77
[INFO] [stderr]    Compiling tracing v0.1.40
[INFO] [stderr]    Compiling clap_derive v4.4.7
[INFO] [stderr]    Compiling pin-project v1.1.3
[INFO] [stderr]    Compiling flume v0.10.14
[INFO] [stderr]    Compiling tokio-macros v2.2.0
[INFO] [stderr]    Compiling quote-use-macros v0.7.2
[INFO] [stderr]    Compiling transmog-versions v0.1.1
[INFO] [stderr]    Compiling futures-executor v0.3.30
[INFO] [stderr]    Compiling watchable v1.1.2
[INFO] [stderr]    Compiling tokio v1.35.1
[INFO] [stderr]    Compiling quote-use v0.7.2
[INFO] [stderr]    Compiling attribute-derive-macro v0.8.1
[INFO] [stderr]    Compiling futures v0.3.30
[INFO] [stderr]    Compiling clap v4.4.13
[INFO] [stderr]    Compiling attribute-derive v0.8.1
[INFO] [stderr]    Compiling bonsaidb-macros v0.5.0
[INFO] [stderr]    Compiling arc-bytes v0.3.5
[INFO] [stderr]    Compiling pot v3.0.0
[INFO] [stderr]    Compiling actionable v0.2.0
[INFO] [stderr]    Compiling bincode v1.3.3
[INFO] [stderr]    Compiling nebari v0.5.5
[INFO] [stderr]    Compiling crypto-common v0.1.6
[INFO] [stderr]    Compiling block-buffer v0.10.4
[INFO] [stderr]    Compiling inout v0.1.3
[INFO] [stderr]    Compiling sec1 v0.7.3
[INFO] [stderr]    Compiling universal-hash v0.5.1
[INFO] [stderr]    Compiling digest v0.10.7
[INFO] [stderr]    Compiling cipher v0.4.4
[INFO] [stderr]    Compiling crypto-bigint v0.5.5
[INFO] [stderr]    Compiling hmac v0.12.1
[INFO] [stderr]    Compiling sha2 v0.10.8
[INFO] [stderr]    Compiling polyval v0.6.1
[INFO] [stderr]    Compiling aead v0.5.2
[INFO] [stderr]    Compiling hkdf v0.12.4
[INFO] [stderr]    Compiling sec1 v0.3.0
[INFO] [stderr]    Compiling crypto-bigint v0.4.9
[INFO] [stderr]    Compiling ghash v0.5.0
[INFO] [stderr]    Compiling rfc6979 v0.4.0
[INFO] [stderr]    Compiling chacha20 v0.9.1
[INFO] [stderr]    Compiling ctr v0.9.2
[INFO] [stderr]    Compiling aes v0.8.3
[INFO] [stderr]    Compiling signature v2.2.0
[INFO] [stderr]    Compiling poly1305 v0.8.0
[INFO] [stderr]    Compiling circulate v0.5.0
[INFO] [stderr]    Compiling chacha20poly1305 v0.10.1
[INFO] [stderr]    Compiling aes-gcm v0.10.3
[INFO] [stderr]    Compiling elliptic-curve v0.12.3
[INFO] [stderr]    Compiling transmog-pot v0.3.0
[INFO] [stderr]    Compiling blake2 v0.10.6
[INFO] [stderr]    Compiling bonsaidb-core v0.5.0
[INFO] [stderr]    Compiling p256 v0.11.1
[INFO] [stderr]    Compiling elliptic-curve v0.13.8
[INFO] [stderr]    Compiling hpke v0.10.0
[INFO] [stderr]    Compiling argon2 v0.5.2
[INFO] [stderr]    Compiling primeorder v0.13.6
[INFO] [stderr]    Compiling ecdsa v0.16.9
[INFO] [stderr]    Compiling p256 v0.13.2
[INFO] [stderr]    Compiling bonsaidb-local v0.5.0 (/opt/rustwide/workdir)
[INFO] [stdout] warning: unused import: `bonsaidb_core::circulate::Relay`
[INFO] [stdout]  --> src/database/pubsub.rs:2:9
[INFO] [stdout]   |
[INFO] [stdout] 2 | pub use bonsaidb_core::circulate::Relay;
[INFO] [stdout]   |         ^^^^^^^^^^^^^^^^^^^^^^^^^^^^^^^
[INFO] [stdout]   |
[INFO] [stdout]   = note: `#[warn(unused_imports)]` on by default
[INFO] [stdout] 
[INFO] [stdout] 
[INFO] [stdout] warning: 1 warning emitted
[INFO] [stdout] 
[INFO] [stdout] 
[INFO] [stderr]     Finished dev [unoptimized + debuginfo] target(s) in 1m 36s
[INFO] running `Command { std: "docker" "inspect" "de9e1d967c4a11f93a3732a1f0aa9897c6bf942475e4ec25eff64dd0ac5ba85d", kill_on_drop: false }`
[INFO] running `Command { std: "docker" "rm" "-f" "de9e1d967c4a11f93a3732a1f0aa9897c6bf942475e4ec25eff64dd0ac5ba85d", kill_on_drop: false }`
[INFO] [stdout] de9e1d967c4a11f93a3732a1f0aa9897c6bf942475e4ec25eff64dd0ac5ba85d
[INFO] running `Command { std: "docker" "create" "-v" "/var/lib/crater-agent-workspace/builds/worker-1-tc1/target:/opt/rustwide/target:rw,Z" "-v" "/var/lib/crater-agent-workspace/builds/worker-1-tc1/source:/opt/rustwide/workdir:ro,Z" "-v" "/var/lib/crater-agent-workspace/cargo-home:/opt/rustwide/cargo-home:ro,Z" "-v" "/var/lib/crater-agent-workspace/rustup-home:/opt/rustwide/rustup-home:ro,Z" "-e" "SOURCE_DIR=/opt/rustwide/workdir" "-e" "CARGO_TARGET_DIR=/opt/rustwide/target" "-e" "CARGO_INCREMENTAL=0" "-e" "RUST_BACKTRACE=full" "-e" "RUSTFLAGS=--cap-lints=warn" "-e" "RUSTDOCFLAGS=--cap-lints=warn" "-e" "CARGO_HOME=/opt/rustwide/cargo-home" "-e" "RUSTUP_HOME=/opt/rustwide/rustup-home" "-w" "/opt/rustwide/workdir" "-m" "1610612736" "--user" "0:0" "--network" "none" "ghcr.io/rust-lang/crates-build-env/linux@sha256:2788e3201cd34a07e3172128adcd8b3090168a8e3bcc40d7c032b9dda1df7d1c" "/opt/rustwide/cargo-home/bin/cargo" "+1.75.0" "test" "--frozen" "--no-run" "--message-format=json", kill_on_drop: false }`
[INFO] [stdout] 010ea1105d9f2f07ae3e6d17145cf630d4c674ce6dd309800492e8a4410369e2
[INFO] running `Command { std: "docker" "start" "-a" "010ea1105d9f2f07ae3e6d17145cf630d4c674ce6dd309800492e8a4410369e2", kill_on_drop: false }`
[INFO] [stderr]    Compiling bonsaidb-core v0.5.0
[INFO] [stderr]    Compiling fs_extra v1.3.0
[INFO] [stderr]    Compiling bonsaidb-local v0.5.0 (/opt/rustwide/workdir)
[INFO] [stdout] warning: unused import: `bonsaidb_core::circulate::Relay`
[INFO] [stdout]  --> src/database/pubsub.rs:2:9
[INFO] [stdout]   |
[INFO] [stdout] 2 | pub use bonsaidb_core::circulate::Relay;
[INFO] [stdout]   |         ^^^^^^^^^^^^^^^^^^^^^^^^^^^^^^^
[INFO] [stdout]   |
[INFO] [stdout]   = note: `#[warn(unused_imports)]` on by default
[INFO] [stdout] 
[INFO] [stdout] 
[INFO] [stdout] warning: unused import: `bonsaidb_core::circulate::Relay`
[INFO] [stdout]  --> src/database/pubsub.rs:2:9
[INFO] [stdout]   |
[INFO] [stdout] 2 | pub use bonsaidb_core::circulate::Relay;
[INFO] [stdout]   |         ^^^^^^^^^^^^^^^^^^^^^^^^^^^^^^^
[INFO] [stdout]   |
[INFO] [stdout]   = note: `#[warn(unused_imports)]` on by default
[INFO] [stdout] 
[INFO] [stdout] 
[INFO] [stdout] warning: variable does not need to be mutable
[INFO] [stdout]    --> src/database/keyvalue.rs:914:17
[INFO] [stdout]     |
[INFO] [stdout] 914 |             let mut persistence_watcher = context.kv_persistence_watcher();
[INFO] [stdout]     |                 ----^^^^^^^^^^^^^^^^^^^
[INFO] [stdout]     |                 |
[INFO] [stdout]     |                 help: remove this `mut`
[INFO] [stdout]     |
[INFO] [stdout]     = note: `#[warn(unused_mut)]` on by default
[INFO] [stdout] 
[INFO] [stdout] 
[INFO] [stdout] warning: variable does not need to be mutable
[INFO] [stdout]    --> src/database/keyvalue.rs:938:17
[INFO] [stdout]     |
[INFO] [stdout] 938 |             let mut persistence_watcher = context.kv_persistence_watcher();
[INFO] [stdout]     |                 ----^^^^^^^^^^^^^^^^^^^
[INFO] [stdout]     |                 |
[INFO] [stdout]     |                 help: remove this `mut`
[INFO] [stdout] 
[INFO] [stdout] 
[INFO] [stdout] warning: variable does not need to be mutable
[INFO] [stdout]    --> src/database/keyvalue.rs:969:17
[INFO] [stdout]     |
[INFO] [stdout] 969 |             let mut persistence_watcher = context.kv_persistence_watcher();
[INFO] [stdout]     |                 ----^^^^^^^^^^^^^^^^^^^
[INFO] [stdout]     |                 |
[INFO] [stdout]     |                 help: remove this `mut`
[INFO] [stdout] 
[INFO] [stdout] 
[INFO] [stdout] warning: variable does not need to be mutable
[INFO] [stdout]     --> src/database/keyvalue.rs:1030:17
[INFO] [stdout]      |
[INFO] [stdout] 1030 |             let mut persistence_watcher = context.kv_persistence_watcher();
[INFO] [stdout]      |                 ----^^^^^^^^^^^^^^^^^^^
[INFO] [stdout]      |                 |
[INFO] [stdout]      |                 help: remove this `mut`
[INFO] [stdout] 
[INFO] [stdout] 
[INFO] [stdout] warning: variable does not need to be mutable
[INFO] [stdout]     --> src/database/keyvalue.rs:1104:21
[INFO] [stdout]      |
[INFO] [stdout] 1104 |                 let mut persistence_watcher = context.kv_persistence_watcher();
[INFO] [stdout]      |                     ----^^^^^^^^^^^^^^^^^^^
[INFO] [stdout]      |                     |
[INFO] [stdout]      |                     help: remove this `mut`
[INFO] [stdout] 
[INFO] [stdout] 
[INFO] [stdout] warning: 1 warning emitted
[INFO] [stdout] 
[INFO] [stdout] 
[INFO] [stdout] warning: 6 warnings emitted
[INFO] [stdout] 
[INFO] [stdout] 
[INFO] [stderr]     Finished test [unoptimized + debuginfo] target(s) in 56.82s
[INFO] running `Command { std: "docker" "inspect" "010ea1105d9f2f07ae3e6d17145cf630d4c674ce6dd309800492e8a4410369e2", kill_on_drop: false }`
[INFO] running `Command { std: "docker" "rm" "-f" "010ea1105d9f2f07ae3e6d17145cf630d4c674ce6dd309800492e8a4410369e2", kill_on_drop: false }`
[INFO] [stdout] 010ea1105d9f2f07ae3e6d17145cf630d4c674ce6dd309800492e8a4410369e2
[INFO] running `Command { std: "docker" "create" "-v" "/var/lib/crater-agent-workspace/builds/worker-1-tc1/target:/opt/rustwide/target:rw,Z" "-v" "/var/lib/crater-agent-workspace/builds/worker-1-tc1/source:/opt/rustwide/workdir:ro,Z" "-v" "/var/lib/crater-agent-workspace/cargo-home:/opt/rustwide/cargo-home:ro,Z" "-v" "/var/lib/crater-agent-workspace/rustup-home:/opt/rustwide/rustup-home:ro,Z" "-e" "SOURCE_DIR=/opt/rustwide/workdir" "-e" "CARGO_TARGET_DIR=/opt/rustwide/target" "-e" "CARGO_INCREMENTAL=0" "-e" "RUST_BACKTRACE=full" "-e" "RUSTFLAGS=--cap-lints=warn" "-e" "RUSTDOCFLAGS=--cap-lints=warn" "-e" "CARGO_HOME=/opt/rustwide/cargo-home" "-e" "RUSTUP_HOME=/opt/rustwide/rustup-home" "-w" "/opt/rustwide/workdir" "-m" "1610612736" "--user" "0:0" "--network" "none" "ghcr.io/rust-lang/crates-build-env/linux@sha256:2788e3201cd34a07e3172128adcd8b3090168a8e3bcc40d7c032b9dda1df7d1c" "/opt/rustwide/cargo-home/bin/cargo" "+1.75.0" "test" "--frozen", kill_on_drop: false }`
[INFO] [stdout] b9218dde4cee3040823efb1afeed2c45e60d183b4807791ba249c84cc752906e
[INFO] running `Command { std: "docker" "start" "-a" "b9218dde4cee3040823efb1afeed2c45e60d183b4807791ba249c84cc752906e", kill_on_drop: false }`
[INFO] [stderr] warning: unused import: `bonsaidb_core::circulate::Relay`
[INFO] [stderr]  --> src/database/pubsub.rs:2:9
[INFO] [stderr]   |
[INFO] [stderr] 2 | pub use bonsaidb_core::circulate::Relay;
[INFO] [stderr]   |         ^^^^^^^^^^^^^^^^^^^^^^^^^^^^^^^
[INFO] [stderr]   |
[INFO] [stderr]   = note: `#[warn(unused_imports)]` on by default
[INFO] [stderr] 
[INFO] [stderr] warning: variable does not need to be mutable
[INFO] [stderr]    --> src/database/keyvalue.rs:914:17
[INFO] [stderr]     |
[INFO] [stderr] 914 |             let mut persistence_watcher = context.kv_persistence_watcher();
[INFO] [stderr]     |                 ----^^^^^^^^^^^^^^^^^^^
[INFO] [stderr]     |                 |
[INFO] [stderr]     |                 help: remove this `mut`
[INFO] [stderr]     |
[INFO] [stderr]     = note: `#[warn(unused_mut)]` on by default
[INFO] [stderr] 
[INFO] [stderr] warning: variable does not need to be mutable
[INFO] [stderr]    --> src/database/keyvalue.rs:938:17
[INFO] [stderr]     |
[INFO] [stderr] 938 |             let mut persistence_watcher = context.kv_persistence_watcher();
[INFO] [stderr]     |                 ----^^^^^^^^^^^^^^^^^^^
[INFO] [stderr]     |                 |
[INFO] [stderr]     |                 help: remove this `mut`
[INFO] [stderr] 
[INFO] [stderr] warning: variable does not need to be mutable
[INFO] [stderr]    --> src/database/keyvalue.rs:969:17
[INFO] [stderr]     |
[INFO] [stderr] 969 |             let mut persistence_watcher = context.kv_persistence_watcher();
[INFO] [stderr]     |                 ----^^^^^^^^^^^^^^^^^^^
[INFO] [stderr]     |                 |
[INFO] [stderr]     |                 help: remove this `mut`
[INFO] [stderr] 
[INFO] [stderr] warning: variable does not need to be mutable
[INFO] [stderr]     --> src/database/keyvalue.rs:1030:17
[INFO] [stderr]      |
[INFO] [stderr] 1030 |             let mut persistence_watcher = context.kv_persistence_watcher();
[INFO] [stderr]      |                 ----^^^^^^^^^^^^^^^^^^^
[INFO] [stderr]      |                 |
[INFO] [stderr]      |                 help: remove this `mut`
[INFO] [stderr] 
[INFO] [stderr] warning: variable does not need to be mutable
[INFO] [stderr]     --> src/database/keyvalue.rs:1104:21
[INFO] [stderr]      |
[INFO] [stderr] 1104 |                 let mut persistence_watcher = context.kv_persistence_watcher();
[INFO] [stderr]      |                     ----^^^^^^^^^^^^^^^^^^^
[INFO] [stderr]      |                     |
[INFO] [stderr]      |                     help: remove this `mut`
[INFO] [stderr] 
[INFO] [stderr] warning: `bonsaidb-local` (lib) generated 1 warning (run `cargo fix --lib -p bonsaidb-local` to apply 1 suggestion)
[INFO] [stderr] warning: `bonsaidb-local` (lib test) generated 6 warnings (1 duplicate) (run `cargo fix --lib -p bonsaidb-local --tests` to apply 5 suggestions)
[INFO] [stderr]     Finished test [unoptimized + debuginfo] target(s) in 0.31s
[INFO] [stderr]      Running unittests src/lib.rs (/opt/rustwide/target/debug/deps/bonsaidb_local-293af15c16b65b24)
[INFO] [stdout] 
[INFO] [stdout] running 163 tests
[INFO] [stdout] test error::test_converting_error ... ok
[INFO] [stdout] test database::keyvalue::tests::basic_expiration ... ok
[INFO] [stdout] test database::keyvalue::tests::saves_on_drop ... ok
[INFO] [stdout] test storage::name_validation_tests ... ok
[INFO] [stdout] test tasks::manager::tests::keyed_simple ... ok
[INFO] [stdout] test database::keyvalue::tests::clearing_expiration ... ok
[INFO] [stdout] test tasks::manager::tests::simple ... ok
[INFO] [stdout] test storage::backup::tests::backup_restore ... ok
[INFO] [stdout] test database::keyvalue::tests::multiple_keys_expiration ... ok
[INFO] [stdout] test database::keyvalue::tests::updating_expiration ... ok
[INFO] [stdout] test tests::compatibility::compatible_with_0_1_x ... ok
[INFO] [stdout] test tests::compatibility::compatible_with_0_2_x ... ok
[INFO] [stdout] test tests::memory::blocking::blocking_connection::bad_update ... ok
[INFO] [stdout] test database::keyvalue::tests::basic_persistence ... ok
[INFO] [stdout] test tests::memory::blocking::blocking_connection::compaction ... ok
[INFO] [stdout] test tests::integrity_checks ... ok
[INFO] [stdout] test tests::memory::blocking::blocking_connection::conflict ... ok
[INFO] [stdout] test tests::memory::blocking::blocking_connection::get_multiple ... ok
[INFO] [stdout] test tests::memory::blocking::blocking_connection::cow_views ... ok
[INFO] [stdout] test tests::encryption ... ok
[INFO] [stdout] test database::keyvalue::tests::out_of_order_expiration ... ok
[INFO] [stdout] test tests::memory::blocking::blocking_connection::list ... ok
[INFO] [stdout] test tests::memory::blocking::blocking_connection::not_found ... ok
[INFO] [stdout] test tests::memory::blocking::blocking_connection::no_update ... ok
[INFO] [stdout] test tests::memory::blocking::blocking_connection::named_collection ... ok
[INFO] [stdout] test tests::memory::blocking::blocking_connection::overwrite ... ok
[INFO] [stdout] test tests::memory::blocking::blocking_connection::server_connection_tests ... ok
[INFO] [stdout] test tests::memory::blocking::blocking_connection::token_authentication ... ok
[INFO] [stdout] test tests::memory::blocking::blocking_connection::transaction_check ... ok
[INFO] [stdout] test tests::memory::blocking::blocking_connection::unassociated_collection ... ok
[INFO] [stdout] test tests::memory::blocking::blocking_connection::store_retrieve_update_delete ... ok
[INFO] [stdout] test tests::compatibility::self_compatibility ... ok
[INFO] [stdout] test tests::memory::blocking::blocking_connection::transactions ... ok
[INFO] [stdout] test tests::expiration_after_close ... ok
[INFO] [stdout] test tests::memory::blocking::blocking_connection::unimplemented_reduce ... ok
[INFO] [stdout] test tests::memory::blocking::blocking_connection::unique_views ... ok
[INFO] [stdout] test tests::memory::blocking::blocking_connection::view_access_policies ... ok
[INFO] [stdout] test storage::argon::basic_test ... ok
[INFO] [stdout] test tests::memory::blocking::blocking_kv::basic_kv_test ... ok
[INFO] [stdout] test tests::memory::blocking::blocking_connection::user_management ... ok
[INFO] [stdout] test tests::memory::blocking::blocking_connection::view_multi_emit ... ok
[INFO] [stdout] test tests::memory::blocking::blocking_kv::kv_concurrency ... ok
[INFO] [stdout] test tests::memory::blocking::blocking_kv::kv_increment_decrement_tests ... ok
[INFO] [stdout] test tests::memory::blocking::blocking_connection::view_query ... ok
[INFO] [stdout] test tests::memory::blocking::blocking_kv::kv_set_tests ... ok
[INFO] [stdout] test tests::memory::blocking::blocking_pubsub::multiple_subscribers_test ... ok
[INFO] [stdout] test tests::memory::blocking::blocking_pubsub::publish_to_all_test ... ok
[INFO] [stdout] test tests::memory::blocking::blocking_pubsub::simple_pubsub_test ... ok
[INFO] [stdout] test tests::memory::blocking::blocking_pubsub::pubsub_drop_cleanup_test ... ok
[INFO] [stdout] test tests::memory::blocking::blocking_connection::view_update ... ok
[INFO] [stdout] test tests::memory::blocking::blocking_pubsub::unsubscribe_test ... ok
[INFO] [stdout] test tests::memory::r#async::async_connection::bad_update ... ok
[INFO] [stdout] test tests::memory::r#async::async_connection::conflict ... ok
[INFO] [stdout] test tests::memory::r#async::async_connection::get_multiple ... ok
[INFO] [stdout] test tests::memory::r#async::async_connection::compaction ... ok
[INFO] [stdout] test tests::memory::r#async::async_connection::list ... ok
[INFO] [stdout] test tests::memory::r#async::async_connection::not_found ... ok
[INFO] [stdout] test tests::memory::r#async::async_connection::no_update ... ok
[INFO] [stdout] test tests::memory::r#async::async_connection::named_collection ... ok
[INFO] [stdout] test tests::memory::r#async::async_connection::server_connection_tests ... ok
[INFO] [stdout] test tests::memory::r#async::async_connection::overwrite ... ok
[INFO] [stdout] test tests::memory::blocking::blocking_kv::delete_expire_tests ... ok
[INFO] [stdout] test tests::memory::r#async::async_connection::token_authentication ... ok
[INFO] [stdout] test tests::memory::blocking::blocking_kv::kv_transaction_tests ... ok
[INFO] [stdout] test tests::memory::r#async::async_connection::store_retrieve_update_delete ... ok
[INFO] [stdout] test tests::memory::r#async::async_connection::transaction_check ... ok
[INFO] [stdout] test tests::memory::r#async::async_connection::unassociated_collection ... ok
[INFO] [stdout] test tests::memory::r#async::async_connection::transactions ... ok
[INFO] [stdout] test tests::memory::r#async::async_connection::unimplemented_reduce ... ok
[INFO] [stdout] test tests::memory::r#async::async_connection::unique_views ... ok
[INFO] [stdout] test tests::memory::r#async::async_connection::user_management ... ok
[INFO] [stdout] test tests::memory::r#async::async_kv::basic_kv_test ... ok
[INFO] [stdout] test tests::memory::r#async::async_connection::view_multi_emit ... ok
[INFO] [stdout] test tests::memory::r#async::async_connection::view_access_policies ... FAILED
[INFO] [stdout] test tests::memory::blocking::blocking_kv::kv_expiration_tests ... ok
[INFO] [stdout] test tests::memory::r#async::async_connection::view_query ... ok
[INFO] [stdout] test tests::memory::r#async::async_kv::kv_increment_decrement_tests ... ok
[INFO] [stdout] test tests::memory::r#async::async_kv::kv_set_tests ... ok
[INFO] [stdout] test tests::memory::r#async::async_connection::view_update ... ok
[INFO] [stdout] test tests::memory::r#async::async_pubsub::multiple_subscribers_test ... ok
[INFO] [stdout] test tests::memory::r#async::async_pubsub::publish_to_all_test ... ok
[INFO] [stdout] test tests::memory::r#async::async_kv::kv_concurrency ... ok
[INFO] [stdout] test tests::memory::r#async::async_pubsub::unsubscribe_test ... ok
[INFO] [stdout] test tests::memory::r#async::async_pubsub::pubsub_drop_cleanup_test ... ok
[INFO] [stdout] test tests::memory::r#async::async_pubsub::simple_pubsub_test ... ok
[INFO] [stdout] test tests::persisted::blocking::blocking_connection::bad_update ... ok
[INFO] [stdout] test tests::persisted::blocking::blocking_connection::compaction ... ok
[INFO] [stdout] test tests::persisted::blocking::blocking_connection::conflict ... ok
[INFO] [stdout] test tests::persisted::blocking::blocking_connection::cow_views ... ok
[INFO] [stdout] test tests::persisted::blocking::blocking_connection::get_multiple ... ok
[INFO] [stdout] test tests::persisted::blocking::blocking_connection::list ... ok
[INFO] [stdout] test tests::memory::r#async::async_kv::delete_expire_tests ... ok
[INFO] [stdout] test tests::persisted::blocking::blocking_connection::no_update ... ok
[INFO] [stdout] test tests::persisted::blocking::blocking_connection::not_found ... ok
[INFO] [stdout] test tests::persisted::blocking::blocking_connection::named_collection ... ok
[INFO] [stdout] test tests::persisted::blocking::blocking_connection::server_connection_tests ... ok
[INFO] [stdout] test tests::memory::r#async::async_kv::kv_transaction_tests ... ok
[INFO] [stdout] test tests::persisted::blocking::blocking_connection::overwrite ... ok
[INFO] [stdout] test tests::persisted::blocking::blocking_connection::transaction_check ... ok
[INFO] [stdout] test tests::persisted::blocking::blocking_connection::token_authentication ... ok
[INFO] [stdout] test tests::persisted::blocking::blocking_connection::store_retrieve_update_delete ... ok
[INFO] [stdout] test tests::persisted::blocking::blocking_connection::transactions ... ok
[INFO] [stdout] test tests::persisted::blocking::blocking_connection::unassociated_collection ... ok
[INFO] [stdout] test tests::persisted::blocking::blocking_connection::unimplemented_reduce ... ok
[INFO] [stdout] test tests::persisted::blocking::blocking_connection::unique_views ... ok
[INFO] [stdout] test tests::persisted::blocking::blocking_connection::view_access_policies ... FAILED
[INFO] [stdout] test tests::memory::r#async::async_kv::kv_expiration_tests ... ok
[INFO] [stdout] test tests::persisted::blocking::blocking_kv::basic_kv_test ... ok
[INFO] [stdout] test tests::persisted::blocking::blocking_connection::view_multi_emit ... ok
[INFO] [stdout] test tests::persisted::blocking::blocking_connection::user_management ... ok
[INFO] [stdout] test tests::persisted::blocking::blocking_connection::view_query ... ok
[INFO] [stdout] test tests::persisted::blocking::blocking_kv::kv_concurrency ... ok
[INFO] [stdout] test tests::persisted::blocking::blocking_kv::kv_increment_decrement_tests ... ok
[INFO] [stdout] test tests::persisted::blocking::blocking_kv::kv_set_tests ... ok
[INFO] [stdout] test tests::persisted::blocking::blocking_pubsub::multiple_subscribers_test ... ok
[INFO] [stdout] test tests::persisted::blocking::blocking_connection::view_update ... ok
[INFO] [stdout] test tests::persisted::blocking::blocking_pubsub::publish_to_all_test ... ok
[INFO] [stdout] test tests::persisted::blocking::blocking_pubsub::pubsub_drop_cleanup_test ... ok
[INFO] [stdout] test tests::persisted::blocking::blocking_pubsub::simple_pubsub_test ... ok
[INFO] [stdout] test tests::persisted::blocking::blocking_pubsub::unsubscribe_test ... ok
[INFO] [stdout] test tests::persisted::r#async::async_connection::bad_update ... ok
[INFO] [stdout] test tests::persisted::r#async::async_connection::compaction ... ok
[INFO] [stdout] test tests::persisted::blocking::blocking_kv::delete_expire_tests ... ok
[INFO] [stdout] test tests::persisted::r#async::async_connection::conflict ... ok
[INFO] [stdout] test tests::persisted::r#async::async_connection::get_multiple ... ok
[INFO] [stdout] test tests::persisted::r#async::async_connection::list ... ok
[INFO] [stdout] test tests::persisted::blocking::blocking_kv::kv_transaction_tests ... ok
[INFO] [stdout] test tests::persisted::r#async::async_connection::no_update ... ok
[INFO] [stdout] test tests::persisted::r#async::async_connection::named_collection ... ok
[INFO] [stdout] test tests::persisted::r#async::async_connection::not_found ... ok
[INFO] [stdout] test tests::persisted::r#async::async_connection::overwrite ... ok
[INFO] [stdout] test tests::persisted::r#async::async_connection::server_connection_tests ... ok
[INFO] [stdout] test tests::persisted::r#async::async_connection::store_retrieve_update_delete ... ok
[INFO] [stdout] test tests::persisted::r#async::async_connection::transaction_check ... ok
[INFO] [stdout] test tests::persisted::r#async::async_connection::token_authentication ... ok
[INFO] [stdout] test tests::persisted::r#async::async_connection::unassociated_collection ... ok
[INFO] [stdout] test tests::persisted::r#async::async_connection::unimplemented_reduce ... ok
[INFO] [stdout] test tests::persisted::r#async::async_connection::transactions ... ok
[INFO] [stdout] test tests::persisted::r#async::async_connection::unique_views ... ok
[INFO] [stdout] test tests::persisted::r#async::async_connection::user_management ... ok
[INFO] [stdout] test tests::persisted::r#async::async_connection::view_access_policies ... ok
[INFO] [stdout] test tests::persisted::r#async::async_connection::view_multi_emit ... ok
[INFO] [stdout] test tests::persisted::r#async::async_kv::basic_kv_test ... ok
[INFO] [stdout] test tests::persisted::r#async::async_connection::view_query ... ok
[INFO] [stdout] test tests::persisted::r#async::async_connection::view_update ... ok
[INFO] [stdout] test tests::persisted::r#async::async_kv::kv_concurrency ... ok
[INFO] [stdout] test tests::persisted::r#async::async_kv::kv_increment_decrement_tests ... ok
[INFO] [stdout] test tests::persisted::r#async::async_kv::kv_set_tests ... ok
[INFO] [stdout] test tests::persisted::blocking::blocking_kv::kv_expiration_tests ... ok
[INFO] [stdout] test tests::persisted::r#async::async_pubsub::multiple_subscribers_test ... ok
[INFO] [stdout] test tests::persisted::r#async::async_pubsub::publish_to_all_test ... ok
[INFO] [stdout] test tests::persisted::r#async::async_pubsub::pubsub_drop_cleanup_test ... ok
[INFO] [stdout] test tests::persisted::r#async::async_pubsub::simple_pubsub_test ... ok
[INFO] [stdout] test tests::persisted::r#async::async_pubsub::unsubscribe_test ... ok
[INFO] [stdout] test vault::tests::vault_encryption_test ... ok
[INFO] [stdout] test vault::tests::vault_permissions_test ... ok
[INFO] [stdout] test tests::persisted::r#async::async_kv::delete_expire_tests ... ok
[INFO] [stdout] test tests::persisted::r#async::async_kv::kv_transaction_tests ... ok
[INFO] [stdout] test tests::persisted::r#async::async_kv::kv_expiration_tests ... ok
[INFO] [stdout] test tests::memory::blocking::blocking_connection::list_transactions ... ok
[INFO] [stdout] test tests::memory::r#async::async_connection::list_transactions ... ok
[INFO] [stdout] test tests::persisted::blocking::blocking_connection::list_transactions ... ok
[INFO] [stdout] test tests::persisted::r#async::async_connection::list_transactions ... ok
[INFO] [stdout] 
[INFO] [stdout] failures:
[INFO] [stdout] 
[INFO] [stdout] ---- tests::memory::r#async::async_connection::view_access_policies stdout ----
[INFO] [stdout] thread 'tests::memory::r#async::async_connection::view_access_policies' panicked at /opt/rustwide/cargo-home/registry/src/index.crates.io-6f17d22bba15001f/bonsaidb-core-0.5.0/src/test_util.rs:2481:5:
[INFO] [stdout] view never updated
[INFO] [stdout] stack backtrace:
[INFO] [stdout]    0:     0x55f3a9eb587c - std::backtrace_rs::backtrace::libunwind::trace::ha637c64ce894333a
[INFO] [stdout]                                at /rustc/82e1608dfa6e0b5569232559e3d385fea5a93112/library/std/src/../../backtrace/src/backtrace/libunwind.rs:104:5
[INFO] [stdout]    1:     0x55f3a9eb587c - std::backtrace_rs::backtrace::trace_unsynchronized::h47f62dea28e0c88d
[INFO] [stdout]                                at /rustc/82e1608dfa6e0b5569232559e3d385fea5a93112/library/std/src/../../backtrace/src/backtrace/mod.rs:66:5
[INFO] [stdout]    2:     0x55f3a9eb587c - std::sys_common::backtrace::_print_fmt::h9eef0abe20ede486
[INFO] [stdout]                                at /rustc/82e1608dfa6e0b5569232559e3d385fea5a93112/library/std/src/sys_common/backtrace.rs:67:5
[INFO] [stdout]    3:     0x55f3a9eb587c - <std::sys_common::backtrace::_print::DisplayBacktrace as core::fmt::Display>::fmt::hed7f999df88cc644
[INFO] [stdout]                                at /rustc/82e1608dfa6e0b5569232559e3d385fea5a93112/library/std/src/sys_common/backtrace.rs:44:22
[INFO] [stdout]    4:     0x55f3a9ee4180 - core::fmt::rt::Argument::fmt::h1539a9308b8d058d
[INFO] [stdout]                                at /rustc/82e1608dfa6e0b5569232559e3d385fea5a93112/library/core/src/fmt/rt.rs:142:9
[INFO] [stdout]    5:     0x55f3a9ee4180 - core::fmt::write::h3a39390d8560d9c9
[INFO] [stdout]                                at /rustc/82e1608dfa6e0b5569232559e3d385fea5a93112/library/core/src/fmt/mod.rs:1120:17
[INFO] [stdout]    6:     0x55f3a9eb2caf - std::io::Write::write_fmt::h040b369f3a0f9cbc
[INFO] [stdout]                                at /rustc/82e1608dfa6e0b5569232559e3d385fea5a93112/library/std/src/io/mod.rs:1762:15
[INFO] [stdout]    7:     0x55f3a9eb5664 - std::sys_common::backtrace::_print::h894006fb5c6f3d45
[INFO] [stdout]                                at /rustc/82e1608dfa6e0b5569232559e3d385fea5a93112/library/std/src/sys_common/backtrace.rs:47:5
[INFO] [stdout]    8:     0x55f3a9eb5664 - std::sys_common::backtrace::print::h23a2d212c6fff936
[INFO] [stdout]                                at /rustc/82e1608dfa6e0b5569232559e3d385fea5a93112/library/std/src/sys_common/backtrace.rs:34:9
[INFO] [stdout]    9:     0x55f3a9eb7327 - std::panicking::default_hook::{{closure}}::h8a1d2ee00185001a
[INFO] [stdout]   10:     0x55f3a9eb7013 - std::panicking::default_hook::h6038f2eba384e475
[INFO] [stdout]                                at /rustc/82e1608dfa6e0b5569232559e3d385fea5a93112/library/std/src/panicking.rs:289:9
[INFO] [stdout]   11:     0x55f3a9921187 - <alloc::boxed::Box<F,A> as core::ops::function::Fn<Args>>::call::h0ad024c9bdc6d768
[INFO] [stdout]                                at /rustc/82e1608dfa6e0b5569232559e3d385fea5a93112/library/alloc/src/boxed.rs:2021:9
[INFO] [stdout]   12:     0x55f3a9921187 - test::test_main::{{closure}}::h7500b54257359db6
[INFO] [stdout]                                at /rustc/82e1608dfa6e0b5569232559e3d385fea5a93112/library/test/src/lib.rs:138:21
[INFO] [stdout]   13:     0x55f3a9eb7938 - <alloc::boxed::Box<F,A> as core::ops::function::Fn<Args>>::call::h1f8f335eaa9cfaee
[INFO] [stdout]                                at /rustc/82e1608dfa6e0b5569232559e3d385fea5a93112/library/alloc/src/boxed.rs:2021:9
[INFO] [stdout]   14:     0x55f3a9eb7938 - std::panicking::rust_panic_with_hook::h2b5517d590cab22e
[INFO] [stdout]                                at /rustc/82e1608dfa6e0b5569232559e3d385fea5a93112/library/std/src/panicking.rs:783:13
[INFO] [stdout]   15:     0x55f3a9eb7659 - std::panicking::begin_panic_handler::{{closure}}::h233112c06e0ef43e
[INFO] [stdout]                                at /rustc/82e1608dfa6e0b5569232559e3d385fea5a93112/library/std/src/panicking.rs:649:13
[INFO] [stdout]   16:     0x55f3a9eb5d46 - std::sys_common::backtrace::__rust_end_short_backtrace::h6e893f24d7ebbff8
[INFO] [stdout]                                at /rustc/82e1608dfa6e0b5569232559e3d385fea5a93112/library/std/src/sys_common/backtrace.rs:170:18
[INFO] [stdout]   17:     0x55f3a9eb73f2 - rust_begin_unwind
[INFO] [stdout]                                at /rustc/82e1608dfa6e0b5569232559e3d385fea5a93112/library/std/src/panicking.rs:645:5
[INFO] [stdout]   18:     0x55f3a8ff6d55 - core::panicking::panic_fmt::hbf0e066aabfa482c
[INFO] [stdout]                                at /rustc/82e1608dfa6e0b5569232559e3d385fea5a93112/library/core/src/panicking.rs:72:14
[INFO] [stdout]   19:     0x55f3a91ae41f - bonsaidb_core::test_util::view_access_policy_tests::{{closure}}::hc267e39d3af41139
[INFO] [stdout]                                at /opt/rustwide/cargo-home/registry/src/index.crates.io-6f17d22bba15001f/bonsaidb-core-0.5.0/src/test_util.rs:2481:5
[INFO] [stdout]   20:     0x55f3a9694bc8 - bonsaidb_local::tests::memory::async::async_connection::view_access_policies::{{closure}}::hcf28afed80313d41
[INFO] [stdout]                                at /opt/rustwide/workdir/src/tests.rs:170:1
[INFO] [stdout]   21:     0x55f3a964bf4b - <core::pin::Pin<P> as core::future::future::Future>::poll::hd574fb9b9447aab4
[INFO] [stdout]                                at /rustc/82e1608dfa6e0b5569232559e3d385fea5a93112/library/core/src/future/future.rs:125:9
[INFO] [stdout]   22:     0x55f3a964babb - <core::pin::Pin<P> as core::future::future::Future>::poll::h9a62c4d434cd8cf7
[INFO] [stdout]                                at /rustc/82e1608dfa6e0b5569232559e3d385fea5a93112/library/core/src/future/future.rs:125:9
[INFO] [stdout]   23:     0x55f3a914a374 - tokio::runtime::scheduler::current_thread::CoreGuard::block_on::{{closure}}::{{closure}}::{{closure}}::h2ec90af5a9aa1dbb
[INFO] [stdout]                                at /opt/rustwide/cargo-home/registry/src/index.crates.io-6f17d22bba15001f/tokio-1.35.1/src/runtime/scheduler/current_thread/mod.rs:665:57
[INFO] [stdout]   24:     0x55f3a914a2a0 - tokio::runtime::coop::with_budget::h94a9b6d8db54b04f
[INFO] [stdout]                                at /opt/rustwide/cargo-home/registry/src/index.crates.io-6f17d22bba15001f/tokio-1.35.1/src/runtime/coop.rs:107:5
[INFO] [stdout]   25:     0x55f3a914a2a0 - tokio::runtime::coop::budget::h61e0d83f222080ab
[INFO] [stdout]                                at /opt/rustwide/cargo-home/registry/src/index.crates.io-6f17d22bba15001f/tokio-1.35.1/src/runtime/coop.rs:73:5
[INFO] [stdout]   26:     0x55f3a914a2a0 - tokio::runtime::scheduler::current_thread::CoreGuard::block_on::{{closure}}::{{closure}}::hd2aef657bbe74ef7
[INFO] [stdout]                                at /opt/rustwide/cargo-home/registry/src/index.crates.io-6f17d22bba15001f/tokio-1.35.1/src/runtime/scheduler/current_thread/mod.rs:665:25
[INFO] [stdout]   27:     0x55f3a9148e3a - tokio::runtime::scheduler::current_thread::Context::enter::hab2206227b2a82cf
[INFO] [stdout]                                at /opt/rustwide/cargo-home/registry/src/index.crates.io-6f17d22bba15001f/tokio-1.35.1/src/runtime/scheduler/current_thread/mod.rs:410:19
[INFO] [stdout]   28:     0x55f3a9149a1e - tokio::runtime::scheduler::current_thread::CoreGuard::block_on::{{closure}}::he831db00e30054b1
[INFO] [stdout]                                at /opt/rustwide/cargo-home/registry/src/index.crates.io-6f17d22bba15001f/tokio-1.35.1/src/runtime/scheduler/current_thread/mod.rs:664:36
[INFO] [stdout]   29:     0x55f3a9149722 - tokio::runtime::scheduler::current_thread::CoreGuard::enter::{{closure}}::hcb98dd3e50f51eda
[INFO] [stdout]                                at /opt/rustwide/cargo-home/registry/src/index.crates.io-6f17d22bba15001f/tokio-1.35.1/src/runtime/scheduler/current_thread/mod.rs:743:68
[INFO] [stdout]   30:     0x55f3a93a848a - tokio::runtime::context::scoped::Scoped<T>::set::h519a0ebca3ca7331
[INFO] [stdout]                                at /opt/rustwide/cargo-home/registry/src/index.crates.io-6f17d22bba15001f/tokio-1.35.1/src/runtime/context/scoped.rs:40:9
[INFO] [stdout]   31:     0x55f3a95a40ba - tokio::runtime::context::set_scheduler::{{closure}}::h21e7529add4d3c45
[INFO] [stdout]                                at /opt/rustwide/cargo-home/registry/src/index.crates.io-6f17d22bba15001f/tokio-1.35.1/src/runtime/context.rs:176:26
[INFO] [stdout]   32:     0x55f3a94ebdc3 - std::thread::local::LocalKey<T>::try_with::hd96afa163ccbac0f
[INFO] [stdout]                                at /rustc/82e1608dfa6e0b5569232559e3d385fea5a93112/library/std/src/thread/local.rs:270:16
[INFO] [stdout]   33:     0x55f3a94ea18d - std::thread::local::LocalKey<T>::with::h21794967b98034ad
[INFO] [stdout]                                at /rustc/82e1608dfa6e0b5569232559e3d385fea5a93112/library/std/src/thread/local.rs:246:9
[INFO] [stdout]   34:     0x55f3a95a4061 - tokio::runtime::context::set_scheduler::h8ae6d7c3ac236396
[INFO] [stdout]                                at /opt/rustwide/cargo-home/registry/src/index.crates.io-6f17d22bba15001f/tokio-1.35.1/src/runtime/context.rs:176:9
[INFO] [stdout]   35:     0x55f3a9149479 - tokio::runtime::scheduler::current_thread::CoreGuard::enter::h1b5df1c02adbe876
[INFO] [stdout]                                at /opt/rustwide/cargo-home/registry/src/index.crates.io-6f17d22bba15001f/tokio-1.35.1/src/runtime/scheduler/current_thread/mod.rs:743:27
[INFO] [stdout]   36:     0x55f3a914974d - tokio::runtime::scheduler::current_thread::CoreGuard::block_on::h88b3964aea22a33a
[INFO] [stdout]                                at /opt/rustwide/cargo-home/registry/src/index.crates.io-6f17d22bba15001f/tokio-1.35.1/src/runtime/scheduler/current_thread/mod.rs:652:19
[INFO] [stdout]   37:     0x55f3a9147b26 - tokio::runtime::scheduler::current_thread::CurrentThread::block_on::{{closure}}::hb670f3a5cd66faaa
[INFO] [stdout]                                at /opt/rustwide/cargo-home/registry/src/index.crates.io-6f17d22bba15001f/tokio-1.35.1/src/runtime/scheduler/current_thread/mod.rs:175:28
[INFO] [stdout]   38:     0x55f3a90ac54a - tokio::runtime::context::runtime::enter_runtime::hfeaede31af44138b
[INFO] [stdout]                                at /opt/rustwide/cargo-home/registry/src/index.crates.io-6f17d22bba15001f/tokio-1.35.1/src/runtime/context/runtime.rs:65:16
[INFO] [stdout]   39:     0x55f3a9147a20 - tokio::runtime::scheduler::current_thread::CurrentThread::block_on::ha3e294c13cc0e4b9
[INFO] [stdout]                                at /opt/rustwide/cargo-home/registry/src/index.crates.io-6f17d22bba15001f/tokio-1.35.1/src/runtime/scheduler/current_thread/mod.rs:167:9
[INFO] [stdout]   40:     0x55f3a90aca99 - tokio::runtime::runtime::Runtime::block_on::h3121e1c091f6e39a
[INFO] [stdout]                                at /opt/rustwide/cargo-home/registry/src/index.crates.io-6f17d22bba15001f/tokio-1.35.1/src/runtime/runtime.rs:348:47
[INFO] [stdout]   41:     0x55f3a969442a - bonsaidb_local::tests::memory::async::async_connection::view_access_policies::ha5ad05e0764a9451
[INFO] [stdout]                                at /opt/rustwide/cargo-home/registry/src/index.crates.io-6f17d22bba15001f/bonsaidb-core-0.5.0/src/test_util.rs:697:17
[INFO] [stdout]   42:     0x55f3a96942b7 - bonsaidb_local::tests::memory::async::async_connection::view_access_policies::{{closure}}::h4fc7de9e94a4e0b8
[INFO] [stdout]                                at /opt/rustwide/cargo-home/registry/src/index.crates.io-6f17d22bba15001f/bonsaidb-core-0.5.0/src/test_util.rs:691:48
[INFO] [stdout]   43:     0x55f3a94f7546 - core::ops::function::FnOnce::call_once::he641d8fde8cadfc4
[INFO] [stdout]                                at /rustc/82e1608dfa6e0b5569232559e3d385fea5a93112/library/core/src/ops/function.rs:250:5
[INFO] [stdout]   44:     0x55f3a99267df - core::ops::function::FnOnce::call_once::h2b5d431d5046312d
[INFO] [stdout]                                at /rustc/82e1608dfa6e0b5569232559e3d385fea5a93112/library/core/src/ops/function.rs:250:5
[INFO] [stdout]   45:     0x55f3a99267df - test::__rust_begin_short_backtrace::h7714669af176e207
[INFO] [stdout]                                at /rustc/82e1608dfa6e0b5569232559e3d385fea5a93112/library/test/src/lib.rs:628:18
[INFO] [stdout]   46:     0x55f3a99257f5 - test::run_test_in_process::{{closure}}::h85218797dcbcec12
[INFO] [stdout]                                at /rustc/82e1608dfa6e0b5569232559e3d385fea5a93112/library/test/src/lib.rs:651:60
[INFO] [stdout]   47:     0x55f3a99257f5 - <core::panic::unwind_safe::AssertUnwindSafe<F> as core::ops::function::FnOnce<()>>::call_once::h76c106ea31c14d7b
[INFO] [stdout]                                at /rustc/82e1608dfa6e0b5569232559e3d385fea5a93112/library/core/src/panic/unwind_safe.rs:272:9
[INFO] [stdout]   48:     0x55f3a99257f5 - std::panicking::try::do_call::h3bd5d0f6620ee946
[INFO] [stdout]                                at /rustc/82e1608dfa6e0b5569232559e3d385fea5a93112/library/std/src/panicking.rs:552:40
[INFO] [stdout]   49:     0x55f3a99257f5 - std::panicking::try::h232e535e4744fe31
[INFO] [stdout]                                at /rustc/82e1608dfa6e0b5569232559e3d385fea5a93112/library/std/src/panicking.rs:516:19
[INFO] [stdout]   50:     0x55f3a99257f5 - std::panic::catch_unwind::h3ce3bd6ca8dbac68
[INFO] [stdout]                                at /rustc/82e1608dfa6e0b5569232559e3d385fea5a93112/library/std/src/panic.rs:142:14
[INFO] [stdout]   51:     0x55f3a99257f5 - test::run_test_in_process::hc97b257c9621286a
[INFO] [stdout]                                at /rustc/82e1608dfa6e0b5569232559e3d385fea5a93112/library/test/src/lib.rs:651:27
[INFO] [stdout]   52:     0x55f3a99257f5 - test::run_test::{{closure}}::h2aa798823a438d38
[INFO] [stdout]                                at /rustc/82e1608dfa6e0b5569232559e3d385fea5a93112/library/test/src/lib.rs:574:43
[INFO] [stdout]   53:     0x55f3a98edab6 - test::run_test::{{closure}}::h87d231c78fb59832
[INFO] [stdout]                                at /rustc/82e1608dfa6e0b5569232559e3d385fea5a93112/library/test/src/lib.rs:602:41
[INFO] [stdout]   54:     0x55f3a98edab6 - std::sys_common::backtrace::__rust_begin_short_backtrace::he6df152596625789
[INFO] [stdout]                                at /rustc/82e1608dfa6e0b5569232559e3d385fea5a93112/library/std/src/sys_common/backtrace.rs:154:18
[INFO] [stdout]   55:     0x55f3a98f2b67 - std::thread::Builder::spawn_unchecked_::{{closure}}::{{closure}}::ha94be15d1e0acf36
[INFO] [stdout]                                at /rustc/82e1608dfa6e0b5569232559e3d385fea5a93112/library/std/src/thread/mod.rs:529:17
[INFO] [stdout]   56:     0x55f3a98f2b67 - <core::panic::unwind_safe::AssertUnwindSafe<F> as core::ops::function::FnOnce<()>>::call_once::h9dc6bd6372f16606
[INFO] [stdout]                                at /rustc/82e1608dfa6e0b5569232559e3d385fea5a93112/library/core/src/panic/unwind_safe.rs:272:9
[INFO] [stdout]   57:     0x55f3a98f2b67 - std::panicking::try::do_call::h9057517f80303cd4
[INFO] [stdout]                                at /rustc/82e1608dfa6e0b5569232559e3d385fea5a93112/library/std/src/panicking.rs:552:40
[INFO] [stdout]   58:     0x55f3a98f2b67 - std::panicking::try::he3a30b11ee45340c
[INFO] [stdout]                                at /rustc/82e1608dfa6e0b5569232559e3d385fea5a93112/library/std/src/panicking.rs:516:19
[INFO] [stdout]   59:     0x55f3a98f2b67 - std::panic::catch_unwind::h410458cfd3528b8b
[INFO] [stdout]                                at /rustc/82e1608dfa6e0b5569232559e3d385fea5a93112/library/std/src/panic.rs:142:14
[INFO] [stdout]   60:     0x55f3a98f2b67 - std::thread::Builder::spawn_unchecked_::{{closure}}::h72ac3bdb567b737b
[INFO] [stdout]                                at /rustc/82e1608dfa6e0b5569232559e3d385fea5a93112/library/std/src/thread/mod.rs:528:30
[INFO] [stdout]   61:     0x55f3a98f2b67 - core::ops::function::FnOnce::call_once{{vtable.shim}}::h38f34da3654a8344
[INFO] [stdout]                                at /rustc/82e1608dfa6e0b5569232559e3d385fea5a93112/library/core/src/ops/function.rs:250:5
[INFO] [stdout]   62:     0x55f3a9ebe115 - <alloc::boxed::Box<F,A> as core::ops::function::FnOnce<Args>>::call_once::hc7eafaff61e32df9
[INFO] [stdout]                                at /rustc/82e1608dfa6e0b5569232559e3d385fea5a93112/library/alloc/src/boxed.rs:2007:9
[INFO] [stdout]   63:     0x55f3a9ebe115 - <alloc::boxed::Box<F,A> as core::ops::function::FnOnce<Args>>::call_once::h6ba4a5de48dd2304
[INFO] [stdout]                                at /rustc/82e1608dfa6e0b5569232559e3d385fea5a93112/library/alloc/src/boxed.rs:2007:9
[INFO] [stdout]   64:     0x55f3a9ebe115 - std::sys::unix::thread::Thread::new::thread_start::he469335aef763e45
[INFO] [stdout]                                at /rustc/82e1608dfa6e0b5569232559e3d385fea5a93112/library/std/src/sys/unix/thread.rs:108:17
[INFO] [stdout]   65:     0x7f2f7ddaaac3 - <unknown>
[INFO] [stdout]   66:     0x7f2f7de3bbf4 - __clone
[INFO] [stdout]   67:                0x0 - <unknown>
[INFO] [stdout] 
[INFO] [stdout] ---- tests::persisted::blocking::blocking_connection::view_access_policies stdout ----
[INFO] [stdout] thread 'tests::persisted::blocking::blocking_connection::view_access_policies' panicked at /opt/rustwide/cargo-home/registry/src/index.crates.io-6f17d22bba15001f/bonsaidb-core-0.5.0/src/test_util.rs:2535:5:
[INFO] [stdout] view never updated
[INFO] [stdout] stack backtrace:
[INFO] [stdout]    0:     0x55f3a9eb587c - std::backtrace_rs::backtrace::libunwind::trace::ha637c64ce894333a
[INFO] [stdout]                                at /rustc/82e1608dfa6e0b5569232559e3d385fea5a93112/library/std/src/../../backtrace/src/backtrace/libunwind.rs:104:5
[INFO] [stdout]    1:     0x55f3a9eb587c - std::backtrace_rs::backtrace::trace_unsynchronized::h47f62dea28e0c88d
[INFO] [stdout]                                at /rustc/82e1608dfa6e0b5569232559e3d385fea5a93112/library/std/src/../../backtrace/src/backtrace/mod.rs:66:5
[INFO] [stdout]    2:     0x55f3a9eb587c - std::sys_common::backtrace::_print_fmt::h9eef0abe20ede486
[INFO] [stdout]                                at /rustc/82e1608dfa6e0b5569232559e3d385fea5a93112/library/std/src/sys_common/backtrace.rs:67:5
[INFO] [stdout]    3:     0x55f3a9eb587c - <std::sys_common::backtrace::_print::DisplayBacktrace as core::fmt::Display>::fmt::hed7f999df88cc644
[INFO] [stdout]                                at /rustc/82e1608dfa6e0b5569232559e3d385fea5a93112/library/std/src/sys_common/backtrace.rs:44:22
[INFO] [stdout]    4:     0x55f3a9ee4180 - core::fmt::rt::Argument::fmt::h1539a9308b8d058d
[INFO] [stdout]                                at /rustc/82e1608dfa6e0b5569232559e3d385fea5a93112/library/core/src/fmt/rt.rs:142:9
[INFO] [stdout]    5:     0x55f3a9ee4180 - core::fmt::write::h3a39390d8560d9c9
[INFO] [stdout]                                at /rustc/82e1608dfa6e0b5569232559e3d385fea5a93112/library/core/src/fmt/mod.rs:1120:17
[INFO] [stdout]    6:     0x55f3a9eb2caf - std::io::Write::write_fmt::h040b369f3a0f9cbc
[INFO] [stdout]                                at /rustc/82e1608dfa6e0b5569232559e3d385fea5a93112/library/std/src/io/mod.rs:1762:15
[INFO] [stdout]    7:     0x55f3a9eb5664 - std::sys_common::backtrace::_print::h894006fb5c6f3d45
[INFO] [stdout]                                at /rustc/82e1608dfa6e0b5569232559e3d385fea5a93112/library/std/src/sys_common/backtrace.rs:47:5
[INFO] [stdout]    8:     0x55f3a9eb5664 - std::sys_common::backtrace::print::h23a2d212c6fff936
[INFO] [stdout]                                at /rustc/82e1608dfa6e0b5569232559e3d385fea5a93112/library/std/src/sys_common/backtrace.rs:34:9
[INFO] [stdout]    9:     0x55f3a9eb7327 - std::panicking::default_hook::{{closure}}::h8a1d2ee00185001a
[INFO] [stdout]   10:     0x55f3a9eb7013 - std::panicking::default_hook::h6038f2eba384e475
[INFO] [stdout]                                at /rustc/82e1608dfa6e0b5569232559e3d385fea5a93112/library/std/src/panicking.rs:289:9
[INFO] [stdout]   11:     0x55f3a9921187 - <alloc::boxed::Box<F,A> as core::ops::function::Fn<Args>>::call::h0ad024c9bdc6d768
[INFO] [stdout]                                at /rustc/82e1608dfa6e0b5569232559e3d385fea5a93112/library/alloc/src/boxed.rs:2021:9
[INFO] [stdout]   12:     0x55f3a9921187 - test::test_main::{{closure}}::h7500b54257359db6
[INFO] [stdout]                                at /rustc/82e1608dfa6e0b5569232559e3d385fea5a93112/library/test/src/lib.rs:138:21
[INFO] [stdout]   13:     0x55f3a9eb7938 - <alloc::boxed::Box<F,A> as core::ops::function::Fn<Args>>::call::h1f8f335eaa9cfaee
[INFO] [stdout]                                at /rustc/82e1608dfa6e0b5569232559e3d385fea5a93112/library/alloc/src/boxed.rs:2021:9
[INFO] [stdout]   14:     0x55f3a9eb7938 - std::panicking::rust_panic_with_hook::h2b5517d590cab22e
[INFO] [stdout]                                at /rustc/82e1608dfa6e0b5569232559e3d385fea5a93112/library/std/src/panicking.rs:783:13
[INFO] [stdout]   15:     0x55f3a9eb7659 - std::panicking::begin_panic_handler::{{closure}}::h233112c06e0ef43e
[INFO] [stdout]                                at /rustc/82e1608dfa6e0b5569232559e3d385fea5a93112/library/std/src/panicking.rs:649:13
[INFO] [stdout]   16:     0x55f3a9eb5d46 - std::sys_common::backtrace::__rust_end_short_backtrace::h6e893f24d7ebbff8
[INFO] [stdout]                                at /rustc/82e1608dfa6e0b5569232559e3d385fea5a93112/library/std/src/sys_common/backtrace.rs:170:18
[INFO] [stdout]   17:     0x55f3a9eb73f2 - rust_begin_unwind
[INFO] [stdout]                                at /rustc/82e1608dfa6e0b5569232559e3d385fea5a93112/library/std/src/panicking.rs:645:5
[INFO] [stdout]   18:     0x55f3a8ff6d55 - core::panicking::panic_fmt::hbf0e066aabfa482c
[INFO] [stdout]                                at /rustc/82e1608dfa6e0b5569232559e3d385fea5a93112/library/core/src/panicking.rs:72:14
[INFO] [stdout]   19:     0x55f3a91c3bbb - bonsaidb_core::test_util::blocking_view_access_policy_tests::hfda0b63f4a98a5bb
[INFO] [stdout]                                at /opt/rustwide/cargo-home/registry/src/index.crates.io-6f17d22bba15001f/bonsaidb-core-0.5.0/src/test_util.rs:2535:5
[INFO] [stdout]   20:     0x55f3a9227d3e - bonsaidb_local::tests::persisted::blocking::blocking_connection::view_access_policies::hde5893b7a5efff2f
[INFO] [stdout]                                at /opt/rustwide/cargo-home/registry/src/index.crates.io-6f17d22bba15001f/bonsaidb-core-0.5.0/src/test_util.rs:938:17
[INFO] [stdout]   21:     0x55f3a9227b57 - bonsaidb_local::tests::persisted::blocking::blocking_connection::view_access_policies::{{closure}}::h7f19b87d93c8e99d
[INFO] [stdout]                                at /opt/rustwide/cargo-home/registry/src/index.crates.io-6f17d22bba15001f/bonsaidb-core-0.5.0/src/test_util.rs:934:42
[INFO] [stdout]   22:     0x55f3a94f47b6 - core::ops::function::FnOnce::call_once::h9c25ededd8d88c64
[INFO] [stdout]                                at /rustc/82e1608dfa6e0b5569232559e3d385fea5a93112/library/core/src/ops/function.rs:250:5
[INFO] [stdout]   23:     0x55f3a99267df - core::ops::function::FnOnce::call_once::h2b5d431d5046312d
[INFO] [stdout]                                at /rustc/82e1608dfa6e0b5569232559e3d385fea5a93112/library/core/src/ops/function.rs:250:5
[INFO] [stdout]   24:     0x55f3a99267df - test::__rust_begin_short_backtrace::h7714669af176e207
[INFO] [stdout]                                at /rustc/82e1608dfa6e0b5569232559e3d385fea5a93112/library/test/src/lib.rs:628:18
[INFO] [stdout]   25:     0x55f3a99257f5 - test::run_test_in_process::{{closure}}::h85218797dcbcec12
[INFO] [stdout]                                at /rustc/82e1608dfa6e0b5569232559e3d385fea5a93112/library/test/src/lib.rs:651:60
[INFO] [stdout]   26:     0x55f3a99257f5 - <core::panic::unwind_safe::AssertUnwindSafe<F> as core::ops::function::FnOnce<()>>::call_once::h76c106ea31c14d7b
[INFO] [stdout]                                at /rustc/82e1608dfa6e0b5569232559e3d385fea5a93112/library/core/src/panic/unwind_safe.rs:272:9
[INFO] [stdout]   27:     0x55f3a99257f5 - std::panicking::try::do_call::h3bd5d0f6620ee946
[INFO] [stdout]                                at /rustc/82e1608dfa6e0b5569232559e3d385fea5a93112/library/std/src/panicking.rs:552:40
[INFO] [stdout]   28:     0x55f3a99257f5 - std::panicking::try::h232e535e4744fe31
[INFO] [stdout]                                at /rustc/82e1608dfa6e0b5569232559e3d385fea5a93112/library/std/src/panicking.rs:516:19
[INFO] [stdout]   29:     0x55f3a99257f5 - std::panic::catch_unwind::h3ce3bd6ca8dbac68
[INFO] [stdout]                                at /rustc/82e1608dfa6e0b5569232559e3d385fea5a93112/library/std/src/panic.rs:142:14
[INFO] [stdout]   30:     0x55f3a99257f5 - test::run_test_in_process::hc97b257c9621286a
[INFO] [stdout]                                at /rustc/82e1608dfa6e0b5569232559e3d385fea5a93112/library/test/src/lib.rs:651:27
[INFO] [stdout]   31:     0x55f3a99257f5 - test::run_test::{{closure}}::h2aa798823a438d38
[INFO] [stdout]                                at /rustc/82e1608dfa6e0b5569232559e3d385fea5a93112/library/test/src/lib.rs:574:43
[INFO] [stdout]   32:     0x55f3a98edab6 - test::run_test::{{closure}}::h87d231c78fb59832
[INFO] [stdout]                                at /rustc/82e1608dfa6e0b5569232559e3d385fea5a93112/library/test/src/lib.rs:602:41
[INFO] [stdout]   33:     0x55f3a98edab6 - std::sys_common::backtrace::__rust_begin_short_backtrace::he6df152596625789
[INFO] [stdout]                                at /rustc/82e1608dfa6e0b5569232559e3d385fea5a93112/library/std/src/sys_common/backtrace.rs:154:18
[INFO] [stdout]   34:     0x55f3a98f2b67 - std::thread::Builder::spawn_unchecked_::{{closure}}::{{closure}}::ha94be15d1e0acf36
[INFO] [stdout]                                at /rustc/82e1608dfa6e0b5569232559e3d385fea5a93112/library/std/src/thread/mod.rs:529:17
[INFO] [stdout]   35:     0x55f3a98f2b67 - <core::panic::unwind_safe::AssertUnwindSafe<F> as core::ops::function::FnOnce<()>>::call_once::h9dc6bd6372f16606
[INFO] [stdout]                                at /rustc/82e1608dfa6e0b5569232559e3d385fea5a93112/library/core/src/panic/unwind_safe.rs:272:9
[INFO] [stdout]   36:     0x55f3a98f2b67 - std::panicking::try::do_call::h9057517f80303cd4
[INFO] [stdout]                                at /rustc/82e1608dfa6e0b5569232559e3d385fea5a93112/library/std/src/panicking.rs:552:40
[INFO] [stdout]   37:     0x55f3a98f2b67 - std::panicking::try::he3a30b11ee45340c
[INFO] [stdout]                                at /rustc/82e1608dfa6e0b5569232559e3d385fea5a93112/library/std/src/panicking.rs:516:19
[INFO] [stdout]   38:     0x55f3a98f2b67 - std::panic::catch_unwind::h410458cfd3528b8b
[INFO] [stdout]                                at /rustc/82e1608dfa6e0b5569232559e3d385fea5a93112/library/std/src/panic.rs:142:14
[INFO] [stdout]   39:     0x55f3a98f2b67 - std::thread::Builder::spawn_unchecked_::{{closure}}::h72ac3bdb567b737b
[INFO] [stdout]                                at /rustc/82e1608dfa6e0b5569232559e3d385fea5a93112/library/std/src/thread/mod.rs:528:30
[INFO] [stdout]   40:     0x55f3a98f2b67 - core::ops::function::FnOnce::call_once{{vtable.shim}}::h38f34da3654a8344
[INFO] [stdout]                                at /rustc/82e1608dfa6e0b5569232559e3d385fea5a93112/library/core/src/ops/function.rs:250:5
[INFO] [stdout]   41:     0x55f3a9ebe115 - <alloc::boxed::Box<F,A> as core::ops::function::FnOnce<Args>>::call_once::hc7eafaff61e32df9
[INFO] [stdout]                                at /rustc/82e1608dfa6e0b5569232559e3d385fea5a93112/library/alloc/src/boxed.rs:2007:9
[INFO] [stdout]   42:     0x55f3a9ebe115 - <alloc::boxed::Box<F,A> as core::ops::function::FnOnce<Args>>::call_once::h6ba4a5de48dd2304
[INFO] [stdout]                                at /rustc/82e1608dfa6e0b5569232559e3d385fea5a93112/library/alloc/src/boxed.rs:2007:9
[INFO] [stdout]   43:     0x55f3a9ebe115 - std::sys::unix::thread::Thread::new::thread_start::he469335aef763e45
[INFO] [stdout]                                at /rustc/82e1608dfa6e0b5569232559e3d385fea5a93112/library/std/src/sys/unix/thread.rs:108:17
[INFO] [stdout]   44:     0x7f2f7ddaaac3 - <unknown>
[INFO] [stdout]   45:     0x7f2f7de3bbf4 - __clone
[INFO] [stdout]   46:                0x0 - <unknown>
[INFO] [stdout] 
[INFO] [stdout] 
[INFO] [stdout] failures:
[INFO] [stdout]     tests::memory::r#async::async_connection::view_access_policies
[INFO] [stdout]     tests::persisted::blocking::blocking_connection::view_access_policies
[INFO] [stdout] 
[INFO] [stdout] test result: FAILED. 161 passed; 2 failed; 0 ignored; 0 measured; 0 filtered out; finished in 34.90s
[INFO] [stdout] 
[INFO] [stderr] error: test failed, to rerun pass `--lib`
[INFO] running `Command { std: "docker" "inspect" "b9218dde4cee3040823efb1afeed2c45e60d183b4807791ba249c84cc752906e", kill_on_drop: false }`
[INFO] running `Command { std: "docker" "rm" "-f" "b9218dde4cee3040823efb1afeed2c45e60d183b4807791ba249c84cc752906e", kill_on_drop: false }`
[INFO] [stdout] b9218dde4cee3040823efb1afeed2c45e60d183b4807791ba249c84cc752906e
