[INFO] cloning repository https://github.com/wojciechkepka/pkger
[INFO] running `Command { std: "git" "-c" "credential.helper=" "-c" "credential.helper=/workspace/cargo-home/bin/git-credential-null" "clone" "--bare" "https://github.com/wojciechkepka/pkger" "/workspace/cache/git-repos/https%3A%2F%2Fgithub.com%2Fwojciechkepka%2Fpkger", kill_on_drop: false }`
[INFO] [stderr] Cloning into bare repository '/workspace/cache/git-repos/https%3A%2F%2Fgithub.com%2Fwojciechkepka%2Fpkger'...
[INFO] running `Command { std: "git" "rev-parse" "HEAD", kill_on_drop: false }`
[INFO] [stdout] a5f1ea1384494b1fe63282fdf3483563bf495c6f
[INFO] testing wojciechkepka/pkger against 1.75.0 for beta-1.76-1
[INFO] running `Command { std: "git" "clone" "/workspace/cache/git-repos/https%3A%2F%2Fgithub.com%2Fwojciechkepka%2Fpkger" "/workspace/builds/worker-5-tc1/source", kill_on_drop: false }`
[INFO] [stderr] Cloning into '/workspace/builds/worker-5-tc1/source'...
[INFO] [stderr] done.
[INFO] validating manifest of git repo https://github.com/wojciechkepka/pkger on toolchain 1.75.0
[INFO] running `Command { std: CARGO_HOME="/workspace/cargo-home" RUSTUP_HOME="/workspace/rustup-home" "/workspace/cargo-home/bin/cargo" "+1.75.0" "metadata" "--manifest-path" "Cargo.toml" "--no-deps", kill_on_drop: false }`
[INFO] started tweaking git repo https://github.com/wojciechkepka/pkger
[INFO] finished tweaking git repo https://github.com/wojciechkepka/pkger
[INFO] tweaked toml for git repo https://github.com/wojciechkepka/pkger written to /workspace/builds/worker-5-tc1/source/Cargo.toml
[INFO] crate git repo https://github.com/wojciechkepka/pkger already has a lockfile, it will not be regenerated
[INFO] running `Command { std: CARGO_HOME="/workspace/cargo-home" RUSTUP_HOME="/workspace/rustup-home" "/workspace/cargo-home/bin/cargo" "+1.75.0" "fetch" "--manifest-path" "Cargo.toml", kill_on_drop: false }`
[INFO] [stderr] warning: virtual workspace defaulting to `resolver = "1"` despite one or more workspace members being on edition 2021 which implies `resolver = "2"`
[INFO] [stderr] note: to keep the current resolver, specify `workspace.resolver = "1"` in the workspace root's manifest
[INFO] [stderr] note: to use the edition 2021 resolver, specify `workspace.resolver = "2"` in the workspace root's manifest
[INFO] [stderr] note: for more details see https://doc.rust-lang.org/cargo/reference/resolver.html#resolver-versions
[INFO] [stderr]     Updating crates.io index
[INFO] [stderr]     Updating git repository `https://github.com/vv9k/podman-api-rs`
[INFO] [stderr]     Updating git repository `https://github.com/vv9k/containers-api`
[INFO] [stderr]  Downloading crates ...
[INFO] [stderr]   Downloaded async-rwlock v1.3.0
[INFO] [stderr]   Downloaded containers-api v0.7.0
[INFO] [stderr]   Downloaded ctrlc v3.2.3
[INFO] [stderr]   Downloaded merge-yaml-hash v0.2.0
[INFO] [stderr]   Downloaded docker-api-stubs v0.4.0
[INFO] [stderr]   Downloaded serde_with_macros v2.0.0
[INFO] [stderr]   Downloaded serde_with v2.0.0
[INFO] [stderr]   Downloaded clap v4.0.2
[INFO] [stderr]   Downloaded podman-api-stubs v0.8.0
[INFO] [stderr]   Downloaded clap_complete v4.0.1
[INFO] [stderr]   Downloaded docker-api v0.12.2
[INFO] running `Command { std: "docker" "create" "-v" "/var/lib/crater-agent-workspace/builds/worker-5-tc1/target:/opt/rustwide/target:rw,Z" "-v" "/var/lib/crater-agent-workspace/builds/worker-5-tc1/source:/opt/rustwide/workdir:ro,Z" "-v" "/var/lib/crater-agent-workspace/cargo-home:/opt/rustwide/cargo-home:ro,Z" "-v" "/var/lib/crater-agent-workspace/rustup-home:/opt/rustwide/rustup-home:ro,Z" "-e" "SOURCE_DIR=/opt/rustwide/workdir" "-e" "CARGO_TARGET_DIR=/opt/rustwide/target" "-e" "CARGO_HOME=/opt/rustwide/cargo-home" "-e" "RUSTUP_HOME=/opt/rustwide/rustup-home" "-w" "/opt/rustwide/workdir" "-m" "1610612736" "--user" "0:0" "--network" "none" "ghcr.io/rust-lang/crates-build-env/linux@sha256:2788e3201cd34a07e3172128adcd8b3090168a8e3bcc40d7c032b9dda1df7d1c" "/opt/rustwide/cargo-home/bin/cargo" "+1.75.0" "metadata" "--no-deps" "--format-version=1", kill_on_drop: false }`
[INFO] [stdout] 3a32c81b7835b204803d0b97bb9befd1cbdf7163a668ae9aab2f469e0d664092
[INFO] running `Command { std: "docker" "start" "-a" "3a32c81b7835b204803d0b97bb9befd1cbdf7163a668ae9aab2f469e0d664092", kill_on_drop: false }`
[INFO] running `Command { std: "docker" "inspect" "3a32c81b7835b204803d0b97bb9befd1cbdf7163a668ae9aab2f469e0d664092", kill_on_drop: false }`
[INFO] running `Command { std: "docker" "rm" "-f" "3a32c81b7835b204803d0b97bb9befd1cbdf7163a668ae9aab2f469e0d664092", kill_on_drop: false }`
[INFO] [stdout] 3a32c81b7835b204803d0b97bb9befd1cbdf7163a668ae9aab2f469e0d664092
[INFO] running `Command { std: "docker" "create" "-v" "/var/lib/crater-agent-workspace/builds/worker-5-tc1/target:/opt/rustwide/target:rw,Z" "-v" "/var/lib/crater-agent-workspace/builds/worker-5-tc1/source:/opt/rustwide/workdir:ro,Z" "-v" "/var/lib/crater-agent-workspace/cargo-home:/opt/rustwide/cargo-home:ro,Z" "-v" "/var/lib/crater-agent-workspace/rustup-home:/opt/rustwide/rustup-home:ro,Z" "-e" "SOURCE_DIR=/opt/rustwide/workdir" "-e" "CARGO_TARGET_DIR=/opt/rustwide/target" "-e" "CARGO_INCREMENTAL=0" "-e" "RUST_BACKTRACE=full" "-e" "RUSTFLAGS=--cap-lints=warn" "-e" "RUSTDOCFLAGS=--cap-lints=warn" "-e" "CARGO_HOME=/opt/rustwide/cargo-home" "-e" "RUSTUP_HOME=/opt/rustwide/rustup-home" "-w" "/opt/rustwide/workdir" "-m" "1610612736" "--user" "0:0" "--network" "none" "ghcr.io/rust-lang/crates-build-env/linux@sha256:2788e3201cd34a07e3172128adcd8b3090168a8e3bcc40d7c032b9dda1df7d1c" "/opt/rustwide/cargo-home/bin/cargo" "+1.75.0" "build" "--frozen" "--message-format=json", kill_on_drop: false }`
[INFO] [stdout] 50fb076b968e0bc7c04dc105be0b91aea96909769acd11f12d2265932a35428a
[INFO] running `Command { std: "docker" "start" "-a" "50fb076b968e0bc7c04dc105be0b91aea96909769acd11f12d2265932a35428a", kill_on_drop: false }`
[INFO] [stderr] warning: virtual workspace defaulting to `resolver = "1"` despite one or more workspace members being on edition 2021 which implies `resolver = "2"`
[INFO] [stderr] note: to keep the current resolver, specify `workspace.resolver = "1"` in the workspace root's manifest
[INFO] [stderr] note: to use the edition 2021 resolver, specify `workspace.resolver = "2"` in the workspace root's manifest
[INFO] [stderr] note: for more details see https://doc.rust-lang.org/cargo/reference/resolver.html#resolver-versions
[INFO] [stderr]    Compiling proc-macro2 v1.0.43
[INFO] [stderr]    Compiling unicode-ident v1.0.3
[INFO] [stderr]    Compiling quote v1.0.21
[INFO] [stderr]    Compiling libc v0.2.132
[INFO] [stderr]    Compiling syn v1.0.99
[INFO] [stderr]    Compiling autocfg v1.1.0
[INFO] [stderr]    Compiling cfg-if v1.0.0
[INFO] [stderr]    Compiling memchr v2.5.0
[INFO] [stderr]    Compiling serde_derive v1.0.144
[INFO] [stderr]    Compiling futures-core v0.3.24
[INFO] [stderr]    Compiling fnv v1.0.7
[INFO] [stderr]    Compiling log v0.4.17
[INFO] [stderr]    Compiling pin-project-lite v0.2.9
[INFO] [stderr]    Compiling serde v1.0.144
[INFO] [stderr]    Compiling slab v0.4.7
[INFO] [stderr]    Compiling pkg-config v0.3.25
[INFO] [stderr]    Compiling futures-channel v0.3.24
[INFO] [stderr]    Compiling futures-task v0.3.24
[INFO] [stderr]    Compiling futures-util v0.3.24
[INFO] [stderr]    Compiling futures-sink v0.3.24
[INFO] [stderr]    Compiling pin-utils v0.1.0
[INFO] [stderr]    Compiling itoa v1.0.3
[INFO] [stderr]    Compiling futures-io v0.3.24
[INFO] [stderr]    Compiling once_cell v1.14.0
[INFO] [stderr]    Compiling num-traits v0.2.15
[INFO] [stderr]    Compiling num-integer v0.1.45
[INFO] [stderr]    Compiling paste v1.0.9
[INFO] [stderr]    Compiling strsim v0.10.0
[INFO] [stderr]    Compiling bytes v1.2.1
[INFO] [stderr]    Compiling tinyvec_macros v0.1.0
[INFO] [stderr]    Compiling tinyvec v1.6.0
[INFO] [stderr]    Compiling tokio v1.21.0
[INFO] [stderr]    Compiling jobserver v0.1.24
[INFO] [stderr]    Compiling version_check v0.9.4
[INFO] [stderr]    Compiling cc v1.0.73
[INFO] [stderr]    Compiling serde_json v1.0.85
[INFO] [stderr]    Compiling ryu v1.0.11
[INFO] [stderr]    Compiling httparse v1.8.0
[INFO] [stderr]    Compiling mio v0.8.4
[INFO] [stderr]    Compiling socket2 v0.4.7
[INFO] [stderr]    Compiling unicode-normalization v0.1.21
[INFO] [stderr]    Compiling num_cpus v1.13.1
[INFO] [stderr]    Compiling time v0.1.44
[INFO] [stderr]    Compiling http v0.2.8
[INFO] [stderr]    Compiling tracing-core v0.1.29
[INFO] [stderr]    Compiling ident_case v1.0.1
[INFO] [stderr]    Compiling unicode-bidi v0.3.8
[INFO] [stderr]    Compiling crc32fast v1.3.2
[INFO] [stderr]    Compiling percent-encoding v2.2.0
[INFO] [stderr]    Compiling try-lock v0.2.3
[INFO] [stderr]    Compiling libz-sys v1.1.8
[INFO] [stderr]    Compiling openssl-sys v0.9.75
[INFO] [stderr]    Compiling iana-time-zone v0.1.47
[INFO] [stderr]    Compiling tracing v0.1.36
[INFO] [stderr]    Compiling want v0.3.0
[INFO] [stderr]    Compiling idna v0.3.0
[INFO] [stderr]    Compiling form_urlencoded v1.1.0
[INFO] [stderr]    Compiling http-body v0.4.5
[INFO] [stderr]    Compiling adler v1.0.2
[INFO] [stderr]    Compiling httpdate v1.0.2
[INFO] [stderr]    Compiling tower-service v0.3.2
[INFO] [stderr]    Compiling miniz_oxide v0.5.4
[INFO] [stderr]    Compiling libssh2-sys v0.2.23
[INFO] [stderr]    Compiling url v2.3.1
[INFO] [stderr]    Compiling proc-macro-error-attr v1.0.4
[INFO] [stderr]    Compiling filetime v0.2.17
[INFO] [stderr]    Compiling atty v0.2.14
[INFO] [stderr]    Compiling xattr v0.2.3
[INFO] [stderr]    Compiling hex v0.4.3
[INFO] [stderr]    Compiling bitflags v1.3.2
[INFO] [stderr]    Compiling pin-project-internal v0.4.30
[INFO] [stderr]    Compiling tar v0.4.38
[INFO] [stderr]    Compiling flate2 v1.0.24
[INFO] [stderr]    Compiling proc-macro-error v1.0.4
[INFO] [stderr]    Compiling mime v0.3.16
[INFO] [stderr]    Compiling libgit2-sys v0.13.4+1.4.2
[INFO] [stderr]    Compiling indexmap v1.9.1
[INFO] [stderr]    Compiling linked-hash-map v0.5.6
[INFO] [stderr]    Compiling termcolor v1.1.3
[INFO] [stderr]    Compiling yaml-rust v0.4.5
[INFO] [stderr]    Compiling darling_core v0.14.1
[INFO] [stderr]    Compiling aho-corasick v0.7.19
[INFO] [stderr]    Compiling byteorder v1.4.3
[INFO] [stderr]    Compiling base64 v0.13.0
[INFO] [stderr]    Compiling anyhow v1.0.64
[INFO] [stderr]    Compiling quick-error v1.2.3
[INFO] [stderr]    Compiling bytes v0.5.6
[INFO] [stderr]    Compiling regex-syntax v0.6.27
[INFO] [stderr]    Compiling hashbrown v0.12.3
[INFO] [stderr]    Compiling os_str_bytes v6.3.0
[INFO] [stderr]    Compiling heck v0.4.0
[INFO] [stderr]    Compiling async-trait v0.1.57
[INFO] [stderr]    Compiling event-listener v2.5.3
[INFO] [stderr]    Compiling clap_lex v0.3.0
[INFO] [stderr]    Compiling async-mutex v1.4.0
[INFO] [stderr]    Compiling humantime v1.3.0
[INFO] [stderr]    Compiling rand v0.4.6
[INFO] [stderr]    Compiling getrandom v0.2.7
[INFO] [stderr]    Compiling remove_dir_all v0.5.3
[INFO] [stderr]    Compiling lazy_static v1.4.0
[INFO] [stderr]    Compiling openssl-probe v0.1.5
[INFO] [stderr]    Compiling half v1.8.2
[INFO] [stderr]    Compiling colored v2.0.0
[INFO] [stderr]    Compiling async-rwlock v1.3.0
[INFO] [stderr]    Compiling merge-yaml-hash v0.2.0
[INFO] [stderr]    Compiling nix v0.25.0
[INFO] [stderr]    Compiling tempdir v0.3.7
[INFO] [stderr]    Compiling dirs-sys v0.3.7
[INFO] [stderr]    Compiling ipnet v2.5.0
[INFO] [stderr]    Compiling dirs v3.0.2
[INFO] [stderr]    Compiling regex v1.6.0
[INFO] [stderr]    Compiling rpassword v5.0.1
[INFO] [stderr]    Compiling futures-macro v0.3.24
[INFO] [stderr]    Compiling thiserror-impl v1.0.34
[INFO] [stderr]    Compiling tokio-macros v1.8.0
[INFO] [stderr]    Compiling pin-project-internal v1.0.12
[INFO] [stderr]    Compiling darling_macro v0.14.1
[INFO] [stderr]    Compiling pkgspec v0.2.0 (/opt/rustwide/workdir/libs/pkgspec)
[INFO] [stderr]    Compiling darling v0.14.1
[INFO] [stderr]    Compiling serde_with_macros v2.0.0
[INFO] [stderr]    Compiling thiserror v1.0.34
[INFO] [stderr]    Compiling pkgspec-core v0.1.0 (/opt/rustwide/workdir/libs/pkgspec-core)
[INFO] [stderr]    Compiling clap_derive v4.0.1
[INFO] [stderr]    Compiling pin-project v1.0.12
[INFO] [stderr]    Compiling debbuild v0.3.1 (/opt/rustwide/workdir/libs/debbuild)
[INFO] [stderr]    Compiling pkgbuild v0.1.1 (/opt/rustwide/workdir/libs/pkgbuild)
[INFO] [stderr]    Compiling apkbuild v0.1.0 (/opt/rustwide/workdir/libs/apkbuild)
[INFO] [stderr]    Compiling rpmspec v0.3.0 (/opt/rustwide/workdir/libs/rpmspec)
[INFO] [stderr]    Compiling env_logger v0.7.1
[INFO] [stderr]    Compiling pretty_env_logger v0.4.0
[INFO] [stderr]    Compiling pin-project v0.4.30
[INFO] [stderr]    Compiling ctrlc v3.2.3
[INFO] [stderr]    Compiling hyper v0.14.20
[INFO] [stderr]    Compiling futures-executor v0.3.24
[INFO] [stderr]    Compiling asynchronous-codec v0.6.0
[INFO] [stderr]    Compiling futures v0.3.24
[INFO] [stderr]    Compiling futures_codec v0.4.1
[INFO] [stderr]    Compiling clap v4.0.2
[INFO] [stderr]    Compiling hyperlocal v0.8.0
[INFO] [stderr]    Compiling clap_complete v4.0.1
[INFO] [stderr]    Compiling chrono v0.4.22
[INFO] [stderr]    Compiling serde_with v2.0.0
[INFO] [stderr]    Compiling uuid v0.8.2
[INFO] [stderr]    Compiling serde_yaml v0.8.26
[INFO] [stderr]    Compiling serde_cbor v0.11.2
[INFO] [stderr]    Compiling containers-api v0.7.0 (https://github.com/vv9k/containers-api#def35c7c)
[INFO] [stderr]    Compiling containers-api v0.7.0
[INFO] [stderr]    Compiling podman-api-stubs v0.8.0
[INFO] [stderr]    Compiling docker-api-stubs v0.4.0
[INFO] [stderr]    Compiling git2 v0.14.4
[INFO] [stderr]    Compiling docker-api v0.12.2
[INFO] [stderr]    Compiling podman-api v0.8.0 (https://github.com/vv9k/podman-api-rs#808f0ac6)
[INFO] [stderr]    Compiling pkger-core v0.11.0 (/opt/rustwide/workdir/pkger-core)
[INFO] [stderr]    Compiling pkger v0.11.0 (/opt/rustwide/workdir/pkger-cli)
[INFO] [stderr]     Finished dev [unoptimized + debuginfo] target(s) in 45.53s
[INFO] running `Command { std: "docker" "inspect" "50fb076b968e0bc7c04dc105be0b91aea96909769acd11f12d2265932a35428a", kill_on_drop: false }`
[INFO] running `Command { std: "docker" "rm" "-f" "50fb076b968e0bc7c04dc105be0b91aea96909769acd11f12d2265932a35428a", kill_on_drop: false }`
[INFO] [stdout] 50fb076b968e0bc7c04dc105be0b91aea96909769acd11f12d2265932a35428a
[INFO] running `Command { std: "docker" "create" "-v" "/var/lib/crater-agent-workspace/builds/worker-5-tc1/target:/opt/rustwide/target:rw,Z" "-v" "/var/lib/crater-agent-workspace/builds/worker-5-tc1/source:/opt/rustwide/workdir:ro,Z" "-v" "/var/lib/crater-agent-workspace/cargo-home:/opt/rustwide/cargo-home:ro,Z" "-v" "/var/lib/crater-agent-workspace/rustup-home:/opt/rustwide/rustup-home:ro,Z" "-e" "SOURCE_DIR=/opt/rustwide/workdir" "-e" "CARGO_TARGET_DIR=/opt/rustwide/target" "-e" "CARGO_INCREMENTAL=0" "-e" "RUST_BACKTRACE=full" "-e" "RUSTFLAGS=--cap-lints=warn" "-e" "RUSTDOCFLAGS=--cap-lints=warn" "-e" "CARGO_HOME=/opt/rustwide/cargo-home" "-e" "RUSTUP_HOME=/opt/rustwide/rustup-home" "-w" "/opt/rustwide/workdir" "-m" "1610612736" "--user" "0:0" "--network" "none" "ghcr.io/rust-lang/crates-build-env/linux@sha256:2788e3201cd34a07e3172128adcd8b3090168a8e3bcc40d7c032b9dda1df7d1c" "/opt/rustwide/cargo-home/bin/cargo" "+1.75.0" "test" "--frozen" "--no-run" "--message-format=json", kill_on_drop: false }`
[INFO] [stdout] 9dd6fe5aca65b950588ef0fa658ccad7313167c7eb1be41ead5ecc2453207e49
[INFO] running `Command { std: "docker" "start" "-a" "9dd6fe5aca65b950588ef0fa658ccad7313167c7eb1be41ead5ecc2453207e49", kill_on_drop: false }`
[INFO] [stderr] warning: virtual workspace defaulting to `resolver = "1"` despite one or more workspace members being on edition 2021 which implies `resolver = "2"`
[INFO] [stderr] note: to keep the current resolver, specify `workspace.resolver = "1"` in the workspace root's manifest
[INFO] [stderr] note: to use the edition 2021 resolver, specify `workspace.resolver = "2"` in the workspace root's manifest
[INFO] [stderr] note: for more details see https://doc.rust-lang.org/cargo/reference/resolver.html#resolver-versions
[INFO] [stderr]    Compiling pkgspec v0.2.0 (/opt/rustwide/workdir/libs/pkgspec)
[INFO] [stderr]    Compiling pkgspec-core v0.1.0 (/opt/rustwide/workdir/libs/pkgspec-core)
[INFO] [stderr]    Compiling debbuild v0.3.1 (/opt/rustwide/workdir/libs/debbuild)
[INFO] [stderr]    Compiling apkbuild v0.1.0 (/opt/rustwide/workdir/libs/apkbuild)
[INFO] [stderr]    Compiling pkgbuild v0.1.1 (/opt/rustwide/workdir/libs/pkgbuild)
[INFO] [stderr]    Compiling rpmspec v0.3.0 (/opt/rustwide/workdir/libs/rpmspec)
[INFO] [stderr]    Compiling pkger-core v0.11.0 (/opt/rustwide/workdir/pkger-core)
[INFO] [stderr]    Compiling pkger v0.11.0 (/opt/rustwide/workdir/pkger-cli)
[INFO] [stderr]     Finished test [unoptimized + debuginfo] target(s) in 9.54s
[INFO] running `Command { std: "docker" "inspect" "9dd6fe5aca65b950588ef0fa658ccad7313167c7eb1be41ead5ecc2453207e49", kill_on_drop: false }`
[INFO] running `Command { std: "docker" "rm" "-f" "9dd6fe5aca65b950588ef0fa658ccad7313167c7eb1be41ead5ecc2453207e49", kill_on_drop: false }`
[INFO] [stdout] 9dd6fe5aca65b950588ef0fa658ccad7313167c7eb1be41ead5ecc2453207e49
[INFO] running `Command { std: "docker" "create" "-v" "/var/lib/crater-agent-workspace/builds/worker-5-tc1/target:/opt/rustwide/target:rw,Z" "-v" "/var/lib/crater-agent-workspace/builds/worker-5-tc1/source:/opt/rustwide/workdir:ro,Z" "-v" "/var/lib/crater-agent-workspace/cargo-home:/opt/rustwide/cargo-home:ro,Z" "-v" "/var/lib/crater-agent-workspace/rustup-home:/opt/rustwide/rustup-home:ro,Z" "-e" "SOURCE_DIR=/opt/rustwide/workdir" "-e" "CARGO_TARGET_DIR=/opt/rustwide/target" "-e" "CARGO_INCREMENTAL=0" "-e" "RUST_BACKTRACE=full" "-e" "RUSTFLAGS=--cap-lints=warn" "-e" "RUSTDOCFLAGS=--cap-lints=warn" "-e" "CARGO_HOME=/opt/rustwide/cargo-home" "-e" "RUSTUP_HOME=/opt/rustwide/rustup-home" "-w" "/opt/rustwide/workdir" "-m" "1610612736" "--user" "0:0" "--network" "none" "ghcr.io/rust-lang/crates-build-env/linux@sha256:2788e3201cd34a07e3172128adcd8b3090168a8e3bcc40d7c032b9dda1df7d1c" "/opt/rustwide/cargo-home/bin/cargo" "+1.75.0" "test" "--frozen", kill_on_drop: false }`
[INFO] [stdout] dd6a6a55ccc2f558e7a28c907709b4a0e55c1e8b5edc13a73944e178e60dbd3f
[INFO] running `Command { std: "docker" "start" "-a" "dd6a6a55ccc2f558e7a28c907709b4a0e55c1e8b5edc13a73944e178e60dbd3f", kill_on_drop: false }`
[INFO] [stderr] warning: virtual workspace defaulting to `resolver = "1"` despite one or more workspace members being on edition 2021 which implies `resolver = "2"`
[INFO] [stderr] note: to keep the current resolver, specify `workspace.resolver = "1"` in the workspace root's manifest
[INFO] [stderr] note: to use the edition 2021 resolver, specify `workspace.resolver = "2"` in the workspace root's manifest
[INFO] [stderr] note: for more details see https://doc.rust-lang.org/cargo/reference/resolver.html#resolver-versions
[INFO] [stderr]     Finished test [unoptimized + debuginfo] target(s) in 0.09s
[INFO] [stderr]      Running unittests src/lib.rs (/opt/rustwide/target/debug/deps/apkbuild-5a6d20585d887066)
[INFO] [stdout] 
[INFO] [stdout] running 1 test
[INFO] [stdout] test tests::builds_a_apkbuild ... ok
[INFO] [stdout] 
[INFO] [stdout] test result: ok. 1 passed; 0 failed; 0 ignored; 0 measured; 0 filtered out; finished in 0.00s
[INFO] [stdout] 
[INFO] [stderr]      Running unittests src/lib.rs (/opt/rustwide/target/debug/deps/debbuild-5b30080ce5f6781b)
[INFO] [stdout] 
[INFO] [stdout] running 4 tests
[INFO] [stdout] test binary::tests::constructs_correct_version ... ok
[INFO] [stdout] test binary::tests::builds_and_renders_binary_control ... ok
[INFO] [stdout] test source::tests::builds_and_renders_rules ... ok
[INFO] [stdout] test source::tests::builds_and_renders_source_control ... ok
[INFO] [stdout] 
[INFO] [stdout] test result: ok. 4 passed; 0 failed; 0 ignored; 0 measured; 0 filtered out; finished in 0.00s
[INFO] [stdout] 
[INFO] [stderr]      Running unittests src/lib.rs (/opt/rustwide/target/debug/deps/pkgbuild-15656e76bf155af8)
[INFO] [stdout] 
[INFO] [stdout] running 1 test
[INFO] [stdout] test tests::builds_a_pkgbuild ... ok
[INFO] [stdout] 
[INFO] [stdout] test result: ok. 1 passed; 0 failed; 0 ignored; 0 measured; 0 filtered out; finished in 0.00s
[INFO] [stdout] 
[INFO] [stderr]      Running unittests src/main.rs (/opt/rustwide/target/debug/deps/pkger-950af29699e58315)
[INFO] [stdout] 
[INFO] [stdout] running 13 tests
[INFO] [stdout] test table::style::tests::adds_styles ... ok
[INFO] [stdout] test table::tests::alignment ... ok
[INFO] [stdout] test table::tests::cell_style ... ok
[INFO] [stdout] test table::tests::cell_alignment ... ok
[INFO] [stdout] test table::tests::renders_separators ... ok
[INFO] [stdout] test table::tests::renders_no_headers ... ok
[INFO] [stdout] test table::tests::simple_cell ... ok
[INFO] [stdout] test table::tests::renders_empty ... ok
[INFO] [stdout] test table::tests::renders_simple ... ok
[INFO] [stdout] test metadata::tests::parses_gzip ... ok
[INFO] [stdout] test metadata::tests::parses_rpm ... ok
[INFO] [stdout] test metadata::tests::parses_pkg ... ok
[INFO] [stdout] test metadata::tests::parses_deb ... ok
[INFO] [stdout] 
[INFO] [stdout] test result: ok. 13 passed; 0 failed; 0 ignored; 0 measured; 0 filtered out; finished in 0.02s
[INFO] [stdout] 
[INFO] [stderr]      Running unittests src/lib.rs (/opt/rustwide/target/debug/deps/pkger_core-8822cccec901db06)
[INFO] [stdout] 
[INFO] [stdout] running 17 tests
[INFO] [stdout] test recipe::cmd::tests::should_run_on_works ... ok
[INFO] [stdout] test proxy::test::parses_proxy_from_env ... ok
[INFO] [stdout] test recipe::envs::tests::renders_entries_as_vars ... ok
[INFO] [stdout] test recipe::metadata::deps::tests::parses_joined_deps ... ok
[INFO] [stdout] test recipe::metadata::deps::tests::parses_deps ... ok
[INFO] [stdout] test template::lexer::tests::corner_cases ... ok
[INFO] [stdout] test template::lexer::tests::empty_text ... ok
[INFO] [stdout] test recipe::metadata::patches::tests::parses_patches ... ok
[INFO] [stdout] test template::lexer::tests::no_braces ... ok
[INFO] [stdout] test template::lexer::tests::multiple_vars ... ok
[INFO] [stdout] test template::lexer::tests::simple_case ... ok
[INFO] [stdout] test template::tests::renders_braced_vars ... ok
[INFO] [stdout] test template::tests::renders_unbraced_vars ... ok
[INFO] [stdout] test recipe::tests::invalid_recipes ... ok
[INFO] [stdout] test recipe::tests::parses_recipe_from_rep ... ok
[INFO] [stdout] test recipe::tests::merges_base_recipe_with_child ... ok
[INFO] [stdout] test proxy::test::should_proxy ... FAILED
[INFO] [stdout] 
[INFO] [stdout] failures:
[INFO] [stdout] 
[INFO] [stdout] ---- proxy::test::should_proxy stdout ----
[INFO] [stdout] thread 'proxy::test::should_proxy' panicked at pkger-core/src/proxy.rs:300:9:
[INFO] [stdout] assertion `left == right` failed
[INFO] [stdout]   left: Https
[INFO] [stdout]  right: No
[INFO] [stdout] stack backtrace:
[INFO] [stdout]    0:     0x55e9b997d92c - std::backtrace_rs::backtrace::libunwind::trace::ha637c64ce894333a
[INFO] [stdout]                                at /rustc/82e1608dfa6e0b5569232559e3d385fea5a93112/library/std/src/../../backtrace/src/backtrace/libunwind.rs:104:5
[INFO] [stdout]    1:     0x55e9b997d92c - std::backtrace_rs::backtrace::trace_unsynchronized::h47f62dea28e0c88d
[INFO] [stdout]                                at /rustc/82e1608dfa6e0b5569232559e3d385fea5a93112/library/std/src/../../backtrace/src/backtrace/mod.rs:66:5
[INFO] [stdout]    2:     0x55e9b997d92c - std::sys_common::backtrace::_print_fmt::h9eef0abe20ede486
[INFO] [stdout]                                at /rustc/82e1608dfa6e0b5569232559e3d385fea5a93112/library/std/src/sys_common/backtrace.rs:67:5
[INFO] [stdout]    3:     0x55e9b997d92c - <std::sys_common::backtrace::_print::DisplayBacktrace as core::fmt::Display>::fmt::hed7f999df88cc644
[INFO] [stdout]                                at /rustc/82e1608dfa6e0b5569232559e3d385fea5a93112/library/std/src/sys_common/backtrace.rs:44:22
[INFO] [stdout]    4:     0x55e9b99ac130 - core::fmt::rt::Argument::fmt::h1539a9308b8d058d
[INFO] [stdout]                                at /rustc/82e1608dfa6e0b5569232559e3d385fea5a93112/library/core/src/fmt/rt.rs:142:9
[INFO] [stdout]    5:     0x55e9b99ac130 - core::fmt::write::h3a39390d8560d9c9
[INFO] [stdout]                                at /rustc/82e1608dfa6e0b5569232559e3d385fea5a93112/library/core/src/fmt/mod.rs:1120:17
[INFO] [stdout]    6:     0x55e9b997ac4f - std::io::Write::write_fmt::h040b369f3a0f9cbc
[INFO] [stdout]                                at /rustc/82e1608dfa6e0b5569232559e3d385fea5a93112/library/std/src/io/mod.rs:1762:15
[INFO] [stdout]    7:     0x55e9b997d714 - std::sys_common::backtrace::_print::h894006fb5c6f3d45
[INFO] [stdout]                                at /rustc/82e1608dfa6e0b5569232559e3d385fea5a93112/library/std/src/sys_common/backtrace.rs:47:5
[INFO] [stdout]    8:     0x55e9b997d714 - std::sys_common::backtrace::print::h23a2d212c6fff936
[INFO] [stdout]                                at /rustc/82e1608dfa6e0b5569232559e3d385fea5a93112/library/std/src/sys_common/backtrace.rs:34:9
[INFO] [stdout]    9:     0x55e9b997f3d7 - std::panicking::default_hook::{{closure}}::h8a1d2ee00185001a
[INFO] [stdout]   10:     0x55e9b997f0c3 - std::panicking::default_hook::h6038f2eba384e475
[INFO] [stdout]                                at /rustc/82e1608dfa6e0b5569232559e3d385fea5a93112/library/std/src/panicking.rs:289:9
[INFO] [stdout]   11:     0x55e9b98a2e27 - <alloc::boxed::Box<F,A> as core::ops::function::Fn<Args>>::call::h0ad024c9bdc6d768
[INFO] [stdout]                                at /rustc/82e1608dfa6e0b5569232559e3d385fea5a93112/library/alloc/src/boxed.rs:2021:9
[INFO] [stdout]   12:     0x55e9b98a2e27 - test::test_main::{{closure}}::h7500b54257359db6
[INFO] [stdout]                                at /rustc/82e1608dfa6e0b5569232559e3d385fea5a93112/library/test/src/lib.rs:138:21
[INFO] [stdout]   13:     0x55e9b997f9e8 - <alloc::boxed::Box<F,A> as core::ops::function::Fn<Args>>::call::h1f8f335eaa9cfaee
[INFO] [stdout]                                at /rustc/82e1608dfa6e0b5569232559e3d385fea5a93112/library/alloc/src/boxed.rs:2021:9
[INFO] [stdout]   14:     0x55e9b997f9e8 - std::panicking::rust_panic_with_hook::h2b5517d590cab22e
[INFO] [stdout]                                at /rustc/82e1608dfa6e0b5569232559e3d385fea5a93112/library/std/src/panicking.rs:783:13
[INFO] [stdout]   15:     0x55e9b997f73e - std::panicking::begin_panic_handler::{{closure}}::h233112c06e0ef43e
[INFO] [stdout]                                at /rustc/82e1608dfa6e0b5569232559e3d385fea5a93112/library/std/src/panicking.rs:657:13
[INFO] [stdout]   16:     0x55e9b997ddf6 - std::sys_common::backtrace::__rust_end_short_backtrace::h6e893f24d7ebbff8
[INFO] [stdout]                                at /rustc/82e1608dfa6e0b5569232559e3d385fea5a93112/library/std/src/sys_common/backtrace.rs:170:18
[INFO] [stdout]   17:     0x55e9b997f4a2 - rust_begin_unwind
[INFO] [stdout]                                at /rustc/82e1608dfa6e0b5569232559e3d385fea5a93112/library/std/src/panicking.rs:645:5
[INFO] [stdout]   18:     0x55e9b97c20f5 - core::panicking::panic_fmt::hbf0e066aabfa482c
[INFO] [stdout]                                at /rustc/82e1608dfa6e0b5569232559e3d385fea5a93112/library/core/src/panicking.rs:72:14
[INFO] [stdout]   19:     0x55e9b97c254b - core::panicking::assert_failed_inner::h0bba8b7c26ee4492
[INFO] [stdout]   20:     0x55e9b98679ce - core::panicking::assert_failed::he896e5b404c98627
[INFO] [stdout]                                at /rustc/82e1608dfa6e0b5569232559e3d385fea5a93112/library/core/src/panicking.rs:279:5
[INFO] [stdout]   21:     0x55e9b981e901 - pkger_core::proxy::test::should_proxy::he7d45c037b5ccfef
[INFO] [stdout]                                at /opt/rustwide/workdir/pkger-core/src/proxy.rs:300:9
[INFO] [stdout]   22:     0x55e9b981e577 - pkger_core::proxy::test::should_proxy::{{closure}}::h6a916318b731f9c4
[INFO] [stdout]                                at /opt/rustwide/workdir/pkger-core/src/proxy.rs:290:22
[INFO] [stdout]   23:     0x55e9b9859326 - core::ops::function::FnOnce::call_once::h53e8609e188a677c
[INFO] [stdout]                                at /rustc/82e1608dfa6e0b5569232559e3d385fea5a93112/library/core/src/ops/function.rs:250:5
[INFO] [stdout]   24:     0x55e9b98a847f - core::ops::function::FnOnce::call_once::h2b5d431d5046312d
[INFO] [stdout]                                at /rustc/82e1608dfa6e0b5569232559e3d385fea5a93112/library/core/src/ops/function.rs:250:5
[INFO] [stdout]   25:     0x55e9b98a847f - test::__rust_begin_short_backtrace::h7714669af176e207
[INFO] [stdout]                                at /rustc/82e1608dfa6e0b5569232559e3d385fea5a93112/library/test/src/lib.rs:628:18
[INFO] [stdout]   26:     0x55e9b98a7495 - test::run_test_in_process::{{closure}}::h85218797dcbcec12
[INFO] [stdout]                                at /rustc/82e1608dfa6e0b5569232559e3d385fea5a93112/library/test/src/lib.rs:651:60
[INFO] [stdout]   27:     0x55e9b98a7495 - <core::panic::unwind_safe::AssertUnwindSafe<F> as core::ops::function::FnOnce<()>>::call_once::h76c106ea31c14d7b
[INFO] [stdout]                                at /rustc/82e1608dfa6e0b5569232559e3d385fea5a93112/library/core/src/panic/unwind_safe.rs:272:9
[INFO] [stdout]   28:     0x55e9b98a7495 - std::panicking::try::do_call::h3bd5d0f6620ee946
[INFO] [stdout]                                at /rustc/82e1608dfa6e0b5569232559e3d385fea5a93112/library/std/src/panicking.rs:552:40
[INFO] [stdout]   29:     0x55e9b98a7495 - std::panicking::try::h232e535e4744fe31
[INFO] [stdout]                                at /rustc/82e1608dfa6e0b5569232559e3d385fea5a93112/library/std/src/panicking.rs:516:19
[INFO] [stdout]   30:     0x55e9b98a7495 - std::panic::catch_unwind::h3ce3bd6ca8dbac68
[INFO] [stdout]                                at /rustc/82e1608dfa6e0b5569232559e3d385fea5a93112/library/std/src/panic.rs:142:14
[INFO] [stdout]   31:     0x55e9b98a7495 - test::run_test_in_process::hc97b257c9621286a
[INFO] [stdout]                                at /rustc/82e1608dfa6e0b5569232559e3d385fea5a93112/library/test/src/lib.rs:651:27
[INFO] [stdout]   32:     0x55e9b98a7495 - test::run_test::{{closure}}::h2aa798823a438d38
[INFO] [stdout]                                at /rustc/82e1608dfa6e0b5569232559e3d385fea5a93112/library/test/src/lib.rs:574:43
[INFO] [stdout]   33:     0x55e9b986f756 - test::run_test::{{closure}}::h87d231c78fb59832
[INFO] [stdout]                                at /rustc/82e1608dfa6e0b5569232559e3d385fea5a93112/library/test/src/lib.rs:602:41
[INFO] [stdout]   34:     0x55e9b986f756 - std::sys_common::backtrace::__rust_begin_short_backtrace::he6df152596625789
[INFO] [stdout]                                at /rustc/82e1608dfa6e0b5569232559e3d385fea5a93112/library/std/src/sys_common/backtrace.rs:154:18
[INFO] [stdout]   35:     0x55e9b9874807 - std::thread::Builder::spawn_unchecked_::{{closure}}::{{closure}}::ha94be15d1e0acf36
[INFO] [stdout]                                at /rustc/82e1608dfa6e0b5569232559e3d385fea5a93112/library/std/src/thread/mod.rs:529:17
[INFO] [stdout]   36:     0x55e9b9874807 - <core::panic::unwind_safe::AssertUnwindSafe<F> as core::ops::function::FnOnce<()>>::call_once::h9dc6bd6372f16606
[INFO] [stdout]                                at /rustc/82e1608dfa6e0b5569232559e3d385fea5a93112/library/core/src/panic/unwind_safe.rs:272:9
[INFO] [stdout]   37:     0x55e9b9874807 - std::panicking::try::do_call::h9057517f80303cd4
[INFO] [stdout]                                at /rustc/82e1608dfa6e0b5569232559e3d385fea5a93112/library/std/src/panicking.rs:552:40
[INFO] [stdout]   38:     0x55e9b9874807 - std::panicking::try::he3a30b11ee45340c
[INFO] [stdout]                                at /rustc/82e1608dfa6e0b5569232559e3d385fea5a93112/library/std/src/panicking.rs:516:19
[INFO] [stdout]   39:     0x55e9b9874807 - std::panic::catch_unwind::h410458cfd3528b8b
[INFO] [stdout]                                at /rustc/82e1608dfa6e0b5569232559e3d385fea5a93112/library/std/src/panic.rs:142:14
[INFO] [stdout]   40:     0x55e9b9874807 - std::thread::Builder::spawn_unchecked_::{{closure}}::h72ac3bdb567b737b
[INFO] [stdout]                                at /rustc/82e1608dfa6e0b5569232559e3d385fea5a93112/library/std/src/thread/mod.rs:528:30
[INFO] [stdout]   41:     0x55e9b9874807 - core::ops::function::FnOnce::call_once{{vtable.shim}}::h38f34da3654a8344
[INFO] [stdout]                                at /rustc/82e1608dfa6e0b5569232559e3d385fea5a93112/library/core/src/ops/function.rs:250:5
[INFO] [stdout]   42:     0x55e9b9984705 - <alloc::boxed::Box<F,A> as core::ops::function::FnOnce<Args>>::call_once::hc7eafaff61e32df9
[INFO] [stdout]                                at /rustc/82e1608dfa6e0b5569232559e3d385fea5a93112/library/alloc/src/boxed.rs:2007:9
[INFO] [stdout]   43:     0x55e9b9984705 - <alloc::boxed::Box<F,A> as core::ops::function::FnOnce<Args>>::call_once::h6ba4a5de48dd2304
[INFO] [stdout]                                at /rustc/82e1608dfa6e0b5569232559e3d385fea5a93112/library/alloc/src/boxed.rs:2007:9
[INFO] [stdout]   44:     0x55e9b9984705 - std::sys::unix::thread::Thread::new::thread_start::he469335aef763e45
[INFO] [stdout]                                at /rustc/82e1608dfa6e0b5569232559e3d385fea5a93112/library/std/src/sys/unix/thread.rs:108:17
[INFO] [stdout]   45:     0x7f0ad7eb4ac3 - <unknown>
[INFO] [stdout]   46:     0x7f0ad7f45bf4 - __clone
[INFO] [stdout]   47:                0x0 - <unknown>
[INFO] [stdout] 
[INFO] [stdout] 
[INFO] [stdout] failures:
[INFO] [stdout]     proxy::test::should_proxy
[INFO] [stdout] 
[INFO] [stdout] test result: FAILED. 16 passed; 1 failed; 0 ignored; 0 measured; 0 filtered out; finished in 0.04s
[INFO] [stdout] 
[INFO] [stderr] error: test failed, to rerun pass `-p pkger-core --lib`
[INFO] running `Command { std: "docker" "inspect" "dd6a6a55ccc2f558e7a28c907709b4a0e55c1e8b5edc13a73944e178e60dbd3f", kill_on_drop: false }`
[INFO] running `Command { std: "docker" "rm" "-f" "dd6a6a55ccc2f558e7a28c907709b4a0e55c1e8b5edc13a73944e178e60dbd3f", kill_on_drop: false }`
[INFO] [stdout] dd6a6a55ccc2f558e7a28c907709b4a0e55c1e8b5edc13a73944e178e60dbd3f
[INFO] testing wojciechkepka/pkger against beta-2023-12-22 for beta-1.76-1
[INFO] running `Command { std: "git" "clone" "/workspace/cache/git-repos/https%3A%2F%2Fgithub.com%2Fwojciechkepka%2Fpkger" "/workspace/builds/worker-5-tc2/source", kill_on_drop: false }`
[INFO] [stderr] Cloning into '/workspace/builds/worker-5-tc2/source'...
[INFO] [stderr] done.
[INFO] validating manifest of git repo https://github.com/wojciechkepka/pkger on toolchain beta-2023-12-22
[INFO] running `Command { std: CARGO_HOME="/workspace/cargo-home" RUSTUP_HOME="/workspace/rustup-home" "/workspace/cargo-home/bin/cargo" "+beta-2023-12-22" "metadata" "--manifest-path" "Cargo.toml" "--no-deps", kill_on_drop: false }`
[INFO] started tweaking git repo https://github.com/wojciechkepka/pkger
[INFO] finished tweaking git repo https://github.com/wojciechkepka/pkger
[INFO] tweaked toml for git repo https://github.com/wojciechkepka/pkger written to /workspace/builds/worker-5-tc2/source/Cargo.toml
[INFO] crate git repo https://github.com/wojciechkepka/pkger already has a lockfile, it will not be regenerated
[INFO] running `Command { std: CARGO_HOME="/workspace/cargo-home" RUSTUP_HOME="/workspace/rustup-home" "/workspace/cargo-home/bin/cargo" "+beta-2023-12-22" "fetch" "--manifest-path" "Cargo.toml", kill_on_drop: false }`
[INFO] [stderr] warning: virtual workspace defaulting to `resolver = "1"` despite one or more workspace members being on edition 2021 which implies `resolver = "2"`
[INFO] [stderr] note: to keep the current resolver, specify `workspace.resolver = "1"` in the workspace root's manifest
[INFO] [stderr] note: to use the edition 2021 resolver, specify `workspace.resolver = "2"` in the workspace root's manifest
[INFO] [stderr] note: for more details see https://doc.rust-lang.org/cargo/reference/resolver.html#resolver-versions
[INFO] running `Command { std: "docker" "create" "-v" "/var/lib/crater-agent-workspace/builds/worker-5-tc2/target:/opt/rustwide/target:rw,Z" "-v" "/var/lib/crater-agent-workspace/builds/worker-5-tc2/source:/opt/rustwide/workdir:ro,Z" "-v" "/var/lib/crater-agent-workspace/cargo-home:/opt/rustwide/cargo-home:ro,Z" "-v" "/var/lib/crater-agent-workspace/rustup-home:/opt/rustwide/rustup-home:ro,Z" "-e" "SOURCE_DIR=/opt/rustwide/workdir" "-e" "CARGO_TARGET_DIR=/opt/rustwide/target" "-e" "CARGO_HOME=/opt/rustwide/cargo-home" "-e" "RUSTUP_HOME=/opt/rustwide/rustup-home" "-w" "/opt/rustwide/workdir" "-m" "1610612736" "--user" "0:0" "--network" "none" "ghcr.io/rust-lang/crates-build-env/linux@sha256:2788e3201cd34a07e3172128adcd8b3090168a8e3bcc40d7c032b9dda1df7d1c" "/opt/rustwide/cargo-home/bin/cargo" "+beta-2023-12-22" "metadata" "--no-deps" "--format-version=1", kill_on_drop: false }`
[INFO] [stdout] 93e2f45ea1422eaf18027e14f362013d94a548860b636cc3513d2318ee10e1c4
[INFO] running `Command { std: "docker" "start" "-a" "93e2f45ea1422eaf18027e14f362013d94a548860b636cc3513d2318ee10e1c4", kill_on_drop: false }`
[INFO] running `Command { std: "docker" "inspect" "93e2f45ea1422eaf18027e14f362013d94a548860b636cc3513d2318ee10e1c4", kill_on_drop: false }`
[INFO] running `Command { std: "docker" "rm" "-f" "93e2f45ea1422eaf18027e14f362013d94a548860b636cc3513d2318ee10e1c4", kill_on_drop: false }`
[INFO] [stdout] 93e2f45ea1422eaf18027e14f362013d94a548860b636cc3513d2318ee10e1c4
[INFO] running `Command { std: "docker" "create" "-v" "/var/lib/crater-agent-workspace/builds/worker-5-tc2/target:/opt/rustwide/target:rw,Z" "-v" "/var/lib/crater-agent-workspace/builds/worker-5-tc2/source:/opt/rustwide/workdir:ro,Z" "-v" "/var/lib/crater-agent-workspace/cargo-home:/opt/rustwide/cargo-home:ro,Z" "-v" "/var/lib/crater-agent-workspace/rustup-home:/opt/rustwide/rustup-home:ro,Z" "-e" "SOURCE_DIR=/opt/rustwide/workdir" "-e" "CARGO_TARGET_DIR=/opt/rustwide/target" "-e" "CARGO_INCREMENTAL=0" "-e" "RUST_BACKTRACE=full" "-e" "RUSTFLAGS=--cap-lints=warn" "-e" "RUSTDOCFLAGS=--cap-lints=warn" "-e" "CARGO_HOME=/opt/rustwide/cargo-home" "-e" "RUSTUP_HOME=/opt/rustwide/rustup-home" "-w" "/opt/rustwide/workdir" "-m" "1610612736" "--user" "0:0" "--network" "none" "ghcr.io/rust-lang/crates-build-env/linux@sha256:2788e3201cd34a07e3172128adcd8b3090168a8e3bcc40d7c032b9dda1df7d1c" "/opt/rustwide/cargo-home/bin/cargo" "+beta-2023-12-22" "build" "--frozen" "--message-format=json", kill_on_drop: false }`
[INFO] [stdout] fe2e4beeba95580680664a48bcce2e907e933331d56742a77212229583f5ec4a
[INFO] running `Command { std: "docker" "start" "-a" "fe2e4beeba95580680664a48bcce2e907e933331d56742a77212229583f5ec4a", kill_on_drop: false }`
[INFO] [stderr] warning: virtual workspace defaulting to `resolver = "1"` despite one or more workspace members being on edition 2021 which implies `resolver = "2"`
[INFO] [stderr] note: to keep the current resolver, specify `workspace.resolver = "1"` in the workspace root's manifest
[INFO] [stderr] note: to use the edition 2021 resolver, specify `workspace.resolver = "2"` in the workspace root's manifest
[INFO] [stderr] note: for more details see https://doc.rust-lang.org/cargo/reference/resolver.html#resolver-versions
[INFO] [stderr]    Compiling proc-macro2 v1.0.43
[INFO] [stderr]    Compiling libc v0.2.132
[INFO] [stderr]    Compiling unicode-ident v1.0.3
[INFO] [stderr]    Compiling quote v1.0.21
[INFO] [stderr]    Compiling syn v1.0.99
[INFO] [stderr]    Compiling autocfg v1.1.0
[INFO] [stderr]    Compiling cfg-if v1.0.0
[INFO] [stderr]    Compiling memchr v2.5.0
[INFO] [stderr]    Compiling serde_derive v1.0.144
[INFO] [stderr]    Compiling pin-project-lite v0.2.9
[INFO] [stderr]    Compiling log v0.4.17
[INFO] [stderr]    Compiling futures-core v0.3.24
[INFO] [stderr]    Compiling serde v1.0.144
[INFO] [stderr]    Compiling fnv v1.0.7
[INFO] [stderr]    Compiling slab v0.4.7
[INFO] [stderr]    Compiling futures-channel v0.3.24
[INFO] [stderr]    Compiling futures-task v0.3.24
[INFO] [stderr]    Compiling pkg-config v0.3.25
[INFO] [stderr]    Compiling futures-util v0.3.24
[INFO] [stderr]    Compiling futures-sink v0.3.24
[INFO] [stderr]    Compiling itoa v1.0.3
[INFO] [stderr]    Compiling pin-utils v0.1.0
[INFO] [stderr]    Compiling futures-io v0.3.24
[INFO] [stderr]    Compiling once_cell v1.14.0
[INFO] [stderr]    Compiling num-traits v0.2.15
[INFO] [stderr]    Compiling num-integer v0.1.45
[INFO] [stderr]    Compiling strsim v0.10.0
[INFO] [stderr]    Compiling bytes v1.2.1
[INFO] [stderr]    Compiling paste v1.0.9
[INFO] [stderr]    Compiling tinyvec_macros v0.1.0
[INFO] [stderr]    Compiling tinyvec v1.6.0
[INFO] [stderr]    Compiling tokio v1.21.0
[INFO] [stderr]    Compiling jobserver v0.1.24
[INFO] [stderr]    Compiling serde_json v1.0.85
[INFO] [stderr]    Compiling cc v1.0.73
[INFO] [stderr]    Compiling httparse v1.8.0
[INFO] [stderr]    Compiling ryu v1.0.11
[INFO] [stderr]    Compiling version_check v0.9.4
[INFO] [stderr]    Compiling mio v0.8.4
[INFO] [stderr]    Compiling num_cpus v1.13.1
[INFO] [stderr]    Compiling socket2 v0.4.7
[INFO] [stderr]    Compiling unicode-normalization v0.1.21
[INFO] [stderr]    Compiling time v0.1.44
[INFO] [stderr]    Compiling http v0.2.8
[INFO] [stderr]    Compiling tracing-core v0.1.29
[INFO] [stderr]    Compiling try-lock v0.2.3
[INFO] [stderr]    Compiling percent-encoding v2.2.0
[INFO] [stderr]    Compiling iana-time-zone v0.1.47
[INFO] [stderr]    Compiling crc32fast v1.3.2
[INFO] [stderr]    Compiling ident_case v1.0.1
[INFO] [stderr]    Compiling unicode-bidi v0.3.8
[INFO] [stderr]    Compiling form_urlencoded v1.1.0
[INFO] [stderr]    Compiling want v0.3.0
[INFO] [stderr]    Compiling libz-sys v1.1.8
[INFO] [stderr]    Compiling openssl-sys v0.9.75
[INFO] [stderr]    Compiling tracing v0.1.36
[INFO] [stderr]    Compiling http-body v0.4.5
[INFO] [stderr]    Compiling idna v0.3.0
[INFO] [stderr]    Compiling httpdate v1.0.2
[INFO] [stderr]    Compiling tower-service v0.3.2
[INFO] [stderr]    Compiling adler v1.0.2
[INFO] [stderr]    Compiling libssh2-sys v0.2.23
[INFO] [stderr]    Compiling miniz_oxide v0.5.4
[INFO] [stderr]    Compiling proc-macro-error-attr v1.0.4
[INFO] [stderr]    Compiling xattr v0.2.3
[INFO] [stderr]    Compiling filetime v0.2.17
[INFO] [stderr]    Compiling url v2.3.1
[INFO] [stderr]    Compiling atty v0.2.14
[INFO] [stderr]    Compiling bitflags v1.3.2
[INFO] [stderr]    Compiling hex v0.4.3
[INFO] [stderr]    Compiling pin-project-internal v0.4.30
[INFO] [stderr]    Compiling flate2 v1.0.24
[INFO] [stderr]    Compiling tar v0.4.38
[INFO] [stderr]    Compiling proc-macro-error v1.0.4
[INFO] [stderr]    Compiling mime v0.3.16
[INFO] [stderr]    Compiling libgit2-sys v0.13.4+1.4.2
[INFO] [stderr]    Compiling darling_core v0.14.1
[INFO] [stderr]    Compiling indexmap v1.9.1
[INFO] [stderr]    Compiling linked-hash-map v0.5.6
[INFO] [stderr]    Compiling termcolor v1.1.3
[INFO] [stderr]    Compiling aho-corasick v0.7.19
[INFO] [stderr]    Compiling yaml-rust v0.4.5
[INFO] [stderr]    Compiling regex-syntax v0.6.27
[INFO] [stderr]    Compiling heck v0.4.0
[INFO] [stderr]    Compiling anyhow v1.0.64
[INFO] [stderr]    Compiling byteorder v1.4.3
[INFO] [stderr]    Compiling event-listener v2.5.3
[INFO] [stderr]    Compiling quick-error v1.2.3
[INFO] [stderr]    Compiling async-trait v0.1.57
[INFO] [stderr]    Compiling os_str_bytes v6.3.0
[INFO] [stderr]    Compiling base64 v0.13.0
[INFO] [stderr]    Compiling bytes v0.5.6
[INFO] [stderr]    Compiling hashbrown v0.12.3
[INFO] [stderr]    Compiling clap_lex v0.3.0
[INFO] [stderr]    Compiling humantime v1.3.0
[INFO] [stderr]    Compiling async-mutex v1.4.0
[INFO] [stderr]    Compiling rand v0.4.6
[INFO] [stderr]    Compiling getrandom v0.2.7
[INFO] [stderr]    Compiling remove_dir_all v0.5.3
[INFO] [stderr]    Compiling openssl-probe v0.1.5
[INFO] [stderr]    Compiling lazy_static v1.4.0
[INFO] [stderr]    Compiling half v1.8.2
[INFO] [stderr]    Compiling colored v2.0.0
[INFO] [stderr]    Compiling async-rwlock v1.3.0
[INFO] [stderr]    Compiling merge-yaml-hash v0.2.0
[INFO] [stderr]    Compiling regex v1.6.0
[INFO] [stderr]    Compiling tempdir v0.3.7
[INFO] [stderr]    Compiling nix v0.25.0
[INFO] [stderr]    Compiling dirs-sys v0.3.7
[INFO] [stderr]    Compiling ipnet v2.5.0
[INFO] [stderr]    Compiling rpassword v5.0.1
[INFO] [stderr]    Compiling dirs v3.0.2
[INFO] [stderr]    Compiling futures-macro v0.3.24
[INFO] [stderr]    Compiling thiserror-impl v1.0.34
[INFO] [stderr]    Compiling tokio-macros v1.8.0
[INFO] [stderr]    Compiling pin-project-internal v1.0.12
[INFO] [stderr]    Compiling darling_macro v0.14.1
[INFO] [stderr]    Compiling darling v0.14.1
[INFO] [stderr]    Compiling pkgspec v0.2.0 (/opt/rustwide/workdir/libs/pkgspec)
[INFO] [stderr]    Compiling thiserror v1.0.34
[INFO] [stderr]    Compiling pkgspec-core v0.1.0 (/opt/rustwide/workdir/libs/pkgspec-core)
[INFO] [stderr]    Compiling serde_with_macros v2.0.0
[INFO] [stderr]    Compiling clap_derive v4.0.1
[INFO] [stderr]    Compiling debbuild v0.3.1 (/opt/rustwide/workdir/libs/debbuild)
[INFO] [stderr]    Compiling pin-project v1.0.12
[INFO] [stderr]    Compiling pkgbuild v0.1.1 (/opt/rustwide/workdir/libs/pkgbuild)
[INFO] [stderr]    Compiling rpmspec v0.3.0 (/opt/rustwide/workdir/libs/rpmspec)
[INFO] [stderr]    Compiling apkbuild v0.1.0 (/opt/rustwide/workdir/libs/apkbuild)
[INFO] [stderr]    Compiling env_logger v0.7.1
[INFO] [stderr]    Compiling pretty_env_logger v0.4.0
[INFO] [stderr]    Compiling ctrlc v3.2.3
[INFO] [stderr]    Compiling hyper v0.14.20
[INFO] [stderr]    Compiling futures-executor v0.3.24
[INFO] [stderr]    Compiling pin-project v0.4.30
[INFO] [stderr]    Compiling asynchronous-codec v0.6.0
[INFO] [stderr]    Compiling futures v0.3.24
[INFO] [stderr]    Compiling clap v4.0.2
[INFO] [stderr]    Compiling futures_codec v0.4.1
[INFO] [stderr]    Compiling hyperlocal v0.8.0
[INFO] [stderr]    Compiling clap_complete v4.0.1
[INFO] [stderr]    Compiling chrono v0.4.22
[INFO] [stderr]    Compiling serde_with v2.0.0
[INFO] [stderr]    Compiling uuid v0.8.2
[INFO] [stderr]    Compiling serde_cbor v0.11.2
[INFO] [stderr]    Compiling serde_yaml v0.8.26
[INFO] [stderr]    Compiling containers-api v0.7.0
[INFO] [stderr]    Compiling containers-api v0.7.0 (https://github.com/vv9k/containers-api#def35c7c)
[INFO] [stderr]    Compiling podman-api-stubs v0.8.0
[INFO] [stderr]    Compiling docker-api-stubs v0.4.0
[INFO] [stderr]    Compiling git2 v0.14.4
[INFO] [stderr]    Compiling docker-api v0.12.2
[INFO] [stderr]    Compiling podman-api v0.8.0 (https://github.com/vv9k/podman-api-rs#808f0ac6)
[INFO] [stderr]    Compiling pkger-core v0.11.0 (/opt/rustwide/workdir/pkger-core)
[INFO] [stderr]    Compiling pkger v0.11.0 (/opt/rustwide/workdir/pkger-cli)
[INFO] [stderr]     Finished dev [unoptimized + debuginfo] target(s) in 50.51s
[INFO] running `Command { std: "docker" "inspect" "fe2e4beeba95580680664a48bcce2e907e933331d56742a77212229583f5ec4a", kill_on_drop: false }`
[INFO] running `Command { std: "docker" "rm" "-f" "fe2e4beeba95580680664a48bcce2e907e933331d56742a77212229583f5ec4a", kill_on_drop: false }`
[INFO] [stdout] fe2e4beeba95580680664a48bcce2e907e933331d56742a77212229583f5ec4a
[INFO] running `Command { std: "docker" "create" "-v" "/var/lib/crater-agent-workspace/builds/worker-5-tc2/target:/opt/rustwide/target:rw,Z" "-v" "/var/lib/crater-agent-workspace/builds/worker-5-tc2/source:/opt/rustwide/workdir:ro,Z" "-v" "/var/lib/crater-agent-workspace/cargo-home:/opt/rustwide/cargo-home:ro,Z" "-v" "/var/lib/crater-agent-workspace/rustup-home:/opt/rustwide/rustup-home:ro,Z" "-e" "SOURCE_DIR=/opt/rustwide/workdir" "-e" "CARGO_TARGET_DIR=/opt/rustwide/target" "-e" "CARGO_INCREMENTAL=0" "-e" "RUST_BACKTRACE=full" "-e" "RUSTFLAGS=--cap-lints=warn" "-e" "RUSTDOCFLAGS=--cap-lints=warn" "-e" "CARGO_HOME=/opt/rustwide/cargo-home" "-e" "RUSTUP_HOME=/opt/rustwide/rustup-home" "-w" "/opt/rustwide/workdir" "-m" "1610612736" "--user" "0:0" "--network" "none" "ghcr.io/rust-lang/crates-build-env/linux@sha256:2788e3201cd34a07e3172128adcd8b3090168a8e3bcc40d7c032b9dda1df7d1c" "/opt/rustwide/cargo-home/bin/cargo" "+beta-2023-12-22" "test" "--frozen" "--no-run" "--message-format=json", kill_on_drop: false }`
[INFO] [stdout] e6d12ff25454dfe8a084630c3c2909bb71440d18491b8d74cb620074b03ff2ca
[INFO] running `Command { std: "docker" "start" "-a" "e6d12ff25454dfe8a084630c3c2909bb71440d18491b8d74cb620074b03ff2ca", kill_on_drop: false }`
[INFO] [stderr] warning: virtual workspace defaulting to `resolver = "1"` despite one or more workspace members being on edition 2021 which implies `resolver = "2"`
[INFO] [stderr] note: to keep the current resolver, specify `workspace.resolver = "1"` in the workspace root's manifest
[INFO] [stderr] note: to use the edition 2021 resolver, specify `workspace.resolver = "2"` in the workspace root's manifest
[INFO] [stderr] note: for more details see https://doc.rust-lang.org/cargo/reference/resolver.html#resolver-versions
[INFO] [stderr]    Compiling pkgspec v0.2.0 (/opt/rustwide/workdir/libs/pkgspec)
[INFO] [stderr]    Compiling pkgspec-core v0.1.0 (/opt/rustwide/workdir/libs/pkgspec-core)
[INFO] [stderr]    Compiling apkbuild v0.1.0 (/opt/rustwide/workdir/libs/apkbuild)
[INFO] [stderr]    Compiling rpmspec v0.3.0 (/opt/rustwide/workdir/libs/rpmspec)
[INFO] [stderr]    Compiling debbuild v0.3.1 (/opt/rustwide/workdir/libs/debbuild)
[INFO] [stderr]    Compiling pkgbuild v0.1.1 (/opt/rustwide/workdir/libs/pkgbuild)
[INFO] [stderr]    Compiling pkger-core v0.11.0 (/opt/rustwide/workdir/pkger-core)
[INFO] [stderr]    Compiling pkger v0.11.0 (/opt/rustwide/workdir/pkger-cli)
[INFO] [stderr]     Finished test [unoptimized + debuginfo] target(s) in 13.17s
[INFO] running `Command { std: "docker" "inspect" "e6d12ff25454dfe8a084630c3c2909bb71440d18491b8d74cb620074b03ff2ca", kill_on_drop: false }`
[INFO] running `Command { std: "docker" "rm" "-f" "e6d12ff25454dfe8a084630c3c2909bb71440d18491b8d74cb620074b03ff2ca", kill_on_drop: false }`
[INFO] [stdout] e6d12ff25454dfe8a084630c3c2909bb71440d18491b8d74cb620074b03ff2ca
[INFO] running `Command { std: "docker" "create" "-v" "/var/lib/crater-agent-workspace/builds/worker-5-tc2/target:/opt/rustwide/target:rw,Z" "-v" "/var/lib/crater-agent-workspace/builds/worker-5-tc2/source:/opt/rustwide/workdir:ro,Z" "-v" "/var/lib/crater-agent-workspace/cargo-home:/opt/rustwide/cargo-home:ro,Z" "-v" "/var/lib/crater-agent-workspace/rustup-home:/opt/rustwide/rustup-home:ro,Z" "-e" "SOURCE_DIR=/opt/rustwide/workdir" "-e" "CARGO_TARGET_DIR=/opt/rustwide/target" "-e" "CARGO_INCREMENTAL=0" "-e" "RUST_BACKTRACE=full" "-e" "RUSTFLAGS=--cap-lints=warn" "-e" "RUSTDOCFLAGS=--cap-lints=warn" "-e" "CARGO_HOME=/opt/rustwide/cargo-home" "-e" "RUSTUP_HOME=/opt/rustwide/rustup-home" "-w" "/opt/rustwide/workdir" "-m" "1610612736" "--user" "0:0" "--network" "none" "ghcr.io/rust-lang/crates-build-env/linux@sha256:2788e3201cd34a07e3172128adcd8b3090168a8e3bcc40d7c032b9dda1df7d1c" "/opt/rustwide/cargo-home/bin/cargo" "+beta-2023-12-22" "test" "--frozen", kill_on_drop: false }`
[INFO] [stdout] 2df0a05050c92beccb2441ea7eeb49e56dd15218c22868073df3cfb641413469
[INFO] running `Command { std: "docker" "start" "-a" "2df0a05050c92beccb2441ea7eeb49e56dd15218c22868073df3cfb641413469", kill_on_drop: false }`
[INFO] [stderr] warning: virtual workspace defaulting to `resolver = "1"` despite one or more workspace members being on edition 2021 which implies `resolver = "2"`
[INFO] [stderr] note: to keep the current resolver, specify `workspace.resolver = "1"` in the workspace root's manifest
[INFO] [stderr] note: to use the edition 2021 resolver, specify `workspace.resolver = "2"` in the workspace root's manifest
[INFO] [stderr] note: for more details see https://doc.rust-lang.org/cargo/reference/resolver.html#resolver-versions
[INFO] [stderr]     Finished test [unoptimized + debuginfo] target(s) in 0.17s
[INFO] [stderr]      Running unittests src/lib.rs (/opt/rustwide/target/debug/deps/apkbuild-16f10e1e9ad90ff8)
[INFO] [stdout] 
[INFO] [stdout] running 1 test
[INFO] [stdout] test tests::builds_a_apkbuild ... ok
[INFO] [stdout] 
[INFO] [stdout] test result: ok. 1 passed; 0 failed; 0 ignored; 0 measured; 0 filtered out; finished in 0.00s
[INFO] [stdout] 
[INFO] [stderr]      Running unittests src/lib.rs (/opt/rustwide/target/debug/deps/debbuild-20a80c595de3bd52)
[INFO] [stdout] 
[INFO] [stdout] running 4 tests
[INFO] [stdout] test binary::tests::constructs_correct_version ... ok
[INFO] [stdout] test source::tests::builds_and_renders_rules ... ok
[INFO] [stdout] test binary::tests::builds_and_renders_binary_control ... ok
[INFO] [stdout] test source::tests::builds_and_renders_source_control ... ok
[INFO] [stdout] 
[INFO] [stdout] test result: ok. 4 passed; 0 failed; 0 ignored; 0 measured; 0 filtered out; finished in 0.00s
[INFO] [stdout] 
[INFO] [stderr]      Running unittests src/lib.rs (/opt/rustwide/target/debug/deps/pkgbuild-b1cd5ee07a26f650)
[INFO] [stdout] 
[INFO] [stdout] running 1 test
[INFO] [stdout] test tests::builds_a_pkgbuild ... ok
[INFO] [stdout] 
[INFO] [stdout] test result: ok. 1 passed; 0 failed; 0 ignored; 0 measured; 0 filtered out; finished in 0.00s
[INFO] [stdout] 
[INFO] [stderr]      Running unittests src/main.rs (/opt/rustwide/target/debug/deps/pkger-1e8581e1ed7782af)
[INFO] [stdout] 
[INFO] [stdout] running 13 tests
[INFO] [stdout] test table::style::tests::adds_styles ... ok
[INFO] [stdout] test table::tests::alignment ... ok
[INFO] [stdout] test table::tests::cell_alignment ... ok
[INFO] [stdout] test metadata::tests::parses_gzip ... ok
[INFO] [stdout] test table::tests::cell_style ... ok
[INFO] [stdout] test table::tests::simple_cell ... ok
[INFO] [stdout] test table::tests::renders_no_headers ... ok
[INFO] [stdout] test table::tests::renders_simple ... ok
[INFO] [stdout] test table::tests::renders_separators ... ok
[INFO] [stdout] test table::tests::renders_empty ... ok
[INFO] [stdout] test metadata::tests::parses_deb ... ok
[INFO] [stdout] test metadata::tests::parses_rpm ... ok
[INFO] [stdout] test metadata::tests::parses_pkg ... ok
[INFO] [stdout] 
[INFO] [stdout] test result: ok. 13 passed; 0 failed; 0 ignored; 0 measured; 0 filtered out; finished in 0.02s
[INFO] [stdout] 
[INFO] [stderr]      Running unittests src/lib.rs (/opt/rustwide/target/debug/deps/pkger_core-6c7f31d04261872b)
[INFO] [stdout] 
[INFO] [stdout] running 17 tests
[INFO] [stdout] test recipe::cmd::tests::should_run_on_works ... ok
[INFO] [stdout] test recipe::envs::tests::renders_entries_as_vars ... ok
[INFO] [stdout] test proxy::test::parses_proxy_from_env ... ok
[INFO] [stdout] test proxy::test::should_proxy ... ok
[INFO] [stdout] test recipe::metadata::deps::tests::parses_deps ... ok
[INFO] [stdout] test recipe::metadata::deps::tests::parses_joined_deps ... ok
[INFO] [stdout] test template::lexer::tests::no_braces ... ok
[INFO] [stdout] test template::lexer::tests::corner_cases ... ok
[INFO] [stdout] test template::lexer::tests::multiple_vars ... ok
[INFO] [stdout] test recipe::metadata::patches::tests::parses_patches ... ok
[INFO] [stdout] test template::lexer::tests::empty_text ... ok
[INFO] [stdout] test template::tests::renders_braced_vars ... ok
[INFO] [stdout] test template::lexer::tests::simple_case ... ok
[INFO] [stdout] test recipe::tests::invalid_recipes ... ok
[INFO] [stdout] test template::tests::renders_unbraced_vars ... ok
[INFO] [stdout] test recipe::tests::parses_recipe_from_rep ... ok
[INFO] [stdout] test recipe::tests::merges_base_recipe_with_child ... ok
[INFO] [stderr]      Running unittests src/lib.rs (/opt/rustwide/target/debug/deps/pkgspec-757159ac750fa31d)
[INFO] [stdout] 
[INFO] [stdout] test result: ok. 17 passed; 0 failed; 0 ignored; 0 measured; 0 filtered out; finished in 0.01s
[INFO] [stdout] 
[INFO] [stdout] 
[INFO] [stdout] running 0 tests
[INFO] [stderr]      Running unittests src/lib.rs (/opt/rustwide/target/debug/deps/pkgspec_core-55520ee4479abc99)
[INFO] [stdout] 
[INFO] [stdout] test result: ok. 0 passed; 0 failed; 0 ignored; 0 measured; 0 filtered out; finished in 0.00s
[INFO] [stdout] 
[INFO] [stdout] 
[INFO] [stdout] running 0 tests
[INFO] [stdout] 
[INFO] [stdout] test result: ok. 0 passed; 0 failed; 0 ignored; 0 measured; 0 filtered out; finished in 0.00s
[INFO] [stdout] 
[INFO] [stderr]      Running unittests src/lib.rs (/opt/rustwide/target/debug/deps/rpmspec-ec391148d3c1b237)
[INFO] [stdout] 
[INFO] [stdout] running 1 test
[INFO] [stdout] test tests::builds_and_renders_a_spec ... ok
[INFO] [stdout] 
[INFO] [stdout] test result: ok. 1 passed; 0 failed; 0 ignored; 0 measured; 0 filtered out; finished in 0.00s
[INFO] [stdout] 
[INFO] [stderr]    Doc-tests apkbuild
[INFO] [stdout] 
[INFO] [stdout] running 0 tests
[INFO] [stdout] 
[INFO] [stdout] test result: ok. 0 passed; 0 failed; 0 ignored; 0 measured; 0 filtered out; finished in 0.00s
[INFO] [stdout] 
[INFO] [stderr]    Doc-tests debbuild
[INFO] [stdout] 
[INFO] [stdout] running 0 tests
[INFO] [stdout] 
[INFO] [stdout] test result: ok. 0 passed; 0 failed; 0 ignored; 0 measured; 0 filtered out; finished in 0.00s
[INFO] [stdout] 
[INFO] [stderr]    Doc-tests pkgbuild
[INFO] [stdout] 
[INFO] [stdout] running 0 tests
[INFO] [stdout] 
[INFO] [stdout] test result: ok. 0 passed; 0 failed; 0 ignored; 0 measured; 0 filtered out; finished in 0.00s
[INFO] [stdout] 
[INFO] [stderr]    Doc-tests pkger-core
[INFO] [stdout] 
[INFO] [stdout] running 0 tests
[INFO] [stdout] 
[INFO] [stdout] test result: ok. 0 passed; 0 failed; 0 ignored; 0 measured; 0 filtered out; finished in 0.00s
[INFO] [stdout] 
[INFO] [stderr]    Doc-tests pkgspec
[INFO] [stdout] 
[INFO] [stdout] running 0 tests
[INFO] [stdout] 
[INFO] [stdout] test result: ok. 0 passed; 0 failed; 0 ignored; 0 measured; 0 filtered out; finished in 0.00s
[INFO] [stdout] 
[INFO] [stderr]    Doc-tests pkgspec-core
[INFO] [stdout] 
[INFO] [stdout] running 0 tests
[INFO] [stdout] 
[INFO] [stdout] test result: ok. 0 passed; 0 failed; 0 ignored; 0 measured; 0 filtered out; finished in 0.00s
[INFO] [stdout] 
[INFO] [stderr]    Doc-tests rpmspec
[INFO] [stdout] 
[INFO] [stdout] running 0 tests
[INFO] [stdout] 
[INFO] [stdout] test result: ok. 0 passed; 0 failed; 0 ignored; 0 measured; 0 filtered out; finished in 0.00s
[INFO] [stdout] 
[INFO] running `Command { std: "docker" "inspect" "2df0a05050c92beccb2441ea7eeb49e56dd15218c22868073df3cfb641413469", kill_on_drop: false }`
[INFO] running `Command { std: "docker" "rm" "-f" "2df0a05050c92beccb2441ea7eeb49e56dd15218c22868073df3cfb641413469", kill_on_drop: false }`
[INFO] [stdout] 2df0a05050c92beccb2441ea7eeb49e56dd15218c22868073df3cfb641413469
