[INFO] cloning repository https://github.com/swarmer/threedy
[INFO] running `Command { std: "git" "-c" "credential.helper=" "-c" "credential.helper=/workspace/cargo-home/bin/git-credential-null" "clone" "--bare" "https://github.com/swarmer/threedy" "/workspace/cache/git-repos/https%3A%2F%2Fgithub.com%2Fswarmer%2Fthreedy", kill_on_drop: false }`
[INFO] [stderr] Cloning into bare repository '/workspace/cache/git-repos/https%3A%2F%2Fgithub.com%2Fswarmer%2Fthreedy'...
[INFO] running `Command { std: "git" "rev-parse" "HEAD", kill_on_drop: false }`
[INFO] [stdout] ff2d23160228c3d74d45488605c62ec56cfefc5a
[INFO] testing swarmer/threedy against 1.75.0 for beta-1.76-1
[INFO] running `Command { std: "git" "clone" "/workspace/cache/git-repos/https%3A%2F%2Fgithub.com%2Fswarmer%2Fthreedy" "/workspace/builds/worker-4-tc1/source", kill_on_drop: false }`
[INFO] [stderr] Cloning into '/workspace/builds/worker-4-tc1/source'...
[INFO] [stderr] done.
[INFO] validating manifest of git repo https://github.com/swarmer/threedy on toolchain 1.75.0
[INFO] running `Command { std: CARGO_HOME="/workspace/cargo-home" RUSTUP_HOME="/workspace/rustup-home" "/workspace/cargo-home/bin/cargo" "+1.75.0" "metadata" "--manifest-path" "Cargo.toml" "--no-deps", kill_on_drop: false }`
[INFO] started tweaking git repo https://github.com/swarmer/threedy
[INFO] finished tweaking git repo https://github.com/swarmer/threedy
[INFO] tweaked toml for git repo https://github.com/swarmer/threedy written to /workspace/builds/worker-4-tc1/source/Cargo.toml
[INFO] crate git repo https://github.com/swarmer/threedy already has a lockfile, it will not be regenerated
[INFO] running `Command { std: CARGO_HOME="/workspace/cargo-home" RUSTUP_HOME="/workspace/rustup-home" "/workspace/cargo-home/bin/cargo" "+1.75.0" "fetch" "--manifest-path" "Cargo.toml", kill_on_drop: false }`
[INFO] [stderr]     Blocking waiting for file lock on package cache
[ERROR] error running command: no output for 300 seconds
[ERROR] this task or one of its parent failed!
[ERROR] no output for 300 seconds
[ERROR] note: run with `RUST_BACKTRACE=1` to display a backtrace.
[INFO] testing swarmer/threedy against beta-2023-12-22 for beta-1.76-1
[INFO] running `Command { std: "git" "clone" "/workspace/cache/git-repos/https%3A%2F%2Fgithub.com%2Fswarmer%2Fthreedy" "/workspace/builds/worker-4-tc2/source", kill_on_drop: false }`
[INFO] [stderr] Cloning into '/workspace/builds/worker-4-tc2/source'...
[INFO] [stderr] done.
[INFO] validating manifest of git repo https://github.com/swarmer/threedy on toolchain beta-2023-12-22
[INFO] running `Command { std: CARGO_HOME="/workspace/cargo-home" RUSTUP_HOME="/workspace/rustup-home" "/workspace/cargo-home/bin/cargo" "+beta-2023-12-22" "metadata" "--manifest-path" "Cargo.toml" "--no-deps", kill_on_drop: false }`
[INFO] started tweaking git repo https://github.com/swarmer/threedy
[INFO] finished tweaking git repo https://github.com/swarmer/threedy
[INFO] tweaked toml for git repo https://github.com/swarmer/threedy written to /workspace/builds/worker-4-tc2/source/Cargo.toml
[INFO] crate git repo https://github.com/swarmer/threedy already has a lockfile, it will not be regenerated
[INFO] running `Command { std: CARGO_HOME="/workspace/cargo-home" RUSTUP_HOME="/workspace/rustup-home" "/workspace/cargo-home/bin/cargo" "+beta-2023-12-22" "fetch" "--manifest-path" "Cargo.toml", kill_on_drop: false }`
[INFO] [stderr]     Blocking waiting for file lock on package cache
[INFO] [stderr]     Blocking waiting for file lock on package cache
[ERROR] error running command: no output for 300 seconds
[INFO] testing swarmer/threedy against beta-2023-12-22 for beta-1.76-1
[INFO] running `Command { std: "git" "clone" "/workspace/cache/git-repos/https%3A%2F%2Fgithub.com%2Fswarmer%2Fthreedy" "/workspace/builds/worker-4-tc2/source", kill_on_drop: false }`
[INFO] [stderr] Cloning into '/workspace/builds/worker-4-tc2/source'...
[INFO] [stderr] done.
[INFO] validating manifest of git repo https://github.com/swarmer/threedy on toolchain beta-2023-12-22
[INFO] running `Command { std: CARGO_HOME="/workspace/cargo-home" RUSTUP_HOME="/workspace/rustup-home" "/workspace/cargo-home/bin/cargo" "+beta-2023-12-22" "metadata" "--manifest-path" "Cargo.toml" "--no-deps", kill_on_drop: false }`
[INFO] started tweaking git repo https://github.com/swarmer/threedy
[INFO] finished tweaking git repo https://github.com/swarmer/threedy
[INFO] tweaked toml for git repo https://github.com/swarmer/threedy written to /workspace/builds/worker-4-tc2/source/Cargo.toml
[INFO] crate git repo https://github.com/swarmer/threedy already has a lockfile, it will not be regenerated
[INFO] running `Command { std: CARGO_HOME="/workspace/cargo-home" RUSTUP_HOME="/workspace/rustup-home" "/workspace/cargo-home/bin/cargo" "+beta-2023-12-22" "fetch" "--manifest-path" "Cargo.toml", kill_on_drop: false }`
[INFO] [stderr]     Blocking waiting for file lock on package cache
[INFO] [stderr]     Blocking waiting for file lock on package cache
[ERROR] error running command: no output for 300 seconds
[INFO] testing swarmer/threedy against beta-2023-12-22 for beta-1.76-1
[INFO] running `Command { std: "git" "clone" "/workspace/cache/git-repos/https%3A%2F%2Fgithub.com%2Fswarmer%2Fthreedy" "/workspace/builds/worker-4-tc2/source", kill_on_drop: false }`
[INFO] [stderr] Cloning into '/workspace/builds/worker-4-tc2/source'...
[INFO] [stderr] done.
[INFO] validating manifest of git repo https://github.com/swarmer/threedy on toolchain beta-2023-12-22
[INFO] running `Command { std: CARGO_HOME="/workspace/cargo-home" RUSTUP_HOME="/workspace/rustup-home" "/workspace/cargo-home/bin/cargo" "+beta-2023-12-22" "metadata" "--manifest-path" "Cargo.toml" "--no-deps", kill_on_drop: false }`
[INFO] started tweaking git repo https://github.com/swarmer/threedy
[INFO] finished tweaking git repo https://github.com/swarmer/threedy
[INFO] tweaked toml for git repo https://github.com/swarmer/threedy written to /workspace/builds/worker-4-tc2/source/Cargo.toml
[INFO] crate git repo https://github.com/swarmer/threedy already has a lockfile, it will not be regenerated
[INFO] running `Command { std: CARGO_HOME="/workspace/cargo-home" RUSTUP_HOME="/workspace/rustup-home" "/workspace/cargo-home/bin/cargo" "+beta-2023-12-22" "fetch" "--manifest-path" "Cargo.toml", kill_on_drop: false }`
[INFO] [stderr]     Blocking waiting for file lock on package cache
[INFO] [stderr]     Blocking waiting for file lock on package cache
[ERROR] error running command: no output for 300 seconds
[INFO] testing swarmer/threedy against beta-2023-12-22 for beta-1.76-1
[INFO] running `Command { std: "git" "clone" "/workspace/cache/git-repos/https%3A%2F%2Fgithub.com%2Fswarmer%2Fthreedy" "/workspace/builds/worker-4-tc2/source", kill_on_drop: false }`
[INFO] [stderr] Cloning into '/workspace/builds/worker-4-tc2/source'...
[INFO] [stderr] done.
[INFO] validating manifest of git repo https://github.com/swarmer/threedy on toolchain beta-2023-12-22
[INFO] running `Command { std: CARGO_HOME="/workspace/cargo-home" RUSTUP_HOME="/workspace/rustup-home" "/workspace/cargo-home/bin/cargo" "+beta-2023-12-22" "metadata" "--manifest-path" "Cargo.toml" "--no-deps", kill_on_drop: false }`
[INFO] started tweaking git repo https://github.com/swarmer/threedy
[INFO] finished tweaking git repo https://github.com/swarmer/threedy
[INFO] tweaked toml for git repo https://github.com/swarmer/threedy written to /workspace/builds/worker-4-tc2/source/Cargo.toml
[INFO] crate git repo https://github.com/swarmer/threedy already has a lockfile, it will not be regenerated
[INFO] running `Command { std: CARGO_HOME="/workspace/cargo-home" RUSTUP_HOME="/workspace/rustup-home" "/workspace/cargo-home/bin/cargo" "+beta-2023-12-22" "fetch" "--manifest-path" "Cargo.toml", kill_on_drop: false }`
[INFO] [stderr]     Blocking waiting for file lock on package cache
[INFO] [stderr]     Blocking waiting for file lock on package cache
[INFO] [stderr]  Downloading crates ...
[INFO] [stderr]   Downloaded gfx_device_gl v0.15.2
[INFO] [stderr]   Downloaded piston2d-gfx_graphics v0.50.0
[INFO] [stderr]   Downloaded piston_window v0.77.0
[INFO] running `Command { std: "docker" "create" "-v" "/var/lib/crater-agent-workspace/builds/worker-4-tc2/target:/opt/rustwide/target:rw,Z" "-v" "/var/lib/crater-agent-workspace/builds/worker-4-tc2/source:/opt/rustwide/workdir:ro,Z" "-v" "/var/lib/crater-agent-workspace/cargo-home:/opt/rustwide/cargo-home:ro,Z" "-v" "/var/lib/crater-agent-workspace/rustup-home:/opt/rustwide/rustup-home:ro,Z" "-e" "SOURCE_DIR=/opt/rustwide/workdir" "-e" "CARGO_TARGET_DIR=/opt/rustwide/target" "-e" "CARGO_HOME=/opt/rustwide/cargo-home" "-e" "RUSTUP_HOME=/opt/rustwide/rustup-home" "-w" "/opt/rustwide/workdir" "-m" "1610612736" "--user" "0:0" "--network" "none" "ghcr.io/rust-lang/crates-build-env/linux@sha256:2788e3201cd34a07e3172128adcd8b3090168a8e3bcc40d7c032b9dda1df7d1c" "/opt/rustwide/cargo-home/bin/cargo" "+beta-2023-12-22" "metadata" "--no-deps" "--format-version=1", kill_on_drop: false }`
[INFO] [stdout] 4e4de28b2f5d680f087a40a8d6db3515ff53ac49ea2404d20f80e3e13ddfc929
[INFO] running `Command { std: "docker" "start" "-a" "4e4de28b2f5d680f087a40a8d6db3515ff53ac49ea2404d20f80e3e13ddfc929", kill_on_drop: false }`
[INFO] running `Command { std: "docker" "inspect" "4e4de28b2f5d680f087a40a8d6db3515ff53ac49ea2404d20f80e3e13ddfc929", kill_on_drop: false }`
[INFO] running `Command { std: "docker" "rm" "-f" "4e4de28b2f5d680f087a40a8d6db3515ff53ac49ea2404d20f80e3e13ddfc929", kill_on_drop: false }`
[INFO] [stdout] 4e4de28b2f5d680f087a40a8d6db3515ff53ac49ea2404d20f80e3e13ddfc929
[INFO] running `Command { std: "docker" "create" "-v" "/var/lib/crater-agent-workspace/builds/worker-4-tc2/target:/opt/rustwide/target:rw,Z" "-v" "/var/lib/crater-agent-workspace/builds/worker-4-tc2/source:/opt/rustwide/workdir:ro,Z" "-v" "/var/lib/crater-agent-workspace/cargo-home:/opt/rustwide/cargo-home:ro,Z" "-v" "/var/lib/crater-agent-workspace/rustup-home:/opt/rustwide/rustup-home:ro,Z" "-e" "SOURCE_DIR=/opt/rustwide/workdir" "-e" "CARGO_TARGET_DIR=/opt/rustwide/target" "-e" "CARGO_INCREMENTAL=0" "-e" "RUST_BACKTRACE=full" "-e" "RUSTFLAGS=--cap-lints=warn" "-e" "RUSTDOCFLAGS=--cap-lints=warn" "-e" "CARGO_HOME=/opt/rustwide/cargo-home" "-e" "RUSTUP_HOME=/opt/rustwide/rustup-home" "-w" "/opt/rustwide/workdir" "-m" "1610612736" "--user" "0:0" "--network" "none" "ghcr.io/rust-lang/crates-build-env/linux@sha256:2788e3201cd34a07e3172128adcd8b3090168a8e3bcc40d7c032b9dda1df7d1c" "/opt/rustwide/cargo-home/bin/cargo" "+beta-2023-12-22" "build" "--frozen" "--message-format=json", kill_on_drop: false }`
[INFO] [stdout] 8f0e93ac4a1e1b23af004f1c0b2f95045e38b4974e24d91c337226cd4687d17f
[INFO] running `Command { std: "docker" "start" "-a" "8f0e93ac4a1e1b23af004f1c0b2f95045e38b4974e24d91c337226cd4687d17f", kill_on_drop: false }`
[INFO] [stderr]    Compiling bitflags v1.0.1
[INFO] [stderr]    Compiling cfg-if v0.1.2
[INFO] [stderr]    Compiling libc v0.2.40
[INFO] [stderr]    Compiling lazy_static v1.0.0
[INFO] [stderr]    Compiling khronos_api v2.2.0
[INFO] [stderr]    Compiling num-traits v0.2.2
[INFO] [stderr]    Compiling either v1.5.0
[INFO] [stderr]    Compiling cc v1.0.9
[INFO] [stderr]    Compiling log v0.4.1
[INFO] [stderr]    Compiling xml-rs v0.7.0
[INFO] [stderr]    Compiling nodrop v0.1.12
[INFO] [stderr]    Compiling byteorder v1.2.2
[INFO] [stderr]    Compiling arrayvec v0.4.7
[INFO] [stderr]    Compiling piston-float v0.3.0
[INFO] [stderr]    Compiling unicode-xid v0.1.0
[INFO] [stderr]    Compiling void v1.0.2
[INFO] [stderr]    Compiling rand v0.4.2
[INFO] [stderr]    Compiling proc-macro2 v0.3.5
[INFO] [stderr]    Compiling crossbeam-utils v0.2.2
[INFO] [stderr]    Compiling memoffset v0.2.1
[INFO] [stderr]    Compiling scopeguard v0.3.3
[INFO] [stderr]    Compiling wayland-scanner v0.12.5
[INFO] [stderr]    Compiling gl_generator v0.9.0
[INFO] [stderr]    Compiling crossbeam-epoch v0.3.1
[INFO] [stderr]    Compiling num-traits v0.1.43
[INFO] [stderr]    Compiling quote v0.5.1
[INFO] [stderr]    Compiling piston-viewport v0.3.0
[INFO] [stderr]    Compiling rayon-core v1.4.0
[INFO] [stderr]    Compiling libloading v0.5.0
[INFO] [stderr]    Compiling syn v0.13.1
[INFO] [stderr]    Compiling crossbeam-deque v0.2.0
[INFO] [stderr]    Compiling num-integer v0.1.36
[INFO] [stderr]    Compiling wayland-client v0.12.5
[INFO] [stderr]    Compiling num_cpus v1.8.0
[INFO] [stderr]    Compiling token_store v0.1.2
[INFO] [stderr]    Compiling unicode-xid v0.0.4
[INFO] [stderr]    Compiling adler32 v1.0.2
[INFO] [stderr]    Compiling quote v0.3.15
[INFO] [stderr]    Compiling wayland-protocols v0.12.5
[INFO] [stderr]    Compiling itertools v0.5.10
[INFO] [stderr]    Compiling dlib v0.4.1
[INFO] [stderr]    Compiling syn v0.10.8
[INFO] [stderr]    Compiling wayland-sys v0.12.5
[INFO] [stderr]    Compiling pkg-config v0.3.9
[INFO] [stderr]    Compiling shader_version v0.3.0
[INFO] [stderr]    Compiling x11-dl v2.17.5
[INFO] [stderr]    Compiling rayon v1.0.1
[INFO] [stderr]    Compiling inflate v0.3.4
[INFO] [stderr]    Compiling deflate v0.7.18
[INFO] [stderr]    Compiling num-iter v0.1.35
[INFO] [stderr]    Compiling unreachable v0.1.1
[INFO] [stderr]    Compiling memmap v0.6.2
[INFO] [stderr]    Compiling log v0.3.9
[INFO] [stderr]    Compiling draw_state v0.8.0
[INFO] [stderr]    Compiling serde_derive_internals v0.23.0
[INFO] [stderr]    Compiling remove_dir_all v0.5.0
[INFO] [stderr]    Compiling color_quant v1.0.0
[INFO] [stderr]    Compiling serde v1.0.37
[INFO] [stderr]    Compiling lzw v0.10.0
[INFO] [stderr]    Compiling jpeg-decoder v0.1.14
[INFO] [stderr]    Compiling gif v0.9.2
[INFO] [stderr]    Compiling tempfile v3.0.0
[INFO] [stderr]    Compiling gl_generator v0.8.0
[INFO] [stderr]    Compiling png v0.11.0
[INFO] [stderr]    Compiling ordered-float v0.5.0
[INFO] [stderr]    Compiling serde_derive v1.0.37
[INFO] [stderr]    Compiling gl v0.10.0
[INFO] [stderr]    Compiling num-rational v0.1.42
[INFO] [stderr]    Compiling enum_primitive v0.1.1
[INFO] [stderr]    Compiling stb_truetype v0.2.2
[INFO] [stderr]    Compiling scoped_threadpool v0.1.9
[INFO] [stderr]    Compiling piston-texture v0.6.0
[INFO] [stderr]    Compiling image v0.18.0
[INFO] [stderr]    Compiling rusttype v0.4.3
[INFO] [stderr]    Compiling derivative v1.0.0
[INFO] [stderr]    Compiling glutin v0.12.2
[INFO] [stderr]    Compiling wayland-window v0.13.3
[INFO] [stderr]    Compiling wayland-kbd v0.13.1
[INFO] [stderr]    Compiling gfx_gl v0.5.0
[INFO] [stderr]    Compiling gfx_core v0.8.2
[INFO] [stderr]    Compiling shared_library v0.1.8
[INFO] [stderr]    Compiling vecmath v0.3.1
[INFO] [stderr]    Compiling interpolation v0.1.0
[INFO] [stderr]    Compiling percent-encoding v1.0.1
[INFO] [stderr]    Compiling fnv v1.0.6
[INFO] [stderr]    Compiling read_color v1.0.0
[INFO] [stderr]    Compiling winit v0.10.0
[INFO] [stderr]    Compiling piston2d-graphics v0.26.0
[INFO] [stderr]    Compiling osmesa-sys v0.1.2
[INFO] [stderr]    Compiling gfx v0.17.1
[INFO] [stderr]    Compiling unreachable v1.0.0
[INFO] [stderr]    Compiling memchr v2.0.1
[INFO] [stderr]    Compiling matrixmultiply v0.1.14
[INFO] [stderr]    Compiling ucd-util v0.1.1
[INFO] [stderr]    Compiling pistoncore-input v0.20.0
[INFO] [stderr]    Compiling regex v0.2.10
[INFO] [stderr]    Compiling piston-shaders_graphics2d v0.3.1
[INFO] [stderr]    Compiling regex-syntax v0.5.3
[INFO] [stderr]    Compiling piston-gfx_texture v0.31.0
[INFO] [stderr]    Compiling aho-corasick v0.6.4
[INFO] [stderr]    Compiling thread_local v0.3.5
[INFO] [stderr]    Compiling quick-error v1.2.1
[INFO] [stderr]    Compiling utf8-ranges v1.0.0
[INFO] [stderr]    Compiling ndarray v0.11.2
[INFO] [stderr]    Compiling rawpointer v0.1.0
[INFO] [stderr]    Compiling humantime v1.1.1
[INFO] [stderr]    Compiling pistoncore-window v0.31.0
[INFO] [stderr]    Compiling piston2d-gfx_graphics v0.50.0
[INFO] [stderr]    Compiling num-complex v0.1.43
[INFO] [stderr]    Compiling pistoncore-event_loop v0.36.0
[INFO] [stderr]    Compiling atty v0.2.8
[INFO] [stderr]    Compiling piston v0.36.0
[INFO] [stderr]    Compiling itertools v0.7.8
[INFO] [stderr]    Compiling pistoncore-glutin_window v0.45.3
[INFO] [stderr]    Compiling gfx_device_gl v0.15.2
[INFO] [stderr]    Compiling termcolor v0.3.6
[INFO] [stderr]    Compiling piston2d-opengl_graphics v0.52.0
[INFO] [stderr]    Compiling piston_window v0.77.0
[INFO] [stderr]    Compiling env_logger v0.5.6
[INFO] [stderr]    Compiling threedy v0.1.0 (/opt/rustwide/workdir)
[INFO] [stdout] warning: unused imports: `Edge`, `Vector3d`
[INFO] [stdout]   --> src/demo.rs:10:17
[INFO] [stdout]    |
[INFO] [stdout] 10 | use polytopes::{Vector3d, Edge, Polytope, Cube};
[INFO] [stdout]    |                 ^^^^^^^^  ^^^^
[INFO] [stdout]    |
[INFO] [stdout]    = note: `#[warn(unused_imports)]` on by default
[INFO] [stdout] 
[INFO] [stdout] 
[INFO] [stdout] warning: trait objects without an explicit `dyn` are deprecated
[INFO] [stdout]   --> src/demo.rs:15:19
[INFO] [stdout]    |
[INFO] [stdout] 15 |     polytope: Box<Polytope>,
[INFO] [stdout]    |                   ^^^^^^^^
[INFO] [stdout]    |
[INFO] [stdout]    = warning: this is accepted in the current edition (Rust 2015) but is a hard error in Rust 2021!
[INFO] [stdout]    = note: for more information, see <https://doc.rust-lang.org/nightly/edition-guide/rust-2021/warnings-promoted-to-error.html>
[INFO] [stdout]    = note: `#[warn(bare_trait_objects)]` on by default
[INFO] [stdout] help: use `dyn`
[INFO] [stdout]    |
[INFO] [stdout] 15 |     polytope: Box<dyn Polytope>,
[INFO] [stdout]    |                   +++
[INFO] [stdout] 
[INFO] [stdout] 
[INFO] [stdout] warning: trait objects without an explicit `dyn` are deprecated
[INFO] [stdout]    --> src/demo.rs:125:81
[INFO] [stdout]     |
[INFO] [stdout] 125 |     fn render_polytope(context: pw::Context, graphics: &mut pw::G2d, polytope: &Polytope) {
[INFO] [stdout]     |                                                                                 ^^^^^^^^
[INFO] [stdout]     |
[INFO] [stdout]     = warning: this is accepted in the current edition (Rust 2015) but is a hard error in Rust 2021!
[INFO] [stdout]     = note: for more information, see <https://doc.rust-lang.org/nightly/edition-guide/rust-2021/warnings-promoted-to-error.html>
[INFO] [stdout] help: use `dyn`
[INFO] [stdout]     |
[INFO] [stdout] 125 |     fn render_polytope(context: pw::Context, graphics: &mut pw::G2d, polytope: &dyn Polytope) {
[INFO] [stdout]     |                                                                                 +++
[INFO] [stdout] 
[INFO] [stdout] 
[INFO] [stdout] warning: 3 warnings emitted
[INFO] [stdout] 
[INFO] [stdout] 
[INFO] [stderr]     Finished dev [unoptimized + debuginfo] target(s) in 56.96s
[INFO] [stderr] warning: the following packages contain code that will be rejected by a future version of Rust: syn v0.10.8, syn v0.13.1
[INFO] [stderr] note: to see what the problems were, use the option `--future-incompat-report`, or run `cargo report future-incompatibilities --id 1`
[INFO] running `Command { std: "docker" "inspect" "8f0e93ac4a1e1b23af004f1c0b2f95045e38b4974e24d91c337226cd4687d17f", kill_on_drop: false }`
[INFO] running `Command { std: "docker" "rm" "-f" "8f0e93ac4a1e1b23af004f1c0b2f95045e38b4974e24d91c337226cd4687d17f", kill_on_drop: false }`
[INFO] [stdout] 8f0e93ac4a1e1b23af004f1c0b2f95045e38b4974e24d91c337226cd4687d17f
[INFO] running `Command { std: "docker" "create" "-v" "/var/lib/crater-agent-workspace/builds/worker-4-tc2/target:/opt/rustwide/target:rw,Z" "-v" "/var/lib/crater-agent-workspace/builds/worker-4-tc2/source:/opt/rustwide/workdir:ro,Z" "-v" "/var/lib/crater-agent-workspace/cargo-home:/opt/rustwide/cargo-home:ro,Z" "-v" "/var/lib/crater-agent-workspace/rustup-home:/opt/rustwide/rustup-home:ro,Z" "-e" "SOURCE_DIR=/opt/rustwide/workdir" "-e" "CARGO_TARGET_DIR=/opt/rustwide/target" "-e" "CARGO_INCREMENTAL=0" "-e" "RUST_BACKTRACE=full" "-e" "RUSTFLAGS=--cap-lints=warn" "-e" "RUSTDOCFLAGS=--cap-lints=warn" "-e" "CARGO_HOME=/opt/rustwide/cargo-home" "-e" "RUSTUP_HOME=/opt/rustwide/rustup-home" "-w" "/opt/rustwide/workdir" "-m" "1610612736" "--user" "0:0" "--network" "none" "ghcr.io/rust-lang/crates-build-env/linux@sha256:2788e3201cd34a07e3172128adcd8b3090168a8e3bcc40d7c032b9dda1df7d1c" "/opt/rustwide/cargo-home/bin/cargo" "+beta-2023-12-22" "test" "--frozen" "--no-run" "--message-format=json", kill_on_drop: false }`
[INFO] [stdout] 8a3042644d55d62abec913243e2e72f1d02056a67053d23222bfd3e4ebb2cd67
[INFO] running `Command { std: "docker" "start" "-a" "8a3042644d55d62abec913243e2e72f1d02056a67053d23222bfd3e4ebb2cd67", kill_on_drop: false }`
[INFO] [stdout] warning: unused imports: `Edge`, `Vector3d`
[INFO] [stdout]   --> src/demo.rs:10:17
[INFO] [stdout]    |
[INFO] [stdout] 10 | use polytopes::{Vector3d, Edge, Polytope, Cube};
[INFO] [stdout]    |                 ^^^^^^^^  ^^^^
[INFO] [stdout]    |
[INFO] [stdout]    = note: `#[warn(unused_imports)]` on by default
[INFO] [stdout] 
[INFO] [stdout] 
[INFO] [stdout] warning: trait objects without an explicit `dyn` are deprecated
[INFO] [stdout]   --> src/demo.rs:15:19
[INFO] [stdout]    |
[INFO] [stdout] 15 |     polytope: Box<Polytope>,
[INFO] [stdout]    |                   ^^^^^^^^
[INFO] [stdout]    |
[INFO] [stdout]    = warning: this is accepted in the current edition (Rust 2015) but is a hard error in Rust 2021!
[INFO] [stdout]    = note: for more information, see <https://doc.rust-lang.org/nightly/edition-guide/rust-2021/warnings-promoted-to-error.html>
[INFO] [stdout]    = note: `#[warn(bare_trait_objects)]` on by default
[INFO] [stdout] help: use `dyn`
[INFO] [stdout]    |
[INFO] [stdout] 15 |     polytope: Box<dyn Polytope>,
[INFO] [stdout]    |                   +++
[INFO] [stdout] 
[INFO] [stdout] 
[INFO] [stdout] warning: trait objects without an explicit `dyn` are deprecated
[INFO] [stdout]    --> src/demo.rs:125:81
[INFO] [stdout]     |
[INFO] [stdout] 125 |     fn render_polytope(context: pw::Context, graphics: &mut pw::G2d, polytope: &Polytope) {
[INFO] [stdout]     |                                                                                 ^^^^^^^^
[INFO] [stdout]     |
[INFO] [stdout]     = warning: this is accepted in the current edition (Rust 2015) but is a hard error in Rust 2021!
[INFO] [stdout]     = note: for more information, see <https://doc.rust-lang.org/nightly/edition-guide/rust-2021/warnings-promoted-to-error.html>
[INFO] [stdout] help: use `dyn`
[INFO] [stdout]     |
[INFO] [stdout] 125 |     fn render_polytope(context: pw::Context, graphics: &mut pw::G2d, polytope: &dyn Polytope) {
[INFO] [stdout]     |                                                                                 +++
[INFO] [stdout] 
[INFO] [stdout] 
[INFO] [stdout] warning: 3 warnings emitted
[INFO] [stdout] 
[INFO] [stdout] 
[INFO] [stderr]    Compiling threedy v0.1.0 (/opt/rustwide/workdir)
[INFO] [stdout] warning: unused imports: `Edge`, `Vector3d`
[INFO] [stdout]   --> src/demo.rs:10:17
[INFO] [stdout]    |
[INFO] [stdout] 10 | use polytopes::{Vector3d, Edge, Polytope, Cube};
[INFO] [stdout]    |                 ^^^^^^^^  ^^^^
[INFO] [stdout]    |
[INFO] [stdout]    = note: `#[warn(unused_imports)]` on by default
[INFO] [stdout] 
[INFO] [stdout] 
[INFO] [stdout] warning: trait objects without an explicit `dyn` are deprecated
[INFO] [stdout]   --> src/demo.rs:15:19
[INFO] [stdout]    |
[INFO] [stdout] 15 |     polytope: Box<Polytope>,
[INFO] [stdout]    |                   ^^^^^^^^
[INFO] [stdout]    |
[INFO] [stdout]    = warning: this is accepted in the current edition (Rust 2015) but is a hard error in Rust 2021!
[INFO] [stdout]    = note: for more information, see <https://doc.rust-lang.org/nightly/edition-guide/rust-2021/warnings-promoted-to-error.html>
[INFO] [stdout]    = note: `#[warn(bare_trait_objects)]` on by default
[INFO] [stdout] help: use `dyn`
[INFO] [stdout]    |
[INFO] [stdout] 15 |     polytope: Box<dyn Polytope>,
[INFO] [stdout]    |                   +++
[INFO] [stdout] 
[INFO] [stdout] 
[INFO] [stdout] warning: trait objects without an explicit `dyn` are deprecated
[INFO] [stdout]    --> src/demo.rs:125:81
[INFO] [stdout]     |
[INFO] [stdout] 125 |     fn render_polytope(context: pw::Context, graphics: &mut pw::G2d, polytope: &Polytope) {
[INFO] [stdout]     |                                                                                 ^^^^^^^^
[INFO] [stdout]     |
[INFO] [stdout]     = warning: this is accepted in the current edition (Rust 2015) but is a hard error in Rust 2021!
[INFO] [stdout]     = note: for more information, see <https://doc.rust-lang.org/nightly/edition-guide/rust-2021/warnings-promoted-to-error.html>
[INFO] [stdout] help: use `dyn`
[INFO] [stdout]     |
[INFO] [stdout] 125 |     fn render_polytope(context: pw::Context, graphics: &mut pw::G2d, polytope: &dyn Polytope) {
[INFO] [stdout]     |                                                                                 +++
[INFO] [stdout] 
[INFO] [stdout] 
[INFO] [stdout] warning: 3 warnings emitted
[INFO] [stdout] 
[INFO] [stdout] 
[INFO] [stderr]     Finished test [unoptimized + debuginfo] target(s) in 0.72s
[INFO] [stderr] warning: the following packages contain code that will be rejected by a future version of Rust: syn v0.10.8, syn v0.13.1
[INFO] [stderr] note: to see what the problems were, use the option `--future-incompat-report`, or run `cargo report future-incompatibilities --id 1`
[INFO] running `Command { std: "docker" "inspect" "8a3042644d55d62abec913243e2e72f1d02056a67053d23222bfd3e4ebb2cd67", kill_on_drop: false }`
[INFO] running `Command { std: "docker" "rm" "-f" "8a3042644d55d62abec913243e2e72f1d02056a67053d23222bfd3e4ebb2cd67", kill_on_drop: false }`
[INFO] [stdout] 8a3042644d55d62abec913243e2e72f1d02056a67053d23222bfd3e4ebb2cd67
[INFO] running `Command { std: "docker" "create" "-v" "/var/lib/crater-agent-workspace/builds/worker-4-tc2/target:/opt/rustwide/target:rw,Z" "-v" "/var/lib/crater-agent-workspace/builds/worker-4-tc2/source:/opt/rustwide/workdir:ro,Z" "-v" "/var/lib/crater-agent-workspace/cargo-home:/opt/rustwide/cargo-home:ro,Z" "-v" "/var/lib/crater-agent-workspace/rustup-home:/opt/rustwide/rustup-home:ro,Z" "-e" "SOURCE_DIR=/opt/rustwide/workdir" "-e" "CARGO_TARGET_DIR=/opt/rustwide/target" "-e" "CARGO_INCREMENTAL=0" "-e" "RUST_BACKTRACE=full" "-e" "RUSTFLAGS=--cap-lints=warn" "-e" "RUSTDOCFLAGS=--cap-lints=warn" "-e" "CARGO_HOME=/opt/rustwide/cargo-home" "-e" "RUSTUP_HOME=/opt/rustwide/rustup-home" "-w" "/opt/rustwide/workdir" "-m" "1610612736" "--user" "0:0" "--network" "none" "ghcr.io/rust-lang/crates-build-env/linux@sha256:2788e3201cd34a07e3172128adcd8b3090168a8e3bcc40d7c032b9dda1df7d1c" "/opt/rustwide/cargo-home/bin/cargo" "+beta-2023-12-22" "test" "--frozen", kill_on_drop: false }`
[INFO] [stdout] a00ae9cb64596268999fbc0e4860d541142d5db302adc215fed3c7825f337dbb
[INFO] running `Command { std: "docker" "start" "-a" "a00ae9cb64596268999fbc0e4860d541142d5db302adc215fed3c7825f337dbb", kill_on_drop: false }`
[INFO] [stderr] warning: unused imports: `Edge`, `Vector3d`
[INFO] [stderr]   --> src/demo.rs:10:17
[INFO] [stderr]    |
[INFO] [stderr] 10 | use polytopes::{Vector3d, Edge, Polytope, Cube};
[INFO] [stderr]    |                 ^^^^^^^^  ^^^^
[INFO] [stderr]    |
[INFO] [stderr]    = note: `#[warn(unused_imports)]` on by default
[INFO] [stderr] 
[INFO] [stderr] warning: trait objects without an explicit `dyn` are deprecated
[INFO] [stderr]   --> src/demo.rs:15:19
[INFO] [stderr]    |
[INFO] [stderr] 15 |     polytope: Box<Polytope>,
[INFO] [stderr]    |                   ^^^^^^^^
[INFO] [stderr]    |
[INFO] [stderr]    = warning: this is accepted in the current edition (Rust 2015) but is a hard error in Rust 2021!
[INFO] [stderr]    = note: for more information, see <https://doc.rust-lang.org/nightly/edition-guide/rust-2021/warnings-promoted-to-error.html>
[INFO] [stderr]    = note: `#[warn(bare_trait_objects)]` on by default
[INFO] [stderr] help: use `dyn`
[INFO] [stderr]    |
[INFO] [stderr] 15 |     polytope: Box<dyn Polytope>,
[INFO] [stderr]    |                   +++
[INFO] [stderr] 
[INFO] [stderr] warning: trait objects without an explicit `dyn` are deprecated
[INFO] [stderr]    --> src/demo.rs:125:81
[INFO] [stderr]     |
[INFO] [stderr] 125 |     fn render_polytope(context: pw::Context, graphics: &mut pw::G2d, polytope: &Polytope) {
[INFO] [stderr]     |                                                                                 ^^^^^^^^
[INFO] [stderr]     |
[INFO] [stderr]     = warning: this is accepted in the current edition (Rust 2015) but is a hard error in Rust 2021!
[INFO] [stderr]     = note: for more information, see <https://doc.rust-lang.org/nightly/edition-guide/rust-2021/warnings-promoted-to-error.html>
[INFO] [stderr] help: use `dyn`
[INFO] [stderr]     |
[INFO] [stderr] 125 |     fn render_polytope(context: pw::Context, graphics: &mut pw::G2d, polytope: &dyn Polytope) {
[INFO] [stderr]     |                                                                                 +++
[INFO] [stderr] 
[INFO] [stderr] warning: `threedy` (lib) generated 3 warnings (run `cargo fix --lib -p threedy` to apply 3 suggestions)
[INFO] [stderr] warning: `threedy` (lib test) generated 3 warnings (3 duplicates)
[INFO] [stderr]     Finished test [unoptimized + debuginfo] target(s) in 0.13s
[INFO] [stderr] warning: the following packages contain code that will be rejected by a future version of Rust: syn v0.10.8, syn v0.13.1
[INFO] [stderr] note: to see what the problems were, use the option `--future-incompat-report`, or run `cargo report future-incompatibilities --id 1`
[INFO] [stderr]      Running unittests src/lib.rs (/opt/rustwide/target/debug/deps/threedy-809589947f3795bb)
[INFO] [stdout] 
[INFO] [stdout] running 0 tests
[INFO] [stdout] 
[INFO] [stdout] test result: ok. 0 passed; 0 failed; 0 ignored; 0 measured; 0 filtered out; finished in 0.01s
[INFO] [stdout] 
[INFO] [stderr]      Running unittests src/main.rs (/opt/rustwide/target/debug/deps/threedy-9de7e0a79d99d1db)
[INFO] [stdout] 
[INFO] [stdout] running 0 tests
[INFO] [stdout] 
[INFO] [stdout] test result: ok. 0 passed; 0 failed; 0 ignored; 0 measured; 0 filtered out; finished in 0.00s
[INFO] [stdout] 
[INFO] [stderr]    Doc-tests threedy
[INFO] [stdout] 
[INFO] [stdout] running 0 tests
[INFO] [stdout] 
[INFO] [stdout] test result: ok. 0 passed; 0 failed; 0 ignored; 0 measured; 0 filtered out; finished in 0.00s
[INFO] [stdout] 
[INFO] running `Command { std: "docker" "inspect" "a00ae9cb64596268999fbc0e4860d541142d5db302adc215fed3c7825f337dbb", kill_on_drop: false }`
[INFO] running `Command { std: "docker" "rm" "-f" "a00ae9cb64596268999fbc0e4860d541142d5db302adc215fed3c7825f337dbb", kill_on_drop: false }`
[INFO] [stdout] a00ae9cb64596268999fbc0e4860d541142d5db302adc215fed3c7825f337dbb
