[INFO] cloning repository https://github.com/k-walter/rads
[INFO] running `Command { std: "git" "-c" "credential.helper=" "-c" "credential.helper=/workspace/cargo-home/bin/git-credential-null" "clone" "--bare" "https://github.com/k-walter/rads" "/workspace/cache/git-repos/https%3A%2F%2Fgithub.com%2Fk-walter%2Frads", kill_on_drop: false }`
[INFO] [stderr] Cloning into bare repository '/workspace/cache/git-repos/https%3A%2F%2Fgithub.com%2Fk-walter%2Frads'...
[INFO] running `Command { std: "git" "rev-parse" "HEAD", kill_on_drop: false }`
[INFO] [stdout] 28a2e653ce34040e64a292a7f2381ff0b75139f7
[INFO] testing k-walter/rads against 1.75.0 for beta-1.76-1
[INFO] running `Command { std: "git" "clone" "/workspace/cache/git-repos/https%3A%2F%2Fgithub.com%2Fk-walter%2Frads" "/workspace/builds/worker-2-tc1/source", kill_on_drop: false }`
[INFO] [stderr] Cloning into '/workspace/builds/worker-2-tc1/source'...
[INFO] [stderr] done.
[INFO] validating manifest of git repo https://github.com/k-walter/rads on toolchain 1.75.0
[INFO] running `Command { std: CARGO_HOME="/workspace/cargo-home" RUSTUP_HOME="/workspace/rustup-home" "/workspace/cargo-home/bin/cargo" "+1.75.0" "metadata" "--manifest-path" "Cargo.toml" "--no-deps", kill_on_drop: false }`
[INFO] started tweaking git repo https://github.com/k-walter/rads
[INFO] finished tweaking git repo https://github.com/k-walter/rads
[INFO] tweaked toml for git repo https://github.com/k-walter/rads written to /workspace/builds/worker-2-tc1/source/Cargo.toml
[INFO] crate git repo https://github.com/k-walter/rads already has a lockfile, it will not be regenerated
[INFO] running `Command { std: CARGO_HOME="/workspace/cargo-home" RUSTUP_HOME="/workspace/rustup-home" "/workspace/cargo-home/bin/cargo" "+1.75.0" "fetch" "--manifest-path" "Cargo.toml", kill_on_drop: false }`
[INFO] running `Command { std: "docker" "create" "-v" "/var/lib/crater-agent-workspace/builds/worker-2-tc1/target:/opt/rustwide/target:rw,Z" "-v" "/var/lib/crater-agent-workspace/builds/worker-2-tc1/source:/opt/rustwide/workdir:ro,Z" "-v" "/var/lib/crater-agent-workspace/cargo-home:/opt/rustwide/cargo-home:ro,Z" "-v" "/var/lib/crater-agent-workspace/rustup-home:/opt/rustwide/rustup-home:ro,Z" "-e" "SOURCE_DIR=/opt/rustwide/workdir" "-e" "CARGO_TARGET_DIR=/opt/rustwide/target" "-e" "CARGO_HOME=/opt/rustwide/cargo-home" "-e" "RUSTUP_HOME=/opt/rustwide/rustup-home" "-w" "/opt/rustwide/workdir" "-m" "1610612736" "--user" "0:0" "--network" "none" "ghcr.io/rust-lang/crates-build-env/linux@sha256:2788e3201cd34a07e3172128adcd8b3090168a8e3bcc40d7c032b9dda1df7d1c" "/opt/rustwide/cargo-home/bin/cargo" "+1.75.0" "metadata" "--no-deps" "--format-version=1", kill_on_drop: false }`
[INFO] [stdout] f3e4d946d7688e5e9ae4777fcd95f85f055776fab4afba19f5fd69a0790616f6
[INFO] running `Command { std: "docker" "start" "-a" "f3e4d946d7688e5e9ae4777fcd95f85f055776fab4afba19f5fd69a0790616f6", kill_on_drop: false }`
[INFO] running `Command { std: "docker" "inspect" "f3e4d946d7688e5e9ae4777fcd95f85f055776fab4afba19f5fd69a0790616f6", kill_on_drop: false }`
[INFO] running `Command { std: "docker" "rm" "-f" "f3e4d946d7688e5e9ae4777fcd95f85f055776fab4afba19f5fd69a0790616f6", kill_on_drop: false }`
[INFO] [stdout] f3e4d946d7688e5e9ae4777fcd95f85f055776fab4afba19f5fd69a0790616f6
[INFO] running `Command { std: "docker" "create" "-v" "/var/lib/crater-agent-workspace/builds/worker-2-tc1/target:/opt/rustwide/target:rw,Z" "-v" "/var/lib/crater-agent-workspace/builds/worker-2-tc1/source:/opt/rustwide/workdir:ro,Z" "-v" "/var/lib/crater-agent-workspace/cargo-home:/opt/rustwide/cargo-home:ro,Z" "-v" "/var/lib/crater-agent-workspace/rustup-home:/opt/rustwide/rustup-home:ro,Z" "-e" "SOURCE_DIR=/opt/rustwide/workdir" "-e" "CARGO_TARGET_DIR=/opt/rustwide/target" "-e" "CARGO_INCREMENTAL=0" "-e" "RUST_BACKTRACE=full" "-e" "RUSTFLAGS=--cap-lints=warn" "-e" "RUSTDOCFLAGS=--cap-lints=warn" "-e" "CARGO_HOME=/opt/rustwide/cargo-home" "-e" "RUSTUP_HOME=/opt/rustwide/rustup-home" "-w" "/opt/rustwide/workdir" "-m" "1610612736" "--user" "0:0" "--network" "none" "ghcr.io/rust-lang/crates-build-env/linux@sha256:2788e3201cd34a07e3172128adcd8b3090168a8e3bcc40d7c032b9dda1df7d1c" "/opt/rustwide/cargo-home/bin/cargo" "+1.75.0" "build" "--frozen" "--message-format=json", kill_on_drop: false }`
[INFO] [stdout] ee919f18afd6f791ce2bd345cda0cae6179118f53f201832c0e907dd66249052
[INFO] running `Command { std: "docker" "start" "-a" "ee919f18afd6f791ce2bd345cda0cae6179118f53f201832c0e907dd66249052", kill_on_drop: false }`
[INFO] [stderr]    Compiling libc v0.2.137
[INFO] [stderr]    Compiling cfg-if v1.0.0
[INFO] [stderr]    Compiling ppv-lite86 v0.2.17
[INFO] [stderr]    Compiling getrandom v0.2.8
[INFO] [stderr]    Compiling rand_core v0.6.4
[INFO] [stderr]    Compiling rand_chacha v0.3.1
[INFO] [stderr]    Compiling rand v0.8.5
[INFO] [stderr]    Compiling rads v0.1.0 (/opt/rustwide/workdir)
[INFO] [stdout] warning: bounds on `Guard: Drop` are most likely incorrect, consider instead using `std::mem::needs_drop` to detect whether a type can be trivially dropped
[INFO] [stdout]   --> src/sync/mod.rs:13:12
[INFO] [stdout]    |
[INFO] [stdout] 13 |     Guard: Drop,
[INFO] [stdout]    |            ^^^^
[INFO] [stdout]    |
[INFO] [stdout]    = note: `#[warn(drop_bounds)]` on by default
[INFO] [stdout] 
[INFO] [stdout] 
[INFO] [stdout] warning: bounds on `Self: Drop` are most likely incorrect, consider instead using `std::mem::needs_drop` to detect whether a type can be trivially dropped
[INFO] [stdout]   --> src/sync/mod.rs:27:37
[INFO] [stdout]    |
[INFO] [stdout] 27 | pub trait WantGuard<'a, Guard: 'a>: Drop
[INFO] [stdout]    |                                     ^^^^
[INFO] [stdout] 
[INFO] [stdout] 
[INFO] [stdout] warning: bounds on `Guard: Drop` are most likely incorrect, consider instead using `std::mem::needs_drop` to detect whether a type can be trivially dropped
[INFO] [stdout]   --> src/sync/mod.rs:29:12
[INFO] [stdout]    |
[INFO] [stdout] 29 |     Guard: Drop,
[INFO] [stdout]    |            ^^^^
[INFO] [stdout] 
[INFO] [stdout] 
[INFO] [stdout] warning: 3 warnings emitted
[INFO] [stdout] 
[INFO] [stdout] 
[INFO] [stderr]     Finished dev [unoptimized + debuginfo] target(s) in 1.69s
[INFO] running `Command { std: "docker" "inspect" "ee919f18afd6f791ce2bd345cda0cae6179118f53f201832c0e907dd66249052", kill_on_drop: false }`
[INFO] running `Command { std: "docker" "rm" "-f" "ee919f18afd6f791ce2bd345cda0cae6179118f53f201832c0e907dd66249052", kill_on_drop: false }`
[INFO] [stdout] ee919f18afd6f791ce2bd345cda0cae6179118f53f201832c0e907dd66249052
[INFO] running `Command { std: "docker" "create" "-v" "/var/lib/crater-agent-workspace/builds/worker-2-tc1/target:/opt/rustwide/target:rw,Z" "-v" "/var/lib/crater-agent-workspace/builds/worker-2-tc1/source:/opt/rustwide/workdir:ro,Z" "-v" "/var/lib/crater-agent-workspace/cargo-home:/opt/rustwide/cargo-home:ro,Z" "-v" "/var/lib/crater-agent-workspace/rustup-home:/opt/rustwide/rustup-home:ro,Z" "-e" "SOURCE_DIR=/opt/rustwide/workdir" "-e" "CARGO_TARGET_DIR=/opt/rustwide/target" "-e" "CARGO_INCREMENTAL=0" "-e" "RUST_BACKTRACE=full" "-e" "RUSTFLAGS=--cap-lints=warn" "-e" "RUSTDOCFLAGS=--cap-lints=warn" "-e" "CARGO_HOME=/opt/rustwide/cargo-home" "-e" "RUSTUP_HOME=/opt/rustwide/rustup-home" "-w" "/opt/rustwide/workdir" "-m" "1610612736" "--user" "0:0" "--network" "none" "ghcr.io/rust-lang/crates-build-env/linux@sha256:2788e3201cd34a07e3172128adcd8b3090168a8e3bcc40d7c032b9dda1df7d1c" "/opt/rustwide/cargo-home/bin/cargo" "+1.75.0" "test" "--frozen" "--no-run" "--message-format=json", kill_on_drop: false }`
[INFO] [stdout] a2bd8ee8923fb27119b03b47ab27ca344596d5a62d22588ebe872b8641018aba
[INFO] running `Command { std: "docker" "start" "-a" "a2bd8ee8923fb27119b03b47ab27ca344596d5a62d22588ebe872b8641018aba", kill_on_drop: false }`
[INFO] [stderr]    Compiling rads v0.1.0 (/opt/rustwide/workdir)
[INFO] [stdout] warning: bounds on `Guard: Drop` are most likely incorrect, consider instead using `std::mem::needs_drop` to detect whether a type can be trivially dropped
[INFO] [stdout]   --> src/sync/mod.rs:13:12
[INFO] [stdout]    |
[INFO] [stdout] 13 |     Guard: Drop,
[INFO] [stdout]    |            ^^^^
[INFO] [stdout]    |
[INFO] [stdout]    = note: `#[warn(drop_bounds)]` on by default
[INFO] [stdout] 
[INFO] [stdout] 
[INFO] [stdout] warning: bounds on `Self: Drop` are most likely incorrect, consider instead using `std::mem::needs_drop` to detect whether a type can be trivially dropped
[INFO] [stdout]   --> src/sync/mod.rs:27:37
[INFO] [stdout]    |
[INFO] [stdout] 27 | pub trait WantGuard<'a, Guard: 'a>: Drop
[INFO] [stdout]    |                                     ^^^^
[INFO] [stdout] 
[INFO] [stdout] 
[INFO] [stdout] warning: bounds on `Guard: Drop` are most likely incorrect, consider instead using `std::mem::needs_drop` to detect whether a type can be trivially dropped
[INFO] [stdout]   --> src/sync/mod.rs:29:12
[INFO] [stdout]    |
[INFO] [stdout] 29 |     Guard: Drop,
[INFO] [stdout]    |            ^^^^
[INFO] [stdout] 
[INFO] [stdout] 
[INFO] [stdout] warning: 3 warnings emitted
[INFO] [stdout] 
[INFO] [stdout] 
[INFO] [stdout] warning: bounds on `Guard: Drop` are most likely incorrect, consider instead using `std::mem::needs_drop` to detect whether a type can be trivially dropped
[INFO] [stdout]   --> src/sync/mod.rs:13:12
[INFO] [stdout]    |
[INFO] [stdout] 13 |     Guard: Drop,
[INFO] [stdout]    |            ^^^^
[INFO] [stdout]    |
[INFO] [stdout]    = note: `#[warn(drop_bounds)]` on by default
[INFO] [stdout] 
[INFO] [stdout] 
[INFO] [stdout] warning: bounds on `Self: Drop` are most likely incorrect, consider instead using `std::mem::needs_drop` to detect whether a type can be trivially dropped
[INFO] [stdout]   --> src/sync/mod.rs:27:37
[INFO] [stdout]    |
[INFO] [stdout] 27 | pub trait WantGuard<'a, Guard: 'a>: Drop
[INFO] [stdout]    |                                     ^^^^
[INFO] [stdout] 
[INFO] [stdout] 
[INFO] [stdout] warning: bounds on `Guard: Drop` are most likely incorrect, consider instead using `std::mem::needs_drop` to detect whether a type can be trivially dropped
[INFO] [stdout]   --> src/sync/mod.rs:29:12
[INFO] [stdout]    |
[INFO] [stdout] 29 |     Guard: Drop,
[INFO] [stdout]    |            ^^^^
[INFO] [stdout] 
[INFO] [stdout] 
[INFO] [stdout] warning: 3 warnings emitted
[INFO] [stdout] 
[INFO] [stdout] 
[INFO] [stderr]     Finished test [unoptimized + debuginfo] target(s) in 0.84s
[INFO] running `Command { std: "docker" "inspect" "a2bd8ee8923fb27119b03b47ab27ca344596d5a62d22588ebe872b8641018aba", kill_on_drop: false }`
[INFO] running `Command { std: "docker" "rm" "-f" "a2bd8ee8923fb27119b03b47ab27ca344596d5a62d22588ebe872b8641018aba", kill_on_drop: false }`
[INFO] [stdout] a2bd8ee8923fb27119b03b47ab27ca344596d5a62d22588ebe872b8641018aba
[INFO] running `Command { std: "docker" "create" "-v" "/var/lib/crater-agent-workspace/builds/worker-2-tc1/target:/opt/rustwide/target:rw,Z" "-v" "/var/lib/crater-agent-workspace/builds/worker-2-tc1/source:/opt/rustwide/workdir:ro,Z" "-v" "/var/lib/crater-agent-workspace/cargo-home:/opt/rustwide/cargo-home:ro,Z" "-v" "/var/lib/crater-agent-workspace/rustup-home:/opt/rustwide/rustup-home:ro,Z" "-e" "SOURCE_DIR=/opt/rustwide/workdir" "-e" "CARGO_TARGET_DIR=/opt/rustwide/target" "-e" "CARGO_INCREMENTAL=0" "-e" "RUST_BACKTRACE=full" "-e" "RUSTFLAGS=--cap-lints=warn" "-e" "RUSTDOCFLAGS=--cap-lints=warn" "-e" "CARGO_HOME=/opt/rustwide/cargo-home" "-e" "RUSTUP_HOME=/opt/rustwide/rustup-home" "-w" "/opt/rustwide/workdir" "-m" "1610612736" "--user" "0:0" "--network" "none" "ghcr.io/rust-lang/crates-build-env/linux@sha256:2788e3201cd34a07e3172128adcd8b3090168a8e3bcc40d7c032b9dda1df7d1c" "/opt/rustwide/cargo-home/bin/cargo" "+1.75.0" "test" "--frozen", kill_on_drop: false }`
[INFO] [stdout] 56fa5ae3a2405cb12456f7885c076464563bd3d73c98e1f75b775b9f37f61660
[INFO] running `Command { std: "docker" "start" "-a" "56fa5ae3a2405cb12456f7885c076464563bd3d73c98e1f75b775b9f37f61660", kill_on_drop: false }`
[INFO] [stderr] warning: bounds on `Guard: Drop` are most likely incorrect, consider instead using `std::mem::needs_drop` to detect whether a type can be trivially dropped
[INFO] [stderr]   --> src/sync/mod.rs:13:12
[INFO] [stderr]    |
[INFO] [stderr] 13 |     Guard: Drop,
[INFO] [stderr]    |            ^^^^
[INFO] [stderr]    |
[INFO] [stderr]    = note: `#[warn(drop_bounds)]` on by default
[INFO] [stderr] 
[INFO] [stderr] warning: bounds on `Self: Drop` are most likely incorrect, consider instead using `std::mem::needs_drop` to detect whether a type can be trivially dropped
[INFO] [stderr]   --> src/sync/mod.rs:27:37
[INFO] [stderr]    |
[INFO] [stderr] 27 | pub trait WantGuard<'a, Guard: 'a>: Drop
[INFO] [stderr]    |                                     ^^^^
[INFO] [stderr] 
[INFO] [stderr] warning: bounds on `Guard: Drop` are most likely incorrect, consider instead using `std::mem::needs_drop` to detect whether a type can be trivially dropped
[INFO] [stderr]   --> src/sync/mod.rs:29:12
[INFO] [stderr]    |
[INFO] [stderr] 29 |     Guard: Drop,
[INFO] [stderr]    |            ^^^^
[INFO] [stderr] 
[INFO] [stderr] warning: `rads` (lib) generated 3 warnings
[INFO] [stderr] warning: `rads` (lib test) generated 3 warnings (3 duplicates)
[INFO] [stderr]     Finished test [unoptimized + debuginfo] target(s) in 0.01s
[INFO] [stderr]      Running unittests src/lib.rs (/opt/rustwide/target/debug/deps/rads-71d6758f8c57fdde)
[INFO] [stdout] 
[INFO] [stdout] running 12 tests
[INFO] [stdout] test order::matrix_clock::tests::partial_ord ... ok
[INFO] [stdout] test order::vector_clock::tests::partial_ord ... ok
[INFO] [stdout] test sync::lamports_bakery::tests::no_starvation ... ok
[INFO] [stdout] test sync::peterson::tests::no_starvation ... ok
[INFO] [stdout] test order::vector_clock::tests::mock_scheduler ... ok
[INFO] [stdout] test sync::lamports_bakery::tests::race_conditions ... ok
[INFO] [stdout] test order::matrix_clock::tests::gc_after_all_seen ... ok
[INFO] [stdout] test sync::lamports_bakery::tests::sequential_works ... ok
[INFO] [stdout] test sync::lamports_bakery::tests::mutual_exclusion ... ok
[INFO] [stdout] test sync::peterson::tests::race_conditions ... FAILED
[INFO] [stdout] test sync::peterson::tests::sequential_works ... ok
[INFO] [stdout] test sync::peterson::tests::mutual_exclusion ... ok
[INFO] [stdout] 
[INFO] [stdout] failures:
[INFO] [stdout] 
[INFO] [stdout] ---- sync::peterson::tests::race_conditions stdout ----
[INFO] [stdout] thread 'sync::peterson::tests::race_conditions' panicked at src/sync/peterson.rs:153:9:
[INFO] [stdout] assertion failed: data.0.load(Ordering::Relaxed) > WORK
[INFO] [stdout] stack backtrace:
[INFO] [stdout]    0:     0x561856e0148c - std::backtrace_rs::backtrace::libunwind::trace::ha637c64ce894333a
[INFO] [stdout]                                at /rustc/82e1608dfa6e0b5569232559e3d385fea5a93112/library/std/src/../../backtrace/src/backtrace/libunwind.rs:104:5
[INFO] [stdout]    1:     0x561856e0148c - std::backtrace_rs::backtrace::trace_unsynchronized::h47f62dea28e0c88d
[INFO] [stdout]                                at /rustc/82e1608dfa6e0b5569232559e3d385fea5a93112/library/std/src/../../backtrace/src/backtrace/mod.rs:66:5
[INFO] [stdout]    2:     0x561856e0148c - std::sys_common::backtrace::_print_fmt::h9eef0abe20ede486
[INFO] [stdout]                                at /rustc/82e1608dfa6e0b5569232559e3d385fea5a93112/library/std/src/sys_common/backtrace.rs:67:5
[INFO] [stdout]    3:     0x561856e0148c - <std::sys_common::backtrace::_print::DisplayBacktrace as core::fmt::Display>::fmt::hed7f999df88cc644
[INFO] [stdout]                                at /rustc/82e1608dfa6e0b5569232559e3d385fea5a93112/library/std/src/sys_common/backtrace.rs:44:22
[INFO] [stdout]    4:     0x561856e2b060 - core::fmt::rt::Argument::fmt::h1539a9308b8d058d
[INFO] [stdout]                                at /rustc/82e1608dfa6e0b5569232559e3d385fea5a93112/library/core/src/fmt/rt.rs:142:9
[INFO] [stdout]    5:     0x561856e2b060 - core::fmt::write::h3a39390d8560d9c9
[INFO] [stdout]                                at /rustc/82e1608dfa6e0b5569232559e3d385fea5a93112/library/core/src/fmt/mod.rs:1120:17
[INFO] [stdout]    6:     0x561856dfeb0f - std::io::Write::write_fmt::h040b369f3a0f9cbc
[INFO] [stdout]                                at /rustc/82e1608dfa6e0b5569232559e3d385fea5a93112/library/std/src/io/mod.rs:1762:15
[INFO] [stdout]    7:     0x561856e01274 - std::sys_common::backtrace::_print::h894006fb5c6f3d45
[INFO] [stdout]                                at /rustc/82e1608dfa6e0b5569232559e3d385fea5a93112/library/std/src/sys_common/backtrace.rs:47:5
[INFO] [stdout]    8:     0x561856e01274 - std::sys_common::backtrace::print::h23a2d212c6fff936
[INFO] [stdout]                                at /rustc/82e1608dfa6e0b5569232559e3d385fea5a93112/library/std/src/sys_common/backtrace.rs:34:9
[INFO] [stdout]    9:     0x561856e02f37 - std::panicking::default_hook::{{closure}}::h8a1d2ee00185001a
[INFO] [stdout]   10:     0x561856e02c23 - std::panicking::default_hook::h6038f2eba384e475
[INFO] [stdout]                                at /rustc/82e1608dfa6e0b5569232559e3d385fea5a93112/library/std/src/panicking.rs:289:9
[INFO] [stdout]   11:     0x561856d97dc7 - <alloc::boxed::Box<F,A> as core::ops::function::Fn<Args>>::call::h0ad024c9bdc6d768
[INFO] [stdout]                                at /rustc/82e1608dfa6e0b5569232559e3d385fea5a93112/library/alloc/src/boxed.rs:2021:9
[INFO] [stdout]   12:     0x561856d97dc7 - test::test_main::{{closure}}::h7500b54257359db6
[INFO] [stdout]                                at /rustc/82e1608dfa6e0b5569232559e3d385fea5a93112/library/test/src/lib.rs:138:21
[INFO] [stdout]   13:     0x561856e03548 - <alloc::boxed::Box<F,A> as core::ops::function::Fn<Args>>::call::h1f8f335eaa9cfaee
[INFO] [stdout]                                at /rustc/82e1608dfa6e0b5569232559e3d385fea5a93112/library/alloc/src/boxed.rs:2021:9
[INFO] [stdout]   14:     0x561856e03548 - std::panicking::rust_panic_with_hook::h2b5517d590cab22e
[INFO] [stdout]                                at /rustc/82e1608dfa6e0b5569232559e3d385fea5a93112/library/std/src/panicking.rs:783:13
[INFO] [stdout]   15:     0x561856e03269 - std::panicking::begin_panic_handler::{{closure}}::h233112c06e0ef43e
[INFO] [stdout]                                at /rustc/82e1608dfa6e0b5569232559e3d385fea5a93112/library/std/src/panicking.rs:649:13
[INFO] [stdout]   16:     0x561856e01956 - std::sys_common::backtrace::__rust_end_short_backtrace::h6e893f24d7ebbff8
[INFO] [stdout]                                at /rustc/82e1608dfa6e0b5569232559e3d385fea5a93112/library/std/src/sys_common/backtrace.rs:170:18
[INFO] [stdout]   17:     0x561856e03002 - rust_begin_unwind
[INFO] [stdout]                                at /rustc/82e1608dfa6e0b5569232559e3d385fea5a93112/library/std/src/panicking.rs:645:5
[INFO] [stdout]   18:     0x561856d15155 - core::panicking::panic_fmt::hbf0e066aabfa482c
[INFO] [stdout]                                at /rustc/82e1608dfa6e0b5569232559e3d385fea5a93112/library/core/src/panicking.rs:72:14
[INFO] [stdout]   19:     0x561856d151f3 - core::panicking::panic::h195fc2a96298d4c3
[INFO] [stdout]                                at /rustc/82e1608dfa6e0b5569232559e3d385fea5a93112/library/core/src/panicking.rs:127:5
[INFO] [stdout]   20:     0x561856d596e8 - rads::sync::peterson::tests::race_conditions::hf4e5194d7c39bcb1
[INFO] [stdout]                                at /opt/rustwide/workdir/src/sync/peterson.rs:153:9
[INFO] [stdout]   21:     0x561856d59487 - rads::sync::peterson::tests::race_conditions::{{closure}}::hfe32dcecc40b5425
[INFO] [stdout]                                at /opt/rustwide/workdir/src/sync/peterson.rs:133:25
[INFO] [stdout]   22:     0x561856d5c0c6 - core::ops::function::FnOnce::call_once::h2f58c3e5ed6526f3
[INFO] [stdout]                                at /rustc/82e1608dfa6e0b5569232559e3d385fea5a93112/library/core/src/ops/function.rs:250:5
[INFO] [stdout]   23:     0x561856d9d41f - core::ops::function::FnOnce::call_once::h2b5d431d5046312d
[INFO] [stdout]                                at /rustc/82e1608dfa6e0b5569232559e3d385fea5a93112/library/core/src/ops/function.rs:250:5
[INFO] [stdout]   24:     0x561856d9d41f - test::__rust_begin_short_backtrace::h7714669af176e207
[INFO] [stdout]                                at /rustc/82e1608dfa6e0b5569232559e3d385fea5a93112/library/test/src/lib.rs:628:18
[INFO] [stdout]   25:     0x561856d9c435 - test::run_test_in_process::{{closure}}::h85218797dcbcec12
[INFO] [stdout]                                at /rustc/82e1608dfa6e0b5569232559e3d385fea5a93112/library/test/src/lib.rs:651:60
[INFO] [stdout]   26:     0x561856d9c435 - <core::panic::unwind_safe::AssertUnwindSafe<F> as core::ops::function::FnOnce<()>>::call_once::h76c106ea31c14d7b
[INFO] [stdout]                                at /rustc/82e1608dfa6e0b5569232559e3d385fea5a93112/library/core/src/panic/unwind_safe.rs:272:9
[INFO] [stdout]   27:     0x561856d9c435 - std::panicking::try::do_call::h3bd5d0f6620ee946
[INFO] [stdout]                                at /rustc/82e1608dfa6e0b5569232559e3d385fea5a93112/library/std/src/panicking.rs:552:40
[INFO] [stdout]   28:     0x561856d9c435 - std::panicking::try::h232e535e4744fe31
[INFO] [stdout]                                at /rustc/82e1608dfa6e0b5569232559e3d385fea5a93112/library/std/src/panicking.rs:516:19
[INFO] [stdout]   29:     0x561856d9c435 - std::panic::catch_unwind::h3ce3bd6ca8dbac68
[INFO] [stdout]                                at /rustc/82e1608dfa6e0b5569232559e3d385fea5a93112/library/std/src/panic.rs:142:14
[INFO] [stdout]   30:     0x561856d9c435 - test::run_test_in_process::hc97b257c9621286a
[INFO] [stdout]                                at /rustc/82e1608dfa6e0b5569232559e3d385fea5a93112/library/test/src/lib.rs:651:27
[INFO] [stdout]   31:     0x561856d9c435 - test::run_test::{{closure}}::h2aa798823a438d38
[INFO] [stdout]                                at /rustc/82e1608dfa6e0b5569232559e3d385fea5a93112/library/test/src/lib.rs:574:43
[INFO] [stdout]   32:     0x561856d646f6 - test::run_test::{{closure}}::h87d231c78fb59832
[INFO] [stdout]                                at /rustc/82e1608dfa6e0b5569232559e3d385fea5a93112/library/test/src/lib.rs:602:41
[INFO] [stdout]   33:     0x561856d646f6 - std::sys_common::backtrace::__rust_begin_short_backtrace::he6df152596625789
[INFO] [stdout]                                at /rustc/82e1608dfa6e0b5569232559e3d385fea5a93112/library/std/src/sys_common/backtrace.rs:154:18
[INFO] [stdout]   34:     0x561856d697a7 - std::thread::Builder::spawn_unchecked_::{{closure}}::{{closure}}::ha94be15d1e0acf36
[INFO] [stdout]                                at /rustc/82e1608dfa6e0b5569232559e3d385fea5a93112/library/std/src/thread/mod.rs:529:17
[INFO] [stdout]   35:     0x561856d697a7 - <core::panic::unwind_safe::AssertUnwindSafe<F> as core::ops::function::FnOnce<()>>::call_once::h9dc6bd6372f16606
[INFO] [stdout]                                at /rustc/82e1608dfa6e0b5569232559e3d385fea5a93112/library/core/src/panic/unwind_safe.rs:272:9
[INFO] [stdout]   36:     0x561856d697a7 - std::panicking::try::do_call::h9057517f80303cd4
[INFO] [stdout]                                at /rustc/82e1608dfa6e0b5569232559e3d385fea5a93112/library/std/src/panicking.rs:552:40
[INFO] [stdout]   37:     0x561856d697a7 - std::panicking::try::he3a30b11ee45340c
[INFO] [stdout]                                at /rustc/82e1608dfa6e0b5569232559e3d385fea5a93112/library/std/src/panicking.rs:516:19
[INFO] [stdout]   38:     0x561856d697a7 - std::panic::catch_unwind::h410458cfd3528b8b
[INFO] [stdout]                                at /rustc/82e1608dfa6e0b5569232559e3d385fea5a93112/library/std/src/panic.rs:142:14
[INFO] [stdout]   39:     0x561856d697a7 - std::thread::Builder::spawn_unchecked_::{{closure}}::h72ac3bdb567b737b
[INFO] [stdout]                                at /rustc/82e1608dfa6e0b5569232559e3d385fea5a93112/library/std/src/thread/mod.rs:528:30
[INFO] [stdout]   40:     0x561856d697a7 - core::ops::function::FnOnce::call_once{{vtable.shim}}::h38f34da3654a8344
[INFO] [stdout]                                at /rustc/82e1608dfa6e0b5569232559e3d385fea5a93112/library/core/src/ops/function.rs:250:5
[INFO] [stdout]   41:     0x561856e07fd5 - <alloc::boxed::Box<F,A> as core::ops::function::FnOnce<Args>>::call_once::hc7eafaff61e32df9
[INFO] [stdout]                                at /rustc/82e1608dfa6e0b5569232559e3d385fea5a93112/library/alloc/src/boxed.rs:2007:9
[INFO] [stdout]   42:     0x561856e07fd5 - <alloc::boxed::Box<F,A> as core::ops::function::FnOnce<Args>>::call_once::h6ba4a5de48dd2304
[INFO] [stdout]                                at /rustc/82e1608dfa6e0b5569232559e3d385fea5a93112/library/alloc/src/boxed.rs:2007:9
[INFO] [stdout]   43:     0x561856e07fd5 - std::sys::unix::thread::Thread::new::thread_start::he469335aef763e45
[INFO] [stdout]                                at /rustc/82e1608dfa6e0b5569232559e3d385fea5a93112/library/std/src/sys/unix/thread.rs:108:17
[INFO] [stdout]   44:     0x7fc8f5d0dac3 - <unknown>
[INFO] [stdout]   45:     0x7fc8f5d9ebf4 - __clone
[INFO] [stdout]   46:                0x0 - <unknown>
[INFO] [stdout] 
[INFO] [stdout] 
[INFO] [stdout] failures:
[INFO] [stdout]     sync::peterson::tests::race_conditions
[INFO] [stdout] 
[INFO] [stdout] test result: FAILED. 11 passed; 1 failed; 0 ignored; 0 measured; 0 filtered out; finished in 14.90s
[INFO] [stdout] 
[INFO] [stderr] error: test failed, to rerun pass `--lib`
[INFO] running `Command { std: "docker" "inspect" "56fa5ae3a2405cb12456f7885c076464563bd3d73c98e1f75b775b9f37f61660", kill_on_drop: false }`
[INFO] running `Command { std: "docker" "rm" "-f" "56fa5ae3a2405cb12456f7885c076464563bd3d73c98e1f75b775b9f37f61660", kill_on_drop: false }`
[INFO] [stdout] 56fa5ae3a2405cb12456f7885c076464563bd3d73c98e1f75b775b9f37f61660
[INFO] testing k-walter/rads against beta-2023-12-22 for beta-1.76-1
[INFO] running `Command { std: "git" "clone" "/workspace/cache/git-repos/https%3A%2F%2Fgithub.com%2Fk-walter%2Frads" "/workspace/builds/worker-2-tc2/source", kill_on_drop: false }`
[INFO] [stderr] Cloning into '/workspace/builds/worker-2-tc2/source'...
[INFO] [stderr] done.
[INFO] validating manifest of git repo https://github.com/k-walter/rads on toolchain beta-2023-12-22
[INFO] running `Command { std: CARGO_HOME="/workspace/cargo-home" RUSTUP_HOME="/workspace/rustup-home" "/workspace/cargo-home/bin/cargo" "+beta-2023-12-22" "metadata" "--manifest-path" "Cargo.toml" "--no-deps", kill_on_drop: false }`
[INFO] started tweaking git repo https://github.com/k-walter/rads
[INFO] finished tweaking git repo https://github.com/k-walter/rads
[INFO] tweaked toml for git repo https://github.com/k-walter/rads written to /workspace/builds/worker-2-tc2/source/Cargo.toml
[INFO] crate git repo https://github.com/k-walter/rads already has a lockfile, it will not be regenerated
[INFO] running `Command { std: CARGO_HOME="/workspace/cargo-home" RUSTUP_HOME="/workspace/rustup-home" "/workspace/cargo-home/bin/cargo" "+beta-2023-12-22" "fetch" "--manifest-path" "Cargo.toml", kill_on_drop: false }`
[INFO] running `Command { std: "docker" "create" "-v" "/var/lib/crater-agent-workspace/builds/worker-2-tc2/target:/opt/rustwide/target:rw,Z" "-v" "/var/lib/crater-agent-workspace/builds/worker-2-tc2/source:/opt/rustwide/workdir:ro,Z" "-v" "/var/lib/crater-agent-workspace/cargo-home:/opt/rustwide/cargo-home:ro,Z" "-v" "/var/lib/crater-agent-workspace/rustup-home:/opt/rustwide/rustup-home:ro,Z" "-e" "SOURCE_DIR=/opt/rustwide/workdir" "-e" "CARGO_TARGET_DIR=/opt/rustwide/target" "-e" "CARGO_HOME=/opt/rustwide/cargo-home" "-e" "RUSTUP_HOME=/opt/rustwide/rustup-home" "-w" "/opt/rustwide/workdir" "-m" "1610612736" "--user" "0:0" "--network" "none" "ghcr.io/rust-lang/crates-build-env/linux@sha256:2788e3201cd34a07e3172128adcd8b3090168a8e3bcc40d7c032b9dda1df7d1c" "/opt/rustwide/cargo-home/bin/cargo" "+beta-2023-12-22" "metadata" "--no-deps" "--format-version=1", kill_on_drop: false }`
[INFO] [stdout] 099ee60bd4944ca3503c4a07aacfc502b526a2f8d9b08a6dc179f80ab8da5d71
[INFO] running `Command { std: "docker" "start" "-a" "099ee60bd4944ca3503c4a07aacfc502b526a2f8d9b08a6dc179f80ab8da5d71", kill_on_drop: false }`
[INFO] running `Command { std: "docker" "inspect" "099ee60bd4944ca3503c4a07aacfc502b526a2f8d9b08a6dc179f80ab8da5d71", kill_on_drop: false }`
[INFO] running `Command { std: "docker" "rm" "-f" "099ee60bd4944ca3503c4a07aacfc502b526a2f8d9b08a6dc179f80ab8da5d71", kill_on_drop: false }`
[INFO] [stdout] 099ee60bd4944ca3503c4a07aacfc502b526a2f8d9b08a6dc179f80ab8da5d71
[INFO] running `Command { std: "docker" "create" "-v" "/var/lib/crater-agent-workspace/builds/worker-2-tc2/target:/opt/rustwide/target:rw,Z" "-v" "/var/lib/crater-agent-workspace/builds/worker-2-tc2/source:/opt/rustwide/workdir:ro,Z" "-v" "/var/lib/crater-agent-workspace/cargo-home:/opt/rustwide/cargo-home:ro,Z" "-v" "/var/lib/crater-agent-workspace/rustup-home:/opt/rustwide/rustup-home:ro,Z" "-e" "SOURCE_DIR=/opt/rustwide/workdir" "-e" "CARGO_TARGET_DIR=/opt/rustwide/target" "-e" "CARGO_INCREMENTAL=0" "-e" "RUST_BACKTRACE=full" "-e" "RUSTFLAGS=--cap-lints=warn" "-e" "RUSTDOCFLAGS=--cap-lints=warn" "-e" "CARGO_HOME=/opt/rustwide/cargo-home" "-e" "RUSTUP_HOME=/opt/rustwide/rustup-home" "-w" "/opt/rustwide/workdir" "-m" "1610612736" "--user" "0:0" "--network" "none" "ghcr.io/rust-lang/crates-build-env/linux@sha256:2788e3201cd34a07e3172128adcd8b3090168a8e3bcc40d7c032b9dda1df7d1c" "/opt/rustwide/cargo-home/bin/cargo" "+beta-2023-12-22" "build" "--frozen" "--message-format=json", kill_on_drop: false }`
[INFO] [stdout] e346251de2a2db71064bd5cf4fc3e2e06f290eddaab30741b4b8cad3bcea6638
[INFO] running `Command { std: "docker" "start" "-a" "e346251de2a2db71064bd5cf4fc3e2e06f290eddaab30741b4b8cad3bcea6638", kill_on_drop: false }`
[INFO] [stderr]    Compiling libc v0.2.137
[INFO] [stderr]    Compiling cfg-if v1.0.0
[INFO] [stderr]    Compiling ppv-lite86 v0.2.17
[INFO] [stderr]    Compiling getrandom v0.2.8
[INFO] [stderr]    Compiling rand_core v0.6.4
[INFO] [stderr]    Compiling rand_chacha v0.3.1
[INFO] [stderr]    Compiling rand v0.8.5
[INFO] [stderr]    Compiling rads v0.1.0 (/opt/rustwide/workdir)
[INFO] [stdout] warning: bounds on `Guard: Drop` are most likely incorrect, consider instead using `std::mem::needs_drop` to detect whether a type can be trivially dropped
[INFO] [stdout]   --> src/sync/mod.rs:13:12
[INFO] [stdout]    |
[INFO] [stdout] 13 |     Guard: Drop,
[INFO] [stdout]    |            ^^^^
[INFO] [stdout]    |
[INFO] [stdout]    = note: `#[warn(drop_bounds)]` on by default
[INFO] [stdout] 
[INFO] [stdout] 
[INFO] [stdout] warning: bounds on `Self: Drop` are most likely incorrect, consider instead using `std::mem::needs_drop` to detect whether a type can be trivially dropped
[INFO] [stdout]   --> src/sync/mod.rs:27:37
[INFO] [stdout]    |
[INFO] [stdout] 27 | pub trait WantGuard<'a, Guard: 'a>: Drop
[INFO] [stdout]    |                                     ^^^^
[INFO] [stdout] 
[INFO] [stdout] 
[INFO] [stdout] warning: bounds on `Guard: Drop` are most likely incorrect, consider instead using `std::mem::needs_drop` to detect whether a type can be trivially dropped
[INFO] [stdout]   --> src/sync/mod.rs:29:12
[INFO] [stdout]    |
[INFO] [stdout] 29 |     Guard: Drop,
[INFO] [stdout]    |            ^^^^
[INFO] [stdout] 
[INFO] [stdout] 
[INFO] [stdout] warning: 3 warnings emitted
[INFO] [stdout] 
[INFO] [stdout] 
[INFO] [stderr]     Finished dev [unoptimized + debuginfo] target(s) in 1.99s
[INFO] running `Command { std: "docker" "inspect" "e346251de2a2db71064bd5cf4fc3e2e06f290eddaab30741b4b8cad3bcea6638", kill_on_drop: false }`
[INFO] running `Command { std: "docker" "rm" "-f" "e346251de2a2db71064bd5cf4fc3e2e06f290eddaab30741b4b8cad3bcea6638", kill_on_drop: false }`
[INFO] [stdout] e346251de2a2db71064bd5cf4fc3e2e06f290eddaab30741b4b8cad3bcea6638
[INFO] running `Command { std: "docker" "create" "-v" "/var/lib/crater-agent-workspace/builds/worker-2-tc2/target:/opt/rustwide/target:rw,Z" "-v" "/var/lib/crater-agent-workspace/builds/worker-2-tc2/source:/opt/rustwide/workdir:ro,Z" "-v" "/var/lib/crater-agent-workspace/cargo-home:/opt/rustwide/cargo-home:ro,Z" "-v" "/var/lib/crater-agent-workspace/rustup-home:/opt/rustwide/rustup-home:ro,Z" "-e" "SOURCE_DIR=/opt/rustwide/workdir" "-e" "CARGO_TARGET_DIR=/opt/rustwide/target" "-e" "CARGO_INCREMENTAL=0" "-e" "RUST_BACKTRACE=full" "-e" "RUSTFLAGS=--cap-lints=warn" "-e" "RUSTDOCFLAGS=--cap-lints=warn" "-e" "CARGO_HOME=/opt/rustwide/cargo-home" "-e" "RUSTUP_HOME=/opt/rustwide/rustup-home" "-w" "/opt/rustwide/workdir" "-m" "1610612736" "--user" "0:0" "--network" "none" "ghcr.io/rust-lang/crates-build-env/linux@sha256:2788e3201cd34a07e3172128adcd8b3090168a8e3bcc40d7c032b9dda1df7d1c" "/opt/rustwide/cargo-home/bin/cargo" "+beta-2023-12-22" "test" "--frozen" "--no-run" "--message-format=json", kill_on_drop: false }`
[INFO] [stdout] 55ba4312ef5cf12f9103847578227424c462283a4d248b977c0c498d4bd71fcf
[INFO] running `Command { std: "docker" "start" "-a" "55ba4312ef5cf12f9103847578227424c462283a4d248b977c0c498d4bd71fcf", kill_on_drop: false }`
[INFO] [stdout] warning: bounds on `Guard: Drop` are most likely incorrect, consider instead using `std::mem::needs_drop` to detect whether a type can be trivially dropped
[INFO] [stdout]   --> src/sync/mod.rs:13:12
[INFO] [stdout]    |
[INFO] [stdout] 13 |     Guard: Drop,
[INFO] [stdout]    |            ^^^^
[INFO] [stdout]    |
[INFO] [stdout]    = note: `#[warn(drop_bounds)]` on by default
[INFO] [stdout] 
[INFO] [stdout] 
[INFO] [stderr]    Compiling rads v0.1.0 (/opt/rustwide/workdir)
[INFO] [stdout] warning: bounds on `Self: Drop` are most likely incorrect, consider instead using `std::mem::needs_drop` to detect whether a type can be trivially dropped
[INFO] [stdout]   --> src/sync/mod.rs:27:37
[INFO] [stdout]    |
[INFO] [stdout] 27 | pub trait WantGuard<'a, Guard: 'a>: Drop
[INFO] [stdout]    |                                     ^^^^
[INFO] [stdout] 
[INFO] [stdout] 
[INFO] [stdout] warning: bounds on `Guard: Drop` are most likely incorrect, consider instead using `std::mem::needs_drop` to detect whether a type can be trivially dropped
[INFO] [stdout]   --> src/sync/mod.rs:29:12
[INFO] [stdout]    |
[INFO] [stdout] 29 |     Guard: Drop,
[INFO] [stdout]    |            ^^^^
[INFO] [stdout] 
[INFO] [stdout] 
[INFO] [stdout] warning: 3 warnings emitted
[INFO] [stdout] 
[INFO] [stdout] 
[INFO] [stdout] warning: bounds on `Guard: Drop` are most likely incorrect, consider instead using `std::mem::needs_drop` to detect whether a type can be trivially dropped
[INFO] [stdout]   --> src/sync/mod.rs:13:12
[INFO] [stdout]    |
[INFO] [stdout] 13 |     Guard: Drop,
[INFO] [stdout]    |            ^^^^
[INFO] [stdout]    |
[INFO] [stdout]    = note: `#[warn(drop_bounds)]` on by default
[INFO] [stdout] 
[INFO] [stdout] 
[INFO] [stdout] warning: bounds on `Self: Drop` are most likely incorrect, consider instead using `std::mem::needs_drop` to detect whether a type can be trivially dropped
[INFO] [stdout]   --> src/sync/mod.rs:27:37
[INFO] [stdout]    |
[INFO] [stdout] 27 | pub trait WantGuard<'a, Guard: 'a>: Drop
[INFO] [stdout]    |                                     ^^^^
[INFO] [stdout] 
[INFO] [stdout] 
[INFO] [stdout] warning: bounds on `Guard: Drop` are most likely incorrect, consider instead using `std::mem::needs_drop` to detect whether a type can be trivially dropped
[INFO] [stdout]   --> src/sync/mod.rs:29:12
[INFO] [stdout]    |
[INFO] [stdout] 29 |     Guard: Drop,
[INFO] [stdout]    |            ^^^^
[INFO] [stdout] 
[INFO] [stdout] 
[INFO] [stdout] warning: 3 warnings emitted
[INFO] [stdout] 
[INFO] [stdout] 
[INFO] [stderr]     Finished test [unoptimized + debuginfo] target(s) in 1.39s
[INFO] running `Command { std: "docker" "inspect" "55ba4312ef5cf12f9103847578227424c462283a4d248b977c0c498d4bd71fcf", kill_on_drop: false }`
[INFO] running `Command { std: "docker" "rm" "-f" "55ba4312ef5cf12f9103847578227424c462283a4d248b977c0c498d4bd71fcf", kill_on_drop: false }`
[INFO] [stdout] 55ba4312ef5cf12f9103847578227424c462283a4d248b977c0c498d4bd71fcf
[INFO] running `Command { std: "docker" "create" "-v" "/var/lib/crater-agent-workspace/builds/worker-2-tc2/target:/opt/rustwide/target:rw,Z" "-v" "/var/lib/crater-agent-workspace/builds/worker-2-tc2/source:/opt/rustwide/workdir:ro,Z" "-v" "/var/lib/crater-agent-workspace/cargo-home:/opt/rustwide/cargo-home:ro,Z" "-v" "/var/lib/crater-agent-workspace/rustup-home:/opt/rustwide/rustup-home:ro,Z" "-e" "SOURCE_DIR=/opt/rustwide/workdir" "-e" "CARGO_TARGET_DIR=/opt/rustwide/target" "-e" "CARGO_INCREMENTAL=0" "-e" "RUST_BACKTRACE=full" "-e" "RUSTFLAGS=--cap-lints=warn" "-e" "RUSTDOCFLAGS=--cap-lints=warn" "-e" "CARGO_HOME=/opt/rustwide/cargo-home" "-e" "RUSTUP_HOME=/opt/rustwide/rustup-home" "-w" "/opt/rustwide/workdir" "-m" "1610612736" "--user" "0:0" "--network" "none" "ghcr.io/rust-lang/crates-build-env/linux@sha256:2788e3201cd34a07e3172128adcd8b3090168a8e3bcc40d7c032b9dda1df7d1c" "/opt/rustwide/cargo-home/bin/cargo" "+beta-2023-12-22" "test" "--frozen", kill_on_drop: false }`
[INFO] [stdout] 3cedad452efb465586fad5de314cc2aefa727581658b318f1d5564a7a6532584
[INFO] running `Command { std: "docker" "start" "-a" "3cedad452efb465586fad5de314cc2aefa727581658b318f1d5564a7a6532584", kill_on_drop: false }`
[INFO] [stderr] warning: bounds on `Guard: Drop` are most likely incorrect, consider instead using `std::mem::needs_drop` to detect whether a type can be trivially dropped
[INFO] [stderr]   --> src/sync/mod.rs:13:12
[INFO] [stderr]    |
[INFO] [stderr] 13 |     Guard: Drop,
[INFO] [stderr]    |            ^^^^
[INFO] [stderr]    |
[INFO] [stderr]    = note: `#[warn(drop_bounds)]` on by default
[INFO] [stderr] 
[INFO] [stderr] warning: bounds on `Self: Drop` are most likely incorrect, consider instead using `std::mem::needs_drop` to detect whether a type can be trivially dropped
[INFO] [stderr]   --> src/sync/mod.rs:27:37
[INFO] [stderr]    |
[INFO] [stderr] 27 | pub trait WantGuard<'a, Guard: 'a>: Drop
[INFO] [stderr]    |                                     ^^^^
[INFO] [stderr] 
[INFO] [stderr] warning: bounds on `Guard: Drop` are most likely incorrect, consider instead using `std::mem::needs_drop` to detect whether a type can be trivially dropped
[INFO] [stderr]   --> src/sync/mod.rs:29:12
[INFO] [stderr]    |
[INFO] [stderr] 29 |     Guard: Drop,
[INFO] [stderr]    |            ^^^^
[INFO] [stderr] 
[INFO] [stderr] warning: `rads` (lib) generated 3 warnings
[INFO] [stderr] warning: `rads` (lib test) generated 3 warnings (3 duplicates)
[INFO] [stderr]     Finished test [unoptimized + debuginfo] target(s) in 0.02s
[INFO] [stderr]      Running unittests src/lib.rs (/opt/rustwide/target/debug/deps/rads-1185710c0bb8d2e3)
[INFO] [stdout] 
[INFO] [stdout] running 12 tests
[INFO] [stdout] test order::matrix_clock::tests::partial_ord ... ok
[INFO] [stdout] test order::vector_clock::tests::partial_ord ... ok
[INFO] [stdout] test sync::peterson::tests::no_starvation ... ok
[INFO] [stdout] test sync::lamports_bakery::tests::no_starvation ... ok
[INFO] [stdout] test order::vector_clock::tests::mock_scheduler ... ok
[INFO] [stdout] test sync::lamports_bakery::tests::race_conditions ... ok
[INFO] [stdout] test order::matrix_clock::tests::gc_after_all_seen ... ok
[INFO] [stdout] test sync::lamports_bakery::tests::sequential_works ... ok
[INFO] [stdout] test sync::lamports_bakery::tests::mutual_exclusion ... ok
[INFO] [stdout] test sync::peterson::tests::race_conditions ... ok
[INFO] [stdout] test sync::peterson::tests::sequential_works ... ok
[INFO] [stdout] test sync::peterson::tests::mutual_exclusion ... ok
[INFO] [stdout] 
[INFO] [stdout] test result: ok. 12 passed; 0 failed; 0 ignored; 0 measured; 0 filtered out; finished in 21.48s
[INFO] [stdout] 
[INFO] [stderr]    Doc-tests rads
[INFO] [stdout] 
[INFO] [stdout] running 3 tests
[INFO] [stdout] test src/order/vector_clock.rs - order::vector_clock::VectorClock (line 10) ... ok
[INFO] [stdout] test src/sync/peterson.rs - sync::peterson::Peterson (line 7) ... ok
[INFO] [stdout] test src/sync/lamports_bakery.rs - sync::lamports_bakery::Bakery (line 8) ... ok
[INFO] [stdout] 
[INFO] [stdout] test result: ok. 3 passed; 0 failed; 0 ignored; 0 measured; 0 filtered out; finished in 0.38s
[INFO] [stdout] 
[INFO] running `Command { std: "docker" "inspect" "3cedad452efb465586fad5de314cc2aefa727581658b318f1d5564a7a6532584", kill_on_drop: false }`
[INFO] running `Command { std: "docker" "rm" "-f" "3cedad452efb465586fad5de314cc2aefa727581658b318f1d5564a7a6532584", kill_on_drop: false }`
[INFO] [stdout] 3cedad452efb465586fad5de314cc2aefa727581658b318f1d5564a7a6532584
