[INFO] cloning repository https://github.com/dramforever/nix-json-progress
[INFO] running `Command { std: "git" "-c" "credential.helper=" "-c" "credential.helper=/workspace/cargo-home/bin/git-credential-null" "clone" "--bare" "https://github.com/dramforever/nix-json-progress" "/workspace/cache/git-repos/https%3A%2F%2Fgithub.com%2Fdramforever%2Fnix-json-progress", kill_on_drop: false }`
[INFO] [stderr] Cloning into bare repository '/workspace/cache/git-repos/https%3A%2F%2Fgithub.com%2Fdramforever%2Fnix-json-progress'...
[INFO] running `Command { std: "git" "rev-parse" "HEAD", kill_on_drop: false }`
[INFO] [stdout] 28403ed6dfb36c97f22a0151ca98af09abb40acd
[INFO] testing dramforever/nix-json-progress against 1.75.0 for beta-1.76-1
[INFO] running `Command { std: "git" "clone" "/workspace/cache/git-repos/https%3A%2F%2Fgithub.com%2Fdramforever%2Fnix-json-progress" "/workspace/builds/worker-3-tc1/source", kill_on_drop: false }`
[INFO] [stderr] Cloning into '/workspace/builds/worker-3-tc1/source'...
[INFO] [stderr] done.
[INFO] validating manifest of git repo https://github.com/dramforever/nix-json-progress on toolchain 1.75.0
[INFO] running `Command { std: CARGO_HOME="/workspace/cargo-home" RUSTUP_HOME="/workspace/rustup-home" "/workspace/cargo-home/bin/cargo" "+1.75.0" "metadata" "--manifest-path" "Cargo.toml" "--no-deps", kill_on_drop: false }`
[INFO] started tweaking git repo https://github.com/dramforever/nix-json-progress
[INFO] finished tweaking git repo https://github.com/dramforever/nix-json-progress
[INFO] tweaked toml for git repo https://github.com/dramforever/nix-json-progress written to /workspace/builds/worker-3-tc1/source/Cargo.toml
[INFO] crate git repo https://github.com/dramforever/nix-json-progress already has a lockfile, it will not be regenerated
[INFO] running `Command { std: CARGO_HOME="/workspace/cargo-home" RUSTUP_HOME="/workspace/rustup-home" "/workspace/cargo-home/bin/cargo" "+1.75.0" "fetch" "--manifest-path" "Cargo.toml", kill_on_drop: false }`
[INFO] running `Command { std: "docker" "create" "-v" "/var/lib/crater-agent-workspace/builds/worker-3-tc1/target:/opt/rustwide/target:rw,Z" "-v" "/var/lib/crater-agent-workspace/builds/worker-3-tc1/source:/opt/rustwide/workdir:ro,Z" "-v" "/var/lib/crater-agent-workspace/cargo-home:/opt/rustwide/cargo-home:ro,Z" "-v" "/var/lib/crater-agent-workspace/rustup-home:/opt/rustwide/rustup-home:ro,Z" "-e" "SOURCE_DIR=/opt/rustwide/workdir" "-e" "CARGO_TARGET_DIR=/opt/rustwide/target" "-e" "CARGO_HOME=/opt/rustwide/cargo-home" "-e" "RUSTUP_HOME=/opt/rustwide/rustup-home" "-w" "/opt/rustwide/workdir" "-m" "1610612736" "--user" "0:0" "--network" "none" "ghcr.io/rust-lang/crates-build-env/linux@sha256:2788e3201cd34a07e3172128adcd8b3090168a8e3bcc40d7c032b9dda1df7d1c" "/opt/rustwide/cargo-home/bin/cargo" "+1.75.0" "metadata" "--no-deps" "--format-version=1", kill_on_drop: false }`
[INFO] [stdout] 53da3862c4f7cf19b36e8bbd59c4925eeb7d28d454e3bf8d7b88b4ebb3101fed
[INFO] running `Command { std: "docker" "start" "-a" "53da3862c4f7cf19b36e8bbd59c4925eeb7d28d454e3bf8d7b88b4ebb3101fed", kill_on_drop: false }`
[INFO] running `Command { std: "docker" "inspect" "53da3862c4f7cf19b36e8bbd59c4925eeb7d28d454e3bf8d7b88b4ebb3101fed", kill_on_drop: false }`
[INFO] running `Command { std: "docker" "rm" "-f" "53da3862c4f7cf19b36e8bbd59c4925eeb7d28d454e3bf8d7b88b4ebb3101fed", kill_on_drop: false }`
[INFO] [stdout] 53da3862c4f7cf19b36e8bbd59c4925eeb7d28d454e3bf8d7b88b4ebb3101fed
[INFO] running `Command { std: "docker" "create" "-v" "/var/lib/crater-agent-workspace/builds/worker-3-tc1/target:/opt/rustwide/target:rw,Z" "-v" "/var/lib/crater-agent-workspace/builds/worker-3-tc1/source:/opt/rustwide/workdir:ro,Z" "-v" "/var/lib/crater-agent-workspace/cargo-home:/opt/rustwide/cargo-home:ro,Z" "-v" "/var/lib/crater-agent-workspace/rustup-home:/opt/rustwide/rustup-home:ro,Z" "-e" "SOURCE_DIR=/opt/rustwide/workdir" "-e" "CARGO_TARGET_DIR=/opt/rustwide/target" "-e" "CARGO_INCREMENTAL=0" "-e" "RUST_BACKTRACE=full" "-e" "RUSTFLAGS=--cap-lints=warn" "-e" "RUSTDOCFLAGS=--cap-lints=warn" "-e" "CARGO_HOME=/opt/rustwide/cargo-home" "-e" "RUSTUP_HOME=/opt/rustwide/rustup-home" "-w" "/opt/rustwide/workdir" "-m" "1610612736" "--user" "0:0" "--network" "none" "ghcr.io/rust-lang/crates-build-env/linux@sha256:2788e3201cd34a07e3172128adcd8b3090168a8e3bcc40d7c032b9dda1df7d1c" "/opt/rustwide/cargo-home/bin/cargo" "+1.75.0" "build" "--frozen" "--message-format=json", kill_on_drop: false }`
[INFO] [stdout] 04f38e692a3a7356b4b4d0dd42992bf8267591992b1cc572cf90f2b3cf441e56
[INFO] running `Command { std: "docker" "start" "-a" "04f38e692a3a7356b4b4d0dd42992bf8267591992b1cc572cf90f2b3cf441e56", kill_on_drop: false }`
[INFO] [stderr]    Compiling proc-macro2 v1.0.43
[INFO] [stderr]    Compiling quote v1.0.21
[INFO] [stderr]    Compiling unicode-ident v1.0.3
[INFO] [stderr]    Compiling syn v1.0.99
[INFO] [stderr]    Compiling serde v1.0.142
[INFO] [stderr]    Compiling libc v0.2.127
[INFO] [stderr]    Compiling once_cell v1.13.0
[INFO] [stderr]    Compiling serde_json v1.0.83
[INFO] [stderr]    Compiling arrayvec v0.5.2
[INFO] [stderr]    Compiling unicode-width v0.1.9
[INFO] [stderr]    Compiling utf8parse v0.2.0
[INFO] [stderr]    Compiling number_prefix v0.4.0
[INFO] [stderr]    Compiling itoa v1.0.3
[INFO] [stderr]    Compiling ryu v1.0.11
[INFO] [stderr] error: could not parse/generate dep info at: /opt/rustwide/target/debug/build/quote-e71907b436b105df/build_script_build-e71907b436b105df.d
[INFO] [stderr] 
[INFO] [stderr] Caused by:
[INFO] [stderr]   failed to write `/opt/rustwide/target/debug/.fingerprint/quote-e71907b436b105df/dep-build-script-build-script-build`
[INFO] [stderr] 
[INFO] [stderr] Caused by:
[INFO] [stderr]   No space left on device (os error 28)
[INFO] [stderr] warning: build failed, waiting for other jobs to finish...
[INFO] [stdout] error: linking with `cc` failed: exit status: 1
[INFO] [stdout]   |
[INFO] [stdout]   = note: LC_ALL="C" PATH="/opt/rustwide/rustup-home/toolchains/1.75.0-x86_64-unknown-linux-gnu/lib/rustlib/x86_64-unknown-linux-gnu/bin:/opt/rustwide/cargo-home/bin:/usr/local/sbin:/usr/local/bin:/usr/sbin:/usr/bin:/sbin:/bin" VSLANG="1033" "cc" "-m64" "/tmp/rustcSnFZ4w/symbols.o" "/opt/rustwide/target/debug/build/libc-3d620be2031b575d/build_script_build-3d620be2031b575d.build_script_build.f658d73a0374bd23-cgu.0.rcgu.o" "/opt/rustwide/target/debug/build/libc-3d620be2031b575d/build_script_build-3d620be2031b575d.build_script_build.f658d73a0374bd23-cgu.1.rcgu.o" "/opt/rustwide/target/debug/build/libc-3d620be2031b575d/build_script_build-3d620be2031b575d.4gey63tu71ehwfu4.rcgu.o" "-Wl,--as-needed" "-L" "/opt/rustwide/target/debug/deps" "-L" "/opt/rustwide/rustup-home/toolchains/1.75.0-x86_64-unknown-linux-gnu/lib/rustlib/x86_64-unknown-linux-gnu/lib" "-Wl,-Bstatic" "/opt/rustwide/rustup-home/toolchains/1.75.0-x86_64-unknown-linux-gnu/lib/rustlib/x86_64-unknown-linux-gnu/lib/libstd-90f6ddbf82de36ec.rlib" "/opt/rustwide/rustup-home/toolchains/1.75.0-x86_64-unknown-linux-gnu/lib/rustlib/x86_64-unknown-linux-gnu/lib/libpanic_unwind-480c41e9d4e1f677.rlib" "/opt/rustwide/rustup-home/toolchains/1.75.0-x86_64-unknown-linux-gnu/lib/rustlib/x86_64-unknown-linux-gnu/lib/libobject-db744c0ca03eed1d.rlib" "/opt/rustwide/rustup-home/toolchains/1.75.0-x86_64-unknown-linux-gnu/lib/rustlib/x86_64-unknown-linux-gnu/lib/libmemchr-8ba652dc7d4b285a.rlib" "/opt/rustwide/rustup-home/toolchains/1.75.0-x86_64-unknown-linux-gnu/lib/rustlib/x86_64-unknown-linux-gnu/lib/libaddr2line-d5f4520a9ebc0d58.rlib" "/opt/rustwide/rustup-home/toolchains/1.75.0-x86_64-unknown-linux-gnu/lib/rustlib/x86_64-unknown-linux-gnu/lib/libgimli-4ad84de58f0cb463.rlib" "/opt/rustwide/rustup-home/toolchains/1.75.0-x86_64-unknown-linux-gnu/lib/rustlib/x86_64-unknown-linux-gnu/lib/librustc_demangle-0d10aae2e0f38735.rlib" "/opt/rustwide/rustup-home/toolchains/1.75.0-x86_64-unknown-linux-gnu/lib/rustlib/x86_64-unknown-linux-gnu/lib/libstd_detect-0c17cff739e6745b.rlib" "/opt/rustwide/rustup-home/toolchains/1.75.0-x86_64-unknown-linux-gnu/lib/rustlib/x86_64-unknown-linux-gnu/lib/libhashbrown-b29e17139dde1aa8.rlib" "/opt/rustwide/rustup-home/toolchains/1.75.0-x86_64-unknown-linux-gnu/lib/rustlib/x86_64-unknown-linux-gnu/lib/librustc_std_workspace_alloc-1f975299829cc7bd.rlib" "/opt/rustwide/rustup-home/toolchains/1.75.0-x86_64-unknown-linux-gnu/lib/rustlib/x86_64-unknown-linux-gnu/lib/libminiz_oxide-86bae3bc3079f89b.rlib" "/opt/rustwide/rustup-home/toolchains/1.75.0-x86_64-unknown-linux-gnu/lib/rustlib/x86_64-unknown-linux-gnu/lib/libadler-321b82c30dffdf5f.rlib" "/opt/rustwide/rustup-home/toolchains/1.75.0-x86_64-unknown-linux-gnu/lib/rustlib/x86_64-unknown-linux-gnu/lib/libunwind-3dd8a6810a0bdfef.rlib" "/opt/rustwide/rustup-home/toolchains/1.75.0-x86_64-unknown-linux-gnu/lib/rustlib/x86_64-unknown-linux-gnu/lib/libcfg_if-eb39a61c0c879984.rlib" "/opt/rustwide/rustup-home/toolchains/1.75.0-x86_64-unknown-linux-gnu/lib/rustlib/x86_64-unknown-linux-gnu/lib/liblibc-aa769569f91c3548.rlib" "/opt/rustwide/rustup-home/toolchains/1.75.0-x86_64-unknown-linux-gnu/lib/rustlib/x86_64-unknown-linux-gnu/lib/liballoc-510a192a50a983ed.rlib" "/opt/rustwide/rustup-home/toolchains/1.75.0-x86_64-unknown-linux-gnu/lib/rustlib/x86_64-unknown-linux-gnu/lib/librustc_std_workspace_core-0577018320f99037.rlib" "/opt/rustwide/rustup-home/toolchains/1.75.0-x86_64-unknown-linux-gnu/lib/rustlib/x86_64-unknown-linux-gnu/lib/libcore-193cf992125ccd4c.rlib" "/opt/rustwide/rustup-home/toolchains/1.75.0-x86_64-unknown-linux-gnu/lib/rustlib/x86_64-unknown-linux-gnu/lib/libcompiler_builtins-8e138eaf26ebb4a8.rlib" "-Wl,-Bdynamic" "-lgcc_s" "-lutil" "-lrt" "-lpthread" "-lm" "-ldl" "-lc" "-Wl,--eh-frame-hdr" "-Wl,-z,noexecstack" "-L" "/opt/rustwide/rustup-home/toolchains/1.75.0-x86_64-unknown-linux-gnu/lib/rustlib/x86_64-unknown-linux-gnu/lib" "-o" "/opt/rustwide/target/debug/build/libc-3d620be2031b575d/build_script_build-3d620be2031b575d" "-Wl,--gc-sections" "-pie" "-Wl,-z,relro,-z,now" "-nodefaultlibs"
[INFO] [stdout]   = note: /usr/bin/ld: final link failed: No space left on device
[INFO] [stdout]           collect2: error: ld returned 1 exit status
[INFO] [stdout]           
[INFO] [stdout] 
[INFO] [stdout] 
[INFO] [stdout] error: aborting due to previous error
[INFO] [stdout] 
[INFO] [stdout] 
[INFO] [stdout] error: linking with `cc` failed: exit status: 1
[INFO] [stdout]   |
[INFO] [stdout]   = note: LC_ALL="C" PATH="/opt/rustwide/rustup-home/toolchains/1.75.0-x86_64-unknown-linux-gnu/lib/rustlib/x86_64-unknown-linux-gnu/bin:/opt/rustwide/cargo-home/bin:/usr/local/sbin:/usr/local/bin:/usr/sbin:/usr/bin:/sbin:/bin" VSLANG="1033" "cc" "-m64" "/tmp/rustcI6K3sr/symbols.o" "/opt/rustwide/target/debug/build/serde-383b5549972074a9/build_script_build-383b5549972074a9.build_script_build.2ca0a597248133bc-cgu.0.rcgu.o" "/opt/rustwide/target/debug/build/serde-383b5549972074a9/build_script_build-383b5549972074a9.4212236khq3xe56k.rcgu.o" "-Wl,--as-needed" "-L" "/opt/rustwide/target/debug/deps" "-L" "/opt/rustwide/rustup-home/toolchains/1.75.0-x86_64-unknown-linux-gnu/lib/rustlib/x86_64-unknown-linux-gnu/lib" "-Wl,-Bstatic" "/opt/rustwide/rustup-home/toolchains/1.75.0-x86_64-unknown-linux-gnu/lib/rustlib/x86_64-unknown-linux-gnu/lib/libstd-90f6ddbf82de36ec.rlib" "/opt/rustwide/rustup-home/toolchains/1.75.0-x86_64-unknown-linux-gnu/lib/rustlib/x86_64-unknown-linux-gnu/lib/libpanic_unwind-480c41e9d4e1f677.rlib" "/opt/rustwide/rustup-home/toolchains/1.75.0-x86_64-unknown-linux-gnu/lib/rustlib/x86_64-unknown-linux-gnu/lib/libobject-db744c0ca03eed1d.rlib" "/opt/rustwide/rustup-home/toolchains/1.75.0-x86_64-unknown-linux-gnu/lib/rustlib/x86_64-unknown-linux-gnu/lib/libmemchr-8ba652dc7d4b285a.rlib" "/opt/rustwide/rustup-home/toolchains/1.75.0-x86_64-unknown-linux-gnu/lib/rustlib/x86_64-unknown-linux-gnu/lib/libaddr2line-d5f4520a9ebc0d58.rlib" "/opt/rustwide/rustup-home/toolchains/1.75.0-x86_64-unknown-linux-gnu/lib/rustlib/x86_64-unknown-linux-gnu/lib/libgimli-4ad84de58f0cb463.rlib" "/opt/rustwide/rustup-home/toolchains/1.75.0-x86_64-unknown-linux-gnu/lib/rustlib/x86_64-unknown-linux-gnu/lib/librustc_demangle-0d10aae2e0f38735.rlib" "/opt/rustwide/rustup-home/toolchains/1.75.0-x86_64-unknown-linux-gnu/lib/rustlib/x86_64-unknown-linux-gnu/lib/libstd_detect-0c17cff739e6745b.rlib" "/opt/rustwide/rustup-home/toolchains/1.75.0-x86_64-unknown-linux-gnu/lib/rustlib/x86_64-unknown-linux-gnu/lib/libhashbrown-b29e17139dde1aa8.rlib" "/opt/rustwide/rustup-home/toolchains/1.75.0-x86_64-unknown-linux-gnu/lib/rustlib/x86_64-unknown-linux-gnu/lib/librustc_std_workspace_alloc-1f975299829cc7bd.rlib" "/opt/rustwide/rustup-home/toolchains/1.75.0-x86_64-unknown-linux-gnu/lib/rustlib/x86_64-unknown-linux-gnu/lib/libminiz_oxide-86bae3bc3079f89b.rlib" "/opt/rustwide/rustup-home/toolchains/1.75.0-x86_64-unknown-linux-gnu/lib/rustlib/x86_64-unknown-linux-gnu/lib/libadler-321b82c30dffdf5f.rlib" "/opt/rustwide/rustup-home/toolchains/1.75.0-x86_64-unknown-linux-gnu/lib/rustlib/x86_64-unknown-linux-gnu/lib/libunwind-3dd8a6810a0bdfef.rlib" "/opt/rustwide/rustup-home/toolchains/1.75.0-x86_64-unknown-linux-gnu/lib/rustlib/x86_64-unknown-linux-gnu/lib/libcfg_if-eb39a61c0c879984.rlib" "/opt/rustwide/rustup-home/toolchains/1.75.0-x86_64-unknown-linux-gnu/lib/rustlib/x86_64-unknown-linux-gnu/lib/liblibc-aa769569f91c3548.rlib" "/opt/rustwide/rustup-home/toolchains/1.75.0-x86_64-unknown-linux-gnu/lib/rustlib/x86_64-unknown-linux-gnu/lib/liballoc-510a192a50a983ed.rlib" "/opt/rustwide/rustup-home/toolchains/1.75.0-x86_64-unknown-linux-gnu/lib/rustlib/x86_64-unknown-linux-gnu/lib/librustc_std_workspace_core-0577018320f99037.rlib" "/opt/rustwide/rustup-home/toolchains/1.75.0-x86_64-unknown-linux-gnu/lib/rustlib/x86_64-unknown-linux-gnu/lib/libcore-193cf992125ccd4c.rlib" "/opt/rustwide/rustup-home/toolchains/1.75.0-x86_64-unknown-linux-gnu/lib/rustlib/x86_64-unknown-linux-gnu/lib/libcompiler_builtins-8e138eaf26ebb4a8.rlib" "-Wl,-Bdynamic" "-lgcc_s" "-lutil" "-lrt" "-lpthread" "-lm" "-ldl" "-lc" "-Wl,--eh-frame-hdr" "-Wl,-z,noexecstack" "-L" "/opt/rustwide/rustup-home/toolchains/1.75.0-x86_64-unknown-linux-gnu/lib/rustlib/x86_64-unknown-linux-gnu/lib" "-o" "/opt/rustwide/target/debug/build/serde-383b5549972074a9/build_script_build-383b5549972074a9" "-Wl,--gc-sections" "-pie" "-Wl,-z,relro,-z,now" "-nodefaultlibs"
[INFO] [stdout]   = note: /usr/bin/ld: final link failed: No space left on device
[INFO] [stdout]           collect2: error: ld returned 1 exit status
[INFO] [stdout]           
[INFO] [stdout] 
[INFO] [stdout] 
[INFO] [stdout] error: aborting due to previous error
[INFO] [stdout] 
[INFO] [stdout] 
[INFO] [stdout] error: linking with `cc` failed: exit status: 1
[INFO] [stdout]   |
[INFO] [stdout]   = note: LC_ALL="C" PATH="/opt/rustwide/rustup-home/toolchains/1.75.0-x86_64-unknown-linux-gnu/lib/rustlib/x86_64-unknown-linux-gnu/bin:/opt/rustwide/cargo-home/bin:/usr/local/sbin:/usr/local/bin:/usr/sbin:/usr/bin:/sbin:/bin" VSLANG="1033" "cc" "-m64" "/tmp/rustc8fcLwK/symbols.o" "/opt/rustwide/target/debug/build/serde-1b03ee932b56fd34/build_script_build-1b03ee932b56fd34.build_script_build.404a88ff5a512bfa-cgu.0.rcgu.o" "/opt/rustwide/target/debug/build/serde-1b03ee932b56fd34/build_script_build-1b03ee932b56fd34.4pk7m04id3m1e22e.rcgu.o" "-Wl,--as-needed" "-L" "/opt/rustwide/target/debug/deps" "-L" "/opt/rustwide/rustup-home/toolchains/1.75.0-x86_64-unknown-linux-gnu/lib/rustlib/x86_64-unknown-linux-gnu/lib" "-Wl,-Bstatic" "/opt/rustwide/rustup-home/toolchains/1.75.0-x86_64-unknown-linux-gnu/lib/rustlib/x86_64-unknown-linux-gnu/lib/libstd-90f6ddbf82de36ec.rlib" "/opt/rustwide/rustup-home/toolchains/1.75.0-x86_64-unknown-linux-gnu/lib/rustlib/x86_64-unknown-linux-gnu/lib/libpanic_unwind-480c41e9d4e1f677.rlib" "/opt/rustwide/rustup-home/toolchains/1.75.0-x86_64-unknown-linux-gnu/lib/rustlib/x86_64-unknown-linux-gnu/lib/libobject-db744c0ca03eed1d.rlib" "/opt/rustwide/rustup-home/toolchains/1.75.0-x86_64-unknown-linux-gnu/lib/rustlib/x86_64-unknown-linux-gnu/lib/libmemchr-8ba652dc7d4b285a.rlib" "/opt/rustwide/rustup-home/toolchains/1.75.0-x86_64-unknown-linux-gnu/lib/rustlib/x86_64-unknown-linux-gnu/lib/libaddr2line-d5f4520a9ebc0d58.rlib" "/opt/rustwide/rustup-home/toolchains/1.75.0-x86_64-unknown-linux-gnu/lib/rustlib/x86_64-unknown-linux-gnu/lib/libgimli-4ad84de58f0cb463.rlib" "/opt/rustwide/rustup-home/toolchains/1.75.0-x86_64-unknown-linux-gnu/lib/rustlib/x86_64-unknown-linux-gnu/lib/librustc_demangle-0d10aae2e0f38735.rlib" "/opt/rustwide/rustup-home/toolchains/1.75.0-x86_64-unknown-linux-gnu/lib/rustlib/x86_64-unknown-linux-gnu/lib/libstd_detect-0c17cff739e6745b.rlib" "/opt/rustwide/rustup-home/toolchains/1.75.0-x86_64-unknown-linux-gnu/lib/rustlib/x86_64-unknown-linux-gnu/lib/libhashbrown-b29e17139dde1aa8.rlib" "/opt/rustwide/rustup-home/toolchains/1.75.0-x86_64-unknown-linux-gnu/lib/rustlib/x86_64-unknown-linux-gnu/lib/librustc_std_workspace_alloc-1f975299829cc7bd.rlib" "/opt/rustwide/rustup-home/toolchains/1.75.0-x86_64-unknown-linux-gnu/lib/rustlib/x86_64-unknown-linux-gnu/lib/libminiz_oxide-86bae3bc3079f89b.rlib" "/opt/rustwide/rustup-home/toolchains/1.75.0-x86_64-unknown-linux-gnu/lib/rustlib/x86_64-unknown-linux-gnu/lib/libadler-321b82c30dffdf5f.rlib" "/opt/rustwide/rustup-home/toolchains/1.75.0-x86_64-unknown-linux-gnu/lib/rustlib/x86_64-unknown-linux-gnu/lib/libunwind-3dd8a6810a0bdfef.rlib" "/opt/rustwide/rustup-home/toolchains/1.75.0-x86_64-unknown-linux-gnu/lib/rustlib/x86_64-unknown-linux-gnu/lib/libcfg_if-eb39a61c0c879984.rlib" "/opt/rustwide/rustup-home/toolchains/1.75.0-x86_64-unknown-linux-gnu/lib/rustlib/x86_64-unknown-linux-gnu/lib/liblibc-aa769569f91c3548.rlib" "/opt/rustwide/rustup-home/toolchains/1.75.0-x86_64-unknown-linux-gnu/lib/rustlib/x86_64-unknown-linux-gnu/lib/liballoc-510a192a50a983ed.rlib" "/opt/rustwide/rustup-home/toolchains/1.75.0-x86_64-unknown-linux-gnu/lib/rustlib/x86_64-unknown-linux-gnu/lib/librustc_std_workspace_core-0577018320f99037.rlib" "/opt/rustwide/rustup-home/toolchains/1.75.0-x86_64-unknown-linux-gnu/lib/rustlib/x86_64-unknown-linux-gnu/lib/libcore-193cf992125ccd4c.rlib" "/opt/rustwide/rustup-home/toolchains/1.75.0-x86_64-unknown-linux-gnu/lib/rustlib/x86_64-unknown-linux-gnu/lib/libcompiler_builtins-8e138eaf26ebb4a8.rlib" "-Wl,-Bdynamic" "-lgcc_s" "-lutil" "-lrt" "-lpthread" "-lm" "-ldl" "-lc" "-Wl,--eh-frame-hdr" "-Wl,-z,noexecstack" "-L" "/opt/rustwide/rustup-home/toolchains/1.75.0-x86_64-unknown-linux-gnu/lib/rustlib/x86_64-unknown-linux-gnu/lib" "-o" "/opt/rustwide/target/debug/build/serde-1b03ee932b56fd34/build_script_build-1b03ee932b56fd34" "-Wl,--gc-sections" "-pie" "-Wl,-z,relro,-z,now" "-nodefaultlibs"
[INFO] [stdout]   = note: /usr/bin/ld: final link failed: No space left on device
[INFO] [stdout]           collect2: error: ld returned 1 exit status
[INFO] [stdout]           
[INFO] [stdout] 
[INFO] [stdout] 
[INFO] [stdout] error: aborting due to previous error
[INFO] [stdout] 
[INFO] [stdout] 
[INFO] [stdout] error: linking with `cc` failed: exit status: 1
[INFO] [stdout]   |
[INFO] [stdout]   = note: LC_ALL="C" PATH="/opt/rustwide/rustup-home/toolchains/1.75.0-x86_64-unknown-linux-gnu/lib/rustlib/x86_64-unknown-linux-gnu/bin:/opt/rustwide/cargo-home/bin:/usr/local/sbin:/usr/local/bin:/usr/sbin:/usr/bin:/sbin:/bin" VSLANG="1033" "cc" "-m64" "/tmp/rustc6fjWma/symbols.o" "/opt/rustwide/target/debug/build/serde_json-b08a369dfbb5eb75/build_script_build-b08a369dfbb5eb75.build_script_build.ab4137b3b9105362-cgu.0.rcgu.o" "/opt/rustwide/target/debug/build/serde_json-b08a369dfbb5eb75/build_script_build-b08a369dfbb5eb75.2tgh2cimvve0mq05.rcgu.o" "-Wl,--as-needed" "-L" "/opt/rustwide/target/debug/deps" "-L" "/opt/rustwide/rustup-home/toolchains/1.75.0-x86_64-unknown-linux-gnu/lib/rustlib/x86_64-unknown-linux-gnu/lib" "-Wl,-Bstatic" "/opt/rustwide/rustup-home/toolchains/1.75.0-x86_64-unknown-linux-gnu/lib/rustlib/x86_64-unknown-linux-gnu/lib/libstd-90f6ddbf82de36ec.rlib" "/opt/rustwide/rustup-home/toolchains/1.75.0-x86_64-unknown-linux-gnu/lib/rustlib/x86_64-unknown-linux-gnu/lib/libpanic_unwind-480c41e9d4e1f677.rlib" "/opt/rustwide/rustup-home/toolchains/1.75.0-x86_64-unknown-linux-gnu/lib/rustlib/x86_64-unknown-linux-gnu/lib/libobject-db744c0ca03eed1d.rlib" "/opt/rustwide/rustup-home/toolchains/1.75.0-x86_64-unknown-linux-gnu/lib/rustlib/x86_64-unknown-linux-gnu/lib/libmemchr-8ba652dc7d4b285a.rlib" "/opt/rustwide/rustup-home/toolchains/1.75.0-x86_64-unknown-linux-gnu/lib/rustlib/x86_64-unknown-linux-gnu/lib/libaddr2line-d5f4520a9ebc0d58.rlib" "/opt/rustwide/rustup-home/toolchains/1.75.0-x86_64-unknown-linux-gnu/lib/rustlib/x86_64-unknown-linux-gnu/lib/libgimli-4ad84de58f0cb463.rlib" "/opt/rustwide/rustup-home/toolchains/1.75.0-x86_64-unknown-linux-gnu/lib/rustlib/x86_64-unknown-linux-gnu/lib/librustc_demangle-0d10aae2e0f38735.rlib" "/opt/rustwide/rustup-home/toolchains/1.75.0-x86_64-unknown-linux-gnu/lib/rustlib/x86_64-unknown-linux-gnu/lib/libstd_detect-0c17cff739e6745b.rlib" "/opt/rustwide/rustup-home/toolchains/1.75.0-x86_64-unknown-linux-gnu/lib/rustlib/x86_64-unknown-linux-gnu/lib/libhashbrown-b29e17139dde1aa8.rlib" "/opt/rustwide/rustup-home/toolchains/1.75.0-x86_64-unknown-linux-gnu/lib/rustlib/x86_64-unknown-linux-gnu/lib/librustc_std_workspace_alloc-1f975299829cc7bd.rlib" "/opt/rustwide/rustup-home/toolchains/1.75.0-x86_64-unknown-linux-gnu/lib/rustlib/x86_64-unknown-linux-gnu/lib/libminiz_oxide-86bae3bc3079f89b.rlib" "/opt/rustwide/rustup-home/toolchains/1.75.0-x86_64-unknown-linux-gnu/lib/rustlib/x86_64-unknown-linux-gnu/lib/libadler-321b82c30dffdf5f.rlib" "/opt/rustwide/rustup-home/toolchains/1.75.0-x86_64-unknown-linux-gnu/lib/rustlib/x86_64-unknown-linux-gnu/lib/libunwind-3dd8a6810a0bdfef.rlib" "/opt/rustwide/rustup-home/toolchains/1.75.0-x86_64-unknown-linux-gnu/lib/rustlib/x86_64-unknown-linux-gnu/lib/libcfg_if-eb39a61c0c879984.rlib" "/opt/rustwide/rustup-home/toolchains/1.75.0-x86_64-unknown-linux-gnu/lib/rustlib/x86_64-unknown-linux-gnu/lib/liblibc-aa769569f91c3548.rlib" "/opt/rustwide/rustup-home/toolchains/1.75.0-x86_64-unknown-linux-gnu/lib/rustlib/x86_64-unknown-linux-gnu/lib/liballoc-510a192a50a983ed.rlib" "/opt/rustwide/rustup-home/toolchains/1.75.0-x86_64-unknown-linux-gnu/lib/rustlib/x86_64-unknown-linux-gnu/lib/librustc_std_workspace_core-0577018320f99037.rlib" "/opt/rustwide/rustup-home/toolchains/1.75.0-x86_64-unknown-linux-gnu/lib/rustlib/x86_64-unknown-linux-gnu/lib/libcore-193cf992125ccd4c.rlib" "/opt/rustwide/rustup-home/toolchains/1.75.0-x86_64-unknown-linux-gnu/lib/rustlib/x86_64-unknown-linux-gnu/lib/libcompiler_builtins-8e138eaf26ebb4a8.rlib" "-Wl,-Bdynamic" "-lgcc_s" "-lutil" "-lrt" "-lpthread" "-lm" "-ldl" "-lc" "-Wl,--eh-frame-hdr" "-Wl,-z,noexecstack" "-L" "/opt/rustwide/rustup-home/toolchains/1.75.0-x86_64-unknown-linux-gnu/lib/rustlib/x86_64-unknown-linux-gnu/lib" "-o" "/opt/rustwide/target/debug/build/serde_json-b08a369dfbb5eb75/build_script_build-b08a369dfbb5eb75" "-Wl,--gc-sections" "-pie" "-Wl,-z,relro,-z,now" "-nodefaultlibs"
[INFO] [stdout]   = note: /usr/bin/ld: final link failed: No space left on device
[INFO] [stdout]           collect2: error: ld returned 1 exit status
[INFO] [stdout]           
[INFO] [stdout] 
[INFO] [stdout] 
[INFO] [stdout] error: aborting due to previous error
[INFO] [stdout] 
[INFO] [stdout] 
[INFO] [stderr] error: could not compile `libc` (build script) due to 2 previous errors
[INFO] [stderr] error: could not compile `serde` (build script) due to 2 previous errors
[INFO] [stderr] error: could not compile `serde` (build script) due to 2 previous errors
[INFO] [stderr] error: could not compile `serde_json` (build script) due to 2 previous errors
[INFO] running `Command { std: "docker" "inspect" "04f38e692a3a7356b4b4d0dd42992bf8267591992b1cc572cf90f2b3cf441e56", kill_on_drop: false }`
[INFO] running `Command { std: "docker" "rm" "-f" "04f38e692a3a7356b4b4d0dd42992bf8267591992b1cc572cf90f2b3cf441e56", kill_on_drop: false }`
[INFO] [stdout] 04f38e692a3a7356b4b4d0dd42992bf8267591992b1cc572cf90f2b3cf441e56
[INFO] testing dramforever/nix-json-progress against beta-2023-12-22 for beta-1.76-1
[INFO] running `Command { std: "git" "clone" "/workspace/cache/git-repos/https%3A%2F%2Fgithub.com%2Fdramforever%2Fnix-json-progress" "/workspace/builds/worker-3-tc2/source", kill_on_drop: false }`
[INFO] [stderr] Cloning into '/workspace/builds/worker-3-tc2/source'...
[INFO] [stderr] done.
[INFO] validating manifest of git repo https://github.com/dramforever/nix-json-progress on toolchain beta-2023-12-22
[INFO] running `Command { std: CARGO_HOME="/workspace/cargo-home" RUSTUP_HOME="/workspace/rustup-home" "/workspace/cargo-home/bin/cargo" "+beta-2023-12-22" "metadata" "--manifest-path" "Cargo.toml" "--no-deps", kill_on_drop: false }`
[INFO] started tweaking git repo https://github.com/dramforever/nix-json-progress
[INFO] finished tweaking git repo https://github.com/dramforever/nix-json-progress
[INFO] tweaked toml for git repo https://github.com/dramforever/nix-json-progress written to /workspace/builds/worker-3-tc2/source/Cargo.toml
[INFO] crate git repo https://github.com/dramforever/nix-json-progress already has a lockfile, it will not be regenerated
[INFO] running `Command { std: CARGO_HOME="/workspace/cargo-home" RUSTUP_HOME="/workspace/rustup-home" "/workspace/cargo-home/bin/cargo" "+beta-2023-12-22" "fetch" "--manifest-path" "Cargo.toml", kill_on_drop: false }`
[INFO] running `Command { std: "docker" "create" "-v" "/var/lib/crater-agent-workspace/builds/worker-3-tc2/target:/opt/rustwide/target:rw,Z" "-v" "/var/lib/crater-agent-workspace/builds/worker-3-tc2/source:/opt/rustwide/workdir:ro,Z" "-v" "/var/lib/crater-agent-workspace/cargo-home:/opt/rustwide/cargo-home:ro,Z" "-v" "/var/lib/crater-agent-workspace/rustup-home:/opt/rustwide/rustup-home:ro,Z" "-e" "SOURCE_DIR=/opt/rustwide/workdir" "-e" "CARGO_TARGET_DIR=/opt/rustwide/target" "-e" "CARGO_HOME=/opt/rustwide/cargo-home" "-e" "RUSTUP_HOME=/opt/rustwide/rustup-home" "-w" "/opt/rustwide/workdir" "-m" "1610612736" "--user" "0:0" "--network" "none" "ghcr.io/rust-lang/crates-build-env/linux@sha256:2788e3201cd34a07e3172128adcd8b3090168a8e3bcc40d7c032b9dda1df7d1c" "/opt/rustwide/cargo-home/bin/cargo" "+beta-2023-12-22" "metadata" "--no-deps" "--format-version=1", kill_on_drop: false }`
[INFO] [stdout] b32f585b4c3c7982e6a544e7aeced2d093496e8ee38f45d8217456d61e4ca5f9
[INFO] running `Command { std: "docker" "start" "-a" "b32f585b4c3c7982e6a544e7aeced2d093496e8ee38f45d8217456d61e4ca5f9", kill_on_drop: false }`
[INFO] running `Command { std: "docker" "inspect" "b32f585b4c3c7982e6a544e7aeced2d093496e8ee38f45d8217456d61e4ca5f9", kill_on_drop: false }`
[INFO] running `Command { std: "docker" "rm" "-f" "b32f585b4c3c7982e6a544e7aeced2d093496e8ee38f45d8217456d61e4ca5f9", kill_on_drop: false }`
[INFO] [stdout] b32f585b4c3c7982e6a544e7aeced2d093496e8ee38f45d8217456d61e4ca5f9
[INFO] running `Command { std: "docker" "create" "-v" "/var/lib/crater-agent-workspace/builds/worker-3-tc2/target:/opt/rustwide/target:rw,Z" "-v" "/var/lib/crater-agent-workspace/builds/worker-3-tc2/source:/opt/rustwide/workdir:ro,Z" "-v" "/var/lib/crater-agent-workspace/cargo-home:/opt/rustwide/cargo-home:ro,Z" "-v" "/var/lib/crater-agent-workspace/rustup-home:/opt/rustwide/rustup-home:ro,Z" "-e" "SOURCE_DIR=/opt/rustwide/workdir" "-e" "CARGO_TARGET_DIR=/opt/rustwide/target" "-e" "CARGO_INCREMENTAL=0" "-e" "RUST_BACKTRACE=full" "-e" "RUSTFLAGS=--cap-lints=warn" "-e" "RUSTDOCFLAGS=--cap-lints=warn" "-e" "CARGO_HOME=/opt/rustwide/cargo-home" "-e" "RUSTUP_HOME=/opt/rustwide/rustup-home" "-w" "/opt/rustwide/workdir" "-m" "1610612736" "--user" "0:0" "--network" "none" "ghcr.io/rust-lang/crates-build-env/linux@sha256:2788e3201cd34a07e3172128adcd8b3090168a8e3bcc40d7c032b9dda1df7d1c" "/opt/rustwide/cargo-home/bin/cargo" "+beta-2023-12-22" "build" "--frozen" "--message-format=json", kill_on_drop: false }`
[INFO] [stdout] 304c5acf8e4f9178c16575155399803210663837fa858a7be46855723de86d05
[INFO] running `Command { std: "docker" "start" "-a" "304c5acf8e4f9178c16575155399803210663837fa858a7be46855723de86d05", kill_on_drop: false }`
[INFO] [stderr]    Compiling proc-macro2 v1.0.43
[INFO] [stderr]    Compiling quote v1.0.21
[INFO] [stderr]    Compiling unicode-ident v1.0.3
[INFO] [stderr]    Compiling syn v1.0.99
[INFO] [stderr]    Compiling serde v1.0.142
[INFO] [stderr]    Compiling libc v0.2.127
[INFO] [stderr]    Compiling once_cell v1.13.0
[INFO] [stderr]    Compiling utf8parse v0.2.0
[INFO] [stderr]    Compiling unicode-width v0.1.9
[INFO] [stderr]    Compiling arrayvec v0.5.2
[INFO] [stderr]    Compiling serde_json v1.0.83
[INFO] [stderr]    Compiling itoa v1.0.3
[INFO] [stderr]    Compiling ryu v1.0.11
[INFO] [stderr]    Compiling number_prefix v0.4.0
[INFO] [stderr]    Compiling terminal_size v0.1.17
[INFO] [stderr]    Compiling console v0.15.1
[INFO] [stderr]    Compiling vte_generate_state_changes v0.1.1
[INFO] [stderr]    Compiling indicatif v0.17.0
[INFO] [stderr]    Compiling vte v0.10.1
[INFO] [stderr]    Compiling strip-ansi-escapes v0.1.1
[INFO] [stderr]    Compiling thiserror-impl v1.0.32
[INFO] [stderr]    Compiling toml v0.5.9
[INFO] [stderr]    Compiling thiserror v1.0.32
[INFO] [stderr]    Compiling proc-macro-crate v1.2.0
[INFO] [stderr]    Compiling num_enum_derive v0.5.7
[INFO] [stderr]    Compiling num_enum v0.5.7
[INFO] [stderr]    Compiling nix-json-progress v0.1.0 (/opt/rustwide/workdir)
[INFO] [stdout] warning: unused import: `thread::sleep`
[INFO] [stdout]  --> src/main.rs:7:5
[INFO] [stdout]   |
[INFO] [stdout] 7 |     thread::sleep,
[INFO] [stdout]   |     ^^^^^^^^^^^^^
[INFO] [stdout]   |
[INFO] [stdout]   = note: `#[warn(unused_imports)]` on by default
[INFO] [stdout] 
[INFO] [stdout] 
[INFO] [stdout] warning: unused variable: `level`
[INFO] [stdout]   --> src/main.rs:35:17
[INFO] [stdout]    |
[INFO] [stdout] 35 |                 level,
[INFO] [stdout]    |                 ^^^^^ help: try ignoring the field: `level: _`
[INFO] [stdout]    |
[INFO] [stdout]    = note: `#[warn(unused_variables)]` on by default
[INFO] [stdout] 
[INFO] [stdout] 
[INFO] [stdout] warning: unused variable: `from`
[INFO] [stdout]   --> src/main.rs:80:42
[INFO] [stdout]    |
[INFO] [stdout] 80 |                         CopyPath { path, from, to } => bar
[INFO] [stdout]    |                                          ^^^^ help: try ignoring the field: `from: _`
[INFO] [stdout] 
[INFO] [stdout] 
[INFO] [stdout] warning: unused variable: `to`
[INFO] [stdout]   --> src/main.rs:80:48
[INFO] [stdout]    |
[INFO] [stdout] 80 |                         CopyPath { path, from, to } => bar
[INFO] [stdout]    |                                                ^^ help: try ignoring the field: `to: _`
[INFO] [stdout] 
[INFO] [stdout] 
[INFO] [stdout] warning: unused variable: `machine`
[INFO] [stdout]   --> src/main.rs:93:29
[INFO] [stdout]    |
[INFO] [stdout] 93 | ...                   machine,
[INFO] [stdout]    |                       ^^^^^^^ help: try ignoring the field: `machine: _`
[INFO] [stdout] 
[INFO] [stdout] 
[INFO] [stdout] warning: unused variable: `round`
[INFO] [stdout]   --> src/main.rs:94:29
[INFO] [stdout]    |
[INFO] [stdout] 94 | ...                   round,
[INFO] [stdout]    |                       ^^^^^ help: try ignoring the field: `round: _`
[INFO] [stdout] 
[INFO] [stdout] 
[INFO] [stdout] warning: unused variable: `total_rounds`
[INFO] [stdout]   --> src/main.rs:95:29
[INFO] [stdout]    |
[INFO] [stdout] 95 | ...                   total_rounds,
[INFO] [stdout]    |                       ^^^^^^^^^^^^ help: try ignoring the field: `total_rounds: _`
[INFO] [stdout] 
[INFO] [stdout] 
[INFO] [stdout] warning: unused variable: `path`
[INFO] [stdout]    --> src/main.rs:103:38
[INFO] [stdout]     |
[INFO] [stdout] 103 |                         Substitute { path, uri } => bar,
[INFO] [stdout]     |                                      ^^^^ help: try ignoring the field: `path: _`
[INFO] [stdout] 
[INFO] [stdout] 
[INFO] [stdout] warning: unused variable: `uri`
[INFO] [stdout]    --> src/main.rs:103:44
[INFO] [stdout]     |
[INFO] [stdout] 103 |                         Substitute { path, uri } => bar,
[INFO] [stdout]     |                                            ^^^ help: try ignoring the field: `uri: _`
[INFO] [stdout] 
[INFO] [stdout] 
[INFO] [stdout] warning: unused variable: `path`
[INFO] [stdout]    --> src/main.rs:104:41
[INFO] [stdout]     |
[INFO] [stdout] 104 |                         QueryPathInfo { path, uri } => bar.with_style(msg_style),
[INFO] [stdout]     |                                         ^^^^ help: try ignoring the field: `path: _`
[INFO] [stdout] 
[INFO] [stdout] 
[INFO] [stdout] warning: unused variable: `uri`
[INFO] [stdout]    --> src/main.rs:104:47
[INFO] [stdout]     |
[INFO] [stdout] 104 |                         QueryPathInfo { path, uri } => bar.with_style(msg_style),
[INFO] [stdout]     |                                               ^^^ help: try ignoring the field: `uri: _`
[INFO] [stdout] 
[INFO] [stdout] 
[INFO] [stdout] warning: unused variable: `path`
[INFO] [stdout]    --> src/main.rs:105:41
[INFO] [stdout]     |
[INFO] [stdout] 105 |                         PostBuildHook { path } => bar.with_style(msg_style),
[INFO] [stdout]     |                                         ^^^^ help: try ignoring the field: `path: _`
[INFO] [stdout] 
[INFO] [stdout] 
[INFO] [stdout] warning: unused variable: `size`
[INFO] [stdout]    --> src/main.rs:143:38
[INFO] [stdout]     |
[INFO] [stdout] 143 |                         FileLinked { size, blocks } => {}
[INFO] [stdout]     |                                      ^^^^ help: try ignoring the field: `size: _`
[INFO] [stdout] 
[INFO] [stdout] 
[INFO] [stdout] warning: unused variable: `blocks`
[INFO] [stdout]    --> src/main.rs:143:44
[INFO] [stdout]     |
[INFO] [stdout] 143 |                         FileLinked { size, blocks } => {}
[INFO] [stdout]     |                                            ^^^^^^ help: try ignoring the field: `blocks: _`
[INFO] [stdout] 
[INFO] [stdout] 
[INFO] [stdout] warning: unused variable: `path`
[INFO] [stdout]    --> src/main.rs:151:41
[INFO] [stdout]     |
[INFO] [stdout] 151 |                         UntrustedPath { path } => {}
[INFO] [stdout]     |                                         ^^^^ help: try ignoring the field: `path: _`
[INFO] [stdout] 
[INFO] [stdout] 
[INFO] [stdout] warning: unused variable: `path`
[INFO] [stdout]    --> src/main.rs:152:41
[INFO] [stdout]     |
[INFO] [stdout] 152 |                         CorruptedPath { path } => {}
[INFO] [stdout]     |                                         ^^^^ help: try ignoring the field: `path: _`
[INFO] [stdout] 
[INFO] [stdout] 
[INFO] [stdout] warning: unused variable: `running`
[INFO] [stdout]    --> src/main.rs:160:29
[INFO] [stdout]     |
[INFO] [stdout] 160 | ...                   running,
[INFO] [stdout]     |                       ^^^^^^^ help: try ignoring the field: `running: _`
[INFO] [stdout] 
[INFO] [stdout] 
[INFO] [stdout] warning: unused variable: `failed`
[INFO] [stdout]    --> src/main.rs:161:29
[INFO] [stdout]     |
[INFO] [stdout] 161 | ...                   failed,
[INFO] [stdout]     |                       ^^^^^^ help: try ignoring the field: `failed: _`
[INFO] [stdout] 
[INFO] [stdout] 
[INFO] [stdout] warning: unused variable: `activity_type`
[INFO] [stdout]    --> src/main.rs:176:29
[INFO] [stdout]     |
[INFO] [stdout] 176 | ...                   activity_type,
[INFO] [stdout]     |                       ^^^^^^^^^^^^^ help: try ignoring the field: `activity_type: _`
[INFO] [stdout] 
[INFO] [stdout] 
[INFO] [stdout] warning: unused variable: `expected`
[INFO] [stdout]    --> src/main.rs:177:29
[INFO] [stdout]     |
[INFO] [stdout] 177 | ...                   expected,
[INFO] [stdout]     |                       ^^^^^^^^ help: try ignoring the field: `expected: _`
[INFO] [stdout] 
[INFO] [stdout] 
[INFO] [stdout] warning: unused variable: `line`
[INFO] [stdout]    --> src/main.rs:179:44
[INFO] [stdout]     |
[INFO] [stdout] 179 |                         PostBuildLogLine { line } => {}
[INFO] [stdout]     |                                            ^^^^ help: try ignoring the field: `line: _`
[INFO] [stdout] 
[INFO] [stdout] 
[INFO] [stdout] warning: variable does not need to be mutable
[INFO] [stdout]   --> src/main.rs:17:9
[INFO] [stdout]    |
[INFO] [stdout] 17 |     let mut bars = MultiProgress::new();
[INFO] [stdout]    |         ----^^^^
[INFO] [stdout]    |         |
[INFO] [stdout]    |         help: remove this `mut`
[INFO] [stdout]    |
[INFO] [stdout]    = note: `#[warn(unused_mut)]` on by default
[INFO] [stdout] 
[INFO] [stdout] 
[INFO] [stdout] warning: 22 warnings emitted
[INFO] [stdout] 
[INFO] [stdout] 
[INFO] [stderr]     Finished dev [unoptimized + debuginfo] target(s) in 4.65s
[INFO] running `Command { std: "docker" "inspect" "304c5acf8e4f9178c16575155399803210663837fa858a7be46855723de86d05", kill_on_drop: false }`
[INFO] running `Command { std: "docker" "rm" "-f" "304c5acf8e4f9178c16575155399803210663837fa858a7be46855723de86d05", kill_on_drop: false }`
[INFO] [stdout] 304c5acf8e4f9178c16575155399803210663837fa858a7be46855723de86d05
[INFO] running `Command { std: "docker" "create" "-v" "/var/lib/crater-agent-workspace/builds/worker-3-tc2/target:/opt/rustwide/target:rw,Z" "-v" "/var/lib/crater-agent-workspace/builds/worker-3-tc2/source:/opt/rustwide/workdir:ro,Z" "-v" "/var/lib/crater-agent-workspace/cargo-home:/opt/rustwide/cargo-home:ro,Z" "-v" "/var/lib/crater-agent-workspace/rustup-home:/opt/rustwide/rustup-home:ro,Z" "-e" "SOURCE_DIR=/opt/rustwide/workdir" "-e" "CARGO_TARGET_DIR=/opt/rustwide/target" "-e" "CARGO_INCREMENTAL=0" "-e" "RUST_BACKTRACE=full" "-e" "RUSTFLAGS=--cap-lints=warn" "-e" "RUSTDOCFLAGS=--cap-lints=warn" "-e" "CARGO_HOME=/opt/rustwide/cargo-home" "-e" "RUSTUP_HOME=/opt/rustwide/rustup-home" "-w" "/opt/rustwide/workdir" "-m" "1610612736" "--user" "0:0" "--network" "none" "ghcr.io/rust-lang/crates-build-env/linux@sha256:2788e3201cd34a07e3172128adcd8b3090168a8e3bcc40d7c032b9dda1df7d1c" "/opt/rustwide/cargo-home/bin/cargo" "+beta-2023-12-22" "test" "--frozen" "--no-run" "--message-format=json", kill_on_drop: false }`
[INFO] [stdout] 7b023cd168796f639d7cc975eefbaf644469dde06b335e10d3ee000f5ba5b06e
[INFO] running `Command { std: "docker" "start" "-a" "7b023cd168796f639d7cc975eefbaf644469dde06b335e10d3ee000f5ba5b06e", kill_on_drop: false }`
[INFO] [stderr]    Compiling nix-json-progress v0.1.0 (/opt/rustwide/workdir)
[INFO] [stdout] warning: unused import: `thread::sleep`
[INFO] [stdout]  --> src/main.rs:7:5
[INFO] [stdout]   |
[INFO] [stdout] 7 |     thread::sleep,
[INFO] [stdout]   |     ^^^^^^^^^^^^^
[INFO] [stdout]   |
[INFO] [stdout]   = note: `#[warn(unused_imports)]` on by default
[INFO] [stdout] 
[INFO] [stdout] 
[INFO] [stdout] warning: unused variable: `level`
[INFO] [stdout]   --> src/main.rs:35:17
[INFO] [stdout]    |
[INFO] [stdout] 35 |                 level,
[INFO] [stdout]    |                 ^^^^^ help: try ignoring the field: `level: _`
[INFO] [stdout]    |
[INFO] [stdout]    = note: `#[warn(unused_variables)]` on by default
[INFO] [stdout] 
[INFO] [stdout] 
[INFO] [stdout] warning: unused variable: `from`
[INFO] [stdout]   --> src/main.rs:80:42
[INFO] [stdout]    |
[INFO] [stdout] 80 |                         CopyPath { path, from, to } => bar
[INFO] [stdout]    |                                          ^^^^ help: try ignoring the field: `from: _`
[INFO] [stdout] 
[INFO] [stdout] 
[INFO] [stdout] warning: unused variable: `to`
[INFO] [stdout]   --> src/main.rs:80:48
[INFO] [stdout]    |
[INFO] [stdout] 80 |                         CopyPath { path, from, to } => bar
[INFO] [stdout]    |                                                ^^ help: try ignoring the field: `to: _`
[INFO] [stdout] 
[INFO] [stdout] 
[INFO] [stdout] warning: unused variable: `machine`
[INFO] [stdout]   --> src/main.rs:93:29
[INFO] [stdout]    |
[INFO] [stdout] 93 | ...                   machine,
[INFO] [stdout]    |                       ^^^^^^^ help: try ignoring the field: `machine: _`
[INFO] [stdout] 
[INFO] [stdout] 
[INFO] [stdout] warning: unused variable: `round`
[INFO] [stdout]   --> src/main.rs:94:29
[INFO] [stdout]    |
[INFO] [stdout] 94 | ...                   round,
[INFO] [stdout]    |                       ^^^^^ help: try ignoring the field: `round: _`
[INFO] [stdout] 
[INFO] [stdout] 
[INFO] [stdout] warning: unused variable: `total_rounds`
[INFO] [stdout]   --> src/main.rs:95:29
[INFO] [stdout]    |
[INFO] [stdout] 95 | ...                   total_rounds,
[INFO] [stdout]    |                       ^^^^^^^^^^^^ help: try ignoring the field: `total_rounds: _`
[INFO] [stdout] 
[INFO] [stdout] 
[INFO] [stdout] warning: unused variable: `path`
[INFO] [stdout]    --> src/main.rs:103:38
[INFO] [stdout]     |
[INFO] [stdout] 103 |                         Substitute { path, uri } => bar,
[INFO] [stdout]     |                                      ^^^^ help: try ignoring the field: `path: _`
[INFO] [stdout] 
[INFO] [stdout] 
[INFO] [stdout] warning: unused variable: `uri`
[INFO] [stdout]    --> src/main.rs:103:44
[INFO] [stdout]     |
[INFO] [stdout] 103 |                         Substitute { path, uri } => bar,
[INFO] [stdout]     |                                            ^^^ help: try ignoring the field: `uri: _`
[INFO] [stdout] 
[INFO] [stdout] 
[INFO] [stdout] warning: unused variable: `path`
[INFO] [stdout]    --> src/main.rs:104:41
[INFO] [stdout]     |
[INFO] [stdout] 104 |                         QueryPathInfo { path, uri } => bar.with_style(msg_style),
[INFO] [stdout]     |                                         ^^^^ help: try ignoring the field: `path: _`
[INFO] [stdout] 
[INFO] [stdout] 
[INFO] [stdout] warning: unused variable: `uri`
[INFO] [stdout]    --> src/main.rs:104:47
[INFO] [stdout]     |
[INFO] [stdout] 104 |                         QueryPathInfo { path, uri } => bar.with_style(msg_style),
[INFO] [stdout]     |                                               ^^^ help: try ignoring the field: `uri: _`
[INFO] [stdout] 
[INFO] [stdout] 
[INFO] [stdout] warning: unused variable: `path`
[INFO] [stdout]    --> src/main.rs:105:41
[INFO] [stdout]     |
[INFO] [stdout] 105 |                         PostBuildHook { path } => bar.with_style(msg_style),
[INFO] [stdout]     |                                         ^^^^ help: try ignoring the field: `path: _`
[INFO] [stdout] 
[INFO] [stdout] 
[INFO] [stdout] warning: unused variable: `size`
[INFO] [stdout]    --> src/main.rs:143:38
[INFO] [stdout]     |
[INFO] [stdout] 143 |                         FileLinked { size, blocks } => {}
[INFO] [stdout]     |                                      ^^^^ help: try ignoring the field: `size: _`
[INFO] [stdout] 
[INFO] [stdout] 
[INFO] [stdout] warning: unused variable: `blocks`
[INFO] [stdout]    --> src/main.rs:143:44
[INFO] [stdout]     |
[INFO] [stdout] 143 |                         FileLinked { size, blocks } => {}
[INFO] [stdout]     |                                            ^^^^^^ help: try ignoring the field: `blocks: _`
[INFO] [stdout] 
[INFO] [stdout] 
[INFO] [stdout] warning: unused variable: `path`
[INFO] [stdout]    --> src/main.rs:151:41
[INFO] [stdout]     |
[INFO] [stdout] 151 |                         UntrustedPath { path } => {}
[INFO] [stdout]     |                                         ^^^^ help: try ignoring the field: `path: _`
[INFO] [stdout] 
[INFO] [stdout] 
[INFO] [stdout] warning: unused variable: `path`
[INFO] [stdout]    --> src/main.rs:152:41
[INFO] [stdout]     |
[INFO] [stdout] 152 |                         CorruptedPath { path } => {}
[INFO] [stdout]     |                                         ^^^^ help: try ignoring the field: `path: _`
[INFO] [stdout] 
[INFO] [stdout] 
[INFO] [stdout] warning: unused variable: `running`
[INFO] [stdout]    --> src/main.rs:160:29
[INFO] [stdout]     |
[INFO] [stdout] 160 | ...                   running,
[INFO] [stdout]     |                       ^^^^^^^ help: try ignoring the field: `running: _`
[INFO] [stdout] 
[INFO] [stdout] 
[INFO] [stdout] warning: unused variable: `failed`
[INFO] [stdout]    --> src/main.rs:161:29
[INFO] [stdout]     |
[INFO] [stdout] 161 | ...                   failed,
[INFO] [stdout]     |                       ^^^^^^ help: try ignoring the field: `failed: _`
[INFO] [stdout] 
[INFO] [stdout] 
[INFO] [stdout] warning: unused variable: `activity_type`
[INFO] [stdout]    --> src/main.rs:176:29
[INFO] [stdout]     |
[INFO] [stdout] 176 | ...                   activity_type,
[INFO] [stdout]     |                       ^^^^^^^^^^^^^ help: try ignoring the field: `activity_type: _`
[INFO] [stdout] 
[INFO] [stdout] 
[INFO] [stdout] warning: unused variable: `expected`
[INFO] [stdout]    --> src/main.rs:177:29
[INFO] [stdout]     |
[INFO] [stdout] 177 | ...                   expected,
[INFO] [stdout]     |                       ^^^^^^^^ help: try ignoring the field: `expected: _`
[INFO] [stdout] 
[INFO] [stdout] 
[INFO] [stdout] warning: unused variable: `line`
[INFO] [stdout]    --> src/main.rs:179:44
[INFO] [stdout]     |
[INFO] [stdout] 179 |                         PostBuildLogLine { line } => {}
[INFO] [stdout]     |                                            ^^^^ help: try ignoring the field: `line: _`
[INFO] [stdout] 
[INFO] [stdout] 
[INFO] [stdout] warning: variable does not need to be mutable
[INFO] [stdout]   --> src/main.rs:17:9
[INFO] [stdout]    |
[INFO] [stdout] 17 |     let mut bars = MultiProgress::new();
[INFO] [stdout]    |         ----^^^^
[INFO] [stdout]    |         |
[INFO] [stdout]    |         help: remove this `mut`
[INFO] [stdout]    |
[INFO] [stdout]    = note: `#[warn(unused_mut)]` on by default
[INFO] [stdout] 
[INFO] [stdout] 
[INFO] [stdout] warning: 22 warnings emitted
[INFO] [stdout] 
[INFO] [stdout] 
[INFO] [stderr]     Finished test [unoptimized + debuginfo] target(s) in 0.29s
[INFO] running `Command { std: "docker" "inspect" "7b023cd168796f639d7cc975eefbaf644469dde06b335e10d3ee000f5ba5b06e", kill_on_drop: false }`
[INFO] running `Command { std: "docker" "rm" "-f" "7b023cd168796f639d7cc975eefbaf644469dde06b335e10d3ee000f5ba5b06e", kill_on_drop: false }`
[INFO] [stdout] 7b023cd168796f639d7cc975eefbaf644469dde06b335e10d3ee000f5ba5b06e
[INFO] running `Command { std: "docker" "create" "-v" "/var/lib/crater-agent-workspace/builds/worker-3-tc2/target:/opt/rustwide/target:rw,Z" "-v" "/var/lib/crater-agent-workspace/builds/worker-3-tc2/source:/opt/rustwide/workdir:ro,Z" "-v" "/var/lib/crater-agent-workspace/cargo-home:/opt/rustwide/cargo-home:ro,Z" "-v" "/var/lib/crater-agent-workspace/rustup-home:/opt/rustwide/rustup-home:ro,Z" "-e" "SOURCE_DIR=/opt/rustwide/workdir" "-e" "CARGO_TARGET_DIR=/opt/rustwide/target" "-e" "CARGO_INCREMENTAL=0" "-e" "RUST_BACKTRACE=full" "-e" "RUSTFLAGS=--cap-lints=warn" "-e" "RUSTDOCFLAGS=--cap-lints=warn" "-e" "CARGO_HOME=/opt/rustwide/cargo-home" "-e" "RUSTUP_HOME=/opt/rustwide/rustup-home" "-w" "/opt/rustwide/workdir" "-m" "1610612736" "--user" "0:0" "--network" "none" "ghcr.io/rust-lang/crates-build-env/linux@sha256:2788e3201cd34a07e3172128adcd8b3090168a8e3bcc40d7c032b9dda1df7d1c" "/opt/rustwide/cargo-home/bin/cargo" "+beta-2023-12-22" "test" "--frozen", kill_on_drop: false }`
[INFO] [stdout] def2c572d594ad9727643751cf0f83f763e97ce8510a0de7df5e102279c90603
[INFO] running `Command { std: "docker" "start" "-a" "def2c572d594ad9727643751cf0f83f763e97ce8510a0de7df5e102279c90603", kill_on_drop: false }`
[INFO] [stderr] warning: unused import: `thread::sleep`
[INFO] [stderr]  --> src/main.rs:7:5
[INFO] [stderr]   |
[INFO] [stderr] 7 |     thread::sleep,
[INFO] [stderr]   |     ^^^^^^^^^^^^^
[INFO] [stderr]   |
[INFO] [stderr]   = note: `#[warn(unused_imports)]` on by default
[INFO] [stderr] 
[INFO] [stderr] warning: unused variable: `level`
[INFO] [stderr]   --> src/main.rs:35:17
[INFO] [stderr]    |
[INFO] [stderr] 35 |                 level,
[INFO] [stderr]    |                 ^^^^^ help: try ignoring the field: `level: _`
[INFO] [stderr]    |
[INFO] [stderr]    = note: `#[warn(unused_variables)]` on by default
[INFO] [stderr] 
[INFO] [stderr] warning: unused variable: `from`
[INFO] [stderr]   --> src/main.rs:80:42
[INFO] [stderr]    |
[INFO] [stderr] 80 |                         CopyPath { path, from, to } => bar
[INFO] [stderr]    |                                          ^^^^ help: try ignoring the field: `from: _`
[INFO] [stderr] 
[INFO] [stderr] warning: unused variable: `to`
[INFO] [stderr]   --> src/main.rs:80:48
[INFO] [stderr]    |
[INFO] [stderr] 80 |                         CopyPath { path, from, to } => bar
[INFO] [stderr]    |                                                ^^ help: try ignoring the field: `to: _`
[INFO] [stderr] 
[INFO] [stderr] warning: unused variable: `machine`
[INFO] [stderr]   --> src/main.rs:93:29
[INFO] [stderr]    |
[INFO] [stderr] 93 | ...                   machine,
[INFO] [stderr]    |                       ^^^^^^^ help: try ignoring the field: `machine: _`
[INFO] [stderr] 
[INFO] [stderr] warning: unused variable: `round`
[INFO] [stderr]   --> src/main.rs:94:29
[INFO] [stderr]    |
[INFO] [stderr] 94 | ...                   round,
[INFO] [stderr]    |                       ^^^^^ help: try ignoring the field: `round: _`
[INFO] [stderr] 
[INFO] [stderr] warning: unused variable: `total_rounds`
[INFO] [stderr]   --> src/main.rs:95:29
[INFO] [stderr]    |
[INFO] [stderr] 95 | ...                   total_rounds,
[INFO] [stderr]    |                       ^^^^^^^^^^^^ help: try ignoring the field: `total_rounds: _`
[INFO] [stderr] 
[INFO] [stderr] warning: unused variable: `path`
[INFO] [stderr]    --> src/main.rs:103:38
[INFO] [stderr]     |
[INFO] [stderr] 103 |                         Substitute { path, uri } => bar,
[INFO] [stderr]     |                                      ^^^^ help: try ignoring the field: `path: _`
[INFO] [stderr] 
[INFO] [stderr] warning: unused variable: `uri`
[INFO] [stderr]    --> src/main.rs:103:44
[INFO] [stderr]     |
[INFO] [stderr] 103 |                         Substitute { path, uri } => bar,
[INFO] [stderr]     |                                            ^^^ help: try ignoring the field: `uri: _`
[INFO] [stderr] 
[INFO] [stderr] warning: unused variable: `path`
[INFO] [stderr]    --> src/main.rs:104:41
[INFO] [stderr]     |
[INFO] [stderr] 104 |                         QueryPathInfo { path, uri } => bar.with_style(msg_style),
[INFO] [stderr]     |                                         ^^^^ help: try ignoring the field: `path: _`
[INFO] [stderr] 
[INFO] [stderr] warning: unused variable: `uri`
[INFO] [stderr]    --> src/main.rs:104:47
[INFO] [stderr]     |
[INFO] [stderr] 104 |                         QueryPathInfo { path, uri } => bar.with_style(msg_style),
[INFO] [stderr]     |                                               ^^^ help: try ignoring the field: `uri: _`
[INFO] [stderr] 
[INFO] [stderr] warning: unused variable: `path`
[INFO] [stderr]    --> src/main.rs:105:41
[INFO] [stderr]     |
[INFO] [stderr] 105 |                         PostBuildHook { path } => bar.with_style(msg_style),
[INFO] [stderr]     |                                         ^^^^ help: try ignoring the field: `path: _`
[INFO] [stderr] 
[INFO] [stderr] warning: unused variable: `size`
[INFO] [stderr]    --> src/main.rs:143:38
[INFO] [stderr]     |
[INFO] [stderr] 143 |                         FileLinked { size, blocks } => {}
[INFO] [stderr]     |                                      ^^^^ help: try ignoring the field: `size: _`
[INFO] [stderr] 
[INFO] [stderr] warning: unused variable: `blocks`
[INFO] [stderr]    --> src/main.rs:143:44
[INFO] [stderr]     |
[INFO] [stderr] 143 |                         FileLinked { size, blocks } => {}
[INFO] [stderr]     |                                            ^^^^^^ help: try ignoring the field: `blocks: _`
[INFO] [stderr] 
[INFO] [stderr] warning: unused variable: `path`
[INFO] [stderr]    --> src/main.rs:151:41
[INFO] [stderr]     |
[INFO] [stderr] 151 |                         UntrustedPath { path } => {}
[INFO] [stderr]     |                                         ^^^^ help: try ignoring the field: `path: _`
[INFO] [stderr] 
[INFO] [stderr] warning: unused variable: `path`
[INFO] [stderr]    --> src/main.rs:152:41
[INFO] [stderr]     |
[INFO] [stderr] 152 |                         CorruptedPath { path } => {}
[INFO] [stderr]     |                                         ^^^^ help: try ignoring the field: `path: _`
[INFO] [stderr] 
[INFO] [stderr] warning: unused variable: `running`
[INFO] [stderr]    --> src/main.rs:160:29
[INFO] [stderr]     |
[INFO] [stderr] 160 | ...                   running,
[INFO] [stderr]     |                       ^^^^^^^ help: try ignoring the field: `running: _`
[INFO] [stderr] 
[INFO] [stderr] warning: unused variable: `failed`
[INFO] [stderr]    --> src/main.rs:161:29
[INFO] [stderr]     |
[INFO] [stderr] 161 | ...                   failed,
[INFO] [stderr]     |                       ^^^^^^ help: try ignoring the field: `failed: _`
[INFO] [stderr] 
[INFO] [stderr] warning: unused variable: `activity_type`
[INFO] [stderr]    --> src/main.rs:176:29
[INFO] [stderr]     |
[INFO] [stderr] 176 | ...                   activity_type,
[INFO] [stderr]     |                       ^^^^^^^^^^^^^ help: try ignoring the field: `activity_type: _`
[INFO] [stderr] 
[INFO] [stderr] warning: unused variable: `expected`
[INFO] [stderr]    --> src/main.rs:177:29
[INFO] [stderr]     |
[INFO] [stderr] 177 | ...                   expected,
[INFO] [stderr]     |                       ^^^^^^^^ help: try ignoring the field: `expected: _`
[INFO] [stderr] 
[INFO] [stderr] warning: unused variable: `line`
[INFO] [stderr]    --> src/main.rs:179:44
[INFO] [stderr]     |
[INFO] [stderr] 179 |                         PostBuildLogLine { line } => {}
[INFO] [stderr]     |                                            ^^^^ help: try ignoring the field: `line: _`
[INFO] [stderr] 
[INFO] [stderr] warning: variable does not need to be mutable
[INFO] [stderr]   --> src/main.rs:17:9
[INFO] [stderr]    |
[INFO] [stderr] 17 |     let mut bars = MultiProgress::new();
[INFO] [stderr]    |         ----^^^^
[INFO] [stderr]    |         |
[INFO] [stderr]    |         help: remove this `mut`
[INFO] [stderr]    |
[INFO] [stderr]    = note: `#[warn(unused_mut)]` on by default
[INFO] [stderr] 
[INFO] [stderr] warning: `nix-json-progress` (bin "nix-json-progress" test) generated 22 warnings (run `cargo fix --bin "nix-json-progress" --tests` to apply 22 suggestions)
[INFO] [stderr]     Finished test [unoptimized + debuginfo] target(s) in 0.04s
[INFO] [stderr]      Running unittests src/main.rs (/opt/rustwide/target/debug/deps/nix_json_progress-22d82184254b3c59)
[INFO] [stdout] 
[INFO] [stdout] running 0 tests
[INFO] [stdout] 
[INFO] [stdout] test result: ok. 0 passed; 0 failed; 0 ignored; 0 measured; 0 filtered out; finished in 0.00s
[INFO] [stdout] 
[INFO] running `Command { std: "docker" "inspect" "def2c572d594ad9727643751cf0f83f763e97ce8510a0de7df5e102279c90603", kill_on_drop: false }`
[INFO] running `Command { std: "docker" "rm" "-f" "def2c572d594ad9727643751cf0f83f763e97ce8510a0de7df5e102279c90603", kill_on_drop: false }`
[INFO] [stdout] def2c572d594ad9727643751cf0f83f763e97ce8510a0de7df5e102279c90603
