[INFO] fetching crate trans-gen-kotlin 0.3.0-alpha.2...
[INFO] testing trans-gen-kotlin-0.3.0-alpha.2 against 1.75.0 for beta-1.76-1
[INFO] extracting crate trans-gen-kotlin 0.3.0-alpha.2 into /workspace/builds/worker-1-tc1/source
[INFO] validating manifest of crates.io crate trans-gen-kotlin 0.3.0-alpha.2 on toolchain 1.75.0
[INFO] running `Command { std: CARGO_HOME="/workspace/cargo-home" RUSTUP_HOME="/workspace/rustup-home" "/workspace/cargo-home/bin/cargo" "+1.75.0" "metadata" "--manifest-path" "Cargo.toml" "--no-deps", kill_on_drop: false }`
[INFO] started tweaking crates.io crate trans-gen-kotlin 0.3.0-alpha.2
[INFO] finished tweaking crates.io crate trans-gen-kotlin 0.3.0-alpha.2
[INFO] tweaked toml for crates.io crate trans-gen-kotlin 0.3.0-alpha.2 written to /workspace/builds/worker-1-tc1/source/Cargo.toml
[INFO] running `Command { std: CARGO_HOME="/workspace/cargo-home" RUSTUP_HOME="/workspace/rustup-home" "/workspace/cargo-home/bin/cargo" "+1.75.0" "generate-lockfile" "--manifest-path" "Cargo.toml", kill_on_drop: false }`
[INFO] [stderr]     Updating crates.io index
[INFO] [stderr] warning: spurious network error (3 tries remaining): [7] Couldn't connect to server (Failed to connect to index.crates.io port 443 after 4803 ms: Couldn't connect to server)
[INFO] [stderr] warning: spurious network error (2 tries remaining): [7] Couldn't connect to server (Failed to connect to index.crates.io port 443 after 0 ms: Couldn't connect to server)
[INFO] [stderr] warning: spurious network error (1 tries remaining): [7] Couldn't connect to server (Failed to connect to index.crates.io port 443 after 0 ms: Couldn't connect to server)
[INFO] [stderr] error: failed to get `trans-gen-core` as a dependency of package `trans-gen-kotlin v0.3.0-alpha.2 (/workspace/builds/worker-1-tc1/source)`
[INFO] [stderr] 
[INFO] [stderr] Caused by:
[INFO] [stderr]   failed to query replaced source registry `crates-io`
[INFO] [stderr] 
[INFO] [stderr] Caused by:
[INFO] [stderr]   download of config.json failed
[INFO] [stderr] 
[INFO] [stderr] Caused by:
[INFO] [stderr]   failed to download from `https://index.crates.io/config.json`
[INFO] [stderr] 
[INFO] [stderr] Caused by:
[INFO] [stderr]   [7] Couldn't connect to server (Failed to connect to index.crates.io port 443 after 0 ms: Couldn't connect to server)
[ERROR] this task or one of its parent failed!
[ERROR] command failed: exit status: 101
[ERROR] note: run with `RUST_BACKTRACE=1` to display a backtrace.
[INFO] testing trans-gen-kotlin-0.3.0-alpha.2 against beta-2023-12-22 for beta-1.76-1
[INFO] extracting crate trans-gen-kotlin 0.3.0-alpha.2 into /workspace/builds/worker-1-tc2/source
[INFO] validating manifest of crates.io crate trans-gen-kotlin 0.3.0-alpha.2 on toolchain beta-2023-12-22
[INFO] running `Command { std: CARGO_HOME="/workspace/cargo-home" RUSTUP_HOME="/workspace/rustup-home" "/workspace/cargo-home/bin/cargo" "+beta-2023-12-22" "metadata" "--manifest-path" "Cargo.toml" "--no-deps", kill_on_drop: false }`
[INFO] started tweaking crates.io crate trans-gen-kotlin 0.3.0-alpha.2
[INFO] finished tweaking crates.io crate trans-gen-kotlin 0.3.0-alpha.2
[INFO] tweaked toml for crates.io crate trans-gen-kotlin 0.3.0-alpha.2 written to /workspace/builds/worker-1-tc2/source/Cargo.toml
[INFO] running `Command { std: CARGO_HOME="/workspace/cargo-home" RUSTUP_HOME="/workspace/rustup-home" "/workspace/cargo-home/bin/cargo" "+beta-2023-12-22" "generate-lockfile" "--manifest-path" "Cargo.toml", kill_on_drop: false }`
[INFO] [stderr]     Blocking waiting for file lock on package cache
[INFO] [stderr]     Updating crates.io index
[INFO] running `Command { std: CARGO_HOME="/workspace/cargo-home" RUSTUP_HOME="/workspace/rustup-home" "/workspace/cargo-home/bin/cargo" "+beta-2023-12-22" "fetch" "--manifest-path" "Cargo.toml", kill_on_drop: false }`
[INFO] [stderr]  Downloading crates ...
[INFO] [stderr]   Downloaded trans-derive v0.3.0
[INFO] [stderr]   Downloaded include_dir v0.6.2
[INFO] [stderr]   Downloaded trans-gen-core v0.3.0-alpha.2
[INFO] [stderr]   Downloaded include_dir_impl v0.6.2
[INFO] [stderr]   Downloaded trans v0.3.0
[INFO] running `Command { std: "docker" "create" "-v" "/var/lib/crater-agent-workspace/builds/worker-1-tc2/target:/opt/rustwide/target:rw,Z" "-v" "/var/lib/crater-agent-workspace/builds/worker-1-tc2/source:/opt/rustwide/workdir:ro,Z" "-v" "/var/lib/crater-agent-workspace/cargo-home:/opt/rustwide/cargo-home:ro,Z" "-v" "/var/lib/crater-agent-workspace/rustup-home:/opt/rustwide/rustup-home:ro,Z" "-e" "SOURCE_DIR=/opt/rustwide/workdir" "-e" "CARGO_TARGET_DIR=/opt/rustwide/target" "-e" "CARGO_HOME=/opt/rustwide/cargo-home" "-e" "RUSTUP_HOME=/opt/rustwide/rustup-home" "-w" "/opt/rustwide/workdir" "-m" "1610612736" "--user" "0:0" "--network" "none" "ghcr.io/rust-lang/crates-build-env/linux@sha256:2788e3201cd34a07e3172128adcd8b3090168a8e3bcc40d7c032b9dda1df7d1c" "/opt/rustwide/cargo-home/bin/cargo" "+beta-2023-12-22" "metadata" "--no-deps" "--format-version=1", kill_on_drop: false }`
[INFO] [stdout] 5e40030a7d216307a4c585abbc36ba0af76c1f3e13f0eb2200fad8cbcfc62872
[INFO] running `Command { std: "docker" "start" "-a" "5e40030a7d216307a4c585abbc36ba0af76c1f3e13f0eb2200fad8cbcfc62872", kill_on_drop: false }`
[INFO] running `Command { std: "docker" "inspect" "5e40030a7d216307a4c585abbc36ba0af76c1f3e13f0eb2200fad8cbcfc62872", kill_on_drop: false }`
[INFO] running `Command { std: "docker" "rm" "-f" "5e40030a7d216307a4c585abbc36ba0af76c1f3e13f0eb2200fad8cbcfc62872", kill_on_drop: false }`
[INFO] [stdout] 5e40030a7d216307a4c585abbc36ba0af76c1f3e13f0eb2200fad8cbcfc62872
[INFO] running `Command { std: "docker" "create" "-v" "/var/lib/crater-agent-workspace/builds/worker-1-tc2/target:/opt/rustwide/target:rw,Z" "-v" "/var/lib/crater-agent-workspace/builds/worker-1-tc2/source:/opt/rustwide/workdir:ro,Z" "-v" "/var/lib/crater-agent-workspace/cargo-home:/opt/rustwide/cargo-home:ro,Z" "-v" "/var/lib/crater-agent-workspace/rustup-home:/opt/rustwide/rustup-home:ro,Z" "-e" "SOURCE_DIR=/opt/rustwide/workdir" "-e" "CARGO_TARGET_DIR=/opt/rustwide/target" "-e" "CARGO_INCREMENTAL=0" "-e" "RUST_BACKTRACE=full" "-e" "RUSTFLAGS=--cap-lints=warn" "-e" "RUSTDOCFLAGS=--cap-lints=warn" "-e" "CARGO_HOME=/opt/rustwide/cargo-home" "-e" "RUSTUP_HOME=/opt/rustwide/rustup-home" "-w" "/opt/rustwide/workdir" "-m" "1610612736" "--user" "0:0" "--network" "none" "ghcr.io/rust-lang/crates-build-env/linux@sha256:2788e3201cd34a07e3172128adcd8b3090168a8e3bcc40d7c032b9dda1df7d1c" "/opt/rustwide/cargo-home/bin/cargo" "+beta-2023-12-22" "build" "--frozen" "--message-format=json", kill_on_drop: false }`
[INFO] [stdout] 04810d5599ecc4998a62b45584f80addc1128ce82213b0cd8a126e45bcd12562
[INFO] running `Command { std: "docker" "start" "-a" "04810d5599ecc4998a62b45584f80addc1128ce82213b0cd8a126e45bcd12562", kill_on_drop: false }`
[INFO] [stderr]    Compiling proc-macro2 v1.0.75
[INFO] [stderr]    Compiling unicode-ident v1.0.12
[INFO] [stderr]    Compiling syn v1.0.109
[INFO] [stderr]    Compiling proc-macro-hack v0.5.20+deprecated
[INFO] [stderr]    Compiling anyhow v1.0.79
[INFO] [stderr]    Compiling unicode-segmentation v1.10.1
[INFO] [stderr]    Compiling byteorder v1.5.0
[INFO] [stderr]    Compiling glob v0.3.1
[INFO] [stderr]    Compiling once_cell v1.19.0
[INFO] [stderr]    Compiling heck v0.3.3
[INFO] [stderr]    Compiling quote v1.0.35
[INFO] [stderr]    Compiling trans-derive v0.3.0
[INFO] [stderr]    Compiling include_dir_impl v0.6.2
[INFO] [stderr]    Compiling include_dir v0.6.2
[INFO] [stderr]    Compiling trans v0.3.0
[INFO] [stderr]    Compiling trans-gen-core v0.3.0-alpha.2
[INFO] [stderr]    Compiling trans-gen-kotlin v0.3.0-alpha.2 (/opt/rustwide/workdir)
[INFO] [stdout] warning: unused variable: `name`
[INFO] [stdout]    --> src/lib.rs:385:12
[INFO] [stdout]     |
[INFO] [stdout] 385 |     fn new(name: &str, version: &str) -> Self {
[INFO] [stdout]     |            ^^^^ help: if this is intentional, prefix it with an underscore: `_name`
[INFO] [stdout]     |
[INFO] [stdout]     = note: `#[warn(unused_variables)]` on by default
[INFO] [stdout] 
[INFO] [stdout] 
[INFO] [stdout] warning: unused variable: `version`
[INFO] [stdout]    --> src/lib.rs:385:24
[INFO] [stdout]     |
[INFO] [stdout] 385 |     fn new(name: &str, version: &str) -> Self {
[INFO] [stdout]     |                        ^^^^^^^ help: if this is intentional, prefix it with an underscore: `_version`
[INFO] [stdout] 
[INFO] [stdout] 
[INFO] [stdout] warning: function `getter_prefix` is never used
[INFO] [stdout]   --> src/lib.rs:86:4
[INFO] [stdout]    |
[INFO] [stdout] 86 | fn getter_prefix(schema: &Schema) -> &'static str {
[INFO] [stdout]    |    ^^^^^^^^^^^^^
[INFO] [stdout]    |
[INFO] [stdout]    = note: `#[warn(dead_code)]` on by default
[INFO] [stdout] 
[INFO] [stdout] 
[INFO] [stdout] warning: 3 warnings emitted
[INFO] [stdout] 
[INFO] [stdout] 
[INFO] [stderr]     Finished dev [unoptimized + debuginfo] target(s) in 3.78s
[INFO] running `Command { std: "docker" "inspect" "04810d5599ecc4998a62b45584f80addc1128ce82213b0cd8a126e45bcd12562", kill_on_drop: false }`
[INFO] running `Command { std: "docker" "rm" "-f" "04810d5599ecc4998a62b45584f80addc1128ce82213b0cd8a126e45bcd12562", kill_on_drop: false }`
[INFO] [stdout] 04810d5599ecc4998a62b45584f80addc1128ce82213b0cd8a126e45bcd12562
[INFO] running `Command { std: "docker" "create" "-v" "/var/lib/crater-agent-workspace/builds/worker-1-tc2/target:/opt/rustwide/target:rw,Z" "-v" "/var/lib/crater-agent-workspace/builds/worker-1-tc2/source:/opt/rustwide/workdir:ro,Z" "-v" "/var/lib/crater-agent-workspace/cargo-home:/opt/rustwide/cargo-home:ro,Z" "-v" "/var/lib/crater-agent-workspace/rustup-home:/opt/rustwide/rustup-home:ro,Z" "-e" "SOURCE_DIR=/opt/rustwide/workdir" "-e" "CARGO_TARGET_DIR=/opt/rustwide/target" "-e" "CARGO_INCREMENTAL=0" "-e" "RUST_BACKTRACE=full" "-e" "RUSTFLAGS=--cap-lints=warn" "-e" "RUSTDOCFLAGS=--cap-lints=warn" "-e" "CARGO_HOME=/opt/rustwide/cargo-home" "-e" "RUSTUP_HOME=/opt/rustwide/rustup-home" "-w" "/opt/rustwide/workdir" "-m" "1610612736" "--user" "0:0" "--network" "none" "ghcr.io/rust-lang/crates-build-env/linux@sha256:2788e3201cd34a07e3172128adcd8b3090168a8e3bcc40d7c032b9dda1df7d1c" "/opt/rustwide/cargo-home/bin/cargo" "+beta-2023-12-22" "test" "--frozen" "--no-run" "--message-format=json", kill_on_drop: false }`
[INFO] [stdout] 429eeb126004d20b1076b663b3423eb04bbf2eadf9a751db5747020aaf51e450
[INFO] running `Command { std: "docker" "start" "-a" "429eeb126004d20b1076b663b3423eb04bbf2eadf9a751db5747020aaf51e450", kill_on_drop: false }`
[INFO] [stdout] warning: unused variable: `name`
[INFO] [stdout]    --> src/lib.rs:385:12
[INFO] [stdout]     |
[INFO] [stdout] 385 |     fn new(name: &str, version: &str) -> Self {
[INFO] [stdout]     |            ^^^^ help: if this is intentional, prefix it with an underscore: `_name`
[INFO] [stdout]     |
[INFO] [stdout]     = note: `#[warn(unused_variables)]` on by default
[INFO] [stdout] 
[INFO] [stdout] 
[INFO] [stdout] warning: unused variable: `version`
[INFO] [stdout]    --> src/lib.rs:385:24
[INFO] [stdout]     |
[INFO] [stdout] 385 |     fn new(name: &str, version: &str) -> Self {
[INFO] [stdout]     |                        ^^^^^^^ help: if this is intentional, prefix it with an underscore: `_version`
[INFO] [stdout] 
[INFO] [stdout] 
[INFO] [stdout] warning: function `getter_prefix` is never used
[INFO] [stdout]   --> src/lib.rs:86:4
[INFO] [stdout]    |
[INFO] [stdout] 86 | fn getter_prefix(schema: &Schema) -> &'static str {
[INFO] [stdout]    |    ^^^^^^^^^^^^^
[INFO] [stdout]    |
[INFO] [stdout]    = note: `#[warn(dead_code)]` on by default
[INFO] [stdout] 
[INFO] [stdout] 
[INFO] [stderr]    Compiling trans-gen-kotlin v0.3.0-alpha.2 (/opt/rustwide/workdir)
[INFO] [stdout] warning: 3 warnings emitted
[INFO] [stdout] 
[INFO] [stdout] 
[INFO] [stdout] warning: unused variable: `name`
[INFO] [stdout]    --> src/lib.rs:385:12
[INFO] [stdout]     |
[INFO] [stdout] 385 |     fn new(name: &str, version: &str) -> Self {
[INFO] [stdout]     |            ^^^^ help: if this is intentional, prefix it with an underscore: `_name`
[INFO] [stdout]     |
[INFO] [stdout]     = note: `#[warn(unused_variables)]` on by default
[INFO] [stdout] 
[INFO] [stdout] 
[INFO] [stdout] warning: unused variable: `version`
[INFO] [stdout]    --> src/lib.rs:385:24
[INFO] [stdout]     |
[INFO] [stdout] 385 |     fn new(name: &str, version: &str) -> Self {
[INFO] [stdout]     |                        ^^^^^^^ help: if this is intentional, prefix it with an underscore: `_version`
[INFO] [stdout] 
[INFO] [stdout] 
[INFO] [stdout] warning: function `getter_prefix` is never used
[INFO] [stdout]   --> src/lib.rs:86:4
[INFO] [stdout]    |
[INFO] [stdout] 86 | fn getter_prefix(schema: &Schema) -> &'static str {
[INFO] [stdout]    |    ^^^^^^^^^^^^^
[INFO] [stdout]    |
[INFO] [stdout]    = note: `#[warn(dead_code)]` on by default
[INFO] [stdout] 
[INFO] [stdout] 
[INFO] [stdout] warning: 3 warnings emitted
[INFO] [stdout] 
[INFO] [stdout] 
[INFO] [stderr]     Finished test [unoptimized + debuginfo] target(s) in 0.22s
[INFO] running `Command { std: "docker" "inspect" "429eeb126004d20b1076b663b3423eb04bbf2eadf9a751db5747020aaf51e450", kill_on_drop: false }`
[INFO] running `Command { std: "docker" "rm" "-f" "429eeb126004d20b1076b663b3423eb04bbf2eadf9a751db5747020aaf51e450", kill_on_drop: false }`
[INFO] [stdout] 429eeb126004d20b1076b663b3423eb04bbf2eadf9a751db5747020aaf51e450
[INFO] running `Command { std: "docker" "create" "-v" "/var/lib/crater-agent-workspace/builds/worker-1-tc2/target:/opt/rustwide/target:rw,Z" "-v" "/var/lib/crater-agent-workspace/builds/worker-1-tc2/source:/opt/rustwide/workdir:ro,Z" "-v" "/var/lib/crater-agent-workspace/cargo-home:/opt/rustwide/cargo-home:ro,Z" "-v" "/var/lib/crater-agent-workspace/rustup-home:/opt/rustwide/rustup-home:ro,Z" "-e" "SOURCE_DIR=/opt/rustwide/workdir" "-e" "CARGO_TARGET_DIR=/opt/rustwide/target" "-e" "CARGO_INCREMENTAL=0" "-e" "RUST_BACKTRACE=full" "-e" "RUSTFLAGS=--cap-lints=warn" "-e" "RUSTDOCFLAGS=--cap-lints=warn" "-e" "CARGO_HOME=/opt/rustwide/cargo-home" "-e" "RUSTUP_HOME=/opt/rustwide/rustup-home" "-w" "/opt/rustwide/workdir" "-m" "1610612736" "--user" "0:0" "--network" "none" "ghcr.io/rust-lang/crates-build-env/linux@sha256:2788e3201cd34a07e3172128adcd8b3090168a8e3bcc40d7c032b9dda1df7d1c" "/opt/rustwide/cargo-home/bin/cargo" "+beta-2023-12-22" "test" "--frozen", kill_on_drop: false }`
[INFO] [stdout] 1268a434938a0d5c8f91c16ed0a5c0e92abf656faa707b4d49b38ff986be979a
[INFO] running `Command { std: "docker" "start" "-a" "1268a434938a0d5c8f91c16ed0a5c0e92abf656faa707b4d49b38ff986be979a", kill_on_drop: false }`
[INFO] [stderr] warning: unused variable: `name`
[INFO] [stderr]    --> src/lib.rs:385:12
[INFO] [stderr]     |
[INFO] [stderr] 385 |     fn new(name: &str, version: &str) -> Self {
[INFO] [stderr]     |            ^^^^ help: if this is intentional, prefix it with an underscore: `_name`
[INFO] [stderr]     |
[INFO] [stderr]     = note: `#[warn(unused_variables)]` on by default
[INFO] [stderr] 
[INFO] [stderr] warning: unused variable: `version`
[INFO] [stderr]    --> src/lib.rs:385:24
[INFO] [stderr]     |
[INFO] [stderr] 385 |     fn new(name: &str, version: &str) -> Self {
[INFO] [stderr]     |                        ^^^^^^^ help: if this is intentional, prefix it with an underscore: `_version`
[INFO] [stderr] 
[INFO] [stderr] warning: function `getter_prefix` is never used
[INFO] [stderr]   --> src/lib.rs:86:4
[INFO] [stderr]    |
[INFO] [stderr] 86 | fn getter_prefix(schema: &Schema) -> &'static str {
[INFO] [stderr]    |    ^^^^^^^^^^^^^
[INFO] [stderr]    |
[INFO] [stderr]    = note: `#[warn(dead_code)]` on by default
[INFO] [stderr] 
[INFO] [stderr] warning: `trans-gen-kotlin` (lib) generated 3 warnings (run `cargo fix --lib -p trans-gen-kotlin` to apply 2 suggestions)
[INFO] [stderr] warning: `trans-gen-kotlin` (lib test) generated 3 warnings (3 duplicates)
[INFO] [stderr]     Finished test [unoptimized + debuginfo] target(s) in 0.01s
[INFO] [stderr]      Running unittests src/lib.rs (/opt/rustwide/target/debug/deps/trans_gen_kotlin-b6535da4a0801b21)
[INFO] [stdout] 
[INFO] [stdout] running 0 tests
[INFO] [stdout] 
[INFO] [stdout] test result: ok. 0 passed; 0 failed; 0 ignored; 0 measured; 0 filtered out; finished in 0.00s
[INFO] [stdout] 
[INFO] [stderr]    Doc-tests trans-gen-kotlin
[INFO] [stdout] 
[INFO] [stdout] running 0 tests
[INFO] [stdout] 
[INFO] [stdout] test result: ok. 0 passed; 0 failed; 0 ignored; 0 measured; 0 filtered out; finished in 0.00s
[INFO] [stdout] 
[INFO] running `Command { std: "docker" "inspect" "1268a434938a0d5c8f91c16ed0a5c0e92abf656faa707b4d49b38ff986be979a", kill_on_drop: false }`
[INFO] running `Command { std: "docker" "rm" "-f" "1268a434938a0d5c8f91c16ed0a5c0e92abf656faa707b4d49b38ff986be979a", kill_on_drop: false }`
[INFO] [stdout] 1268a434938a0d5c8f91c16ed0a5c0e92abf656faa707b4d49b38ff986be979a
